20.171.207.190 - - [12/May/2025:03:34:11 +0100] "GET /?aksi=buatfile&path=%2F%2Fproc%2Fself%2Froot%2Fsys%2Fclass%2Fata_device%2Fdev1.0%2Fsubsystem%2Fdev3.0 HTTP/1.1" 200 28454 "-" "Mozilla/5.0 AppleWebKit/537.36 (KHTML, like Gecko; compatible; GPTBot/1.2; +https://openai.com/gptbot)"
3.17.79.195 - - [12/May/2025:03:34:11 +0100] "GET /search?filesrc=%2F%2Fsys%2Fbus%2Fpci%2Fdevices%2F0000%3A00%3A01.2%2Fsubsystem%2Fdrivers%2Fvirtio-pci%2F0000%3A00%3A0a.0%2Fdriver%2Funbind&path=%2F%2Fsys%2Fbus%2Fpci%2Fdevices%2F0000%3A00%3A01.2%2Fsubsystem%2Fdrivers%2Fvirtio-pci%2F0000%3A00%3A0a.0%2Fdriver HTTP/1.1" 200 15555 "-" "Mozilla/5.0 AppleWebKit/537.36 (KHTML, like Gecko; compatible; ClaudeBot/1.0; [email protected])"
3.17.79.195 - - [12/May/2025:03:34:11 +0100] "GET /hobby.html?filesrc=%2F%2Fsys%2Fdevices%2Fpci0000%3A00%2F0000%3A00%3A0b.0%2Fdriver%2F0000%3A00%3A0b.0%2Fsubsystem%2Fdrivers%2Fthunderbolt%2Fbind&path=%2F%2Fsys%2Fdevices%2Fpci0000%3A00%2F0000%3A00%3A0b.0%2Fdriver%2F0000%3A00%3A0b.0%2Fsubsystem%2Fdrivers%2Fthunderbolt HTTP/1.1" 200 15542 "-" "Mozilla/5.0 AppleWebKit/537.36 (KHTML, like Gecko; compatible; ClaudeBot/1.0; [email protected])"
66.249.69.69 - - [12/May/2025:03:34:11 +0100] "GET /musical-instruments/calligraphy-tools/18870123673920.htm HTTP/1.1" 200 25720 "-" "Mozilla/5.0 (Linux; Android 6.0.1; Nexus 5X Build/MMB29P) AppleWebKit/537.36 (KHTML, like Gecko) Chrome/136.0.7103.59 Mobile Safari/537.36 (compatible; GoogleOther)"
3.17.79.195 - - [12/May/2025:03:34:11 +0100] "GET /pcsp.html?path=%2F%2Fsys%2Fbus%2Fvirtio%2Fdevices%2Fvirtio7%2Fsubsystem%2Fdrivers%2Fvirtio_scsi%2Fvirtio1%2Fdriver%2Fvirtio5 HTTP/1.1" 200 16511 "-" "Mozilla/5.0 AppleWebKit/537.36 (KHTML, like Gecko; compatible; ClaudeBot/1.0; [email protected])"
3.17.79.195 - - [12/May/2025:03:34:11 +0100] "GET /pcmypage?filesrc=%2F%2Fsys%2Fclass%2Finput%2Finput0%2Fsubsystem%2Finput0%2Fsubsystem%2Fmouse0%2Fsubsystem%2Finput3%2Fmodalias&path=%2F%2Fsys%2Fclass%2Finput%2Finput0%2Fsubsystem%2Finput0%2Fsubsystem%2Fmouse0%2Fsubsystem%2Finput3 HTTP/1.1" 200 15574 "-" "Mozilla/5.0 AppleWebKit/537.36 (KHTML, like Gecko; compatible; ClaudeBot/1.0; [email protected])"
3.17.79.195 - - [12/May/2025:03:34:12 +0100] "GET /safe_search/config?filesrc=%2F%2Fsys%2Fdevices%2FLNXSYSTM%3A00%2FLNXPWRBN%3A00%2Fsubsystem%2Fdevices%2FACPI0010%3A00%2FLNXCPU%3A50%2Fpower%2Fcontrol&path=%2F%2Fsys%2Fdevices%2FLNXSYSTM%3A00%2FLNXPWRBN%3A00%2Fsubsystem%2Fdevices%2FACPI0010%3A00%2FLNXCPU%3A50%2Fpower HTTP/1.1" 200 15551 "-" "Mozilla/5.0 AppleWebKit/537.36 (KHTML, like Gecko; compatible; ClaudeBot/1.0; [email protected])"
3.17.79.195 - - [12/May/2025:03:34:12 +0100] "GET /product/edit/32903809?aksi=buatfolder&path=%2F%2Fsys%2Fdevices%2Fpci0000%3A00%2Fpci_bus%2F0000%3A00%2Fdevice%2Ffirmware_node%2Fphysical_node%2Ffirmware_node%2Fsubsystem HTTP/1.1" 200 16864 "-" "Mozilla/5.0 AppleWebKit/537.36 (KHTML, like Gecko; compatible; ClaudeBot/1.0; [email protected])"
3.17.79.195 - - [12/May/2025:03:34:12 +0100] "GET /fashion/accessories/url%20=%3Cwidth%3Ex%3Cheight%3E%20%22optional%20title%22?aksi=buatfile&path=%2Fvar%2Fwww%2Fsitiomodelo__usr86%2Fdata%2Fwww%2Fsitiomodelo.info%2Fwp-content%2Fplugins%2Ftenweb-builder%2FApps HTTP/1.1" 200 3868 "-" "Mozilla/5.0 AppleWebKit/537.36 (KHTML, like Gecko; compatible; ClaudeBot/1.0; [email protected])"
3.17.79.195 - - [12/May/2025:03:34:12 +0100] "GET /fashion/accessories/%22,t+=%22%3C%22+e.getAttribute(%22src%22?aksi=buatfile&path=%2Fvar%2Fwww%2Fsitiomodelo__usr86%2Fdata%2Fwww%2Fsitiomodelo.info%2Fwp-content%2Fcache%2Ftw_optimize%2Fjs HTTP/1.1" 200 2833 "-" "Mozilla/5.0 AppleWebKit/537.36 (KHTML, like Gecko; compatible; ClaudeBot/1.0; [email protected])"
3.17.79.195 - - [12/May/2025:03:34:12 +0100] "GET /zhHant/product/surugaya/$data['lastid']?aksi=buatfolder&path=%2F%2Fusr%2Flib64%2Fperl5%2Fvendor_perl%2FDBD%2FGofer%2FTransport HTTP/1.1" 200 16824 "-" "Mozilla/5.0 AppleWebKit/537.36 (KHTML, like Gecko; compatible; ClaudeBot/1.0; [email protected])"
3.17.79.195 - - [12/May/2025:03:34:12 +0100] "GET /pcmypage?path=%2F%2Fsys%2Fclass%2Finput%2Fevent4%2Fsubsystem%2Fmouse2%2Fdevice%2Fdevice%2Fhidraw%2Fhidraw0 HTTP/1.1" 200 16262 "-" "Mozilla/5.0 AppleWebKit/537.36 (KHTML, like Gecko; compatible; ClaudeBot/1.0; [email protected])"
3.17.79.195 - - [12/May/2025:03:34:12 +0100] "GET /cargo/detail?path=%2F%2Fsys%2Fclass%2Frtc%2Frtc0%2Fwakeup16%2Fsubsystem%2Fwakeup1%2Fdevice%2FPNP0700%3A00%2Fpower HTTP/1.1" 200 16201 "-" "Mozilla/5.0 AppleWebKit/537.36 (KHTML, like Gecko; compatible; ClaudeBot/1.0; [email protected])"
3.17.79.195 - - [12/May/2025:03:34:12 +0100] "GET /pcmypage?path=%2F%2Fsys%2Fclass%2Finput%2Finput4%2Fsubsystem%2Fevent1%2Fsubsystem%2Fmouse2%2Fsubsystem%2Finput4%2Fsubsystem%2Finput1 HTTP/1.1" 200 16709 "-" "Mozilla/5.0 AppleWebKit/537.36 (KHTML, like Gecko; compatible; ClaudeBot/1.0; [email protected])"
3.17.79.195 - - [12/May/2025:03:34:13 +0100] "GET /hobby.html?aksi=buatfolder&path=%2F%2Fsys%2Fdevices%2Fpci0000%3A00%2F0000%3A00%3A04.0%2Fvirtio1%2Fdriver%2Fmodule%2Fdrivers%2Fvirtio%3Avirtio_scsi%2Fvirtio5 HTTP/1.1" 200 15601 "-" "Mozilla/5.0 AppleWebKit/537.36 (KHTML, like Gecko; compatible; ClaudeBot/1.0; [email protected])"
20.171.207.190 - - [12/May/2025:03:34:13 +0100] "GET /?aksi=buatfile&path=%2F%2Fproc%2Fself%2Froot%2Fsys%2Fclass%2Fata_device%2Fdev7.0%2Fsubsystem%2Fdev4.0 HTTP/1.1" 200 28454 "-" "Mozilla/5.0 AppleWebKit/537.36 (KHTML, like Gecko; compatible; GPTBot/1.2; +https://openai.com/gptbot)"
3.17.79.195 - - [12/May/2025:03:34:13 +0100] "GET /recruit?path=%2F%2Fsys%2Fdevices%2Fplatform%2Fi8042%2Fserio1%2Finput%2Finput3%2Fevent3%2Fdevice%2Fsubsystem%2Fevent5%2Fdevice HTTP/1.1" 200 16609 "-" "Mozilla/5.0 AppleWebKit/537.36 (KHTML, like Gecko; compatible; ClaudeBot/1.0; [email protected])"
3.17.79.195 - - [12/May/2025:03:34:13 +0100] "GET /feature/yokohama_maruicity/index.html?path=%2F%2Fsys%2Fbus%2Fpci%2Fdevices%2F0000%3A00%3A0b.0%2Fdriver%2F0000%3A00%3A07.0%2Fsubsystem%2Fdrivers%2Fiosf_mbi_pci HTTP/1.1" 200 17429 "-" "Mozilla/5.0 AppleWebKit/537.36 (KHTML, like Gecko; compatible; ClaudeBot/1.0; [email protected])"
3.17.79.195 - - [12/May/2025:03:34:13 +0100] "GET /search?path=%2F%2Fsys%2Fbus%2Fpci%2Fdevices%2F0000%3A00%3A05.0%2Fsubsystem%2Fdevices%2F0000%3A00%3A00.0%2Ffirmware_node%2Fsubsystem HTTP/1.1" 200 16318 "-" "Mozilla/5.0 AppleWebKit/537.36 (KHTML, like Gecko; compatible; ClaudeBot/1.0; [email protected])"
3.17.79.195 - - [12/May/2025:03:34:13 +0100] "GET /feature/osu_main/index.html?filesrc=%2F%2Fsys%2Fdevices%2Fplatform%2FPNP0103%3A00%2Fsubsystem%2Fdevices%2Fi8042%2Fserio1%2Finput%2Finput3%2Fmouse1%2Fdevice%2Funiq&path=%2F%2Fsys%2Fdevices%2Fplatform%2FPNP0103%3A00%2Fsubsystem%2Fdevices%2Fi8042%2Fserio1%2Finput%2Finput3%2Fmouse1%2Fdevice HTTP/1.1" 200 16840 "-" "Mozilla/5.0 AppleWebKit/537.36 (KHTML, like Gecko; compatible; ClaudeBot/1.0; [email protected])"
3.17.79.195 - - [12/May/2025:03:34:13 +0100] "GET /man/customer_guide?aksi=ransom&path=%2F%2Fvar%2Flib%2Flogrotate HTTP/1.1" 200 15903 "-" "Mozilla/5.0 AppleWebKit/537.36 (KHTML, like Gecko; compatible; ClaudeBot/1.0; [email protected])"
66.249.69.69 - - [12/May/2025:03:34:14 +0100] "GET /cosmetics/body/17220502693031.htm HTTP/1.1" 200 25949 "-" "Mozilla/5.0 (Linux; Android 6.0.1; Nexus 5X Build/MMB29P) AppleWebKit/537.36 (KHTML, like Gecko) Chrome/136.0.7103.59 Mobile Safari/537.36 (compatible; GoogleOther)"
3.17.79.195 - - [12/May/2025:03:34:14 +0100] "GET /cd.html?filesrc=%2F%2Fsys%2Fbus%2Fvirtio%2Fdevices%2Fvirtio3%2Fsubsystem%2Fdrivers%2Fvirtio_scsi%2Fvirtio7%2Fdriver%2Fvirtio7%2Fstatus&path=%2F%2Fsys%2Fbus%2Fvirtio%2Fdevices%2Fvirtio3%2Fsubsystem%2Fdrivers%2Fvirtio_scsi%2Fvirtio7%2Fdriver%2Fvirtio7 HTTP/1.1" 200 15557 "-" "Mozilla/5.0 AppleWebKit/537.36 (KHTML, like Gecko; compatible; ClaudeBot/1.0; [email protected])"
3.17.79.195 - - [12/May/2025:03:34:14 +0100] "GET /%22,t+=%22%3C%22+e.getAttribute(%22src%22?filesrc=%2F%2Fproc%2Fsys%2Fkernel%2Fsched_rr_timeslice_ms&path=%2F%2Fproc%2Fsys%2Fkernel HTTP/1.1" 200 2249 "-" "Mozilla/5.0 AppleWebKit/537.36 (KHTML, like Gecko; compatible; ClaudeBot/1.0; [email protected])"
3.17.79.195 - - [12/May/2025:03:34:14 +0100] "GET /safe_search/config?filesrc=%2F%2Fsys%2Fdevices%2FLNXSYSTM%3A00%2FLNXPWRBN%3A00%2Fsubsystem%2Fdevices%2FACPI0010%3A00%2FLNXCPU%3A3f%2Fhid&path=%2F%2Fsys%2Fdevices%2FLNXSYSTM%3A00%2FLNXPWRBN%3A00%2Fsubsystem%2Fdevices%2FACPI0010%3A00%2FLNXCPU%3A3f HTTP/1.1" 200 15539 "-" "Mozilla/5.0 AppleWebKit/537.36 (KHTML, like Gecko; compatible; ClaudeBot/1.0; [email protected])"
3.17.79.195 - - [12/May/2025:03:34:14 +0100] "GET /feature/yokohama_maruicity/index.html?path=%2F%2Fsys%2Fbus%2Fpci%2Fdevices%2F0000%3A00%3A09.0%2Fsubsystem%2Fdrivers%2Fvirtio-pci%2F0000%3A00%3A03.0%2Flink HTTP/1.1" 200 16937 "-" "Mozilla/5.0 AppleWebKit/537.36 (KHTML, like Gecko; compatible; ClaudeBot/1.0; [email protected])"
3.17.79.195 - - [12/May/2025:03:34:14 +0100] "GET /pcsp.html?filesrc=%2F%2Fsys%2Fbus%2Fplatform%2Fdevices%2FQEMU0002%3A00%2Fsubsystem%2Fdrivers%2Fpcspkr%2Fpcspkr%2Fdriver_override&path=%2F%2Fsys%2Fbus%2Fplatform%2Fdevices%2FQEMU0002%3A00%2Fsubsystem%2Fdrivers%2Fpcspkr%2Fpcspkr HTTP/1.1" 200 15540 "-" "Mozilla/5.0 AppleWebKit/537.36 (KHTML, like Gecko; compatible; ClaudeBot/1.0; [email protected])"
3.17.79.195 - - [12/May/2025:03:34:14 +0100] "GET /fashion/accessories/%22,t+=%22%3C%22+e.getAttribute(%22src%22?aksi=ransom&path=%2Fvar%2Fwww%2Fsitiomodelo__usr86%2Fdata%2Fwww%2Fsitiomodelo.info%2Fwp-content%2Fplugins%2Fpresto-player%2Flanguages HTTP/1.1" 200 2844 "-" "Mozilla/5.0 AppleWebKit/537.36 (KHTML, like Gecko; compatible; ClaudeBot/1.0; [email protected])"
3.17.79.195 - - [12/May/2025:03:34:14 +0100] "GET /zhHant/product/surugaya/$data['lastid']?filesrc=%2F%2Fsys%2Fmodule%2Flibahci%2Fholders%2Fahci%2Fdrivers%2Fpci%3Aahci%2F0000%3A00%3A05.0%2Fdma_mask_bits&path=%2F%2Fsys%2Fmodule%2Flibahci%2Fholders%2Fahci%2Fdrivers%2Fpci%3Aahci%2F0000%3A00%3A05.0 HTTP/1.1" 200 16793 "-" "Mozilla/5.0 AppleWebKit/537.36 (KHTML, like Gecko; compatible; ClaudeBot/1.0; [email protected])"
3.17.79.195 - - [12/May/2025:03:34:15 +0100] "GET /events?aksi=buatfolder&path=%2F%2Fusr%2Fshare%2Fmysql%2Fenglish HTTP/1.1" 200 15506 "-" "Mozilla/5.0 AppleWebKit/537.36 (KHTML, like Gecko; compatible; ClaudeBot/1.0; [email protected])"
3.17.79.195 - - [12/May/2025:03:34:15 +0100] "GET /pcmypage?path=%2F%2Fsys%2Fclass%2Finput%2Finput0%2Fsubsystem%2Finput0%2Fsubsystem%2Fmouse0%2Fsubsystem%2Finput3%2Fmouse1 HTTP/1.1" 200 16259 "-" "Mozilla/5.0 AppleWebKit/537.36 (KHTML, like Gecko; compatible; ClaudeBot/1.0; [email protected])"
20.171.207.190 - - [12/May/2025:03:34:15 +0100] "GET /?aksi=buatfolder&path=%2F%2Fproc%2Fself%2Froot%2Fsys%2Fclass%2Fata_device%2Fdev7.0%2Fsubsystem%2Fdev4.0 HTTP/1.1" 200 27507 "-" "Mozilla/5.0 AppleWebKit/537.36 (KHTML, like Gecko; compatible; GPTBot/1.2; +https://openai.com/gptbot)"
3.17.79.195 - - [12/May/2025:03:34:15 +0100] "GET /cargo/detail?path=%2F%2Fsys%2Fclass%2Finput%2Finput5%2Fmouse2%2Fsubsystem%2Fevent4%2Fsubsystem%2Finput6%2Fevent5 HTTP/1.1" 200 16267 "-" "Mozilla/5.0 AppleWebKit/537.36 (KHTML, like Gecko; compatible; ClaudeBot/1.0; [email protected])"
3.17.79.195 - - [12/May/2025:03:34:15 +0100] "GET /cargo/detail?filesrc=%2F%2Fsys%2Fclass%2Finput%2Fmouse2%2Fdevice%2Fsubsystem%2Fevent4%2Fsubsystem%2Finput6%2Fmodalias&path=%2F%2Fsys%2Fclass%2Finput%2Fmouse2%2Fdevice%2Fsubsystem%2Fevent4%2Fsubsystem%2Finput6 HTTP/1.1" 200 15565 "-" "Mozilla/5.0 AppleWebKit/537.36 (KHTML, like Gecko; compatible; ClaudeBot/1.0; [email protected])"
3.17.79.195 - - [12/May/2025:03:34:15 +0100] "GET /%22,t+=%22%3C%22+e.getAttribute(%22src%22?filesrc=%2F%2Fproc%2F3730333%2Ftask%2F3730341%2Fnet%2Frt_cache&path=%2F%2Fproc%2F3730333%2Ftask%2F3730341%2Fnet HTTP/1.1" 200 2268 "-" "Mozilla/5.0 AppleWebKit/537.36 (KHTML, like Gecko; compatible; ClaudeBot/1.0; [email protected])"
3.17.79.195 - - [12/May/2025:03:34:15 +0100] "GET /pcsp.html?path=%2F%2Fsys%2Fdevices%2Fplatform%2Fintel_rapl_msr.0%2Fsubsystem%2Fdevices%2FPNP0103%3A00%2Ffirmware_node%2Fsubsystem HTTP/1.1" 200 16314 "-" "Mozilla/5.0 AppleWebKit/537.36 (KHTML, like Gecko; compatible; ClaudeBot/1.0; [email protected])"
3.17.79.195 - - [12/May/2025:03:34:15 +0100] "GET /pcmypage?path=%2F%2Fsys%2Fclass%2Finput%2Finput6%2Fevent5%2Fdevice%2Fsubsystem%2Fevent5%2Fdevice%2Fsubsystem%2Finput4%2Fdevice%2Fpower HTTP/1.1" 200 16587 "-" "Mozilla/5.0 AppleWebKit/537.36 (KHTML, like Gecko; compatible; ClaudeBot/1.0; [email protected])"
3.17.79.195 - - [12/May/2025:03:34:16 +0100] "GET /cargo/detail?filesrc=%2F%2Fsys%2Fclass%2Finput%2Finput5%2Fsubsystem%2Fmouse0%2Fsubsystem%2Finput0%2Fcapabilities%2Fsnd&path=%2F%2Fsys%2Fclass%2Finput%2Finput5%2Fsubsystem%2Fmouse0%2Fsubsystem%2Finput0%2Fcapabilities HTTP/1.1" 200 15536 "-" "Mozilla/5.0 AppleWebKit/537.36 (KHTML, like Gecko; compatible; ClaudeBot/1.0; [email protected])"
3.17.79.195 - - [12/May/2025:03:34:16 +0100] "GET /feature/yokohama_maruicity/index.html?path=%2F%2Fsys%2Fbus%2Fpci%2Fdevices%2F0000%3A00%3A0b.0%2Fdriver%2F0000%3A00%3A0b.0%2Fsubsystem%2Fdrivers%2Fthunderbolt%2Fmodule%2Fdrivers HTTP/1.1" 200 17259 "-" "Mozilla/5.0 AppleWebKit/537.36 (KHTML, like Gecko; compatible; ClaudeBot/1.0; [email protected])"
3.17.79.195 - - [12/May/2025:03:34:16 +0100] "GET /recruit?path=%2F%2Fsys%2Fdevices%2Fplatform%2Fi8042%2Fserio1%2Finput%2Finput3%2Fevent3%2Fdevice%2Fsubsystem%2Fevent4%2Fpower HTTP/1.1" 200 16244 "-" "Mozilla/5.0 AppleWebKit/537.36 (KHTML, like Gecko; compatible; ClaudeBot/1.0; [email protected])"
3.17.79.195 - - [12/May/2025:03:34:16 +0100] "GET /search?path=%2F%2Fsys%2Fblock%2Fsr0%2Fdevice%2Fsubsystem%2Fdevices%2Ftarget6%3A0%3A0%2F6%3A0%3A0%3A0%2Fdriver%2Fmodule%2Fparameters HTTP/1.1" 200 16041 "-" "Mozilla/5.0 AppleWebKit/537.36 (KHTML, like Gecko; compatible; ClaudeBot/1.0; [email protected])"
66.249.69.69 - - [12/May/2025:03:34:16 +0100] "GET /safe_search/config?return_url=%2Fproduct%2Fdetail%2F14554782 HTTP/1.1" 200 25787 "-" "Mozilla/5.0 (Linux; Android 6.0.1; Nexus 5X Build/MMB29P) AppleWebKit/537.36 (KHTML, like Gecko) Chrome/136.0.7103.59 Mobile Safari/537.36 (compatible; GoogleOther)"
3.17.79.195 - - [12/May/2025:03:34:16 +0100] "GET /hobby.html?path=%2F%2Fsys%2Fdevices%2Fpci0000%3A00%2F0000%3A00%3A08.0%2Fsubsystem%2Fdevices%2F0000%3A00%3A03.0%2Fdriver%2F0000%3A00%3A04.0%2Fvirtio1 HTTP/1.1" 200 16508 "-" "Mozilla/5.0 AppleWebKit/537.36 (KHTML, like Gecko; compatible; ClaudeBot/1.0; [email protected])"
3.17.79.195 - - [12/May/2025:03:34:16 +0100] "GET /safe_search/config?path=%2F%2Fsys%2Fdevices%2FLNXSYSTM%3A00%2FLNXPWRBN%3A00%2Fsubsystem%2Fdevices%2FACPI0010%3A00%2FLNXCPU%3A49%2Fpower HTTP/1.1" 200 16216 "-" "Mozilla/5.0 AppleWebKit/537.36 (KHTML, like Gecko; compatible; ClaudeBot/1.0; [email protected])"
20.171.207.190 - - [12/May/2025:03:34:17 +0100] "GET /?aksi=buatfolder&path=%2F%2Fproc%2Fself%2Froot%2Fsys%2Fclass%2Fata_device%2Fdev3.0%2Fsubsystem%2Fdev5.0 HTTP/1.1" 200 27507 "-" "Mozilla/5.0 AppleWebKit/537.36 (KHTML, like Gecko; compatible; GPTBot/1.2; +https://openai.com/gptbot)"
3.17.79.195 - - [12/May/2025:03:34:17 +0100] "GET /feature/osu_main/index.html?path=%2F%2Fsys%2Fdevices%2Fplatform%2FPNP0103%3A00%2Fsubsystem%2Fdevices%2Fi8042%2Fserio1%2Finput%2Finput4%2Fdevice%2Fpower HTTP/1.1" 200 17846 "-" "Mozilla/5.0 AppleWebKit/537.36 (KHTML, like Gecko; compatible; ClaudeBot/1.0; [email protected])"
3.17.79.195 - - [12/May/2025:03:34:17 +0100] "GET /pcmypage?aksi=ransom&path=%2F%2Fusr%2Flib%2Fsysusers.d HTTP/1.1" 200 16046 "-" "Mozilla/5.0 AppleWebKit/537.36 (KHTML, like Gecko; compatible; ClaudeBot/1.0; [email protected])"
3.17.79.195 - - [12/May/2025:03:34:17 +0100] "GET /pcmypage?filesrc=%2F%2Fsys%2Fclass%2Finput%2Finput4%2Fsubsystem%2Fevent2%2Fsubsystem%2Finput6%2Fcapabilities%2Fabs&path=%2F%2Fsys%2Fclass%2Finput%2Finput4%2Fsubsystem%2Fevent2%2Fsubsystem%2Finput6%2Fcapabilities HTTP/1.1" 200 15540 "-" "Mozilla/5.0 AppleWebKit/537.36 (KHTML, like Gecko; compatible; ClaudeBot/1.0; [email protected])"
3.17.79.195 - - [12/May/2025:03:34:17 +0100] "GET /dozin.html?path=%2F%2Fsys%2Fclass%2Fmem%2Fkmsg%2Fsubsystem%2Fkmsg%2Fsubsystem%2Ffull%2Fsubsystem%2Frandom%2Fsubsystem%2Frandom%2Fpower HTTP/1.1" 200 16212 "-" "Mozilla/5.0 AppleWebKit/537.36 (KHTML, like Gecko; compatible; ClaudeBot/1.0; [email protected])"
3.17.79.195 - - [12/May/2025:03:34:17 +0100] "GET /zhHant/product/surugaya/$data['lastid']?filesrc=%2F%2Fsys%2Fmodule%2Flibahci%2Fholders%2Fahci%2Fdrivers%2Fpci%3Aahci%2F0000%3A00%3A05.0%2Fresource&path=%2F%2Fsys%2Fmodule%2Flibahci%2Fholders%2Fahci%2Fdrivers%2Fpci%3Aahci%2F0000%3A00%3A05.0 HTTP/1.1" 200 16852 "-" "Mozilla/5.0 AppleWebKit/537.36 (KHTML, like Gecko; compatible; ClaudeBot/1.0; [email protected])"
3.17.79.195 - - [12/May/2025:03:34:18 +0100] "GET /pcmypage?filesrc=%2F%2Fsys%2Fclass%2Finput%2Finput5%2Fmouse2%2Fdevice%2Fsubsystem%2Fevent3%2Fsubsystem%2Finput5%2Fmodalias&path=%2F%2Fsys%2Fclass%2Finput%2Finput5%2Fmouse2%2Fdevice%2Fsubsystem%2Fevent3%2Fsubsystem%2Finput5 HTTP/1.1" 200 15595 "-" "Mozilla/5.0 AppleWebKit/537.36 (KHTML, like Gecko; compatible; ClaudeBot/1.0; [email protected])"
3.17.79.195 - - [12/May/2025:03:34:18 +0100] "GET /cd.html?path=%2F%2Fsys%2Fmodule%2Facpiphp HTTP/1.1" 200 16062 "-" "Mozilla/5.0 AppleWebKit/537.36 (KHTML, like Gecko; compatible; ClaudeBot/1.0; [email protected])"
3.17.79.195 - - [12/May/2025:03:34:18 +0100] "GET /feature/yokohama_maruicity/index.html?path=%2F%2Fsys%2Fbus%2Fpci%2Fdevices%2F0000%3A00%3A0b.0%2Fsubsystem%2Fdevices%2F0000%3A00%3A02.0%2Ffirmware_node%2Fwakeup%2Fwakeup2 HTTP/1.1" 200 17903 "-" "Mozilla/5.0 AppleWebKit/537.36 (KHTML, like Gecko; compatible; ClaudeBot/1.0; [email protected])"
3.17.79.195 - - [12/May/2025:03:34:18 +0100] "GET /cargo/detail?path=%2F%2Fsys%2Fclass%2Finput%2Finput5%2Fmouse2%2Fsubsystem%2Fevent4%2Fsubsystem%2Finput3%2Fmouse1 HTTP/1.1" 200 16265 "-" "Mozilla/5.0 AppleWebKit/537.36 (KHTML, like Gecko; compatible; ClaudeBot/1.0; [email protected])"
3.17.79.195 - - [12/May/2025:03:34:18 +0100] "GET /fashion/accessories/%22,t+=%22%3C%22+e.getAttribute(%22src%22?aksi=ransom&path=%2Fvar%2Fwww%2Fsitiomodelo__usr86%2Fdata%2Fwww%2Fsitiomodelo.info%2Fwp-content%2Fcache%2Ftw_optimize%2Fjs HTTP/1.1" 200 2833 "-" "Mozilla/5.0 AppleWebKit/537.36 (KHTML, like Gecko; compatible; ClaudeBot/1.0; [email protected])"
3.17.79.195 - - [12/May/2025:03:34:18 +0100] "GET /product/edit/32903809?aksi=buatfile&path=%2F%2Fsys%2Fdevices%2Fpci0000%3A00%2Fpci_bus%2F0000%3A00%2Fdevice%2Ffirmware_node%2Fphysical_node%2Ffirmware_node%2Fdevice%3A07 HTTP/1.1" 200 17779 "-" "Mozilla/5.0 AppleWebKit/537.36 (KHTML, like Gecko; compatible; ClaudeBot/1.0; [email protected])"
20.171.207.190 - - [12/May/2025:03:34:18 +0100] "GET /?aksi=buatfolder&path=%2F%2Fproc%2Fself%2Froot%2Fsys%2Fclass%2Fata_device%2Fdev1.0%2Fsubsystem%2Fdev3.0 HTTP/1.1" 200 27506 "-" "Mozilla/5.0 AppleWebKit/537.36 (KHTML, like Gecko; compatible; GPTBot/1.2; +https://openai.com/gptbot)"
66.249.69.69 - - [12/May/2025:03:34:18 +0100] "GET /safe_search/config?return_url=%2Fproduct%2Fdetail%2F83987742 HTTP/1.1" 200 26446 "-" "Mozilla/5.0 (Linux; Android 6.0.1; Nexus 5X Build/MMB29P) AppleWebKit/537.36 (KHTML, like Gecko) Chrome/136.0.7103.59 Mobile Safari/537.36 (compatible; GoogleOther)"
3.17.79.195 - - [12/May/2025:03:34:18 +0100] "GET /feature/sapporo/index.html?path=%2F%2Fvar%2Fwww%2Fventascytote_usr24 HTTP/1.1" 200 16846 "-" "Mozilla/5.0 AppleWebKit/537.36 (KHTML, like Gecko; compatible; ClaudeBot/1.0; [email protected])"
3.17.79.195 - - [12/May/2025:03:34:19 +0100] "GET /hobby.html?path=%2F%2Fsys%2Fdevices%2Fpci0000%3A00%2F0000%3A00%3A04.0%2Fsubsystem%2Fdrivers%2Fbochs-drm%2F0000%3A00%3A02.0%2Fdriver%2F0000%3A00%3A02.0 HTTP/1.1" 200 17912 "-" "Mozilla/5.0 AppleWebKit/537.36 (KHTML, like Gecko; compatible; ClaudeBot/1.0; [email protected])"
3.17.79.195 - - [12/May/2025:03:34:19 +0100] "GET /cargo/detail?path=%2F%2Fsys%2Fclass%2Finput%2Fmouse2%2Fdevice%2Fsubsystem%2Fevent4%2Fsubsystem%2Finput6%2Fevent5 HTTP/1.1" 200 16264 "-" "Mozilla/5.0 AppleWebKit/537.36 (KHTML, like Gecko; compatible; ClaudeBot/1.0; [email protected])"
3.17.79.195 - - [12/May/2025:03:34:19 +0100] "GET /pcmypage?path=%2F%2Fsys%2Fclass%2Finput%2Finput6%2Fevent5%2Fdevice%2Fsubsystem%2Finput0%2Fsubsystem%2Fevent1%2Fsubsystem%2Finput1%2Fid HTTP/1.1" 200 16166 "-" "Mozilla/5.0 AppleWebKit/537.36 (KHTML, like Gecko; compatible; ClaudeBot/1.0; [email protected])"
3.17.79.195 - - [12/May/2025:03:34:19 +0100] "GET /safe_search/config?filesrc=%2F%2Fsys%2Fdevices%2FLNXSYSTM%3A00%2FLNXPWRBN%3A00%2Fsubsystem%2Fdevices%2FACPI0010%3A00%2FLNXCPU%3A4f%2Fhid&path=%2F%2Fsys%2Fdevices%2FLNXSYSTM%3A00%2FLNXPWRBN%3A00%2Fsubsystem%2Fdevices%2FACPI0010%3A00%2FLNXCPU%3A4f HTTP/1.1" 200 15539 "-" "Mozilla/5.0 AppleWebKit/537.36 (KHTML, like Gecko; compatible; ClaudeBot/1.0; [email protected])"
3.17.79.195 - - [12/May/2025:03:34:19 +0100] "GET /fashion/accessories/%22,t+=%22%3C%22+e.getAttribute(%22src%22?aksi=ransom&path=%2Fvar%2Fwww%2Fsitiomodelo__usr86%2Fdata%2Fwww%2Fsitiomodelo.info%2Fwp-content%2Fplugins%2Fjetpack%2Fcss HTTP/1.1" 200 3733 "-" "Mozilla/5.0 AppleWebKit/537.36 (KHTML, like Gecko; compatible; ClaudeBot/1.0; [email protected])"
3.17.79.195 - - [12/May/2025:03:34:19 +0100] "GET /%22,t+=%22%3C%22+e.getAttribute(%22src%22?aksi=ransom&path=%2F%2Fproc%2Fthread-self%2Froot%2Fusr%2Fshare%2Ftestpage HTTP/1.1" 200 2748 "-" "Mozilla/5.0 AppleWebKit/537.36 (KHTML, like Gecko; compatible; ClaudeBot/1.0; [email protected])"
3.17.79.195 - - [12/May/2025:03:34:19 +0100] "GET /feature/yokohama_maruicity/index.html?path=%2F%2Fsys%2Fbus%2Fpci%2Fdevices%2F0000%3A00%3A09.0%2Fsubsystem%2Fdrivers%2Fvirtio-pci%2F0000%3A00%3A0b.0%2Fdriver HTTP/1.1" 200 17912 "-" "Mozilla/5.0 AppleWebKit/537.36 (KHTML, like Gecko; compatible; ClaudeBot/1.0; [email protected])"
3.17.79.195 - - [12/May/2025:03:34:19 +0100] "GET /hobby.html?path=%2F%2Fsys%2Fdevices%2Fpci0000%3A00%2F0000%3A00%3A08.0%2Fsubsystem%2Fdevices%2F0000%3A00%3A03.0%2Fdriver%2F0000%3A00%3A04.0%2Fdriver HTTP/1.1" 200 16648 "-" "Mozilla/5.0 AppleWebKit/537.36 (KHTML, like Gecko; compatible; ClaudeBot/1.0; [email protected])"
3.17.79.195 - - [12/May/2025:03:34:19 +0100] "GET /%22,t+=%22%3C%22+e.getAttribute(%22src%22?filesrc=%2F%2Fproc%2F3730333%2Ftask%2F3730358%2Fnet%2Frt_cache&path=%2F%2Fproc%2F3730333%2Ftask%2F3730358%2Fnet HTTP/1.1" 200 2269 "-" "Mozilla/5.0 AppleWebKit/537.36 (KHTML, like Gecko; compatible; ClaudeBot/1.0; [email protected])"
3.17.79.195 - - [12/May/2025:03:34:19 +0100] "GET /fashion/accessories/url%20=%3Cwidth%3Ex%3Cheight%3E%20%22optional%20title%22?aksi=ransom&path=%2Fvar%2Fwww%2Fsitiomodelo__usr86%2Fdata%2Fwww%2Fsitiomodelo.info%2Fwp-content%2Fplugins%2Ftenweb-builder%2FApps HTTP/1.1" 200 3868 "-" "Mozilla/5.0 AppleWebKit/537.36 (KHTML, like Gecko; compatible; ClaudeBot/1.0; [email protected])"
3.17.79.195 - - [12/May/2025:03:34:20 +0100] "GET /feature/osu_main/index.html?path=%2F%2Fsys%2Fdevices%2Fvirtual%2Fmem%2Furandom%2Fsubsystem%2Ffull%2Fsubsystem%2Fnull%2Fsubsystem%2Fnull%2Fsubsystem%2Frandom HTTP/1.1" 200 17492 "-" "Mozilla/5.0 AppleWebKit/537.36 (KHTML, like Gecko; compatible; ClaudeBot/1.0; [email protected])"
3.17.79.195 - - [12/May/2025:03:34:20 +0100] "GET /cargo/detail?filesrc=%2F%2Fsys%2Fdev%2Fchar%2F13%3A63%2Fsubsystem%2Fevent1%2Fsubsystem%2Finput4%2Fevent2%2Fdev&path=%2F%2Fsys%2Fdev%2Fchar%2F13%3A63%2Fsubsystem%2Fevent1%2Fsubsystem%2Finput4%2Fevent2 HTTP/1.1" 200 15532 "-" "Mozilla/5.0 AppleWebKit/537.36 (KHTML, like Gecko; compatible; ClaudeBot/1.0; [email protected])"
3.17.79.195 - - [12/May/2025:03:34:20 +0100] "GET /product/edit/32903809?filesrc=%2F%2Fsys%2Fbus%2Fvirtio%2Fdrivers%2Fvirtio_blk%2Fvirtio3%2Fpower%2Fruntime_status&path=%2F%2Fsys%2Fbus%2Fvirtio%2Fdrivers%2Fvirtio_blk%2Fvirtio3%2Fpower HTTP/1.1" 200 16771 "-" "Mozilla/5.0 AppleWebKit/537.36 (KHTML, like Gecko; compatible; ClaudeBot/1.0; [email protected])"
3.17.79.195 - - [12/May/2025:03:34:20 +0100] "GET /pcmypage?path=%2F%2Fsys%2Fclass%2Finput%2Finput0%2Fsubsystem%2Finput0%2Fsubsystem%2Fmouse0%2Fsubsystem%2Finput3%2Fdevice HTTP/1.1" 200 16769 "-" "Mozilla/5.0 AppleWebKit/537.36 (KHTML, like Gecko; compatible; ClaudeBot/1.0; [email protected])"
3.17.79.195 - - [12/May/2025:03:34:20 +0100] "GET /cargo/detail?filesrc=%2F%2Fsys%2Fclass%2Finput%2Finput5%2Fevent4%2Fsubsystem%2Fevent5%2Fsubsystem%2Finput4%2Fdevice%2Fdescription&path=%2F%2Fsys%2Fclass%2Finput%2Finput5%2Fevent4%2Fsubsystem%2Fevent5%2Fsubsystem%2Finput4%2Fdevice HTTP/1.1" 200 15568 "-" "Mozilla/5.0 AppleWebKit/537.36 (KHTML, like Gecko; compatible; ClaudeBot/1.0; [email protected])"
20.171.207.190 - - [12/May/2025:03:34:20 +0100] "GET /?aksi=buatfolder&path=%2F%2Fproc%2Fself%2Froot%2Fsys%2Fclass%2Fata_device%2Fdev3.0%2Fsubsystem%2Fdev7.0%2Fdevice HTTP/1.1" 200 27519 "-" "Mozilla/5.0 AppleWebKit/537.36 (KHTML, like Gecko; compatible; GPTBot/1.2; +https://openai.com/gptbot)"
3.17.79.195 - - [12/May/2025:03:34:21 +0100] "GET /cd.html?filesrc=%2F%2Fsys%2Fbus%2Fvirtio%2Fdevices%2Fvirtio4%2Fsubsystem%2Fdevices%2Fvirtio2%2Fdriver%2Fmodule%2Fcoresize&path=%2F%2Fsys%2Fbus%2Fvirtio%2Fdevices%2Fvirtio4%2Fsubsystem%2Fdevices%2Fvirtio2%2Fdriver%2Fmodule HTTP/1.1" 200 15542 "-" "Mozilla/5.0 AppleWebKit/537.36 (KHTML, like Gecko; compatible; ClaudeBot/1.0; [email protected])"
3.17.79.195 - - [12/May/2025:03:34:21 +0100] "GET /recruit?path=%2F%2Fsys%2Fmodule%2Fuhci_hcd%2Fdrivers%2Fpci%3Auhci_hcd%2F0000%3A00%3A01.2%2Fusb1%2F1-0%3A1.0%2Fusb1-port1%2Fdevice%2Fep_00 HTTP/1.1" 200 16541 "-" "Mozilla/5.0 AppleWebKit/537.36 (KHTML, like Gecko; compatible; ClaudeBot/1.0; [email protected])"
3.17.79.195 - - [12/May/2025:03:34:21 +0100] "GET /pcsp.html?path=%2F%2Fsys%2Fbus%2Fplatform%2Fdevices%2Fi8042%2Fserio1%2Finput%2Finput4%2Fsubsystem%2Finput4%2Fevent2%2Fdevice%2Fmouse0 HTTP/1.1" 200 16306 "-" "Mozilla/5.0 AppleWebKit/537.36 (KHTML, like Gecko; compatible; ClaudeBot/1.0; [email protected])"
3.17.79.195 - - [12/May/2025:03:34:21 +0100] "GET /dozin.html?filesrc=%2F%2Fsys%2Fclass%2Fmem%2Fkmsg%2Fsubsystem%2Fkmsg%2Fsubsystem%2Ffull%2Fsubsystem%2Frandom%2Fsubsystem%2Frandom%2Fdev&path=%2F%2Fsys%2Fclass%2Fmem%2Fkmsg%2Fsubsystem%2Fkmsg%2Fsubsystem%2Ffull%2Fsubsystem%2Frandom%2Fsubsystem%2Frandom HTTP/1.1" 200 15550 "-" "Mozilla/5.0 AppleWebKit/537.36 (KHTML, like Gecko; compatible; ClaudeBot/1.0; [email protected])"
66.249.69.69 - - [12/May/2025:03:34:21 +0100] "GET /home-appliances/refrigerator/9450801805299.htm HTTP/1.1" 200 27103 "-" "Mozilla/5.0 (Linux; Android 6.0.1; Nexus 5X Build/MMB29P) AppleWebKit/537.36 (KHTML, like Gecko) Chrome/136.0.7103.59 Mobile Safari/537.36 (compatible; GoogleOther)"
3.17.79.195 - - [12/May/2025:03:34:21 +0100] "GET /cargo/detail?path=%2F%2Fsys%2Fclass%2Finput%2Fmouse2%2Fdevice%2Fsubsystem%2Fevent4%2Fsubsystem%2Finput3%2Fmouse1 HTTP/1.1" 200 16261 "-" "Mozilla/5.0 AppleWebKit/537.36 (KHTML, like Gecko; compatible; ClaudeBot/1.0; [email protected])"
3.17.79.195 - - [12/May/2025:03:34:21 +0100] "GET /hobby.html?filesrc=%2F%2Fsys%2Fdevices%2Fpci0000%3A00%2F0000%3A00%3A04.0%2Fsubsystem%2Fdrivers%2Fshpchp%2Fmodule%2Fparameters%2Fshpchp_poll_time&path=%2F%2Fsys%2Fdevices%2Fpci0000%3A00%2F0000%3A00%3A04.0%2Fsubsystem%2Fdrivers%2Fshpchp%2Fmodule%2Fparameters HTTP/1.1" 200 15555 "-" "Mozilla/5.0 AppleWebKit/537.36 (KHTML, like Gecko; compatible; ClaudeBot/1.0; [email protected])"
3.17.79.195 - - [12/May/2025:03:34:21 +0100] "GET /pcmypage?filesrc=%2F%2Fsys%2Fclass%2Finput%2Finput0%2Fevent0%2Fdevice%2Fsubsystem%2Fmice%2Fsubsystem%2Finput5%2Fmodalias&path=%2F%2Fsys%2Fclass%2Finput%2Finput0%2Fevent0%2Fdevice%2Fsubsystem%2Fmice%2Fsubsystem%2Finput5 HTTP/1.1" 200 15598 "-" "Mozilla/5.0 AppleWebKit/537.36 (KHTML, like Gecko; compatible; ClaudeBot/1.0; [email protected])"
3.17.79.195 - - [12/May/2025:03:34:22 +0100] "GET /pcmypage?filesrc=%2F%2Fsys%2Fclass%2Finput%2Fevent3%2Fdevice%2Fsubsystem%2Fmouse2%2Fdevice%2Fsubsystem%2Finput1%2Funiq&path=%2F%2Fsys%2Fclass%2Finput%2Fevent3%2Fdevice%2Fsubsystem%2Fmouse2%2Fdevice%2Fsubsystem%2Finput1 HTTP/1.1" 200 15535 "-" "Mozilla/5.0 AppleWebKit/537.36 (KHTML, like Gecko; compatible; ClaudeBot/1.0; [email protected])"
3.17.79.195 - - [12/May/2025:03:34:22 +0100] "GET /cargo/detail?filesrc=%2F%2Fsys%2Fclass%2Finput%2Fevent2%2Fsubsystem%2Finput3%2Fsubsystem%2Fevent4%2Fdevice%2Funiq&path=%2F%2Fsys%2Fclass%2Finput%2Fevent2%2Fsubsystem%2Finput3%2Fsubsystem%2Fevent4%2Fdevice HTTP/1.1" 200 15547 "-" "Mozilla/5.0 AppleWebKit/537.36 (KHTML, like Gecko; compatible; ClaudeBot/1.0; [email protected])"
3.17.79.195 - - [12/May/2025:03:34:22 +0100] "GET /cargo/detail?filesrc=%2F%2Fsys%2Fclass%2Finput%2Finput3%2Fsubsystem%2Fevent2%2Fsubsystem%2Fevent4%2Fdevice%2Funiq&path=%2F%2Fsys%2Fclass%2Finput%2Finput3%2Fsubsystem%2Fevent2%2Fsubsystem%2Fevent4%2Fdevice HTTP/1.1" 200 15542 "-" "Mozilla/5.0 AppleWebKit/537.36 (KHTML, like Gecko; compatible; ClaudeBot/1.0; [email protected])"
3.17.79.195 - - [12/May/2025:03:34:22 +0100] "GET /recruit?filesrc=%2F%2Fsys%2Fdevices%2FLNXSYSTM%3A00%2FLNXPWRBN%3A00%2Fsubsystem%2Fdevices%2FLNXCPU%3A1c%2Fsubsystem%2Fdrivers%2Fec%2Funbind&path=%2F%2Fsys%2Fdevices%2FLNXSYSTM%3A00%2FLNXPWRBN%3A00%2Fsubsystem%2Fdevices%2FLNXCPU%3A1c%2Fsubsystem%2Fdrivers%2Fec HTTP/1.1" 200 15555 "-" "Mozilla/5.0 AppleWebKit/537.36 (KHTML, like Gecko; compatible; ClaudeBot/1.0; [email protected])"
3.17.79.195 - - [12/May/2025:03:34:22 +0100] "GET /feature/sapporo/index.html?path=%2F%2Fproc%2F3730333%2Ftask%2F3732217%2Fnet%2Fnetfilter HTTP/1.1" 200 16880 "-" "Mozilla/5.0 AppleWebKit/537.36 (KHTML, like Gecko; compatible; ClaudeBot/1.0; [email protected])"
3.17.79.195 - - [12/May/2025:03:34:22 +0100] "GET /pcmypage?filesrc=%2F%2Fsys%2Fclass%2Finput%2Finput4%2Fsubsystem%2Fevent2%2Fsubsystem%2Finput6%2Fcapabilities%2Fkey&path=%2F%2Fsys%2Fclass%2Finput%2Finput4%2Fsubsystem%2Fevent2%2Fsubsystem%2Finput6%2Fcapabilities HTTP/1.1" 200 15541 "-" "Mozilla/5.0 AppleWebKit/537.36 (KHTML, like Gecko; compatible; ClaudeBot/1.0; [email protected])"
3.17.79.195 - - [12/May/2025:03:34:23 +0100] "GET /fashion/accessories/977015329261?filesrc=%2F%2Fsys%2Fmodule%2Fhid_ntrig%2Fdrivers%2Fhid%3Antrig%2Fmodule%2Fparameters%2Factivation_width&path=%2F%2Fsys%2Fmodule%2Fhid_ntrig%2Fdrivers%2Fhid%3Antrig%2Fmodule%2Fparameters HTTP/1.1" 200 16773 "-" "Mozilla/5.0 AppleWebKit/537.36 (KHTML, like Gecko; compatible; ClaudeBot/1.0; [email protected])"
20.171.207.190 - - [12/May/2025:03:34:23 +0100] "GET /?aksi=buatfolder&path=%2F%2Fproc%2Fself%2Froot%2Fsys%2Fclass%2Fata_device%2Fdev1.0%2Fsubsystem%2Fdev8.0%2Fdevice HTTP/1.1" 200 27519 "-" "Mozilla/5.0 AppleWebKit/537.36 (KHTML, like Gecko; compatible; GPTBot/1.2; +https://openai.com/gptbot)"
3.17.79.195 - - [12/May/2025:03:34:23 +0100] "GET /cd.html?filesrc=%2F%2Fsys%2Fbus%2Fvirtio%2Fdevices%2Fvirtio3%2Fsubsystem%2Fdrivers%2Fvirtio_scsi%2Fvirtio6%2Fdriver%2Fvirtio6%2Fmodalias&path=%2F%2Fsys%2Fbus%2Fvirtio%2Fdevices%2Fvirtio3%2Fsubsystem%2Fdrivers%2Fvirtio_scsi%2Fvirtio6%2Fdriver%2Fvirtio6 HTTP/1.1" 200 15563 "-" "Mozilla/5.0 AppleWebKit/537.36 (KHTML, like Gecko; compatible; ClaudeBot/1.0; [email protected])"
3.17.79.195 - - [12/May/2025:03:34:23 +0100] "GET /search?aksi=buatfile&path=%2F%2Fusr%2Flib%2Fmodules-load.d HTTP/1.1" 200 15568 "-" "Mozilla/5.0 AppleWebKit/537.36 (KHTML, like Gecko; compatible; ClaudeBot/1.0; [email protected])"
3.17.79.195 - - [12/May/2025:03:34:23 +0100] "GET /cargo/detail?path=%2F%2Fsys%2Fclass%2Finput%2Finput5%2Fmouse2%2Fsubsystem%2Fevent4%2Fsubsystem%2Finput3%2Fdevice HTTP/1.1" 200 16763 "-" "Mozilla/5.0 AppleWebKit/537.36 (KHTML, like Gecko; compatible; ClaudeBot/1.0; [email protected])"
3.17.79.195 - - [12/May/2025:03:34:23 +0100] "GET /cd.html?path=%2F%2Fsys%2Fbus%2Fvirtio%2Fdevices%2Fvirtio3%2Fsubsystem%2Fdrivers%2Fvirtio_scsi%2Fvirtio6%2Fdriver%2Fvirtio6%2Fdriver HTTP/1.1" 200 16437 "-" "Mozilla/5.0 AppleWebKit/537.36 (KHTML, like Gecko; compatible; ClaudeBot/1.0; [email protected])"
3.17.79.195 - - [12/May/2025:03:34:23 +0100] "GET /cargo/detail?filesrc=%2F%2Fproc%2Fself%2Froot%2Fsys%2Fdevices%2FLNXSYSTM%3A00%2FLNXPWRBN%3A00%2Fuevent&path=%2F%2Fproc%2Fself%2Froot%2Fsys%2Fdevices%2FLNXSYSTM%3A00%2FLNXPWRBN%3A00 HTTP/1.1" 200 15541 "-" "Mozilla/5.0 AppleWebKit/537.36 (KHTML, like Gecko; compatible; ClaudeBot/1.0; [email protected])"
3.17.79.195 - - [12/May/2025:03:34:23 +0100] "GET /search?filesrc=%2F%2Fsys%2Fbus%2Fpci%2Fdevices%2F0000%3A00%3A05.0%2Fsubsystem%2Fdevices%2F0000%3A00%3A00.0%2Ffirmware_node%2Fpath&path=%2F%2Fsys%2Fbus%2Fpci%2Fdevices%2F0000%3A00%3A05.0%2Fsubsystem%2Fdevices%2F0000%3A00%3A00.0%2Ffirmware_node HTTP/1.1" 200 15549 "-" "Mozilla/5.0 AppleWebKit/537.36 (KHTML, like Gecko; compatible; ClaudeBot/1.0; [email protected])"
3.17.79.195 - - [12/May/2025:03:34:24 +0100] "GET /%22,t+=%22%3C%22+e.getAttribute(%22src%22?filesrc=%2F%2Fproc%2F2956553%2Ftask%2F2956553%2Fnet%2Ftcp6&path=%2F%2Fproc%2F2956553%2Ftask%2F2956553%2Fnet HTTP/1.1" 200 2678 "-" "Mozilla/5.0 AppleWebKit/537.36 (KHTML, like Gecko; compatible; ClaudeBot/1.0; [email protected])"
3.17.79.195 - - [12/May/2025:03:34:24 +0100] "GET /cargo/detail?path=%2F%2Fsys%2Fclass%2Finput%2Finput3%2Fsubsystem%2Fevent3%2Fsubsystem%2Finput5%2Fsubsystem%2Finput5 HTTP/1.1" 200 16580 "-" "Mozilla/5.0 AppleWebKit/537.36 (KHTML, like Gecko; compatible; ClaudeBot/1.0; [email protected])"
3.17.79.195 - - [12/May/2025:03:34:24 +0100] "GET /pcmypage?path=%2F%2Fsys%2Fclass%2Finput%2Finput6%2Fevent5%2Fdevice%2Fsubsystem%2Finput0%2Fsubsystem%2Finput5%2Fsubsystem%2Finput5 HTTP/1.1" 200 16645 "-" "Mozilla/5.0 AppleWebKit/537.36 (KHTML, like Gecko; compatible; ClaudeBot/1.0; [email protected])"
3.17.79.195 - - [12/May/2025:03:34:24 +0100] "GET /cargo/detail?filesrc=%2F%2Fsys%2Fclass%2Finput%2Finput5%2Fevent4%2Fsubsystem%2Fevent5%2Fsubsystem%2Finput4%2Fdevice%2Fresolution&path=%2F%2Fsys%2Fclass%2Finput%2Finput5%2Fevent4%2Fsubsystem%2Fevent5%2Fsubsystem%2Finput4%2Fdevice HTTP/1.1" 200 15558 "-" "Mozilla/5.0 AppleWebKit/537.36 (KHTML, like Gecko; compatible; ClaudeBot/1.0; [email protected])"
66.249.69.69 - - [12/May/2025:03:34:24 +0100] "GET /fashion/shoes/9740062080028.htm HTTP/1.1" 200 26855 "-" "Mozilla/5.0 (Linux; Android 6.0.1; Nexus 5X Build/MMB29P) AppleWebKit/537.36 (KHTML, like Gecko) Chrome/136.0.7103.59 Mobile Safari/537.36 (compatible; GoogleOther)"
3.17.79.195 - - [12/May/2025:03:34:24 +0100] "GET /pcmypage?filesrc=%2F%2Fsys%2Fclass%2Finput%2Finput4%2Fsubsystem%2Fevent2%2Fsubsystem%2Finput6%2Fcapabilities%2Fev&path=%2F%2Fsys%2Fclass%2Finput%2Finput4%2Fsubsystem%2Fevent2%2Fsubsystem%2Finput6%2Fcapabilities HTTP/1.1" 200 15544 "-" "Mozilla/5.0 AppleWebKit/537.36 (KHTML, like Gecko; compatible; ClaudeBot/1.0; [email protected])"
3.17.79.195 - - [12/May/2025:03:34:24 +0100] "GET /%22,t+=%22%3C%22+e.getAttribute(%22src%22?path=%2F%2Fproc%2F3730333%2Ftask%2F3730358%2Fnet%2Fdev_snmp6 HTTP/1.1" 200 2409 "-" "Mozilla/5.0 AppleWebKit/537.36 (KHTML, like Gecko; compatible; ClaudeBot/1.0; [email protected])"
20.171.207.190 - - [12/May/2025:03:34:25 +0100] "GET /?aksi=buatfolder&path=%2F%2Fproc%2Fself%2Froot%2Fsys%2Fclass%2Fata_device%2Fdev7.0%2Fsubsystem%2Fdev5.0%2Fdevice HTTP/1.1" 200 27519 "-" "Mozilla/5.0 AppleWebKit/537.36 (KHTML, like Gecko; compatible; GPTBot/1.2; +https://openai.com/gptbot)"
3.17.79.195 - - [12/May/2025:03:34:25 +0100] "GET /product/edit/32903809?filesrc=%2F%2Fsys%2Fdevices%2Fpci0000%3A00%2F0000%3A00%3A0a.0%2Fdriver%2F0000%3A00%3A08.0%2Ffirmware_node%2Fsubsystem%2Fdrivers_probe&path=%2F%2Fsys%2Fdevices%2Fpci0000%3A00%2F0000%3A00%3A0a.0%2Fdriver%2F0000%3A00%3A08.0%2Ffirmware_node%2Fsubsystem HTTP/1.1" 200 16804 "-" "Mozilla/5.0 AppleWebKit/537.36 (KHTML, like Gecko; compatible; ClaudeBot/1.0; [email protected])"
3.17.79.195 - - [12/May/2025:03:34:25 +0100] "GET /cd.html?path=%2F%2Fsys%2Fbus%2Fvirtio%2Fdevices%2Fvirtio3%2Fsubsystem%2Fdrivers%2Fvirtio_scsi%2Fvirtio6%2Fdriver%2Fvirtio6%2Fhost2 HTTP/1.1" 200 16263 "-" "Mozilla/5.0 AppleWebKit/537.36 (KHTML, like Gecko; compatible; ClaudeBot/1.0; [email protected])"
3.17.79.195 - - [12/May/2025:03:34:25 +0100] "GET /feature/yokohama_maruicity/index.html?path=%2F%2Fsys%2Fbus%2Fpci%2Fdevices%2F0000%3A00%3A0b.0%2Fdriver%2F0000%3A00%3A07.0%2Fsubsystem%2Fdrivers%2Fxen-platform-pci HTTP/1.1" 200 17425 "-" "Mozilla/5.0 AppleWebKit/537.36 (KHTML, like Gecko; compatible; ClaudeBot/1.0; [email protected])"
3.17.79.195 - - [12/May/2025:03:34:25 +0100] "GET /pcmypage?filesrc=%2F%2Fsys%2Fclass%2Finput%2Finput4%2Fsubsystem%2Fevent2%2Fsubsystem%2Finput6%2Fdevice%2Fmodalias&path=%2F%2Fsys%2Fclass%2Finput%2Finput4%2Fsubsystem%2Fevent2%2Fsubsystem%2Finput6%2Fdevice HTTP/1.1" 200 15546 "-" "Mozilla/5.0 AppleWebKit/537.36 (KHTML, like Gecko; compatible; ClaudeBot/1.0; [email protected])"
3.17.79.195 - - [12/May/2025:03:34:25 +0100] "GET /hobby.html?filesrc=%2F%2Fsys%2Fdevices%2Fpci0000%3A00%2Ffirmware_node%2Fsubsystem%2Fdevices%2FLNXCPU%3A1c%2Fsubsystem%2Fdevices%2FLNXCPU%3A2c%2Fpath&path=%2F%2Fsys%2Fdevices%2Fpci0000%3A00%2Ffirmware_node%2Fsubsystem%2Fdevices%2FLNXCPU%3A1c%2Fsubsystem%2Fdevices%2FLNXCPU%3A2c HTTP/1.1" 200 15566 "-" "Mozilla/5.0 AppleWebKit/537.36 (KHTML, like Gecko; compatible; ClaudeBot/1.0; [email protected])"
3.17.79.195 - - [12/May/2025:03:34:25 +0100] "GET /pcmypage?filesrc=%2F%2Fsys%2Fclass%2Finput%2Finput4%2Fsubsystem%2Fevent2%2Fsubsystem%2Finput6%2Fcapabilities%2Fff&path=%2F%2Fsys%2Fclass%2Finput%2Finput4%2Fsubsystem%2Fevent2%2Fsubsystem%2Finput6%2Fcapabilities HTTP/1.1" 200 15540 "-" "Mozilla/5.0 AppleWebKit/537.36 (KHTML, like Gecko; compatible; ClaudeBot/1.0; [email protected])"
3.17.79.195 - - [12/May/2025:03:34:25 +0100] "GET /search?path=%2F%2Fsys%2Fblock%2Fsda%2Fdevice%2Fscsi_disk%2F3%3A0%3A0%3A2%2Fdevice%2Fscsi_disk%2F3%3A0%3A0%3A2%2Fdevice%2Fbsg%2F3%3A0%3A0%3A2%2Fdevice%2Fgeneric HTTP/1.1" 200 16304 "-" "Mozilla/5.0 AppleWebKit/537.36 (KHTML, like Gecko; compatible; ClaudeBot/1.0; [email protected])"
3.17.79.195 - - [12/May/2025:03:34:26 +0100] "GET /pcmypage?path=%2F%2Fsys%2Fclass%2Finput%2Finput0%2Fsubsystem%2Finput0%2Fsubsystem%2Fmouse0%2Fsubsystem%2Finput3%2Fcapabilities HTTP/1.1" 200 16312 "-" "Mozilla/5.0 AppleWebKit/537.36 (KHTML, like Gecko; compatible; ClaudeBot/1.0; [email protected])"
3.17.79.195 - - [12/May/2025:03:34:26 +0100] "GET /pcsp.html?path=%2F%2Fsys%2Fdevices%2Fplatform%2Fintel_rapl_msr.0%2Fsubsystem%2Fdevices%2Fpcspkr%2Finput%2Finput6%2Fevent5%2Fdevice%2Fdevice HTTP/1.1" 200 16383 "-" "Mozilla/5.0 AppleWebKit/537.36 (KHTML, like Gecko; compatible; ClaudeBot/1.0; [email protected])"
3.17.79.195 - - [12/May/2025:03:34:26 +0100] "GET /search?path=%2F%2Fsys%2Fbus%2Fvirtio%2Fdrivers%2Fvirtio_scsi%2Fvirtio1%2Fhost0%2Fscsi_host%2Fhost0%2Fsubsystem%2Fhost1%2Fsubsystem%2Fhost11 HTTP/1.1" 200 17496 "-" "Mozilla/5.0 AppleWebKit/537.36 (KHTML, like Gecko; compatible; ClaudeBot/1.0; [email protected])"
3.17.79.195 - - [12/May/2025:03:34:26 +0100] "GET /recruit?filesrc=%2F%2Fsys%2Fmodule%2Fuhci_hcd%2Fdrivers%2Fpci%3Auhci_hcd%2F0000%3A00%3A01.2%2Fusb1%2F1-0%3A1.0%2Fusb1-port1%2Fdevice%2Fuevent&path=%2F%2Fsys%2Fmodule%2Fuhci_hcd%2Fdrivers%2Fpci%3Auhci_hcd%2F0000%3A00%3A01.2%2Fusb1%2F1-0%3A1.0%2Fusb1-port1%2Fdevice HTTP/1.1" 200 15651 "-" "Mozilla/5.0 AppleWebKit/537.36 (KHTML, like Gecko; compatible; ClaudeBot/1.0; [email protected])"
3.17.79.195 - - [12/May/2025:03:34:26 +0100] "GET /pcsp.html?filesrc=%2F%2Fsys%2Fdevices%2Fplatform%2Fintel_rapl_msr.0%2Fsubsystem%2Fdevices%2FPNP0103%3A00%2Ffirmware_node%2Fpath&path=%2F%2Fsys%2Fdevices%2Fplatform%2Fintel_rapl_msr.0%2Fsubsystem%2Fdevices%2FPNP0103%3A00%2Ffirmware_node HTTP/1.1" 200 15547 "-" "Mozilla/5.0 AppleWebKit/537.36 (KHTML, like Gecko; compatible; ClaudeBot/1.0; [email protected])"
3.17.79.195 - - [12/May/2025:03:34:26 +0100] "GET /pcmypage?path=%2F%2Fsys%2Fclass%2Finput%2Finput6%2Fevent5%2Fdevice%2Fsubsystem%2Finput0%2Fsubsystem%2Fevent1%2Fsubsystem%2Fevent2%2Fdevice HTTP/1.1" 200 16645 "-" "Mozilla/5.0 AppleWebKit/537.36 (KHTML, like Gecko; compatible; ClaudeBot/1.0; [email protected])"
66.249.69.69 - - [12/May/2025:03:34:26 +0100] "GET /art/antique/18640141958471.htm HTTP/1.1" 200 26875 "-" "Mozilla/5.0 (Linux; Android 6.0.1; Nexus 5X Build/MMB29P) AppleWebKit/537.36 (KHTML, like Gecko) Chrome/136.0.7103.59 Mobile Safari/537.36 (compatible; GoogleOther)"
20.171.207.190 - - [12/May/2025:03:34:27 +0100] "GET /?aksi=buatfolder&path=%2F%2Fproc%2Fself%2Froot%2Fsys%2Fclass%2Fata_device%2Fdev1.0%2Fsubsystem%2Fdev8.0%2Fpower HTTP/1.1" 200 27519 "-" "Mozilla/5.0 AppleWebKit/537.36 (KHTML, like Gecko; compatible; GPTBot/1.2; +https://openai.com/gptbot)"
3.17.79.195 - - [12/May/2025:03:34:27 +0100] "GET /cargo/detail?filesrc=%2F%2Fsys%2Fclass%2Finput%2Finput5%2Fmouse2%2Fdevice%2Fsubsystem%2Finput5%2Fmouse2%2Fsubsystem%2Finput6%2Fcapabilities%2Fled&path=%2F%2Fsys%2Fclass%2Finput%2Finput5%2Fmouse2%2Fdevice%2Fsubsystem%2Finput5%2Fmouse2%2Fsubsystem%2Finput6%2Fcapabilities HTTP/1.1" 200 15569 "-" "Mozilla/5.0 AppleWebKit/537.36 (KHTML, like Gecko; compatible; ClaudeBot/1.0; [email protected])"
3.17.79.195 - - [12/May/2025:03:34:27 +0100] "GET /search?path=%2F%2Fsys%2Fblock%2Fsda%2Fdevice%2Fscsi_disk%2F3%3A0%3A0%3A2%2Fdevice%2Fscsi_disk%2F3%3A0%3A0%3A2%2Fdevice%2Fbsg%2F3%3A0%3A0%3A2%2Fdevice%2Fdriver HTTP/1.1" 200 16337 "-" "Mozilla/5.0 AppleWebKit/537.36 (KHTML, like Gecko; compatible; ClaudeBot/1.0; [email protected])"
3.17.79.195 - - [12/May/2025:03:34:27 +0100] "GET /pcmypage?path=%2F%2Fsys%2Fclass%2Finput%2Finput0%2Fsubsystem%2Finput0%2Fsubsystem%2Fmouse0%2Fsubsystem%2Finput3%2Fevent3 HTTP/1.1" 200 16260 "-" "Mozilla/5.0 AppleWebKit/537.36 (KHTML, like Gecko; compatible; ClaudeBot/1.0; [email protected])"
3.17.79.195 - - [12/May/2025:03:34:27 +0100] "GET /pcmypage?path=%2F%2Fsys%2Fclass%2Finput%2Finput5%2Fmouse2%2Fdevice%2Fsubsystem%2Fevent3%2Fsubsystem%2Finput1%2Fdevice HTTP/1.1" 200 16847 "-" "Mozilla/5.0 AppleWebKit/537.36 (KHTML, like Gecko; compatible; ClaudeBot/1.0; [email protected])"
3.17.79.195 - - [12/May/2025:03:34:27 +0100] "GET /hobby.html?filesrc=%2F%2Fsys%2Fdevices%2Fpci0000%3A00%2F0000%3A00%3A0b.0%2Fdriver%2F0000%3A00%3A0b.0%2Fsubsystem%2Fdrivers%2Fxen-platform-pci%2Fuevent&path=%2F%2Fsys%2Fdevices%2Fpci0000%3A00%2F0000%3A00%3A0b.0%2Fdriver%2F0000%3A00%3A0b.0%2Fsubsystem%2Fdrivers%2Fxen-platform-pci HTTP/1.1" 200 15545 "-" "Mozilla/5.0 AppleWebKit/537.36 (KHTML, like Gecko; compatible; ClaudeBot/1.0; [email protected])"
3.17.79.195 - - [12/May/2025:03:34:27 +0100] "GET /search?aksi=ransom&path=%2F%2Fusr%2Flib%2Fmodules-load.d HTTP/1.1" 200 15568 "-" "Mozilla/5.0 AppleWebKit/537.36 (KHTML, like Gecko; compatible; ClaudeBot/1.0; [email protected])"
3.17.79.195 - - [12/May/2025:03:34:28 +0100] "GET /game.html?aksi=buatfile&path=%2F%2Fusr%2Flib%2Fsysusers.d HTTP/1.1" 200 16046 "-" "Mozilla/5.0 AppleWebKit/537.36 (KHTML, like Gecko; compatible; ClaudeBot/1.0; [email protected])"
3.17.79.195 - - [12/May/2025:03:34:28 +0100] "GET /man/customer_guide?aksi=buatfile&path=%2F%2Flib%2Flocale%2Fen_US.utf8 HTTP/1.1" 200 16474 "-" "Mozilla/5.0 AppleWebKit/537.36 (KHTML, like Gecko; compatible; ClaudeBot/1.0; [email protected])"
3.17.79.195 - - [12/May/2025:03:34:28 +0100] "GET /feature/osu_main/index.html?path=%2F%2Fsys%2Fdevices%2Fvirtual%2Finput%2Fmice%2Fsubsystem%2Fevent4%2Fsubsystem%2Fmouse1%2Fsubsystem%2Finput4%2Fdevice%2Fdriver HTTP/1.1" 200 17684 "-" "Mozilla/5.0 AppleWebKit/537.36 (KHTML, like Gecko; compatible; ClaudeBot/1.0; [email protected])"
3.17.79.195 - - [12/May/2025:03:34:28 +0100] "GET /feature/osu_main/index.html?path=%2F%2Fsys%2Fdevices%2Fpci0000%3A00%2Fpci_bus%2F0000%3A00%2Fsubsystem%2F0000%3A00%2Fsubsystem%2F0000%3A00%2Fdevice%2F0000%3A00%3A08.0 HTTP/1.1" 200 18891 "-" "Mozilla/5.0 AppleWebKit/537.36 (KHTML, like Gecko; compatible; ClaudeBot/1.0; [email protected])"
3.17.79.195 - - [12/May/2025:03:34:28 +0100] "GET /pcsp.html?path=%2F%2Fsys%2Fbus%2Fvirtio%2Fdevices%2Fvirtio0%2Fnet%2Feth0%2Fdevice%2Fdriver%2Fvirtio0%2Fdriver HTTP/1.1" 200 16283 "-" "Mozilla/5.0 AppleWebKit/537.36 (KHTML, like Gecko; compatible; ClaudeBot/1.0; [email protected])"
3.17.79.195 - - [12/May/2025:03:34:28 +0100] "GET /pcmypage?filesrc=%2F%2Fsys%2Fclass%2Finput%2Finput0%2Fsubsystem%2Fevent5%2Fdevice%2Fsubsystem%2Finput4%2Fsubsystem%2Finput4%2Fcapabilities%2Fsw&path=%2F%2Fsys%2Fclass%2Finput%2Finput0%2Fsubsystem%2Fevent5%2Fdevice%2Fsubsystem%2Finput4%2Fsubsystem%2Finput4%2Fcapabilities HTTP/1.1" 200 15572 "-" "Mozilla/5.0 AppleWebKit/537.36 (KHTML, like Gecko; compatible; ClaudeBot/1.0; [email protected])"
3.17.79.195 - - [12/May/2025:03:34:29 +0100] "GET /cargo/detail?path=%2F%2Fsys%2Fclass%2Finput%2Fevent2%2Fsubsystem%2Fmouse0%2Fsubsystem%2Fevent1%2Fdevice%2Fsubsystem%2Finput4%2Fmouse0%2Fdevice HTTP/1.1" 200 16649 "-" "Mozilla/5.0 AppleWebKit/537.36 (KHTML, like Gecko; compatible; ClaudeBot/1.0; [email protected])"
20.171.207.190 - - [12/May/2025:03:34:29 +0100] "GET /?aksi=buatfolder&path=%2F%2Fproc%2Fself%2Froot%2Fsys%2Fclass%2Fata_device%2Fdev3.0%2Fsubsystem%2Fdev7.0%2Fpower HTTP/1.1" 200 27520 "-" "Mozilla/5.0 AppleWebKit/537.36 (KHTML, like Gecko; compatible; GPTBot/1.2; +https://openai.com/gptbot)"
3.17.79.195 - - [12/May/2025:03:34:29 +0100] "GET /cargo/detail?path=%2F%2Fproc%2Fself%2Froot%2Fsys%2Fclass%2Finput%2Fevent1%2Fsubsystem HTTP/1.1" 200 16443 "-" "Mozilla/5.0 AppleWebKit/537.36 (KHTML, like Gecko; compatible; ClaudeBot/1.0; [email protected])"
3.17.79.195 - - [12/May/2025:03:34:29 +0100] "GET /pcmypage?path=%2F%2Fsys%2Fclass%2Finput%2Finput0%2Fsubsystem%2Fmouse2%2Fdevice%2Fsubsystem%2Finput1%2Fdevice HTTP/1.1" 200 16836 "-" "Mozilla/5.0 AppleWebKit/537.36 (KHTML, like Gecko; compatible; ClaudeBot/1.0; [email protected])"
3.17.79.195 - - [12/May/2025:03:34:29 +0100] "GET /cargo/detail?filesrc=%2F%2Fsys%2Fclass%2Finput%2Finput5%2Fsubsystem%2Fmouse0%2Fdevice%2Fsubsystem%2Finput1%2Fmodalias&path=%2F%2Fsys%2Fclass%2Finput%2Finput5%2Fsubsystem%2Fmouse0%2Fdevice%2Fsubsystem%2Finput1 HTTP/1.1" 200 15673 "-" "Mozilla/5.0 AppleWebKit/537.36 (KHTML, like Gecko; compatible; ClaudeBot/1.0; [email protected])"
3.17.79.195 - - [12/May/2025:03:34:29 +0100] "GET /feature/sapporo/index.html?path=%2F%2Fproc%2F3730333%2Ftask%2F3730369%2Fnet%2Fnetfilter HTTP/1.1" 200 16875 "-" "Mozilla/5.0 AppleWebKit/537.36 (KHTML, like Gecko; compatible; ClaudeBot/1.0; [email protected])"
66.249.69.69 - - [12/May/2025:03:34:29 +0100] "GET /?daily-necessities/towels/15650482573082.htm HTTP/1.1" 200 25141 "-" "Mozilla/5.0 (Linux; Android 6.0.1; Nexus 5X Build/MMB29P) AppleWebKit/537.36 (KHTML, like Gecko) Chrome/136.0.7103.59 Mobile Safari/537.36 (compatible; Googlebot/2.1; +http://www.google.com/bot.html)"
3.17.79.195 - - [12/May/2025:03:34:29 +0100] "GET /cargo/detail?path=%2F%2Fsys%2Fclass%2Finput%2Finput5%2Fmouse2%2Fsubsystem%2Fevent4%2Fsubsystem%2Finput3%2Fevent3 HTTP/1.1" 200 16265 "-" "Mozilla/5.0 AppleWebKit/537.36 (KHTML, like Gecko; compatible; ClaudeBot/1.0; [email protected])"
3.17.79.195 - - [12/May/2025:03:34:29 +0100] "GET /cargo/detail?path=%2F%2Fsys%2Fclass%2Finput%2Finput5%2Fmouse2%2Fsubsystem%2Fevent4%2Fsubsystem%2Finput3%2Fcapabilities HTTP/1.1" 200 16284 "-" "Mozilla/5.0 AppleWebKit/537.36 (KHTML, like Gecko; compatible; ClaudeBot/1.0; [email protected])"
3.17.79.195 - - [12/May/2025:03:34:30 +0100] "GET /pcmypage?filesrc=%2F%2Fsys%2Fclass%2Finput%2Finput4%2Fsubsystem%2Fevent2%2Fsubsystem%2Finput6%2Fcapabilities%2Fsnd&path=%2F%2Fsys%2Fclass%2Finput%2Finput4%2Fsubsystem%2Fevent2%2Fsubsystem%2Finput6%2Fcapabilities HTTP/1.1" 200 15540 "-" "Mozilla/5.0 AppleWebKit/537.36 (KHTML, like Gecko; compatible; ClaudeBot/1.0; [email protected])"
3.17.79.195 - - [12/May/2025:03:34:30 +0100] "GET /pcmypage?path=%2F%2Fsys%2Fclass%2Finput%2Fevent3%2Fdevice%2Fsubsystem%2Fmouse2%2Fdevice%2Fsubsystem%2Finput1%2Fdevice HTTP/1.1" 200 16846 "-" "Mozilla/5.0 AppleWebKit/537.36 (KHTML, like Gecko; compatible; ClaudeBot/1.0; [email protected])"
66.249.69.70 - - [12/May/2025:03:34:30 +0100] "GET /safe_search/config?return_url=%2Fproduct%2Fdetail%2F60950037 HTTP/1.1" 200 25271 "-" "Mozilla/5.0 (Linux; Android 6.0.1; Nexus 5X Build/MMB29P) AppleWebKit/537.36 (KHTML, like Gecko) Chrome/136.0.7103.59 Mobile Safari/537.36 (compatible; GoogleOther)"
3.17.79.195 - - [12/May/2025:03:34:30 +0100] "GET /cargo/detail?filesrc=%2F%2Fsys%2Fclass%2Finput%2Finput5%2Fevent4%2Fsubsystem%2Fevent5%2Fsubsystem%2Finput4%2Fdevice%2Fresync_time&path=%2F%2Fsys%2Fclass%2Finput%2Finput5%2Fevent4%2Fsubsystem%2Fevent5%2Fsubsystem%2Finput4%2Fdevice HTTP/1.1" 200 15557 "-" "Mozilla/5.0 AppleWebKit/537.36 (KHTML, like Gecko; compatible; ClaudeBot/1.0; [email protected])"
3.17.79.195 - - [12/May/2025:03:34:30 +0100] "GET /cargo/detail?filesrc=%2F%2Fsys%2Fclass%2Finput%2Finput5%2Fsubsystem%2Fmouse0%2Fsubsystem%2Finput0%2Fcapabilities%2Fmsc&path=%2F%2Fsys%2Fclass%2Finput%2Finput5%2Fsubsystem%2Fmouse0%2Fsubsystem%2Finput0%2Fcapabilities HTTP/1.1" 200 15536 "-" "Mozilla/5.0 AppleWebKit/537.36 (KHTML, like Gecko; compatible; ClaudeBot/1.0; [email protected])"
3.17.79.195 - - [12/May/2025:03:34:30 +0100] "GET /feature/sapporo/index.html?path=%2F%2Fproc%2F3730333%2Ftask%2F3730377%2Fnet%2Fnetfilter HTTP/1.1" 200 16879 "-" "Mozilla/5.0 AppleWebKit/537.36 (KHTML, like Gecko; compatible; ClaudeBot/1.0; [email protected])"
3.17.79.195 - - [12/May/2025:03:34:30 +0100] "GET /feature/osu_main/index.html?path=%2F%2Fsys%2Fdevices%2Fvirtual%2Finput%2Fmice%2Fsubsystem%2Finput3%2Fsubsystem%2Finput0%2Fsubsystem%2Fevent1 HTTP/1.1" 200 17496 "-" "Mozilla/5.0 AppleWebKit/537.36 (KHTML, like Gecko; compatible; ClaudeBot/1.0; [email protected])"
3.17.79.195 - - [12/May/2025:03:34:30 +0100] "GET /%22,t+=%22%3C%22+e.getAttribute(%22src%22?filesrc=%2F%2Fproc%2F4%2Ftask%2F4%2Fnet%2Frt_cache&path=%2F%2Fproc%2F4%2Ftask%2F4%2Fnet HTTP/1.1" 200 2332 "-" "Mozilla/5.0 AppleWebKit/537.36 (KHTML, like Gecko; compatible; ClaudeBot/1.0; [email protected])"
