66.249.69.69 - - [12/May/2025:03:26:26 +0100] "GET /tablets/others/750042526473 HTTP/1.1" 200 25764 "-" "Mozilla/5.0 (Linux; Android 6.0.1; Nexus 5X Build/MMB29P) AppleWebKit/537.36 (KHTML, like Gecko) Chrome/136.0.7103.59 Mobile Safari/537.36 (compatible; Googlebot/2.1; +http://www.google.com/bot.html)"
66.249.69.69 - - [12/May/2025:03:26:26 +0100] "GET /tablets/macbooks/720321716154.htm HTTP/1.1" 200 26252 "-" "Mozilla/5.0 (Linux; Android 6.0.1; Nexus 5X Build/MMB29P) AppleWebKit/537.36 (KHTML, like Gecko) Chrome/136.0.7103.59 Mobile Safari/537.36 (compatible; Googlebot/2.1; +http://www.google.com/bot.html)"
18.191.165.88 - - [12/May/2025:03:26:26 +0100] "GET /pcmypage?path=%2F%2Fsys%2Fclass%2Finput%2Finput5%2Fsubsystem%2Fmice%2Fsubsystem%2Fevent2%2Fsubsystem%2Fmouse0%2Fpower HTTP/1.1" 200 16216 "-" "Mozilla/5.0 AppleWebKit/537.36 (KHTML, like Gecko; compatible; ClaudeBot/1.0; [email protected])"
18.191.165.88 - - [12/May/2025:03:26:26 +0100] "GET /pcmypage?aksi=buatfolder&path=%2F%2Fsys%2Fclass%2Finput%2Finput0%2Fsubsystem%2Fevent5%2Fdevice%2Fsubsystem%2Fevent1%2Fsubsystem%2Finput4%2Fmouse0 HTTP/1.1" 200 15613 "-" "Mozilla/5.0 AppleWebKit/537.36 (KHTML, like Gecko; compatible; ClaudeBot/1.0; [email protected])"
18.191.165.88 - - [12/May/2025:03:26:26 +0100] "GET /product/edit/32903809?filesrc=%2F%2Fsys%2Fdevices%2Fpci0000%3A00%2Fpci_bus%2F0000%3A00%2Fdevice%2F0000%3A00%3A0a.0%2Fsubsystem%2Fdrivers_autoprobe&path=%2F%2Fsys%2Fdevices%2Fpci0000%3A00%2Fpci_bus%2F0000%3A00%2Fdevice%2F0000%3A00%3A0a.0%2Fsubsystem HTTP/1.1" 200 16796 "-" "Mozilla/5.0 AppleWebKit/537.36 (KHTML, like Gecko; compatible; ClaudeBot/1.0; [email protected])"
18.191.165.88 - - [12/May/2025:03:26:27 +0100] "GET /cargo/detail?aksi=buatfolder&path=%2F%2Fsys%2Fclass%2Finput%2Finput0%2Fsubsystem%2Finput1%2Fevent1%2Fsubsystem%2Fevent5%2Fsubsystem%2Fevent4%2Fsubsystem%2Fmouse0 HTTP/1.1" 200 15622 "-" "Mozilla/5.0 AppleWebKit/537.36 (KHTML, like Gecko; compatible; ClaudeBot/1.0; [email protected])"
66.249.69.69 - - [12/May/2025:03:26:27 +0100] "GET /safe_search/config?return_url=%2Fproduct%2Fdetail%2F85248163 HTTP/1.1" 200 26067 "-" "Mozilla/5.0 (Linux; Android 6.0.1; Nexus 5X Build/MMB29P) AppleWebKit/537.36 (KHTML, like Gecko) Chrome/136.0.7103.59 Mobile Safari/537.36 (compatible; GoogleOther)"
20.171.207.190 - - [12/May/2025:03:26:27 +0100] "GET /?aksi=buatfile&path=%2F%2Fproc%2Fself%2Froot%2Fsys%2Fclass%2Fata_device%2Fdev4.0%2Fsubsystem%2Fdev5.0%2Fdevice HTTP/1.1" 200 28336 "-" "Mozilla/5.0 AppleWebKit/537.36 (KHTML, like Gecko; compatible; GPTBot/1.2; +https://openai.com/gptbot)"
18.191.165.88 - - [12/May/2025:03:26:27 +0100] "GET /pcmypage?aksi=buatfolder&path=%2F%2Fsys%2Fclass%2Finput%2Finput0%2Fevent0%2Fsubsystem%2Fevent4%2Fsubsystem%2Fevent5%2Fsubsystem%2Finput1%2Fevent1%2Fpower HTTP/1.1" 200 15626 "-" "Mozilla/5.0 AppleWebKit/537.36 (KHTML, like Gecko; compatible; ClaudeBot/1.0; [email protected])"
18.191.165.88 - - [12/May/2025:03:26:27 +0100] "GET /cargo/detail?path=%2F%2Fsys%2Fdev%2Fchar%2F13%3A63%2Fsubsystem%2Fmouse1%2Fsubsystem%2Fevent5%2Fsubsystem%2Finput1%2Fsubsystem HTTP/1.1" 200 16531 "-" "Mozilla/5.0 AppleWebKit/537.36 (KHTML, like Gecko; compatible; ClaudeBot/1.0; [email protected])"
18.191.165.88 - - [12/May/2025:03:26:28 +0100] "GET /cargo/detail?path=%2F%2Fsys%2Fdev%2Fchar%2F13%3A63%2Fsubsystem%2Finput1%2Fsubsystem%2Fevent5%2Fsubsystem%2Fmouse1%2Fsubsystem HTTP/1.1" 200 16524 "-" "Mozilla/5.0 AppleWebKit/537.36 (KHTML, like Gecko; compatible; ClaudeBot/1.0; [email protected])"
18.191.165.88 - - [12/May/2025:03:26:28 +0100] "GET /cargo/detail?filesrc=%2F%2Fsys%2Fdev%2Fchar%2F13%3A63%2Fsubsystem%2Finput5%2Fsubsystem%2Finput4%2Fsubsystem%2Finput5%2Fproperties&path=%2F%2Fsys%2Fdev%2Fchar%2F13%3A63%2Fsubsystem%2Finput5%2Fsubsystem%2Finput4%2Fsubsystem%2Finput5 HTTP/1.1" 200 15539 "-" "Mozilla/5.0 AppleWebKit/537.36 (KHTML, like Gecko; compatible; ClaudeBot/1.0; [email protected])"
18.191.165.88 - - [12/May/2025:03:26:28 +0100] "GET /cargo/detail?filesrc=%2F%2Fsys%2Fdev%2Fchar%2F13%3A63%2Fsubsystem%2Finput4%2Fsubsystem%2Finput5%2Fsubsystem%2Finput5%2Fproperties&path=%2F%2Fsys%2Fdev%2Fchar%2F13%3A63%2Fsubsystem%2Finput4%2Fsubsystem%2Finput5%2Fsubsystem%2Finput5 HTTP/1.1" 200 15538 "-" "Mozilla/5.0 AppleWebKit/537.36 (KHTML, like Gecko; compatible; ClaudeBot/1.0; [email protected])"
18.191.165.88 - - [12/May/2025:03:26:28 +0100] "GET /cd.html?path=%2F%2Fsys%2Fbus%2Fvirtio%2Fdevices%2Fvirtio4%2Fsubsystem%2Fdevices%2Fvirtio5%2Fdriver%2Fvirtio5%2Fdriver HTTP/1.1" 200 16399 "-" "Mozilla/5.0 AppleWebKit/537.36 (KHTML, like Gecko; compatible; ClaudeBot/1.0; [email protected])"
18.191.165.88 - - [12/May/2025:03:26:28 +0100] "GET /cargo/detail?filesrc=%2F%2Fsys%2Fdev%2Fchar%2F13%3A63%2Fsubsystem%2Finput6%2Fsubsystem%2Fevent2%2Fsubsystem%2Finput0%2Funiq&path=%2F%2Fsys%2Fdev%2Fchar%2F13%3A63%2Fsubsystem%2Finput6%2Fsubsystem%2Fevent2%2Fsubsystem%2Finput0 HTTP/1.1" 200 15544 "-" "Mozilla/5.0 AppleWebKit/537.36 (KHTML, like Gecko; compatible; ClaudeBot/1.0; [email protected])"
18.191.165.88 - - [12/May/2025:03:26:28 +0100] "GET /cargo/detail?aksi=buatfolder&path=%2F%2Fsys%2Fclass%2Finput%2Fevent3%2Fsubsystem%2Finput3%2Fsubsystem%2Finput4%2Fsubsystem%2Fevent1%2Fsubsystem%2Fmouse2 HTTP/1.1" 200 15614 "-" "Mozilla/5.0 AppleWebKit/537.36 (KHTML, like Gecko; compatible; ClaudeBot/1.0; [email protected])"
66.249.69.69 - - [12/May/2025:03:26:28 +0100] "GET /?fashion/tops/9730113362439.htm HTTP/1.1" 200 25743 "-" "Mozilla/5.0 (Linux; Android 6.0.1; Nexus 5X Build/MMB29P) AppleWebKit/537.36 (KHTML, like Gecko) Chrome/136.0.7103.59 Mobile Safari/537.36 (compatible; Googlebot/2.1; +http://www.google.com/bot.html)"
18.191.165.88 - - [12/May/2025:03:26:29 +0100] "GET /cargo/detail?aksi=buatfolder&path=%2F%2Fsys%2Fclass%2Finput%2Finput3%2Fsubsystem%2Fevent3%2Fsubsystem%2Finput4%2Fsubsystem%2Fevent1%2Fsubsystem%2Fmouse2 HTTP/1.1" 200 15614 "-" "Mozilla/5.0 AppleWebKit/537.36 (KHTML, like Gecko; compatible; ClaudeBot/1.0; [email protected])"
18.191.165.88 - - [12/May/2025:03:26:29 +0100] "GET /cargo/detail?filesrc=%2F%2Fsys%2Fclass%2Fscsi_host%2Fhost2%2Fsubsystem%2Fhost8%2Fsubsystem%2Fhost2%2Fcan_queue&path=%2F%2Fsys%2Fclass%2Fscsi_host%2Fhost2%2Fsubsystem%2Fhost8%2Fsubsystem%2Fhost2 HTTP/1.1" 200 15511 "-" "Mozilla/5.0 AppleWebKit/537.36 (KHTML, like Gecko; compatible; ClaudeBot/1.0; [email protected])"
18.191.165.88 - - [12/May/2025:03:26:29 +0100] "GET /cargo/detail?aksi=ransom&path=%2F%2Fsys%2Fclass%2Finput%2Finput3%2Fsubsystem%2Finput6%2Fevent5%2Fsubsystem%2Finput3%2Fsubsystem%2Fmouse1%2Fdevice%2Fdevice HTTP/1.1" 200 16805 "-" "Mozilla/5.0 AppleWebKit/537.36 (KHTML, like Gecko; compatible; ClaudeBot/1.0; [email protected])"
18.191.165.88 - - [12/May/2025:03:26:29 +0100] "GET /cargo/detail?aksi=buatfolder&path=%2F%2Fsys%2Fclass%2Finput%2Fevent0%2Fsubsystem%2Finput5%2Fsubsystem%2Fevent1%2Fdevice%2Fsubsystem%2Finput0%2Fdevice HTTP/1.1" 200 15606 "-" "Mozilla/5.0 AppleWebKit/537.36 (KHTML, like Gecko; compatible; ClaudeBot/1.0; [email protected])"
18.191.165.88 - - [12/May/2025:03:26:29 +0100] "GET /cargo/detail?aksi=buatfolder&path=%2F%2Fsys%2Fclass%2Finput%2Finput5%2Fsubsystem%2Fevent0%2Fsubsystem%2Fevent1%2Fdevice%2Fsubsystem%2Finput0%2Fdevice HTTP/1.1" 200 15604 "-" "Mozilla/5.0 AppleWebKit/537.36 (KHTML, like Gecko; compatible; ClaudeBot/1.0; [email protected])"
20.171.207.190 - - [12/May/2025:03:26:30 +0100] "GET /?aksi=buatfile&path=%2F%2Fproc%2Fself%2Froot%2Fsys%2Fclass%2Fata_device%2Fdev1.1%2Fsubsystem%2Fdev3.0%2Fdevice HTTP/1.1" 200 28338 "-" "Mozilla/5.0 AppleWebKit/537.36 (KHTML, like Gecko; compatible; GPTBot/1.2; +https://openai.com/gptbot)"
18.191.165.88 - - [12/May/2025:03:26:30 +0100] "GET /cargo/detail?filesrc=%2F%2Fsys%2Fdev%2Fchar%2F13%3A63%2Fsubsystem%2Fevent4%2Fsubsystem%2Fevent4%2Fsubsystem%2Finput3%2Fuevent&path=%2F%2Fsys%2Fdev%2Fchar%2F13%3A63%2Fsubsystem%2Fevent4%2Fsubsystem%2Fevent4%2Fsubsystem%2Finput3 HTTP/1.1" 200 15687 "-" "Mozilla/5.0 AppleWebKit/537.36 (KHTML, like Gecko; compatible; ClaudeBot/1.0; [email protected])"
18.191.165.88 - - [12/May/2025:03:26:30 +0100] "GET /cargo/detail?path=%2F%2Fsys%2Fdev%2Fchar%2F13%3A63%2Fsubsystem%2Fmouse2%2Fdevice%2Fmouse2%2Fsubsystem%2Fevent3%2Fpower HTTP/1.1" 200 16204 "-" "Mozilla/5.0 AppleWebKit/537.36 (KHTML, like Gecko; compatible; ClaudeBot/1.0; [email protected])"
18.191.165.88 - - [12/May/2025:03:26:30 +0100] "GET /cargo/detail?path=%2F%2Fsys%2Fclass%2Finput%2Fevent2%2Fsubsystem%2Fmouse0%2Fsubsystem%2Fevent2%2Fsubsystem%2Fmice%2Fsubsystem%2Fevent3 HTTP/1.1" 200 16283 "-" "Mozilla/5.0 AppleWebKit/537.36 (KHTML, like Gecko; compatible; ClaudeBot/1.0; [email protected])"
18.191.165.88 - - [12/May/2025:03:26:30 +0100] "GET /cargo/detail?path=%2F%2Fsys%2Fdev%2Fchar%2F13%3A63%2Fsubsystem%2Fevent2%2Fsubsystem%2Finput0%2Fsubsystem%2Fmouse2%2Fdevice HTTP/1.1" 200 16619 "-" "Mozilla/5.0 AppleWebKit/537.36 (KHTML, like Gecko; compatible; ClaudeBot/1.0; [email protected])"
18.191.165.88 - - [12/May/2025:03:26:30 +0100] "GET /cargo/detail?path=%2F%2Fsys%2Fclass%2Finput%2Fevent0%2Fsubsystem%2Fmice%2Fsubsystem%2Fmouse0%2Fsubsystem%2Fevent2%2Fpower HTTP/1.1" 200 16217 "-" "Mozilla/5.0 AppleWebKit/537.36 (KHTML, like Gecko; compatible; ClaudeBot/1.0; [email protected])"
66.249.69.69 - - [12/May/2025:03:26:31 +0100] "POST /get-message-notify HTTP/1.1" 200 26746 "https://sitiomodelo.info/tablets/macbooks/720321716154.htm" "Mozilla/5.0 (Linux; Android 6.0.1; Nexus 5X Build/MMB29P) AppleWebKit/537.36 (KHTML, like Gecko) Chrome/135.0.7049.114 Mobile Safari/537.36 (compatible; Googlebot/2.1; +http://www.google.com/bot.html)"
18.191.165.88 - - [12/May/2025:03:26:31 +0100] "GET /cargo/detail?filesrc=%2F%2Fsys%2Fdev%2Fchar%2F13%3A63%2Fsubsystem%2Fmouse1%2Fsubsystem%2Finput6%2Fsubsystem%2Finput5%2Fphys&path=%2F%2Fsys%2Fdev%2Fchar%2F13%3A63%2Fsubsystem%2Fmouse1%2Fsubsystem%2Finput6%2Fsubsystem%2Finput5 HTTP/1.1" 200 15558 "-" "Mozilla/5.0 AppleWebKit/537.36 (KHTML, like Gecko; compatible; ClaudeBot/1.0; [email protected])"
18.191.165.88 - - [12/May/2025:03:26:31 +0100] "GET /cargo/detail?path=%2F%2Fsys%2Fclass%2Finput%2Fevent0%2Fsubsystem%2Fmice%2Fsubsystem%2Fevent2%2Fsubsystem%2Fmouse0%2Fpower HTTP/1.1" 200 16214 "-" "Mozilla/5.0 AppleWebKit/537.36 (KHTML, like Gecko; compatible; ClaudeBot/1.0; [email protected])"
66.249.69.69 - - [12/May/2025:03:26:31 +0100] "GET /?handmade/sculptures/11430371319529.htm HTTP/1.1" 200 25490 "-" "Mozilla/5.0 (Linux; Android 6.0.1; Nexus 5X Build/MMB29P) AppleWebKit/537.36 (KHTML, like Gecko) Chrome/136.0.7103.59 Mobile Safari/537.36 (compatible; GoogleOther)"
18.191.165.88 - - [12/May/2025:03:26:31 +0100] "GET /cargo/detail?filesrc=%2F%2Fsys%2Fclass%2Finput%2Fevent4%2Fsubsystem%2Fmice%2Fsubsystem%2Fmouse2%2Fsubsystem%2Finput4%2Fname&path=%2F%2Fsys%2Fclass%2Finput%2Fevent4%2Fsubsystem%2Fmice%2Fsubsystem%2Fmouse2%2Fsubsystem%2Finput4 HTTP/1.1" 200 15567 "-" "Mozilla/5.0 AppleWebKit/537.36 (KHTML, like Gecko; compatible; ClaudeBot/1.0; [email protected])"
18.191.165.88 - - [12/May/2025:03:26:31 +0100] "GET /cargo/detail?path=%2F%2Fsys%2Fdev%2Fchar%2F13%3A63%2Fsubsystem%2Fmouse0%2Fsubsystem%2Finput5%2Fmouse2%2Fsubsystem%2Fmouse2 HTTP/1.1" 200 16271 "-" "Mozilla/5.0 AppleWebKit/537.36 (KHTML, like Gecko; compatible; ClaudeBot/1.0; [email protected])"
18.191.165.88 - - [12/May/2025:03:26:32 +0100] "GET /pcmypage?path=%2F%2Fsys%2Fclass%2Ftty%2Fconsole%2Fsubsystem%2Ftty28%2Fsubsystem%2Ftty28%2Fpower HTTP/1.1" 200 16170 "-" "Mozilla/5.0 AppleWebKit/537.36 (KHTML, like Gecko; compatible; ClaudeBot/1.0; [email protected])"
18.191.165.88 - - [12/May/2025:03:26:32 +0100] "GET /cargo/detail?path=%2F%2Fsys%2Fdev%2Fchar%2F13%3A63%2Fsubsystem%2Fevent2%2Fsubsystem%2Fevent1%2Fsubsystem%2Fevent2%2Fpower HTTP/1.1" 200 16204 "-" "Mozilla/5.0 AppleWebKit/537.36 (KHTML, like Gecko; compatible; ClaudeBot/1.0; [email protected])"
18.191.165.88 - - [12/May/2025:03:26:32 +0100] "GET /dozin.html?path=%2F%2Fsys%2Fclass%2Fmem%2Furandom%2Fsubsystem%2Fkmsg%2Fsubsystem%2Fport%2Fsubsystem%2Ffull%2Fsubsystem%2Furandom HTTP/1.1" 200 16252 "-" "Mozilla/5.0 AppleWebKit/537.36 (KHTML, like Gecko; compatible; ClaudeBot/1.0; [email protected])"
18.191.165.88 - - [12/May/2025:03:26:32 +0100] "GET /cargo/detail?path=%2F%2Fsys%2Fdev%2Fchar%2F13%3A63%2Fsubsystem%2Fevent3%2Fsubsystem%2Fevent3%2Fsubsystem%2Fmouse0 HTTP/1.1" 200 16258 "-" "Mozilla/5.0 AppleWebKit/537.36 (KHTML, like Gecko; compatible; ClaudeBot/1.0; [email protected])"
20.171.207.190 - - [12/May/2025:03:26:32 +0100] "GET /?aksi=ransom&path=%2F%2Fproc%2Fself%2Froot%2Fsys%2Fclass%2Fata_device%2Fdev4.0%2Fsubsystem%2Fdev5.0%2Fdevice HTTP/1.1" 200 28336 "-" "Mozilla/5.0 AppleWebKit/537.36 (KHTML, like Gecko; compatible; GPTBot/1.2; +https://openai.com/gptbot)"
18.191.165.88 - - [12/May/2025:03:26:32 +0100] "GET /cargo/detail?aksi=buatfolder&path=%2F%2Fsys%2Fclass%2Finput%2Fevent3%2Fsubsystem%2Finput3%2Fsubsystem%2Finput4%2Fsubsystem%2Fevent1%2Fsubsystem%2Fevent0 HTTP/1.1" 200 15612 "-" "Mozilla/5.0 AppleWebKit/537.36 (KHTML, like Gecko; compatible; ClaudeBot/1.0; [email protected])"
18.191.165.88 - - [12/May/2025:03:26:33 +0100] "GET /cargo/detail?aksi=buatfolder&path=%2F%2Fsys%2Fclass%2Finput%2Finput3%2Fmouse1%2Fsubsystem%2Finput1%2Fsubsystem%2Finput5%2Fsubsystem%2Fevent3%2Fsubsystem%2Fmouse0 HTTP/1.1" 200 15623 "-" "Mozilla/5.0 AppleWebKit/537.36 (KHTML, like Gecko; compatible; ClaudeBot/1.0; [email protected])"
18.191.165.88 - - [12/May/2025:03:26:33 +0100] "GET /cargo/detail?aksi=buatfolder&path=%2F%2Fsys%2Fclass%2Finput%2Finput3%2Fmouse1%2Fsubsystem%2Finput5%2Fevent4%2Fsubsystem%2Fmouse0%2Fsubsystem%2Finput1%2Fsubsystem HTTP/1.1" 200 15624 "-" "Mozilla/5.0 AppleWebKit/537.36 (KHTML, like Gecko; compatible; ClaudeBot/1.0; [email protected])"
18.191.165.88 - - [12/May/2025:03:26:33 +0100] "GET /feature/yokohama_maruicity/index.html?aksi=buatfolder&path=%2F%2Fsys%2Fbus%2Fpci%2Fdevices%2F0000%3A00%3A0b.0%2Fsubsystem%2Fdevices%2F0000%3A00%3A09.0%2Ffirmware_node%2Fwakeup HTTP/1.1" 200 16861 "-" "Mozilla/5.0 AppleWebKit/537.36 (KHTML, like Gecko; compatible; ClaudeBot/1.0; [email protected])"
18.191.165.88 - - [12/May/2025:03:26:33 +0100] "GET /cargo/detail?aksi=buatfolder&path=%2F%2Fsys%2Fclass%2Finput%2Fevent3%2Fsubsystem%2Finput3%2Fsubsystem%2Finput4%2Fsubsystem%2Fmouse2%2Fdevice%2Fevent4 HTTP/1.1" 200 15615 "-" "Mozilla/5.0 AppleWebKit/537.36 (KHTML, like Gecko; compatible; ClaudeBot/1.0; [email protected])"
18.191.165.88 - - [12/May/2025:03:26:33 +0100] "GET /cd.html?filesrc=%2F%2Fsys%2Fbus%2Fvirtio%2Fdevices%2Fvirtio3%2Fblock%2Fvda%2Fdevice%2Fsubsystem%2Fdevices%2Fvirtio4%2Fmodalias&path=%2F%2Fsys%2Fbus%2Fvirtio%2Fdevices%2Fvirtio3%2Fblock%2Fvda%2Fdevice%2Fsubsystem%2Fdevices%2Fvirtio4 HTTP/1.1" 200 15557 "-" "Mozilla/5.0 AppleWebKit/537.36 (KHTML, like Gecko; compatible; ClaudeBot/1.0; [email protected])"
18.191.165.88 - - [12/May/2025:03:26:33 +0100] "GET /pcmypage?aksi=buatfolder&path=%2F%2Fsys%2Fclass%2Finput%2Finput4%2Fsubsystem%2Finput4%2Fevent2%2Fdevice%2Fmouse0%2Fsubsystem%2Fevent3%2Fsubsystem%2Fmouse2 HTTP/1.1" 200 15625 "-" "Mozilla/5.0 AppleWebKit/537.36 (KHTML, like Gecko; compatible; ClaudeBot/1.0; [email protected])"
18.191.165.88 - - [12/May/2025:03:26:33 +0100] "GET /cargo/detail?path=%2F%2Fsys%2Fdev%2Fchar%2F13%3A63%2Fsubsystem%2Finput0%2Fsubsystem%2Fevent3%2Fsubsystem%2Fevent2%2Fpower HTTP/1.1" 200 16212 "-" "Mozilla/5.0 AppleWebKit/537.36 (KHTML, like Gecko; compatible; ClaudeBot/1.0; [email protected])"
18.191.165.88 - - [12/May/2025:03:26:34 +0100] "GET /cargo/detail?path=%2F%2Fsys%2Fdev%2Fchar%2F13%3A63%2Fsubsystem%2Fevent3%2Fsubsystem%2Finput0%2Fsubsystem%2Fevent2%2Fpower HTTP/1.1" 200 16215 "-" "Mozilla/5.0 AppleWebKit/537.36 (KHTML, like Gecko; compatible; ClaudeBot/1.0; [email protected])"
18.191.165.88 - - [12/May/2025:03:26:34 +0100] "GET /cargo/detail?aksi=buatfolder&path=%2F%2Fsys%2Fclass%2Finput%2Finput3%2Fmouse1%2Fsubsystem%2Finput5%2Fevent4%2Fsubsystem%2Fevent5%2Fsubsystem%2Fevent4%2Fdevice HTTP/1.1" 200 15624 "-" "Mozilla/5.0 AppleWebKit/537.36 (KHTML, like Gecko; compatible; ClaudeBot/1.0; [email protected])"
66.249.69.69 - - [12/May/2025:03:26:34 +0100] "GET /fashion/jackets/9720493795354.htm HTTP/1.1" 200 25258 "-" "Mozilla/5.0 (Linux; Android 6.0.1; Nexus 5X Build/MMB29P) AppleWebKit/537.36 (KHTML, like Gecko) Chrome/136.0.7103.59 Mobile Safari/537.36 (compatible; GoogleOther)"
20.171.207.190 - - [12/May/2025:03:26:34 +0100] "GET /?aksi=buatfile&path=%2F%2Fproc%2Fself%2Froot%2Fsys%2Fclass%2Fata_device%2Fdev1.0%2Fsubsystem%2Fdev7.0%2Fdevice HTTP/1.1" 200 28336 "-" "Mozilla/5.0 AppleWebKit/537.36 (KHTML, like Gecko; compatible; GPTBot/1.2; +https://openai.com/gptbot)"
18.191.165.88 - - [12/May/2025:03:26:34 +0100] "GET /cargo/detail?path=%2F%2Fsys%2Fdev%2Fchar%2F13%3A63%2Fsubsystem%2Finput6%2Fsubsystem%2Fevent2%2Fsubsystem%2Fmouse1%2Fpower HTTP/1.1" 200 16219 "-" "Mozilla/5.0 AppleWebKit/537.36 (KHTML, like Gecko; compatible; ClaudeBot/1.0; [email protected])"
18.191.165.88 - - [12/May/2025:03:26:34 +0100] "GET /cargo/detail?path=%2F%2Fsys%2Fdev%2Fchar%2F13%3A63%2Fsubsystem%2Fmouse1%2Fsubsystem%2Finput6%2Fsubsystem%2Fevent2%2Fpower HTTP/1.1" 200 16219 "-" "Mozilla/5.0 AppleWebKit/537.36 (KHTML, like Gecko; compatible; ClaudeBot/1.0; [email protected])"
18.191.165.88 - - [12/May/2025:03:26:35 +0100] "GET /cargo/detail?path=%2F%2Fsys%2Fdev%2Fchar%2F13%3A63%2Fsubsystem%2Finput0%2Fsubsystem%2Fevent2%2Fsubsystem%2Fevent3%2Fpower HTTP/1.1" 200 16214 "-" "Mozilla/5.0 AppleWebKit/537.36 (KHTML, like Gecko; compatible; ClaudeBot/1.0; [email protected])"
18.191.165.88 - - [12/May/2025:03:26:35 +0100] "GET /cargo/detail?path=%2F%2Fsys%2Fdev%2Fchar%2F13%3A63%2Fsubsystem%2Fevent2%2Fsubsystem%2Finput0%2Fsubsystem%2Fevent3%2Fpower HTTP/1.1" 200 16218 "-" "Mozilla/5.0 AppleWebKit/537.36 (KHTML, like Gecko; compatible; ClaudeBot/1.0; [email protected])"
18.191.165.88 - - [12/May/2025:03:26:35 +0100] "GET /pcmypage?filesrc=%2F%2Fsys%2Fclass%2Fscsi_host%2Fhost3%2Fsubsystem%2Fhost3%2Fsubsystem%2Fhost6%2Fem_message&path=%2F%2Fsys%2Fclass%2Fscsi_host%2Fhost3%2Fsubsystem%2Fhost3%2Fsubsystem%2Fhost6 HTTP/1.1" 200 15507 "-" "Mozilla/5.0 AppleWebKit/537.36 (KHTML, like Gecko; compatible; ClaudeBot/1.0; [email protected])"
18.191.165.88 - - [12/May/2025:03:26:35 +0100] "GET /cargo/detail?path=%2F%2Fsys%2Fdev%2Fchar%2F13%3A63%2Fsubsystem%2Finput6%2Fsubsystem%2Fevent3%2Fsubsystem%2Fmouse1%2Fsubsystem HTTP/1.1" 200 16527 "-" "Mozilla/5.0 AppleWebKit/537.36 (KHTML, like Gecko; compatible; ClaudeBot/1.0; [email protected])"
18.191.165.88 - - [12/May/2025:03:26:35 +0100] "GET /cargo/detail?path=%2F%2Fsys%2Fdev%2Fchar%2F13%3A63%2Fsubsystem%2Fevent3%2Fsubsystem%2Finput6%2Fsubsystem%2Fmouse1%2Fsubsystem HTTP/1.1" 200 16527 "-" "Mozilla/5.0 AppleWebKit/537.36 (KHTML, like Gecko; compatible; ClaudeBot/1.0; [email protected])"
18.191.165.88 - - [12/May/2025:03:26:35 +0100] "GET /cargo/detail?path=%2F%2Fsys%2Fdev%2Fchar%2F13%3A63%2Fsubsystem%2Finput5%2Fsubsystem%2Finput6%2Fsubsystem%2Fmouse1%2Fsubsystem HTTP/1.1" 200 16518 "-" "Mozilla/5.0 AppleWebKit/537.36 (KHTML, like Gecko; compatible; ClaudeBot/1.0; [email protected])"
18.191.165.88 - - [12/May/2025:03:26:36 +0100] "GET /cargo/detail?aksi=buatfolder&path=%2F%2Fsys%2Fclass%2Finput%2Finput3%2Fsubsystem%2Finput4%2Fsubsystem%2Fmice%2Fsubsystem%2Finput5%2Fevent4%2Fdevice%2Fdevice HTTP/1.1" 200 15623 "-" "Mozilla/5.0 AppleWebKit/537.36 (KHTML, like Gecko; compatible; ClaudeBot/1.0; [email protected])"
18.191.165.88 - - [12/May/2025:03:26:36 +0100] "GET /pcmypage?aksi=buatfolder&path=%2F%2Fsys%2Fclass%2Finput%2Fevent3%2Fsubsystem%2Fevent0%2Fdevice%2Fsubsystem%2Fevent1%2Fsubsystem%2Finput4%2Fmouse0 HTTP/1.1" 200 15612 "-" "Mozilla/5.0 AppleWebKit/537.36 (KHTML, like Gecko; compatible; ClaudeBot/1.0; [email protected])"
18.191.165.88 - - [12/May/2025:03:26:36 +0100] "GET /cargo/detail?aksi=buatfolder&path=%2F%2Fsys%2Fclass%2Finput%2Finput4%2Fsubsystem%2Finput3%2Fsubsystem%2Fmice%2Fsubsystem%2Finput5%2Fevent4%2Fdevice%2Fdevice HTTP/1.1" 200 15623 "-" "Mozilla/5.0 AppleWebKit/537.36 (KHTML, like Gecko; compatible; ClaudeBot/1.0; [email protected])"
18.191.165.88 - - [12/May/2025:03:26:36 +0100] "GET /cargo/detail?path=%2F%2Fsys%2Fdev%2Fchar%2F13%3A63%2Fsubsystem%2Finput6%2Fsubsystem%2Finput5%2Fsubsystem%2Fmouse1%2Fsubsystem HTTP/1.1" 200 16518 "-" "Mozilla/5.0 AppleWebKit/537.36 (KHTML, like Gecko; compatible; ClaudeBot/1.0; [email protected])"
18.191.165.88 - - [12/May/2025:03:26:37 +0100] "GET /cargo/detail?path=%2F%2Fsys%2Fdev%2Fchar%2F13%3A63%2Fsubsystem%2Fmouse1%2Fsubsystem%2Finput6%2Fsubsystem%2Finput5%2Fsubsystem HTTP/1.1" 200 16517 "-" "Mozilla/5.0 AppleWebKit/537.36 (KHTML, like Gecko; compatible; ClaudeBot/1.0; [email protected])"
18.191.165.88 - - [12/May/2025:03:26:37 +0100] "GET /pcmypage?filesrc=%2F%2Fsys%2Fclass%2Finput%2Finput5%2Fsubsystem%2Fmice%2Fsubsystem%2Fmouse0%2Fsubsystem%2Fevent5%2Fdev&path=%2F%2Fsys%2Fclass%2Finput%2Finput5%2Fsubsystem%2Fmice%2Fsubsystem%2Fmouse0%2Fsubsystem%2Fevent5 HTTP/1.1" 200 15545 "-" "Mozilla/5.0 AppleWebKit/537.36 (KHTML, like Gecko; compatible; ClaudeBot/1.0; [email protected])"
20.171.207.190 - - [12/May/2025:03:26:37 +0100] "GET /?aksi=buatfile&path=%2F%2Fproc%2Fself%2Froot%2Fsys%2Fclass%2Fata_device%2Fdev4.0%2Fsubsystem%2Fdev7.0%2Fpower HTTP/1.1" 200 28093 "-" "Mozilla/5.0 AppleWebKit/537.36 (KHTML, like Gecko; compatible; GPTBot/1.2; +https://openai.com/gptbot)"
18.191.165.88 - - [12/May/2025:03:26:37 +0100] "GET /search?path=%2F%2Fsys%2Fbus%2Fpci%2Fdevices%2F0000%3A00%3A05.0%2Fata5%2Fhost8%2Fsubsystem%2Fdevices%2Fhost9 HTTP/1.1" 200 16217 "-" "Mozilla/5.0 AppleWebKit/537.36 (KHTML, like Gecko; compatible; ClaudeBot/1.0; [email protected])"
18.191.165.88 - - [12/May/2025:03:26:38 +0100] "GET /pcmypage?filesrc=%2F%2Fsys%2Fclass%2Ftty%2FttyS3%2Fdevice%2Ftty%2FttyS3%2Fsubsystem%2FttyS3%2Fline&path=%2F%2Fsys%2Fclass%2Ftty%2FttyS3%2Fdevice%2Ftty%2FttyS3%2Fsubsystem%2FttyS3 HTTP/1.1" 200 15507 "-" "Mozilla/5.0 AppleWebKit/537.36 (KHTML, like Gecko; compatible; ClaudeBot/1.0; [email protected])"
18.191.165.88 - - [12/May/2025:03:26:38 +0100] "GET /pcmypage?aksi=buatfolder&path=%2F%2Fsys%2Fclass%2Finput%2Fevent5%2Fdevice%2Fsubsystem%2Fevent1%2Fdevice%2Fsubsystem%2Finput4%2Fsubsystem%2Fevent2 HTTP/1.1" 200 15611 "-" "Mozilla/5.0 AppleWebKit/537.36 (KHTML, like Gecko; compatible; ClaudeBot/1.0; [email protected])"
18.191.165.88 - - [12/May/2025:03:26:38 +0100] "GET /cargo/detail?filesrc=%2F%2Fsys%2Fdev%2Fchar%2F13%3A63%2Fsubsystem%2Fmouse0%2Fdevice%2Fmouse0%2Fsubsystem%2Fevent0%2Fuevent&path=%2F%2Fsys%2Fdev%2Fchar%2F13%3A63%2Fsubsystem%2Fmouse0%2Fdevice%2Fmouse0%2Fsubsystem%2Fevent0 HTTP/1.1" 200 15566 "-" "Mozilla/5.0 AppleWebKit/537.36 (KHTML, like Gecko; compatible; ClaudeBot/1.0; [email protected])"
18.191.165.88 - - [12/May/2025:03:26:38 +0100] "GET /pcmypage?aksi=buatfolder&path=%2F%2Fsys%2Fclass%2Finput%2Finput5%2Fevent4%2Fdevice%2Fsubsystem%2Finput4%2Fevent2%2Fsubsystem%2Fevent2%2Fsubsystem%2Finput4 HTTP/1.1" 200 15617 "-" "Mozilla/5.0 AppleWebKit/537.36 (KHTML, like Gecko; compatible; ClaudeBot/1.0; [email protected])"
18.191.165.88 - - [12/May/2025:03:26:38 +0100] "GET /cargo/detail?path=%2F%2Fsys%2Fclass%2Finput%2Fevent4%2Fsubsystem%2Finput3%2Fsubsystem%2Fmice%2Fsubsystem%2Fmice%2Fsubsystem%2Fmice HTTP/1.1" 200 16240 "-" "Mozilla/5.0 AppleWebKit/537.36 (KHTML, like Gecko; compatible; ClaudeBot/1.0; [email protected])"
18.191.165.88 - - [12/May/2025:03:26:38 +0100] "GET /feature/osu_main/index.html?filesrc=%2F%2Fsys%2Fbus%2Fusb%2Fdevices%2F1-1%2Fport%2Fdevice%2Fport%2Fdevice%2Fport%2Fdevice%2Fserial&path=%2F%2Fsys%2Fbus%2Fusb%2Fdevices%2F1-1%2Fport%2Fdevice%2Fport%2Fdevice%2Fport%2Fdevice HTTP/1.1" 200 16787 "-" "Mozilla/5.0 AppleWebKit/537.36 (KHTML, like Gecko; compatible; ClaudeBot/1.0; [email protected])"
18.191.165.88 - - [12/May/2025:03:26:39 +0100] "GET /cargo/detail?aksi=buatfolder&path=%2F%2Fsys%2Fclass%2Finput%2Fmouse1%2Fsubsystem%2Fevent3%2Fsubsystem%2Finput5%2Fevent4%2Fdevice%2Fmouse2%2Fdevice HTTP/1.1" 200 15611 "-" "Mozilla/5.0 AppleWebKit/537.36 (KHTML, like Gecko; compatible; ClaudeBot/1.0; [email protected])"
66.249.69.69 - - [12/May/2025:03:26:39 +0100] "GET /beauty/others/18210513635194.htm HTTP/1.1" 200 26318 "-" "Mozilla/5.0 (Linux; Android 6.0.1; Nexus 5X Build/MMB29P) AppleWebKit/537.36 (KHTML, like Gecko) Chrome/136.0.7103.59 Mobile Safari/537.36 (compatible; GoogleOther)"
18.191.165.88 - - [12/May/2025:03:26:39 +0100] "GET /cargo/detail?aksi=buatfolder&path=%2F%2Fsys%2Fclass%2Finput%2Fevent3%2Fsubsystem%2Fmouse1%2Fsubsystem%2Finput5%2Fmouse2%2Fdevice%2Fevent4%2Fdevice HTTP/1.1" 200 15611 "-" "Mozilla/5.0 AppleWebKit/537.36 (KHTML, like Gecko; compatible; ClaudeBot/1.0; [email protected])"
18.191.165.88 - - [12/May/2025:03:26:39 +0100] "GET /cargo/detail?aksi=buatfolder&path=%2F%2Fsys%2Fclass%2Finput%2Fevent3%2Fsubsystem%2Fmouse1%2Fsubsystem%2Finput5%2Fevent4%2Fdevice%2Fmouse2%2Fdevice HTTP/1.1" 200 15611 "-" "Mozilla/5.0 AppleWebKit/537.36 (KHTML, like Gecko; compatible; ClaudeBot/1.0; [email protected])"
18.191.165.88 - - [12/May/2025:03:26:39 +0100] "GET /cargo/detail?aksi=buatfolder&path=%2F%2Fsys%2Fclass%2Finput%2Fmouse1%2Fsubsystem%2Fevent3%2Fsubsystem%2Finput5%2Fmouse2%2Fdevice%2Fevent4%2Fdevice HTTP/1.1" 200 15611 "-" "Mozilla/5.0 AppleWebKit/537.36 (KHTML, like Gecko; compatible; ClaudeBot/1.0; [email protected])"
18.191.165.88 - - [12/May/2025:03:26:40 +0100] "GET /cargo/detail?path=%2F%2Fsys%2Fdev%2Fchar%2F13%3A63%2Fsubsystem%2Finput0%2Fsubsystem%2Fevent3%2Fsubsystem%2Finput5%2Fsubsystem HTTP/1.1" 200 16525 "-" "Mozilla/5.0 AppleWebKit/537.36 (KHTML, like Gecko; compatible; ClaudeBot/1.0; [email protected])"
20.171.207.190 - - [12/May/2025:03:26:40 +0100] "GET /?aksi=buatfile&path=%2F%2Fproc%2Fself%2Froot%2Fsys%2Fclass%2Fata_device%2Fdev4.0%2Fsubsystem%2Fdev5.0%2Fpower HTTP/1.1" 200 28094 "-" "Mozilla/5.0 AppleWebKit/537.36 (KHTML, like Gecko; compatible; GPTBot/1.2; +https://openai.com/gptbot)"
18.191.165.88 - - [12/May/2025:03:26:40 +0100] "GET /%22,t+=%22%3C%22+e.getAttribute(%22src%22?aksi=ransom&path=%2F%2Fproc%2Fthread-self%2Froot%2Fusr%2Fshare%2Ffonts HTTP/1.1" 200 2953 "-" "Mozilla/5.0 AppleWebKit/537.36 (KHTML, like Gecko; compatible; ClaudeBot/1.0; [email protected])"
18.191.165.88 - - [12/May/2025:03:26:40 +0100] "GET /cargo/detail?path=%2F%2Fsys%2Fdev%2Fchar%2F13%3A63%2Fsubsystem%2Fevent3%2Fsubsystem%2Finput0%2Fsubsystem%2Finput5%2Fsubsystem HTTP/1.1" 200 16522 "-" "Mozilla/5.0 AppleWebKit/537.36 (KHTML, like Gecko; compatible; ClaudeBot/1.0; [email protected])"
18.191.165.88 - - [12/May/2025:03:26:40 +0100] "GET /cd.html?path=%2F%2Fsys%2Fbus%2Fvirtio%2Fdevices%2Fvirtio3%2Fblock%2Fvda%2Fdevice%2Fsubsystem%2Fdevices%2Fvirtio0%2Fsubsystem HTTP/1.1" 200 16318 "-" "Mozilla/5.0 AppleWebKit/537.36 (KHTML, like Gecko; compatible; ClaudeBot/1.0; [email protected])"
18.191.165.88 - - [12/May/2025:03:26:40 +0100] "GET /cargo/detail?path=%2F%2Fsys%2Fdev%2Fchar%2F13%3A63%2Fsubsystem%2Finput0%2Fsubsystem%2Finput5%2Fsubsystem%2Fevent3%2Fsubsystem HTTP/1.1" 200 16523 "-" "Mozilla/5.0 AppleWebKit/537.36 (KHTML, like Gecko; compatible; ClaudeBot/1.0; [email protected])"
18.191.165.88 - - [12/May/2025:03:26:40 +0100] "GET /%22,t+=%22%3C%22+e.getAttribute(%22src%22?filesrc=%2F%2Fproc%2F3730333%2Ftask%2F3730377%2Fnet%2Fip_mr_vif&path=%2F%2Fproc%2F3730333%2Ftask%2F3730377%2Fnet HTTP/1.1" 200 2270 "-" "Mozilla/5.0 AppleWebKit/537.36 (KHTML, like Gecko; compatible; ClaudeBot/1.0; [email protected])"
18.191.165.88 - - [12/May/2025:03:26:41 +0100] "GET /cargo/detail?path=%2F%2Fsys%2Fdev%2Fchar%2F13%3A63%2Fsubsystem%2Finput5%2Fsubsystem%2Finput0%2Fsubsystem%2Fevent3%2Fsubsystem HTTP/1.1" 200 16529 "-" "Mozilla/5.0 AppleWebKit/537.36 (KHTML, like Gecko; compatible; ClaudeBot/1.0; [email protected])"
18.191.165.88 - - [12/May/2025:03:26:41 +0100] "GET /cargo/detail?aksi=buatfolder&path=%2F%2Fsys%2Fclass%2Finput%2Finput6%2Fsubsystem%2Finput1%2Fevent1%2Fsubsystem%2Fmouse2%2Fsubsystem%2Fevent3%2Fdevice%2Fsubsystem HTTP/1.1" 200 15615 "-" "Mozilla/5.0 AppleWebKit/537.36 (KHTML, like Gecko; compatible; ClaudeBot/1.0; [email protected])"
18.191.165.88 - - [12/May/2025:03:26:41 +0100] "GET /cargo/detail?aksi=buatfolder&path=%2F%2Fsys%2Fclass%2Finput%2Fmouse2%2Fdevice%2Fmouse2%2Fsubsystem%2Finput3%2Fmouse1%2Fdevice%2Fsubsystem HTTP/1.1" 200 15586 "-" "Mozilla/5.0 AppleWebKit/537.36 (KHTML, like Gecko; compatible; ClaudeBot/1.0; [email protected])"
18.191.165.88 - - [12/May/2025:03:26:41 +0100] "GET /feature/sapporo/index.html?path=%2F%2Fproc%2F3730333%2Ftask%2F3730379%2Ffdinfo HTTP/1.1" 200 16861 "-" "Mozilla/5.0 AppleWebKit/537.36 (KHTML, like Gecko; compatible; ClaudeBot/1.0; [email protected])"
18.191.165.88 - - [12/May/2025:03:26:41 +0100] "GET /cargo/detail?aksi=buatfolder&path=%2F%2Fsys%2Fclass%2Finput%2Fevent3%2Fsubsystem%2Finput3%2Fsubsystem%2Finput4%2Fsubsystem%2Fevent2%2Fdevice%2Fmouse0 HTTP/1.1" 200 15615 "-" "Mozilla/5.0 AppleWebKit/537.36 (KHTML, like Gecko; compatible; ClaudeBot/1.0; [email protected])"
18.191.165.88 - - [12/May/2025:03:26:41 +0100] "GET /cargo/detail?aksi=buatfolder&path=%2F%2Fsys%2Fclass%2Finput%2Finput3%2Fsubsystem%2Fevent3%2Fsubsystem%2Finput4%2Fsubsystem%2Fevent2%2Fdevice%2Fmouse0 HTTP/1.1" 200 15616 "-" "Mozilla/5.0 AppleWebKit/537.36 (KHTML, like Gecko; compatible; ClaudeBot/1.0; [email protected])"
18.191.165.88 - - [12/May/2025:03:26:42 +0100] "GET /pcmypage?aksi=buatfolder&path=%2F%2Fsys%2Fclass%2Finput%2Finput4%2Fsubsystem%2Finput4%2Fevent2%2Fdevice%2Fmouse0%2Fsubsystem%2Fevent3%2Fsubsystem%2Fevent0 HTTP/1.1" 200 15625 "-" "Mozilla/5.0 AppleWebKit/537.36 (KHTML, like Gecko; compatible; ClaudeBot/1.0; [email protected])"
20.171.207.190 - - [12/May/2025:03:26:42 +0100] "GET /?aksi=buatfile&path=%2F%2Fproc%2Fself%2Froot%2Fsys%2Fclass%2Fata_device%2Fdev6.0%2Fsubsystem%2Fdev5.0%2Fpower HTTP/1.1" 200 28094 "-" "Mozilla/5.0 AppleWebKit/537.36 (KHTML, like Gecko; compatible; GPTBot/1.2; +https://openai.com/gptbot)"
18.191.165.88 - - [12/May/2025:03:26:42 +0100] "GET /cargo/detail?path=%2F%2Fsys%2Fdev%2Fchar%2F13%3A63%2Fsubsystem%2Finput0%2Fsubsystem%2Fevent3%2Fsubsystem%2Fevent3%2Fsubsystem HTTP/1.1" 200 16513 "-" "Mozilla/5.0 AppleWebKit/537.36 (KHTML, like Gecko; compatible; ClaudeBot/1.0; [email protected])"
66.249.69.69 - - [12/May/2025:03:26:42 +0100] "GET /travel-supplies/outdoor-shoes/8820370434051.htm HTTP/1.1" 200 25318 "-" "Mozilla/5.0 (Linux; Android 6.0.1; Nexus 5X Build/MMB29P) AppleWebKit/537.36 (KHTML, like Gecko) Chrome/136.0.7103.59 Mobile Safari/537.36 (compatible; GoogleOther)"
18.191.165.88 - - [12/May/2025:03:26:42 +0100] "GET /%22,t+=%22%3C%22+e.getAttribute(%22src%22?filesrc=%2F%2Fproc%2F3730333%2Ftask%2F3730569%2Fnet%2Figmp&path=%2F%2Fproc%2F3730333%2Ftask%2F3730569%2Fnet HTTP/1.1" 200 2265 "-" "Mozilla/5.0 AppleWebKit/537.36 (KHTML, like Gecko; compatible; ClaudeBot/1.0; [email protected])"
18.191.165.88 - - [12/May/2025:03:26:42 +0100] "GET /cargo/detail?path=%2F%2Fsys%2Fdev%2Fchar%2F13%3A63%2Fsubsystem%2Fevent3%2Fsubsystem%2Finput0%2Fsubsystem%2Fevent3%2Fsubsystem HTTP/1.1" 200 16524 "-" "Mozilla/5.0 AppleWebKit/537.36 (KHTML, like Gecko; compatible; ClaudeBot/1.0; [email protected])"
18.191.165.88 - - [12/May/2025:03:26:43 +0100] "GET /cargo/detail?aksi=buatfolder&path=%2F%2Fsys%2Fclass%2Finput%2Finput3%2Fmouse1%2Fsubsystem%2Finput1%2Fsubsystem%2Finput5%2Fsubsystem%2Finput6%2Fsubsystem%2Fmouse1 HTTP/1.1" 200 15614 "-" "Mozilla/5.0 AppleWebKit/537.36 (KHTML, like Gecko; compatible; ClaudeBot/1.0; [email protected])"
18.191.165.88 - - [12/May/2025:03:26:43 +0100] "GET /cargo/detail?path=%2F%2Fsys%2Fdev%2Fchar%2F10%3A236%2Fsubsystem%2Fhw_random%2Fsubsystem%2Fcpu_dma_latency%2Fsubsystem%2Fautofs HTTP/1.1" 200 16249 "-" "Mozilla/5.0 AppleWebKit/537.36 (KHTML, like Gecko; compatible; ClaudeBot/1.0; [email protected])"
18.191.165.88 - - [12/May/2025:03:26:43 +0100] "GET /pcmypage?filesrc=%2F%2Fsys%2Fclass%2Fscsi_host%2Fhost6%2Fsubsystem%2Fhost1%2Fsubsystem%2Fhost11%2Fem_message_supported&path=%2F%2Fsys%2Fclass%2Fscsi_host%2Fhost6%2Fsubsystem%2Fhost1%2Fsubsystem%2Fhost11 HTTP/1.1" 200 15514 "-" "Mozilla/5.0 AppleWebKit/537.36 (KHTML, like Gecko; compatible; ClaudeBot/1.0; [email protected])"
18.191.165.88 - - [12/May/2025:03:26:43 +0100] "GET /feature/osu_main/index.html?aksi=ransom&path=%2F%2Fsys%2Fdevices%2Fpci0000%3A00%2F0000%3A00%3A07.0%2Fsubsystem%2Fdevices%2F0000%3A00%3A09.0%2Fdriver%2F0000%3A00%3A0b.0%2Flink HTTP/1.1" 200 16938 "-" "Mozilla/5.0 AppleWebKit/537.36 (KHTML, like Gecko; compatible; ClaudeBot/1.0; [email protected])"
18.191.165.88 - - [12/May/2025:03:26:43 +0100] "GET /cargo/detail?filesrc=%2F%2Fsys%2Fdev%2Fchar%2F13%3A63%2Fsubsystem%2Fmouse1%2Fsubsystem%2Finput6%2Fsubsystem%2Finput0%2Fname&path=%2F%2Fsys%2Fdev%2Fchar%2F13%3A63%2Fsubsystem%2Fmouse1%2Fsubsystem%2Finput6%2Fsubsystem%2Finput0 HTTP/1.1" 200 15551 "-" "Mozilla/5.0 AppleWebKit/537.36 (KHTML, like Gecko; compatible; ClaudeBot/1.0; [email protected])"
18.191.165.88 - - [12/May/2025:03:26:43 +0100] "GET /feature/sapporo/index.html?path=%2F%2Fproc%2F3730333%2Ftask%2F3732200%2Fattr HTTP/1.1" 200 16861 "-" "Mozilla/5.0 AppleWebKit/537.36 (KHTML, like Gecko; compatible; ClaudeBot/1.0; [email protected])"
18.191.165.88 - - [12/May/2025:03:26:44 +0100] "GET /search?path=%2F%2Fsys%2Fbus%2Fpci%2Fdevices%2F0000%3A00%3A01.2%2Fsubsystem%2Fdrivers%2Fuhci_hcd%2F0000%3A00%3A01.2%2Fusb1%2F1-0%3A1.0%2Fep_81 HTTP/1.1" 200 16556 "-" "Mozilla/5.0 AppleWebKit/537.36 (KHTML, like Gecko; compatible; ClaudeBot/1.0; [email protected])"
18.191.165.88 - - [12/May/2025:03:26:44 +0100] "GET /pcmypage?aksi=buatfolder&path=%2F%2Fsys%2Fclass%2Finput%2Finput4%2Fsubsystem%2Finput4%2Fevent2%2Fdevice%2Fevent2%2Fsubsystem%2Fevent3%2Fsubsystem%2Fmouse2 HTTP/1.1" 200 15622 "-" "Mozilla/5.0 AppleWebKit/537.36 (KHTML, like Gecko; compatible; ClaudeBot/1.0; [email protected])"
18.191.165.88 - - [12/May/2025:03:26:44 +0100] "GET /pcmypage?aksi=buatfile&path=%2F%2Fsys%2Fclass%2Finput%2Finput6%2Fevent5%2Fdevice%2Fsubsystem%2Fevent5%2Fdevice%2Fsubsystem%2Finput1%2Finput1%3A%3Anumlock HTTP/1.1" 200 16393 "-" "Mozilla/5.0 AppleWebKit/537.36 (KHTML, like Gecko; compatible; ClaudeBot/1.0; [email protected])"
18.191.165.88 - - [12/May/2025:03:26:44 +0100] "GET /cargo/detail?path=%2F%2Fsys%2Fdev%2Fchar%2F13%3A63%2Fsubsystem%2Finput0%2Fsubsystem%2Finput5%2Fsubsystem%2Finput5%2Fsubsystem HTTP/1.1" 200 16519 "-" "Mozilla/5.0 AppleWebKit/537.36 (KHTML, like Gecko; compatible; ClaudeBot/1.0; [email protected])"
18.191.165.88 - - [12/May/2025:03:26:44 +0100] "GET /cargo/detail?path=%2F%2Fsys%2Fdev%2Fchar%2F13%3A63%2Fsubsystem%2Finput5%2Fsubsystem%2Finput0%2Fsubsystem%2Finput5%2Fsubsystem HTTP/1.1" 200 16500 "-" "Mozilla/5.0 AppleWebKit/537.36 (KHTML, like Gecko; compatible; ClaudeBot/1.0; [email protected])"
18.191.165.88 - - [12/May/2025:03:26:45 +0100] "GET /cargo/detail?path=%2F%2Fsys%2Fdev%2Fchar%2F13%3A63%2Fsubsystem%2Fmouse2%2Fdevice%2Fmouse2%2Fsubsystem%2Finput6%2Fsubsystem HTTP/1.1" 200 16509 "-" "Mozilla/5.0 AppleWebKit/537.36 (KHTML, like Gecko; compatible; ClaudeBot/1.0; [email protected])"
20.171.207.190 - - [12/May/2025:03:26:45 +0100] "GET /?aksi=buatfile&path=%2F%2Fproc%2Fself%2Froot%2Fsys%2Fclass%2Fata_device%2Fdev8.0%2Fsubsystem%2Fdev1.0%2Fpower HTTP/1.1" 200 28093 "-" "Mozilla/5.0 AppleWebKit/537.36 (KHTML, like Gecko; compatible; GPTBot/1.2; +https://openai.com/gptbot)"
18.191.165.88 - - [12/May/2025:03:26:45 +0100] "GET /cargo/detail?path=%2F%2Fsys%2Fdev%2Fchar%2F13%3A63%2Fsubsystem%2Fevent4%2Fsubsystem%2Finput4%2Fsubsystem%2Fmouse2%2Fpower HTTP/1.1" 200 16219 "-" "Mozilla/5.0 AppleWebKit/537.36 (KHTML, like Gecko; compatible; ClaudeBot/1.0; [email protected])"
18.191.165.88 - - [12/May/2025:03:26:45 +0100] "GET /cargo/detail?path=%2F%2Fsys%2Fdev%2Fchar%2F13%3A63%2Fsubsystem%2Finput4%2Fsubsystem%2Fevent4%2Fsubsystem%2Fmouse2%2Fpower HTTP/1.1" 200 16220 "-" "Mozilla/5.0 AppleWebKit/537.36 (KHTML, like Gecko; compatible; ClaudeBot/1.0; [email protected])"
18.191.165.88 - - [12/May/2025:03:26:45 +0100] "GET /cargo/detail?aksi=ransom&path=%2F%2Fsys%2Fclass%2Finput%2Finput3%2Fsubsystem%2Finput6%2Fevent5%2Fsubsystem%2Finput3%2Fsubsystem%2Finput3%2Fsubsystem%2Fevent1 HTTP/1.1" 200 16281 "-" "Mozilla/5.0 AppleWebKit/537.36 (KHTML, like Gecko; compatible; ClaudeBot/1.0; [email protected])"
18.191.165.88 - - [12/May/2025:03:26:46 +0100] "GET /dozin.html?path=%2F%2Fsys%2Fclass%2Fmem%2Fport%2Fsubsystem%2Fnull%2Fsubsystem%2Fmem%2Fsubsystem%2Fmem%2Fsubsystem HTTP/1.1" 200 16186 "-" "Mozilla/5.0 AppleWebKit/537.36 (KHTML, like Gecko; compatible; ClaudeBot/1.0; [email protected])"
18.191.165.88 - - [12/May/2025:03:26:46 +0100] "GET /pcsp.html?filesrc=%2F%2Fsys%2Fbus%2Fvirtio%2Fdevices%2Fvirtio1%2Fhost0%2Fsubsystem%2Fdevices%2Fhost5%2Fscsi_host%2Fhost5%2Fuse_blk_mq&path=%2F%2Fsys%2Fbus%2Fvirtio%2Fdevices%2Fvirtio1%2Fhost0%2Fsubsystem%2Fdevices%2Fhost5%2Fscsi_host%2Fhost5 HTTP/1.1" 200 15554 "-" "Mozilla/5.0 AppleWebKit/537.36 (KHTML, like Gecko; compatible; ClaudeBot/1.0; [email protected])"
18.191.165.88 - - [12/May/2025:03:26:46 +0100] "GET /cargo/detail?path=%2F%2Fsys%2Fclass%2Fscsi_host%2Fhost2%2Fsubsystem%2Fhost6%2Fsubsystem%2Fhost3%2Fdevice HTTP/1.1" 200 16243 "-" "Mozilla/5.0 AppleWebKit/537.36 (KHTML, like Gecko; compatible; ClaudeBot/1.0; [email protected])"
18.191.165.88 - - [12/May/2025:03:26:46 +0100] "GET /game.html?filesrc=%2F%2Flib64%2Faspell-0.60%2Fkoi8-u.cset&path=%2F%2Flib64%2Faspell-0.60 HTTP/1.1" 200 19788 "-" "Mozilla/5.0 AppleWebKit/537.36 (KHTML, like Gecko; compatible; ClaudeBot/1.0; [email protected])"
18.191.165.88 - - [12/May/2025:03:26:46 +0100] "GET /pcmypage?aksi=buatfolder&path=%2F%2Fsys%2Fclass%2Finput%2Fevent0%2Fdevice%2Fsubsystem%2Finput4%2Fmouse0%2Fsubsystem%2Finput3%2Fmouse1 HTTP/1.1" 200 15596 "-" "Mozilla/5.0 AppleWebKit/537.36 (KHTML, like Gecko; compatible; ClaudeBot/1.0; [email protected])"
18.191.165.88 - - [12/May/2025:03:26:47 +0100] "GET /pcmypage?filesrc=%2F%2Fsys%2Fclass%2Finput%2Fevent4%2Fsubsystem%2Fmice%2Fsubsystem%2Fmouse2%2Fsubsystem%2Fmouse1%2Fdev&path=%2F%2Fsys%2Fclass%2Finput%2Fevent4%2Fsubsystem%2Fmice%2Fsubsystem%2Fmouse2%2Fsubsystem%2Fmouse1 HTTP/1.1" 200 15546 "-" "Mozilla/5.0 AppleWebKit/537.36 (KHTML, like Gecko; compatible; ClaudeBot/1.0; [email protected])"
18.191.165.88 - - [12/May/2025:03:26:47 +0100] "GET /recruit?aksi=buatfolder&path=%2F%2Fsys%2Fdevices%2FLNXSYSTM%3A00%2FLNXPWRBN%3A00%2Fsubsystem%2Fdevices%2FLNXCPU%3A52%2Fsubsystem%2Fdevices%2FLNXCPU%3A2c HTTP/1.1" 200 15591 "-" "Mozilla/5.0 AppleWebKit/537.36 (KHTML, like Gecko; compatible; ClaudeBot/1.0; [email protected])"
66.249.69.69 - - [12/May/2025:03:26:47 +0100] "GET /?fishing/lures/8790451638065.htm HTTP/1.1" 200 25747 "-" "Mozilla/5.0 (Linux; Android 6.0.1; Nexus 5X Build/MMB29P) AppleWebKit/537.36 (KHTML, like Gecko) Chrome/136.0.7103.59 Mobile Safari/537.36 (compatible; GoogleOther)"
18.191.165.88 - - [12/May/2025:03:26:47 +0100] "GET /cargo/detail?filesrc=%2F%2Fsys%2Fdev%2Fchar%2F13%3A63%2Fsubsystem%2Fevent2%2Fsubsystem%2Fevent5%2Fdevice%2Fmodalias&path=%2F%2Fsys%2Fdev%2Fchar%2F13%3A63%2Fsubsystem%2Fevent2%2Fsubsystem%2Fevent5%2Fdevice HTTP/1.1" 200 15555 "-" "Mozilla/5.0 AppleWebKit/537.36 (KHTML, like Gecko; compatible; ClaudeBot/1.0; [email protected])"
18.191.165.88 - - [12/May/2025:03:26:47 +0100] "GET /pcmypage?aksi=buatfolder&path=%2F%2Fsys%2Fclass%2Finput%2Finput0%2Fsubsystem%2Fevent5%2Fdevice%2Fsubsystem%2Finput1%2Fsubsystem%2Finput1%2Fdevice HTTP/1.1" 200 15596 "-" "Mozilla/5.0 AppleWebKit/537.36 (KHTML, like Gecko; compatible; ClaudeBot/1.0; [email protected])"
20.171.207.190 - - [12/May/2025:03:26:48 +0100] "GET /?aksi=buatfile&path=%2F%2Fproc%2Fself%2Froot%2Fsys%2Fclass%2Fata_device%2Fdev3.0%2Fsubsystem%2Fdev6.0%2Fpower HTTP/1.1" 200 28093 "-" "Mozilla/5.0 AppleWebKit/537.36 (KHTML, like Gecko; compatible; GPTBot/1.2; +https://openai.com/gptbot)"
18.191.165.88 - - [12/May/2025:03:26:48 +0100] "GET /cargo/detail?path=%2F%2Fsys%2Fclass%2Fwakeup%2Fwakeup7%2Fsubsystem%2Fwakeup5%2Fdevice%2Fphysical_node%2Fata6%2Fpower HTTP/1.1" 200 16211 "-" "Mozilla/5.0 AppleWebKit/537.36 (KHTML, like Gecko; compatible; ClaudeBot/1.0; [email protected])"
18.191.165.88 - - [12/May/2025:03:26:48 +0100] "GET /cargo/detail?path=%2F%2Fsys%2Fdev%2Fchar%2F13%3A63%2Fsubsystem%2Finput0%2Fsubsystem%2Finput5%2Fsubsystem%2Fevent2%2Fpower HTTP/1.1" 200 16216 "-" "Mozilla/5.0 AppleWebKit/537.36 (KHTML, like Gecko; compatible; ClaudeBot/1.0; [email protected])"
18.191.165.88 - - [12/May/2025:03:26:48 +0100] "GET /cargo/detail?path=%2F%2Fsys%2Fdev%2Fchar%2F13%3A63%2Fsubsystem%2Finput5%2Fsubsystem%2Finput0%2Fsubsystem%2Fevent2%2Fpower HTTP/1.1" 200 16218 "-" "Mozilla/5.0 AppleWebKit/537.36 (KHTML, like Gecko; compatible; ClaudeBot/1.0; [email protected])"
18.191.165.88 - - [12/May/2025:03:26:48 +0100] "GET /pcmypage?path=%2F%2Fsys%2Fclass%2Fscsi_host%2Fhost0%2Fsubsystem%2Fhost1%2Fsubsystem%2Fhost8 HTTP/1.1" 200 17338 "-" "Mozilla/5.0 AppleWebKit/537.36 (KHTML, like Gecko; compatible; ClaudeBot/1.0; [email protected])"
18.191.165.88 - - [12/May/2025:03:26:48 +0100] "GET /cargo/detail?path=%2F%2Fsys%2Fdev%2Fchar%2F13%3A63%2Fsubsystem%2Finput0%2Fsubsystem%2Fevent2%2Fsubsystem%2Finput5%2Fpower HTTP/1.1" 200 16220 "-" "Mozilla/5.0 AppleWebKit/537.36 (KHTML, like Gecko; compatible; ClaudeBot/1.0; [email protected])"
18.191.165.88 - - [12/May/2025:03:26:49 +0100] "GET /cargo/detail?path=%2F%2Fsys%2Fdev%2Fchar%2F13%3A63%2Fsubsystem%2Fevent2%2Fsubsystem%2Finput0%2Fsubsystem%2Finput5%2Fpower HTTP/1.1" 200 16215 "-" "Mozilla/5.0 AppleWebKit/537.36 (KHTML, like Gecko; compatible; ClaudeBot/1.0; [email protected])"
18.191.165.88 - - [12/May/2025:03:26:49 +0100] "GET /cargo/detail?path=%2F%2Fsys%2Fdev%2Fchar%2F13%3A63%2Fsubsystem%2Finput5%2Fsubsystem%2Fevent2%2Fsubsystem%2Finput0%2Fpower HTTP/1.1" 200 16221 "-" "Mozilla/5.0 AppleWebKit/537.36 (KHTML, like Gecko; compatible; ClaudeBot/1.0; [email protected])"
18.191.165.88 - - [12/May/2025:03:26:49 +0100] "GET /cargo/detail?aksi=buatfile&path=%2F%2Fsys%2Fdev%2Fchar%2F13%3A63%2Fsubsystem%2Fmouse1%2Fsubsystem%2Finput1%2Fevent1%2Fdevice%2Finput1%3A%3Anumlock HTTP/1.1" 200 16378 "-" "Mozilla/5.0 AppleWebKit/537.36 (KHTML, like Gecko; compatible; ClaudeBot/1.0; [email protected])"
18.191.165.88 - - [12/May/2025:03:26:49 +0100] "GET /feature/osu_main/index.html?filesrc=%2F%2Fsys%2Fdevices%2Fpci0000%3A00%2F0000%3A00%3A05.0%2Fata4%2Fhost7%2Fsubsystem%2Fdevices%2F6%3A0%3A0%3A0%2Fdh_state&path=%2F%2Fsys%2Fdevices%2Fpci0000%3A00%2F0000%3A00%3A05.0%2Fata4%2Fhost7%2Fsubsystem%2Fdevices%2F6%3A0%3A0%3A0 HTTP/1.1" 200 16813 "-" "Mozilla/5.0 AppleWebKit/537.36 (KHTML, like Gecko; compatible; ClaudeBot/1.0; [email protected])"
18.191.165.88 - - [12/May/2025:03:26:49 +0100] "GET /cargo/detail?aksi=ransom&path=%2F%2Fsys%2Fclass%2Finput%2Finput6%2Fsubsystem%2Finput1%2Fevent1%2Fsubsystem%2Fmouse2%2Fsubsystem%2Finput6%2Fsubsystem%2Finput4 HTTP/1.1" 200 16642 "-" "Mozilla/5.0 AppleWebKit/537.36 (KHTML, like Gecko; compatible; ClaudeBot/1.0; [email protected])"
18.191.165.88 - - [12/May/2025:03:26:50 +0100] "GET /cargo/detail?filesrc=%2F%2Fsys%2Fdev%2Fchar%2F10%3A235%2Fsubsystem%2Fdevice-mapper%2Fsubsystem%2Fnvram%2Fpower%2Fcontrol&path=%2F%2Fsys%2Fdev%2Fchar%2F10%3A235%2Fsubsystem%2Fdevice-mapper%2Fsubsystem%2Fnvram%2Fpower HTTP/1.1" 200 15540 "-" "Mozilla/5.0 AppleWebKit/537.36 (KHTML, like Gecko; compatible; ClaudeBot/1.0; [email protected])"
18.191.165.88 - - [12/May/2025:03:26:50 +0100] "GET /dozin.html?path=%2F%2Fsys%2Fclass%2Fmem%2Furandom%2Fsubsystem%2Ffull%2Fsubsystem%2Fport%2Fsubsystem%2Fkmsg%2Fpower HTTP/1.1" 200 16206 "-" "Mozilla/5.0 AppleWebKit/537.36 (KHTML, like Gecko; compatible; ClaudeBot/1.0; [email protected])"
18.191.165.88 - - [12/May/2025:03:26:50 +0100] "GET /%22,t+=%22%3C%22+e.getAttribute(%22src%22?filesrc=%2F%2Fproc%2F919%2Ftask%2F927%2Fnet%2Figmp&path=%2F%2Fproc%2F919%2Ftask%2F927%2Fnet HTTP/1.1" 200 2341 "-" "Mozilla/5.0 AppleWebKit/537.36 (KHTML, like Gecko; compatible; ClaudeBot/1.0; [email protected])"
20.171.207.190 - - [12/May/2025:03:26:50 +0100] "GET /?aksi=buatfile&path=%2F%2Fproc%2Fself%2Froot%2Fsys%2Fclass%2Fata_device%2Fdev1.0%2Fsubsystem%2Fdev7.0%2Fpower HTTP/1.1" 200 28093 "-" "Mozilla/5.0 AppleWebKit/537.36 (KHTML, like Gecko; compatible; GPTBot/1.2; +https://openai.com/gptbot)"
18.191.165.88 - - [12/May/2025:03:26:50 +0100] "GET /feature/sapporo/index.html?filesrc=%2F%2Fproc%2F3730333%2Ftask%2F3730334%2Fnet%2Fpacket&path=%2F%2Fproc%2F3730333%2Ftask%2F3730334%2Fnet HTTP/1.1" 200 16723 "-" "Mozilla/5.0 AppleWebKit/537.36 (KHTML, like Gecko; compatible; ClaudeBot/1.0; [email protected])"
66.249.69.70 - - [12/May/2025:03:26:51 +0100] "GET /bicycles/parts/18221160584984.htm HTTP/1.1" 200 25753 "-" "Mozilla/5.0 (Linux; Android 6.0.1; Nexus 5X Build/MMB29P) AppleWebKit/537.36 (KHTML, like Gecko) Chrome/136.0.7103.59 Mobile Safari/537.36 (compatible; GoogleOther)"
18.191.165.88 - - [12/May/2025:03:26:51 +0100] "GET /cargo/detail?aksi=ransom&path=%2F%2Fsys%2Fclass%2Finput%2Finput3%2Fmouse1%2Fsubsystem%2Finput3%2Fsubsystem%2Finput5%2Fsubsystem%2Fevent4%2Fsubsystem%2Finput4 HTTP/1.1" 200 16660 "-" "Mozilla/5.0 AppleWebKit/537.36 (KHTML, like Gecko; compatible; ClaudeBot/1.0; [email protected])"
18.191.165.88 - - [12/May/2025:03:26:51 +0100] "GET /cargo/detail?filesrc=%2F%2Fsys%2Fclass%2Finput%2Fevent0%2Fsubsystem%2Fmice%2Fsubsystem%2Fmouse2%2Fsubsystem%2Finput4%2Fphys&path=%2F%2Fsys%2Fclass%2Finput%2Fevent0%2Fsubsystem%2Fmice%2Fsubsystem%2Fmouse2%2Fsubsystem%2Finput4 HTTP/1.1" 200 15559 "-" "Mozilla/5.0 AppleWebKit/537.36 (KHTML, like Gecko; compatible; ClaudeBot/1.0; [email protected])"
18.191.165.88 - - [12/May/2025:03:26:51 +0100] "GET /feature/honten/index.html?filesrc=%2F%2Flib%2F.build-id%2F3c%2F96c25cd5286b3f184ca8a8347602a090e0c0d0&path=%2F%2Flib%2F.build-id%2F3c HTTP/1.1" 200 259633 "-" "Mozilla/5.0 AppleWebKit/537.36 (KHTML, like Gecko; compatible; ClaudeBot/1.0; [email protected])"
18.191.165.88 - - [12/May/2025:03:26:51 +0100] "GET /feature/osu_main/index.html?aksi=buatfile&path=%2F%2Fsys%2Fdevices%2Fpci0000%3A00%2F0000%3A00%3A07.0%2Fdriver%2F0000%3A00%3A0a.0%2Fvirtio6%2Fsubsystem%2Fdevices%2Fvirtio3 HTTP/1.1" 200 17766 "-" "Mozilla/5.0 AppleWebKit/537.36 (KHTML, like Gecko; compatible; ClaudeBot/1.0; [email protected])"
18.191.165.88 - - [12/May/2025:03:26:52 +0100] "GET /cargo/detail?filesrc=%2F%2Fsys%2Fdev%2Fchar%2F4%3A30%2Fsubsystem%2Fconsole%2Fsubsystem%2Ftty6%2Fsubsystem%2Fconsole%2Factive&path=%2F%2Fsys%2Fdev%2Fchar%2F4%3A30%2Fsubsystem%2Fconsole%2Fsubsystem%2Ftty6%2Fsubsystem%2Fconsole HTTP/1.1" 200 15525 "-" "Mozilla/5.0 AppleWebKit/537.36 (KHTML, like Gecko; compatible; ClaudeBot/1.0; [email protected])"
18.191.165.88 - - [12/May/2025:03:26:52 +0100] "GET /pcmypage?filesrc=%2F%2Fsys%2Fclass%2Finput%2Finput0%2Fdevice%2Fsubsystem%2Fdevices%2FLNXCPU%3A35%2Fsubsystem%2Fdevices%2Fdevice%3A15%2Fsun&path=%2F%2Fsys%2Fclass%2Finput%2Finput0%2Fdevice%2Fsubsystem%2Fdevices%2FLNXCPU%3A35%2Fsubsystem%2Fdevices%2Fdevice%3A15 HTTP/1.1" 200 15563 "-" "Mozilla/5.0 AppleWebKit/537.36 (KHTML, like Gecko; compatible; ClaudeBot/1.0; [email protected])"
18.191.165.88 - - [12/May/2025:03:26:52 +0100] "GET /pcmypage?aksi=buatfolder&path=%2F%2Fsys%2Fclass%2Finput%2Finput3%2Fmouse1%2Fdevice%2Fmouse1%2Fsubsystem%2Fmice%2Fsubsystem%2Finput3%2Fsubsystem%2Fmouse1 HTTP/1.1" 200 15607 "-" "Mozilla/5.0 AppleWebKit/537.36 (KHTML, like Gecko; compatible; ClaudeBot/1.0; [email protected])"
18.191.165.88 - - [12/May/2025:03:26:52 +0100] "GET /pcmypage?filesrc=%2F%2Fsys%2Fclass%2Fscsi_host%2Fhost7%2Fsubsystem%2Fhost6%2Fpower%2Fruntime_status&path=%2F%2Fsys%2Fclass%2Fscsi_host%2Fhost7%2Fsubsystem%2Fhost6%2Fpower HTTP/1.1" 200 15523 "-" "Mozilla/5.0 AppleWebKit/537.36 (KHTML, like Gecko; compatible; ClaudeBot/1.0; [email protected])"
18.191.165.88 - - [12/May/2025:03:26:52 +0100] "GET /pcmypage?filesrc=%2F%2Fsys%2Fclass%2Fscsi_host%2Fhost6%2Fsubsystem%2Fhost7%2Fpower%2Fruntime_status&path=%2F%2Fsys%2Fclass%2Fscsi_host%2Fhost6%2Fsubsystem%2Fhost7%2Fpower HTTP/1.1" 200 15523 "-" "Mozilla/5.0 AppleWebKit/537.36 (KHTML, like Gecko; compatible; ClaudeBot/1.0; [email protected])"
18.191.165.88 - - [12/May/2025:03:26:53 +0100] "GET /feature/sapporo/index.html?filesrc=%2F%2Fproc%2F3730333%2Ftask%2F3730377%2Fnet%2Fnf_conntrack_expect&path=%2F%2Fproc%2F3730333%2Ftask%2F3730377%2Fnet HTTP/1.1" 200 16734 "-" "Mozilla/5.0 AppleWebKit/537.36 (KHTML, like Gecko; compatible; ClaudeBot/1.0; [email protected])"
18.191.165.88 - - [12/May/2025:03:26:53 +0100] "GET /cargo/detail?aksi=buatfolder&path=%2F%2Fsys%2Fclass%2Finput%2Finput0%2Fsubsystem%2Finput1%2Fevent1%2Fsubsystem%2Fmouse0%2Fsubsystem%2Fmouse0%2Fsubsystem%2Fmouse2 HTTP/1.1" 200 15604 "-" "Mozilla/5.0 AppleWebKit/537.36 (KHTML, like Gecko; compatible; ClaudeBot/1.0; [email protected])"
20.171.207.190 - - [12/May/2025:03:26:53 +0100] "GET /?aksi=buatfolder&path=%2F%2Fproc%2Fself%2Froot%2Fsys%2Fclass%2Fata_device%2Fdev1.0%2Fsubsystem%2Fdev7.0%2Fdevice HTTP/1.1" 200 27519 "-" "Mozilla/5.0 AppleWebKit/537.36 (KHTML, like Gecko; compatible; GPTBot/1.2; +https://openai.com/gptbot)"
18.191.165.88 - - [12/May/2025:03:26:53 +0100] "GET /cargo/detail?filesrc=%2F%2Fsys%2Fdev%2Fchar%2F13%3A63%2Fsubsystem%2Fevent4%2Fsubsystem%2Finput4%2Fsubsystem%2Finput5%2Fuevent&path=%2F%2Fsys%2Fdev%2Fchar%2F13%3A63%2Fsubsystem%2Fevent4%2Fsubsystem%2Finput4%2Fsubsystem%2Finput5 HTTP/1.1" 200 15734 "-" "Mozilla/5.0 AppleWebKit/537.36 (KHTML, like Gecko; compatible; ClaudeBot/1.0; [email protected])"
18.191.165.88 - - [12/May/2025:03:26:53 +0100] "GET /cargo/detail?filesrc=%2F%2Fsys%2Fclass%2Fscsi_host%2Fhost2%2Fsubsystem%2Fhost2%2Fsubsystem%2Fhost11%2Fcan_queue&path=%2F%2Fsys%2Fclass%2Fscsi_host%2Fhost2%2Fsubsystem%2Fhost2%2Fsubsystem%2Fhost11 HTTP/1.1" 200 15510 "-" "Mozilla/5.0 AppleWebKit/537.36 (KHTML, like Gecko; compatible; ClaudeBot/1.0; [email protected])"
