18.219.61.156 - - [12/May/2025:03:11:48 +0100] "GET /cargo/detail?filesrc=%2F%2Fsys%2Fdev%2Fchar%2F13%3A63%2Fsubsystem%2Finput6%2Fsubsystem%2Fevent2%2Fsubsystem%2Finput6%2Fmodalias&path=%2F%2Fsys%2Fdev%2Fchar%2F13%3A63%2Fsubsystem%2Finput6%2Fsubsystem%2Fevent2%2Fsubsystem%2Finput6 HTTP/1.1" 200 15569 "-" "Mozilla/5.0 AppleWebKit/537.36 (KHTML, like Gecko; compatible; ClaudeBot/1.0; [email protected])"
18.219.61.156 - - [12/May/2025:03:11:49 +0100] "GET /search?path=%2F%2Fsys%2Fbus%2Fpci%2Fdevices%2F0000%3A00%3A01.2%2Fsubsystem%2Fdevices%2F0000%3A00%3A01.3%2Fsubsystem%2Fdevices%2F0000%3A00%3A01.3 HTTP/1.1" 200 17395 "-" "Mozilla/5.0 AppleWebKit/537.36 (KHTML, like Gecko; compatible; ClaudeBot/1.0; [email protected])"
18.219.61.156 - - [12/May/2025:03:11:49 +0100] "GET /cargo/detail?filesrc=%2F%2Fsys%2Fdev%2Fchar%2F13%3A63%2Fsubsystem%2Finput6%2Fsubsystem%2Fevent4%2Fsubsystem%2Finput6%2Funiq&path=%2F%2Fsys%2Fdev%2Fchar%2F13%3A63%2Fsubsystem%2Finput6%2Fsubsystem%2Fevent4%2Fsubsystem%2Finput6 HTTP/1.1" 200 15540 "-" "Mozilla/5.0 AppleWebKit/537.36 (KHTML, like Gecko; compatible; ClaudeBot/1.0; [email protected])"
18.219.61.156 - - [12/May/2025:03:11:49 +0100] "GET /cargo/detail?filesrc=%2F%2Fsys%2Fdev%2Fchar%2F13%3A63%2Fsubsystem%2Fevent4%2Fsubsystem%2Finput6%2Fsubsystem%2Finput6%2Funiq&path=%2F%2Fsys%2Fdev%2Fchar%2F13%3A63%2Fsubsystem%2Fevent4%2Fsubsystem%2Finput6%2Fsubsystem%2Finput6 HTTP/1.1" 200 15539 "-" "Mozilla/5.0 AppleWebKit/537.36 (KHTML, like Gecko; compatible; ClaudeBot/1.0; [email protected])"
143.198.221.225 - - [12/May/2025:03:11:49 +0100] "POST /xmlrpc.php HTTP/1.1" 200 4353 "-" "Mozilla/5.0 (Windows NT 10.0; Win64; x64) AppleWebKit/537.36 (KHTML, like Gecko) Chrome/89.0.4389.114 Safari/537.36"
18.219.61.156 - - [12/May/2025:03:11:49 +0100] "GET /cargo/detail?path=%2F%2Fsys%2Fdev%2Fchar%2F13%3A63%2Fsubsystem%2Fmouse2%2Fdevice%2Fevent4%2Fsubsystem%2Fmouse0%2Fpower HTTP/1.1" 200 16211 "-" "Mozilla/5.0 AppleWebKit/537.36 (KHTML, like Gecko; compatible; ClaudeBot/1.0; [email protected])"
18.219.61.156 - - [12/May/2025:03:11:50 +0100] "GET /feature/osu_main/index.html?filesrc=%2F%2Fsys%2Fbus%2Fusb%2Fdevices%2F1-0%3A1.0%2Fsubsystem%2Fdrivers%2Fusb%2Fusb1%2Fdriver%2Fusb1%2Fserial&path=%2F%2Fsys%2Fbus%2Fusb%2Fdevices%2F1-0%3A1.0%2Fsubsystem%2Fdrivers%2Fusb%2Fusb1%2Fdriver%2Fusb1 HTTP/1.1" 200 16809 "-" "Mozilla/5.0 AppleWebKit/537.36 (KHTML, like Gecko; compatible; ClaudeBot/1.0; [email protected])"
20.171.207.190 - - [12/May/2025:03:11:50 +0100] "GET /?aksi=buatfolder&path=%2F%2Fproc%2Fself%2Froot%2Fsys%2Fclass%2Fscsi_host%2Fhost10%2Fsubsystem%2Fhost0 HTTP/1.1" 200 27505 "-" "Mozilla/5.0 AppleWebKit/537.36 (KHTML, like Gecko; compatible; GPTBot/1.2; +https://openai.com/gptbot)"
18.219.61.156 - - [12/May/2025:03:11:50 +0100] "GET /cargo/detail?aksi=buatfolder&path=%2F%2Fsys%2Fclass%2Finput%2Finput3%2Fmouse1%2Fsubsystem%2Fevent2%2Fdevice%2Fsubsystem%2Finput1%2Fsubsystem%2Finput1%2Fid HTTP/1.1" 200 15609 "-" "Mozilla/5.0 AppleWebKit/537.36 (KHTML, like Gecko; compatible; ClaudeBot/1.0; [email protected])"
66.249.69.69 - - [12/May/2025:03:11:50 +0100] "GET /safe_search/config?return_url=%2Fproduct%2Fdetail%2F99402800 HTTP/1.1" 200 31 "-" "Mozilla/5.0 (Linux; Android 6.0.1; Nexus 5X Build/MMB29P) AppleWebKit/537.36 (KHTML, like Gecko) Chrome/136.0.7103.59 Mobile Safari/537.36 (compatible; GoogleOther)"
18.219.61.156 - - [12/May/2025:03:11:50 +0100] "GET /pcmypage?filesrc=%2F%2Fsys%2Fclass%2Finput%2Finput0%2Fdevice%2Fsubsystem%2Fdevices%2FLNXCPU%3A35%2Fsubsystem%2Fdevices%2Fdevice%3A02%2Fadr&path=%2F%2Fsys%2Fclass%2Finput%2Finput0%2Fdevice%2Fsubsystem%2Fdevices%2FLNXCPU%3A35%2Fsubsystem%2Fdevices%2Fdevice%3A02 HTTP/1.1" 200 15567 "-" "Mozilla/5.0 AppleWebKit/537.36 (KHTML, like Gecko; compatible; ClaudeBot/1.0; [email protected])"
18.219.61.156 - - [12/May/2025:03:11:50 +0100] "GET /cargo/detail?path=%2F%2Fsys%2Fclass%2Finput%2Fevent0%2Fsubsystem%2Fmice%2Fsubsystem%2Fevent0%2Fsubsystem%2Fmouse1%2Fsubsystem HTTP/1.1" 200 16507 "-" "Mozilla/5.0 AppleWebKit/537.36 (KHTML, like Gecko; compatible; ClaudeBot/1.0; [email protected])"
18.219.61.156 - - [12/May/2025:03:11:50 +0100] "GET /pcmypage?aksi=ransom&path=%2F%2Fsys%2Fclass%2Finput%2Fmouse1%2Fdevice%2Fmouse1%2Fdevice%2Fevent3%2Fsubsystem%2Finput5 HTTP/1.1" 200 16603 "-" "Mozilla/5.0 AppleWebKit/537.36 (KHTML, like Gecko; compatible; ClaudeBot/1.0; [email protected])"
18.219.61.156 - - [12/May/2025:03:11:51 +0100] "GET /cargo/detail?path=%2F%2Fsys%2Fdev%2Fchar%2F13%3A63%2Fsubsystem%2Finput1%2Fsubsystem%2Fevent2%2Fsubsystem%2Fevent0%2Fpower HTTP/1.1" 200 16215 "-" "Mozilla/5.0 AppleWebKit/537.36 (KHTML, like Gecko; compatible; ClaudeBot/1.0; [email protected])"
18.219.61.156 - - [12/May/2025:03:11:51 +0100] "GET /cargo/detail?aksi=buatfolder&path=%2F%2Fsys%2Fclass%2Finput%2Finput4%2Fsubsystem%2Finput3%2Fevent3%2Fdevice%2Fsubsystem%2Fmice%2Fsubsystem%2Finput5%2Fevent4 HTTP/1.1" 200 15621 "-" "Mozilla/5.0 AppleWebKit/537.36 (KHTML, like Gecko; compatible; ClaudeBot/1.0; [email protected])"
143.198.221.225 - - [12/May/2025:03:11:51 +0100] "POST /xmlrpc.php HTTP/1.1" 200 4353 "-" "Mozilla/5.0 (Windows NT 10.0; Win64; x64) AppleWebKit/537.36 (KHTML, like Gecko) Chrome/89.0.4389.114 Safari/537.36"
18.219.61.156 - - [12/May/2025:03:11:51 +0100] "GET /cargo/detail?aksi=buatfile&path=%2F%2Fsys%2Fclass%2Finput%2Finput6%2Fsubsystem%2Finput1%2Fevent1%2Fsubsystem%2Fmouse2%2Fsubsystem%2Finput3%2Fsubsystem%2Finput0 HTTP/1.1" 200 16620 "-" "Mozilla/5.0 AppleWebKit/537.36 (KHTML, like Gecko; compatible; ClaudeBot/1.0; [email protected])"
18.219.61.156 - - [12/May/2025:03:11:52 +0100] "GET /dozin.html?path=%2F%2Fsys%2Fblock%2Fsda%2Fsubsystem%2Fsr0%2Fmq%2F0%2Fcpu41 HTTP/1.1" 200 15626 "-" "Mozilla/5.0 AppleWebKit/537.36 (KHTML, like Gecko; compatible; ClaudeBot/1.0; [email protected])"
18.219.61.156 - - [12/May/2025:03:11:52 +0100] "GET /cargo/detail?filesrc=%2F%2Fsys%2Fdev%2Fchar%2F13%3A63%2Fsubsystem%2Finput0%2Fsubsystem%2Fevent0%2Fsubsystem%2Fevent0%2Fdev&path=%2F%2Fsys%2Fdev%2Fchar%2F13%3A63%2Fsubsystem%2Finput0%2Fsubsystem%2Fevent0%2Fsubsystem%2Fevent0 HTTP/1.1" 200 15533 "-" "Mozilla/5.0 AppleWebKit/537.36 (KHTML, like Gecko; compatible; ClaudeBot/1.0; [email protected])"
18.219.61.156 - - [12/May/2025:03:11:52 +0100] "GET /cargo/detail?filesrc=%2F%2Fsys%2Fdev%2Fchar%2F13%3A63%2Fsubsystem%2Finput0%2Fsubsystem%2Fevent1%2Fsubsystem%2Fmouse0%2Fuevent&path=%2F%2Fsys%2Fdev%2Fchar%2F13%3A63%2Fsubsystem%2Finput0%2Fsubsystem%2Fevent1%2Fsubsystem%2Fmouse0 HTTP/1.1" 200 15574 "-" "Mozilla/5.0 AppleWebKit/537.36 (KHTML, like Gecko; compatible; ClaudeBot/1.0; [email protected])"
18.219.61.156 - - [12/May/2025:03:11:52 +0100] "GET /cargo/detail?path=%2F%2Fsys%2Fdev%2Fchar%2F13%3A63%2Fsubsystem%2Fevent4%2Fsubsystem%2Finput6%2Fsubsystem%2Finput1%2Fid HTTP/1.1" 200 16134 "-" "Mozilla/5.0 AppleWebKit/537.36 (KHTML, like Gecko; compatible; ClaudeBot/1.0; [email protected])"
18.219.61.156 - - [12/May/2025:03:11:53 +0100] "GET /cargo/detail?path=%2F%2Fsys%2Fdev%2Fchar%2F13%3A63%2Fsubsystem%2Finput6%2Fsubsystem%2Fevent4%2Fsubsystem%2Finput1%2Fid HTTP/1.1" 200 16136 "-" "Mozilla/5.0 AppleWebKit/537.36 (KHTML, like Gecko; compatible; ClaudeBot/1.0; [email protected])"
20.171.207.190 - - [12/May/2025:03:11:53 +0100] "GET /?aksi=buatfolder&path=%2F%2Fproc%2Fself%2Froot%2Fsys%2Fclass%2Fscsi_host%2Fhost10%2Fsubsystem%2Fhost3 HTTP/1.1" 200 27506 "-" "Mozilla/5.0 AppleWebKit/537.36 (KHTML, like Gecko; compatible; GPTBot/1.2; +https://openai.com/gptbot)"
18.219.61.156 - - [12/May/2025:03:11:53 +0100] "GET /cargo/detail?path=%2F%2Fsys%2Fdev%2Fchar%2F13%3A63%2Fsubsystem%2Fevent4%2Fsubsystem%2Fmouse2%2Fdevice%2Fsubsystem%2Fevent5 HTTP/1.1" 200 16274 "-" "Mozilla/5.0 AppleWebKit/537.36 (KHTML, like Gecko; compatible; ClaudeBot/1.0; [email protected])"
66.249.69.69 - - [12/May/2025:03:11:53 +0100] "GET /musical-instruments/crafts/18440423673857.htm HTTP/1.1" 200 31 "-" "Mozilla/5.0 (Linux; Android 6.0.1; Nexus 5X Build/MMB29P) AppleWebKit/537.36 (KHTML, like Gecko) Chrome/136.0.7103.59 Mobile Safari/537.36 (compatible; GoogleOther)"
18.219.61.156 - - [12/May/2025:03:11:54 +0100] "GET /pcmypage?filesrc=%2F%2Fsys%2Fclass%2Finput%2Finput5%2Fsubsystem%2Fmice%2Fsubsystem%2Finput5%2Fsubsystem%2Fevent1%2Fuevent&path=%2F%2Fsys%2Fclass%2Finput%2Finput5%2Fsubsystem%2Fmice%2Fsubsystem%2Finput5%2Fsubsystem%2Fevent1 HTTP/1.1" 200 15569 "-" "Mozilla/5.0 AppleWebKit/537.36 (KHTML, like Gecko; compatible; ClaudeBot/1.0; [email protected])"
18.219.61.156 - - [12/May/2025:03:11:54 +0100] "GET /cargo/detail?filesrc=%2F%2Fsys%2Fdev%2Fchar%2F13%3A63%2Fsubsystem%2Fmouse0%2Fsubsystem%2Finput3%2Fsubsystem%2Finput1%2Fproperties&path=%2F%2Fsys%2Fdev%2Fchar%2F13%3A63%2Fsubsystem%2Fmouse0%2Fsubsystem%2Finput3%2Fsubsystem%2Finput1 HTTP/1.1" 200 15542 "-" "Mozilla/5.0 AppleWebKit/537.36 (KHTML, like Gecko; compatible; ClaudeBot/1.0; [email protected])"
143.198.221.225 - - [12/May/2025:03:11:54 +0100] "POST /xmlrpc.php HTTP/1.1" 200 4353 "-" "Mozilla/5.0 (Windows NT 10.0; Win64; x64) AppleWebKit/537.36 (KHTML, like Gecko) Chrome/89.0.4389.114 Safari/537.36"
18.219.61.156 - - [12/May/2025:03:11:54 +0100] "GET /cargo/detail?aksi=buatfolder&path=%2F%2Fsys%2Fclass%2Finput%2Fmouse1%2Fdevice%2Fmouse1%2Fdevice%2Fevent3%2Fsubsystem%2Fmice%2Fsubsystem%2Fevent5 HTTP/1.1" 200 15599 "-" "Mozilla/5.0 AppleWebKit/537.36 (KHTML, like Gecko; compatible; ClaudeBot/1.0; [email protected])"
18.219.61.156 - - [12/May/2025:03:11:54 +0100] "GET /cargo/detail?filesrc=%2F%2Fsys%2Fdev%2Fchar%2F13%3A63%2Fsubsystem%2Finput6%2Fsubsystem%2Finput6%2Fsubsystem%2Fmouse2%2Fdev&path=%2F%2Fsys%2Fdev%2Fchar%2F13%3A63%2Fsubsystem%2Finput6%2Fsubsystem%2Finput6%2Fsubsystem%2Fmouse2 HTTP/1.1" 200 15536 "-" "Mozilla/5.0 AppleWebKit/537.36 (KHTML, like Gecko; compatible; ClaudeBot/1.0; [email protected])"
18.219.61.156 - - [12/May/2025:03:11:54 +0100] "GET /pcmypage?path=%2F%2Fsys%2Fclass%2Fscsi_host%2Fhost0%2Fsubsystem%2Fhost1%2Fsubsystem%2Fhost3 HTTP/1.1" 200 16917 "-" "Mozilla/5.0 AppleWebKit/537.36 (KHTML, like Gecko; compatible; ClaudeBot/1.0; [email protected])"
18.219.61.156 - - [12/May/2025:03:11:54 +0100] "GET /%22,t+=%22%3C%22+e.getAttribute(%22src%22?filesrc=%2F%2Fproc%2F3730333%2Ftask%2F3730355%2Fnet%2Fptype&path=%2F%2Fproc%2F3730333%2Ftask%2F3730355%2Fnet HTTP/1.1" 200 2264 "-" "Mozilla/5.0 AppleWebKit/537.36 (KHTML, like Gecko; compatible; ClaudeBot/1.0; [email protected])"
18.219.61.156 - - [12/May/2025:03:11:54 +0100] "GET /pcmypage?aksi=buatfolder&path=%2F%2Fsys%2Fclass%2Finput%2Finput3%2Fmouse1%2Fdevice%2Fmouse1%2Fsubsystem%2Fmouse2%2Fsubsystem%2Fmouse0%2Fsubsystem%2Finput3 HTTP/1.1" 200 15615 "-" "Mozilla/5.0 AppleWebKit/537.36 (KHTML, like Gecko; compatible; ClaudeBot/1.0; [email protected])"
18.219.61.156 - - [12/May/2025:03:11:54 +0100] "GET /hobby.html?aksi=buatfile&path=%2F%2Fsys%2Fdevices%2Fpci0000%3A00%2F0000%3A00%3A0b.0%2Fdriver%2F0000%3A00%3A03.0%2Fvirtio0%2Fnet%2Feth0%2Fsubsystem%2Feth0%2Fpower HTTP/1.1" 200 16234 "-" "Mozilla/5.0 AppleWebKit/537.36 (KHTML, like Gecko; compatible; ClaudeBot/1.0; [email protected])"
18.219.61.156 - - [12/May/2025:03:11:55 +0100] "GET /cargo/detail?aksi=ransom&path=%2F%2Fsys%2Fclass%2Finput%2Fmouse2%2Fdevice%2Fmouse2%2Fsubsystem%2Finput3%2Fmouse1%2Fdevice%2Fevent3 HTTP/1.1" 200 16253 "-" "Mozilla/5.0 AppleWebKit/537.36 (KHTML, like Gecko; compatible; ClaudeBot/1.0; [email protected])"
18.219.61.156 - - [12/May/2025:03:11:55 +0100] "GET /feature/yokohama_maruicity/index.html?aksi=ransom&path=%2F%2Fsys%2Fbus%2Fpci%2Fdevices%2F0000%3A00%3A0b.0%2Fdriver%2F0000%3A00%3A0b.0%2Fsubsystem%2Fdevices%2F0000%3A00%3A07.0%2Ffirmware_node HTTP/1.1" 200 17786 "-" "Mozilla/5.0 AppleWebKit/537.36 (KHTML, like Gecko; compatible; ClaudeBot/1.0; [email protected])"
20.171.207.190 - - [12/May/2025:03:11:55 +0100] "GET /?path=%2F%2Fproc%2Fself%2Froot%2Fsys%2Fclass%2Fscsi_host%2Fhost11%2Fsubsystem%2Fhost3 HTTP/1.1" 200 28853 "-" "Mozilla/5.0 AppleWebKit/537.36 (KHTML, like Gecko; compatible; GPTBot/1.2; +https://openai.com/gptbot)"
66.249.69.69 - - [12/May/2025:03:11:55 +0100] "GET /art/pa/1855011237701 HTTP/1.1" 200 31 "-" "Mozilla/5.0 (Linux; Android 6.0.1; Nexus 5X Build/MMB29P) AppleWebKit/537.36 (KHTML, like Gecko) Chrome/136.0.7103.59 Mobile Safari/537.36 (compatible; GoogleOther)"
18.219.61.156 - - [12/May/2025:03:11:56 +0100] "GET /cargo/detail?filesrc=%2F%2Fsys%2Fdev%2Fchar%2F13%3A63%2Fsubsystem%2Fevent2%2Fsubsystem%2Finput4%2Fsubsystem%2Fevent2%2Fdev&path=%2F%2Fsys%2Fdev%2Fchar%2F13%3A63%2Fsubsystem%2Fevent2%2Fsubsystem%2Finput4%2Fsubsystem%2Fevent2 HTTP/1.1" 200 15540 "-" "Mozilla/5.0 AppleWebKit/537.36 (KHTML, like Gecko; compatible; ClaudeBot/1.0; [email protected])"
18.219.61.156 - - [12/May/2025:03:11:56 +0100] "GET /cargo/detail?filesrc=%2F%2Fsys%2Fdev%2Fchar%2F13%3A63%2Fsubsystem%2Finput4%2Fsubsystem%2Fevent2%2Fsubsystem%2Fevent2%2Fdev&path=%2F%2Fsys%2Fdev%2Fchar%2F13%3A63%2Fsubsystem%2Finput4%2Fsubsystem%2Fevent2%2Fsubsystem%2Fevent2 HTTP/1.1" 200 15538 "-" "Mozilla/5.0 AppleWebKit/537.36 (KHTML, like Gecko; compatible; ClaudeBot/1.0; [email protected])"
143.198.221.225 - - [12/May/2025:03:11:56 +0100] "POST /xmlrpc.php HTTP/1.1" 200 4353 "-" "Mozilla/5.0 (Windows NT 10.0; Win64; x64) AppleWebKit/537.36 (KHTML, like Gecko) Chrome/89.0.4389.114 Safari/537.36"
18.219.61.156 - - [12/May/2025:03:11:56 +0100] "GET /pcmypage?path=%2F%2Fsys%2Fclass%2Finput%2Fevent4%2Fsubsystem%2Fmice%2Fsubsystem%2Fmouse2%2Fsubsystem%2Fmouse0%2Fdevice HTTP/1.1" 200 16633 "-" "Mozilla/5.0 AppleWebKit/537.36 (KHTML, like Gecko; compatible; ClaudeBot/1.0; [email protected])"
18.219.61.156 - - [12/May/2025:03:11:56 +0100] "GET /pcmypage?path=%2F%2Fsys%2Fclass%2Finput%2Fevent4%2Fsubsystem%2Fmice%2Fsubsystem%2Fmouse0%2Fsubsystem%2Fmouse2%2Fdevice HTTP/1.1" 200 16627 "-" "Mozilla/5.0 AppleWebKit/537.36 (KHTML, like Gecko; compatible; ClaudeBot/1.0; [email protected])"
18.219.61.156 - - [12/May/2025:03:11:56 +0100] "GET /cargo/detail?path=%2F%2Fsys%2Fdev%2Fchar%2F13%3A63%2Fsubsystem%2Fevent2%2Fsubsystem%2Finput3%2Fsubsystem%2Fevent5%2Fdevice HTTP/1.1" 200 16588 "-" "Mozilla/5.0 AppleWebKit/537.36 (KHTML, like Gecko; compatible; ClaudeBot/1.0; [email protected])"
18.219.61.156 - - [12/May/2025:03:11:56 +0100] "GET /cargo/detail?aksi=buatfolder&path=%2F%2Fsys%2Fclass%2Finput%2Finput3%2Fmouse1%2Fsubsystem%2Finput3%2Fsubsystem%2Finput5%2Fsubsystem%2Finput5%2Fsubsystem%2Fevent1 HTTP/1.1" 200 15610 "-" "Mozilla/5.0 AppleWebKit/537.36 (KHTML, like Gecko; compatible; ClaudeBot/1.0; [email protected])"
18.219.61.156 - - [12/May/2025:03:11:57 +0100] "GET /events?aksi=buatfolder&path=%2F%2Fusr%2Fshare%2Fmysql%2Ffrench HTTP/1.1" 200 15505 "-" "Mozilla/5.0 AppleWebKit/537.36 (KHTML, like Gecko; compatible; ClaudeBot/1.0; [email protected])"
18.219.61.156 - - [12/May/2025:03:11:57 +0100] "GET /cargo/detail?aksi=buatfolder&path=%2F%2Fsys%2Fclass%2Finput%2Finput3%2Fmouse1%2Fsubsystem%2Finput1%2Fsubsystem%2Fevent0%2Fsubsystem%2Finput6%2Fsubsystem%2Fevent0 HTTP/1.1" 200 15618 "-" "Mozilla/5.0 AppleWebKit/537.36 (KHTML, like Gecko; compatible; ClaudeBot/1.0; [email protected])"
18.219.61.156 - - [12/May/2025:03:11:57 +0100] "GET /cargo/detail?filesrc=%2F%2Fsys%2Fclass%2Fblock%2Fvda%2Fvda1%2Fsubsystem%2Fsda%2Fsubsystem%2Fsda%2Fcapability&path=%2F%2Fsys%2Fclass%2Fblock%2Fvda%2Fvda1%2Fsubsystem%2Fsda%2Fsubsystem%2Fsda HTTP/1.1" 200 15515 "-" "Mozilla/5.0 AppleWebKit/537.36 (KHTML, like Gecko; compatible; ClaudeBot/1.0; [email protected])"
18.219.61.156 - - [12/May/2025:03:11:57 +0100] "GET /pcmypage?filesrc=%2F%2Fsys%2Fclass%2Finput%2Finput5%2Fsubsystem%2Fmice%2Fsubsystem%2Fevent5%2Fdevice%2Fpower%2Fruntime_suspended_time&path=%2F%2Fsys%2Fclass%2Finput%2Finput5%2Fsubsystem%2Fmice%2Fsubsystem%2Fevent5%2Fdevice%2Fpower HTTP/1.1" 200 15555 "-" "Mozilla/5.0 AppleWebKit/537.36 (KHTML, like Gecko; compatible; ClaudeBot/1.0; [email protected])"
18.219.61.156 - - [12/May/2025:03:11:57 +0100] "GET /cargo/detail?filesrc=%2F%2Fsys%2Fclass%2Finput%2Fevent4%2Fsubsystem%2Fevent2%2Fsubsystem%2Fmice%2Fsubsystem%2Finput1%2Fname&path=%2F%2Fsys%2Fclass%2Finput%2Fevent4%2Fsubsystem%2Fevent2%2Fsubsystem%2Fmice%2Fsubsystem%2Finput1 HTTP/1.1" 200 15564 "-" "Mozilla/5.0 AppleWebKit/537.36 (KHTML, like Gecko; compatible; ClaudeBot/1.0; [email protected])"
143.198.221.225 - - [12/May/2025:03:11:57 +0100] "POST /xmlrpc.php HTTP/1.1" 200 4353 "-" "Mozilla/5.0 (Windows NT 10.0; Win64; x64) AppleWebKit/537.36 (KHTML, like Gecko) Chrome/89.0.4389.114 Safari/537.36"
18.219.61.156 - - [12/May/2025:03:11:57 +0100] "GET /cargo/detail?filesrc=%2F%2Fsys%2Fclass%2Finput%2Fevent4%2Fsubsystem%2Fmice%2Fsubsystem%2Fevent2%2Fsubsystem%2Finput1%2Fname&path=%2F%2Fsys%2Fclass%2Finput%2Fevent4%2Fsubsystem%2Fmice%2Fsubsystem%2Fevent2%2Fsubsystem%2Finput1 HTTP/1.1" 200 15564 "-" "Mozilla/5.0 AppleWebKit/537.36 (KHTML, like Gecko; compatible; ClaudeBot/1.0; [email protected])"
18.219.61.156 - - [12/May/2025:03:11:58 +0100] "GET /pcmypage?aksi=buatfolder&path=%2F%2Fsys%2Fclass%2Finput%2Fevent5%2Fdevice%2Fsubsystem%2Fevent1%2Fdevice%2Fsubsystem%2Fmouse2%2Fdevice%2Fmouse2 HTTP/1.1" 200 15598 "-" "Mozilla/5.0 AppleWebKit/537.36 (KHTML, like Gecko; compatible; ClaudeBot/1.0; [email protected])"
18.219.61.156 - - [12/May/2025:03:11:58 +0100] "GET /cargo/detail?filesrc=%2F%2Fsys%2Fdev%2Fchar%2F13%3A63%2Fsubsystem%2Finput1%2Fsubsystem%2Fevent5%2Fsubsystem%2Finput6%2Funiq&path=%2F%2Fsys%2Fdev%2Fchar%2F13%3A63%2Fsubsystem%2Finput1%2Fsubsystem%2Fevent5%2Fsubsystem%2Finput6 HTTP/1.1" 200 15545 "-" "Mozilla/5.0 AppleWebKit/537.36 (KHTML, like Gecko; compatible; ClaudeBot/1.0; [email protected])"
20.171.207.190 - - [12/May/2025:03:11:58 +0100] "GET /?path=%2F%2Fproc%2Fself%2Froot%2Fsys%2Fclass%2Fscsi_host%2Fhost3%2Fsubsystem%2Fhost11 HTTP/1.1" 200 29293 "-" "Mozilla/5.0 AppleWebKit/537.36 (KHTML, like Gecko; compatible; GPTBot/1.2; +https://openai.com/gptbot)"
66.249.69.69 - - [12/May/2025:03:11:58 +0100] "GET /safe_search/config?return_url=%2Fproduct%2Fdetail%2F24566529 HTTP/1.1" 200 31 "-" "Mozilla/5.0 (Linux; Android 6.0.1; Nexus 5X Build/MMB29P) AppleWebKit/537.36 (KHTML, like Gecko) Chrome/136.0.7103.59 Mobile Safari/537.36 (compatible; GoogleOther)"
18.219.61.156 - - [12/May/2025:03:11:58 +0100] "GET /pcmypage?aksi=buatfolder&path=%2F%2Fsys%2Fclass%2Finput%2Finput3%2Fmouse1%2Fdevice%2Fmouse1%2Fsubsystem%2Fmice%2Fsubsystem%2Finput3%2Fsubsystem%2Fevent3 HTTP/1.1" 200 15614 "-" "Mozilla/5.0 AppleWebKit/537.36 (KHTML, like Gecko; compatible; ClaudeBot/1.0; [email protected])"
18.219.61.156 - - [12/May/2025:03:11:58 +0100] "GET /feature/yokohama_maruicity/index.html?aksi=buatfolder&path=%2F%2Fsys%2Fbus%2Fpci%2Fdevices%2F0000%3A00%3A09.0%2Ffirmware_node%2Fphysical_node%2Fsubsystem%2Fslots HTTP/1.1" 200 16853 "-" "Mozilla/5.0 AppleWebKit/537.36 (KHTML, like Gecko; compatible; ClaudeBot/1.0; [email protected])"
18.219.61.156 - - [12/May/2025:03:11:58 +0100] "GET /feature/yokohama_maruicity/index.html?path=%2F%2Fsys%2Fbus%2Fpci%2Fdevices%2F0000%3A00%3A01.1%2Fata1%2Fata_port%2Fata1%2Fsubsystem%2Fata1%2Fsubsystem%2Fata5 HTTP/1.1" 200 17603 "-" "Mozilla/5.0 AppleWebKit/537.36 (KHTML, like Gecko; compatible; ClaudeBot/1.0; [email protected])"
18.219.61.156 - - [12/May/2025:03:11:59 +0100] "GET /cargo/detail?aksi=buatfolder&path=%2F%2Fsys%2Fdev%2Fchar%2F13%3A63%2Fsubsystem%2Fevent4%2Fsubsystem%2Finput1%2Finput1%3A%3Anumlock%2Fdevice%2Fdevice HTTP/1.1" 200 15601 "-" "Mozilla/5.0 AppleWebKit/537.36 (KHTML, like Gecko; compatible; ClaudeBot/1.0; [email protected])"
18.219.61.156 - - [12/May/2025:03:11:59 +0100] "GET /cargo/detail?aksi=ransom&path=%2F%2Fsys%2Fdev%2Fchar%2F13%3A63%2Fsubsystem%2Finput5%2Fsubsystem%2Finput1%2Finput1%3A%3Anumlock%2Fdevice%2Finput1%3A%3Anumlock HTTP/1.1" 200 16374 "-" "Mozilla/5.0 AppleWebKit/537.36 (KHTML, like Gecko; compatible; ClaudeBot/1.0; [email protected])"
18.219.61.156 - - [12/May/2025:03:11:59 +0100] "GET /cargo/detail?path=%2F%2Fsys%2Fclass%2Finput%2Fevent2%2Fsubsystem%2Fmouse0%2Fsubsystem%2Fevent2%2Fsubsystem%2Fmice%2Fsubsystem%2Fevent1 HTTP/1.1" 200 16283 "-" "Mozilla/5.0 AppleWebKit/537.36 (KHTML, like Gecko; compatible; ClaudeBot/1.0; [email protected])"
18.219.61.156 - - [12/May/2025:03:11:59 +0100] "GET /cargo/detail?path=%2F%2Fsys%2Fdev%2Fchar%2F13%3A63%2Fsubsystem%2Fmouse2%2Fdevice%2Fmouse2%2Fsubsystem%2Finput6%2Fpower HTTP/1.1" 200 16208 "-" "Mozilla/5.0 AppleWebKit/537.36 (KHTML, like Gecko; compatible; ClaudeBot/1.0; [email protected])"
143.198.221.225 - - [12/May/2025:03:11:59 +0100] "POST /xmlrpc.php HTTP/1.1" 200 4353 "-" "Mozilla/5.0 (Windows NT 10.0; Win64; x64) AppleWebKit/537.36 (KHTML, like Gecko) Chrome/89.0.4389.114 Safari/537.36"
18.219.61.156 - - [12/May/2025:03:12:00 +0100] "GET /cargo/detail?path=%2F%2Fsys%2Fdev%2Fchar%2F13%3A63%2Fsubsystem%2Fmice%2Fsubsystem%2Finput6%2Fsubsystem%2Finput3 HTTP/1.1" 200 16606 "-" "Mozilla/5.0 AppleWebKit/537.36 (KHTML, like Gecko; compatible; ClaudeBot/1.0; [email protected])"
18.219.61.156 - - [12/May/2025:03:12:00 +0100] "GET /feature/osu_main/index.html?filesrc=%2F%2Fsys%2Fdevices%2Fpci0000%3A00%2F0000%3A00%3A07.0%2Fsubsystem%2Fdevices%2F0000%3A00%3A01.2%2Fusb1%2Fdriver%2Fusb1%2Fmanufacturer&path=%2F%2Fsys%2Fdevices%2Fpci0000%3A00%2F0000%3A00%3A07.0%2Fsubsystem%2Fdevices%2F0000%3A00%3A01.2%2Fusb1%2Fdriver%2Fusb1 HTTP/1.1" 200 16852 "-" "Mozilla/5.0 AppleWebKit/537.36 (KHTML, like Gecko; compatible; ClaudeBot/1.0; [email protected])"
18.219.61.156 - - [12/May/2025:03:12:00 +0100] "GET /cargo/detail?filesrc=%2F%2Fsys%2Fclass%2Finput%2Fevent4%2Fsubsystem%2Fmice%2Fsubsystem%2Fmouse2%2Fsubsystem%2Finput1%2Fphys&path=%2F%2Fsys%2Fclass%2Finput%2Fevent4%2Fsubsystem%2Fmice%2Fsubsystem%2Fmouse2%2Fsubsystem%2Finput1 HTTP/1.1" 200 15559 "-" "Mozilla/5.0 AppleWebKit/537.36 (KHTML, like Gecko; compatible; ClaudeBot/1.0; [email protected])"
18.219.61.156 - - [12/May/2025:03:12:00 +0100] "GET /cargo/detail?path=%2F%2Fsys%2Fclass%2Finput%2Fevent0%2Fsubsystem%2Fmice%2Fsubsystem%2Fevent2%2Fsubsystem%2Finput5%2Fpower HTTP/1.1" 200 16215 "-" "Mozilla/5.0 AppleWebKit/537.36 (KHTML, like Gecko; compatible; ClaudeBot/1.0; [email protected])"
18.219.61.156 - - [12/May/2025:03:12:00 +0100] "GET /search?path=%2F%2Fsys%2Fbus%2Fpci%2Fdevices%2F0000%3A00%3A01.2%2Fsubsystem%2Fdevices%2F0000%3A00%3A08.0%2Fsubsystem%2Fdrivers%2Fpcieport HTTP/1.1" 200 16210 "-" "Mozilla/5.0 AppleWebKit/537.36 (KHTML, like Gecko; compatible; ClaudeBot/1.0; [email protected])"
18.219.61.156 - - [12/May/2025:03:12:00 +0100] "GET /cargo/detail?aksi=buatfolder&path=%2F%2Fsys%2Fclass%2Finput%2Finput4%2Fsubsystem%2Finput3%2Fevent3%2Fdevice%2Fsubsystem%2Fmouse1%2Fsubsystem%2Finput1%2Fid HTTP/1.1" 200 15617 "-" "Mozilla/5.0 AppleWebKit/537.36 (KHTML, like Gecko; compatible; ClaudeBot/1.0; [email protected])"
18.219.61.156 - - [12/May/2025:03:12:00 +0100] "GET /cargo/detail?aksi=buatfolder&path=%2F%2Fsys%2Fclass%2Finput%2Finput6%2Fsubsystem%2Finput1%2Fevent1%2Fsubsystem%2Fmouse2%2Fsubsystem%2Fevent0%2Fsubsystem%2Finput5 HTTP/1.1" 200 15616 "-" "Mozilla/5.0 AppleWebKit/537.36 (KHTML, like Gecko; compatible; ClaudeBot/1.0; [email protected])"
18.219.61.156 - - [12/May/2025:03:12:01 +0100] "GET /cargo/detail?filesrc=%2F%2Fsys%2Fdev%2Fchar%2F13%3A63%2Fsubsystem%2Fmouse1%2Fsubsystem%2Finput3%2Fsubsystem%2Finput5%2Fuevent&path=%2F%2Fsys%2Fdev%2Fchar%2F13%3A63%2Fsubsystem%2Fmouse1%2Fsubsystem%2Finput3%2Fsubsystem%2Finput5 HTTP/1.1" 200 15732 "-" "Mozilla/5.0 AppleWebKit/537.36 (KHTML, like Gecko; compatible; ClaudeBot/1.0; [email protected])"
18.219.61.156 - - [12/May/2025:03:12:01 +0100] "GET /cargo/detail?filesrc=%2F%2Fsys%2Fdev%2Fchar%2F13%3A63%2Fsubsystem%2Fevent4%2Fsubsystem%2Finput4%2Fsubsystem%2Finput0%2Fname&path=%2F%2Fsys%2Fdev%2Fchar%2F13%3A63%2Fsubsystem%2Fevent4%2Fsubsystem%2Finput4%2Fsubsystem%2Finput0 HTTP/1.1" 200 15551 "-" "Mozilla/5.0 AppleWebKit/537.36 (KHTML, like Gecko; compatible; ClaudeBot/1.0; [email protected])"
18.219.61.156 - - [12/May/2025:03:12:01 +0100] "GET /cargo/detail?path=%2F%2Fsys%2Fdev%2Fchar%2F13%3A63%2Fsubsystem%2Fevent2%2Fsubsystem%2Finput3%2Fsubsystem%2Finput3%2Fid HTTP/1.1" 200 16121 "-" "Mozilla/5.0 AppleWebKit/537.36 (KHTML, like Gecko; compatible; ClaudeBot/1.0; [email protected])"
20.171.207.190 - - [12/May/2025:03:12:01 +0100] "GET /?path=%2F%2Fproc%2Fself%2Froot%2Fsys%2Fbus%2Fcpu%2Fdevices%2Fcpu0%2Fnode0%2Fsubsystem HTTP/1.1" 200 28396 "-" "Mozilla/5.0 AppleWebKit/537.36 (KHTML, like Gecko; compatible; GPTBot/1.2; +https://openai.com/gptbot)"
143.198.221.225 - - [12/May/2025:03:12:01 +0100] "POST /xmlrpc.php HTTP/1.1" 200 4353 "-" "Mozilla/5.0 (Windows NT 10.0; Win64; x64) AppleWebKit/537.36 (KHTML, like Gecko) Chrome/89.0.4389.114 Safari/537.36"
66.249.69.69 - - [12/May/2025:03:12:01 +0100] "GET /safe_search/config?return_url=%2Fproduct%2Fdetail%2F91717263 HTTP/1.1" 200 31 "-" "Mozilla/5.0 (Linux; Android 6.0.1; Nexus 5X Build/MMB29P) AppleWebKit/537.36 (KHTML, like Gecko) Chrome/136.0.7103.59 Mobile Safari/537.36 (compatible; GoogleOther)"
18.219.61.156 - - [12/May/2025:03:12:02 +0100] "GET /cargo/detail?filesrc=%2F%2Fsys%2Fclass%2Finput%2Fevent4%2Fsubsystem%2Fmice%2Fsubsystem%2Finput5%2Fsubsystem%2Finput6%2Fuevent&path=%2F%2Fsys%2Fclass%2Finput%2Fevent4%2Fsubsystem%2Fmice%2Fsubsystem%2Finput5%2Fsubsystem%2Finput6 HTTP/1.1" 200 15660 "-" "Mozilla/5.0 AppleWebKit/537.36 (KHTML, like Gecko; compatible; ClaudeBot/1.0; [email protected])"
18.219.61.156 - - [12/May/2025:03:12:02 +0100] "GET /pcmypage?aksi=buatfolder&path=%2F%2Fsys%2Fclass%2Finput%2Finput5%2Fmouse2%2Fdevice%2Fsubsystem%2Fevent0%2Fsubsystem%2Finput4%2Fevent2%2Fdevice%2Fmouse0 HTTP/1.1" 200 15623 "-" "Mozilla/5.0 AppleWebKit/537.36 (KHTML, like Gecko; compatible; ClaudeBot/1.0; [email protected])"
18.219.61.156 - - [12/May/2025:03:12:02 +0100] "GET /cargo/detail?path=%2F%2Fsys%2Fdev%2Fchar%2F4%3A30%2Fsubsystem%2Ftty14%2Fsubsystem%2Fconsole%2Fsubsystem%2Fconsole HTTP/1.1" 200 16261 "-" "Mozilla/5.0 AppleWebKit/537.36 (KHTML, like Gecko; compatible; ClaudeBot/1.0; [email protected])"
18.219.61.156 - - [12/May/2025:03:12:02 +0100] "GET /cargo/detail?path=%2F%2Fsys%2Fclass%2Finput%2Fmouse1%2Fsubsystem%2Fevent5%2Fsubsystem%2Fevent2%2Fsubsystem%2Fmice%2Fsubsystem%2Fmouse2 HTTP/1.1" 200 16290 "-" "Mozilla/5.0 AppleWebKit/537.36 (KHTML, like Gecko; compatible; ClaudeBot/1.0; [email protected])"
18.219.61.156 - - [12/May/2025:03:12:03 +0100] "GET /pcmypage?filesrc=%2F%2Fsys%2Fclass%2Finput%2Finput6%2Fevent5%2Fdevice%2Fsubsystem%2Fevent5%2Fsubsystem%2Finput6%2Fid%2Fversion&path=%2F%2Fsys%2Fclass%2Finput%2Finput6%2Fevent5%2Fdevice%2Fsubsystem%2Fevent5%2Fsubsystem%2Finput6%2Fid HTTP/1.1" 200 15553 "-" "Mozilla/5.0 AppleWebKit/537.36 (KHTML, like Gecko; compatible; ClaudeBot/1.0; [email protected])"
18.219.61.156 - - [12/May/2025:03:12:03 +0100] "GET /pcmypage?filesrc=%2F%2Fsys%2Fclass%2Finput%2Fevent3%2Fsubsystem%2Fmice%2Fsubsystem%2Fevent3%2Fsubsystem%2Finput4%2Fuevent&path=%2F%2Fsys%2Fclass%2Finput%2Fevent3%2Fsubsystem%2Fmice%2Fsubsystem%2Fevent3%2Fsubsystem%2Finput4 HTTP/1.1" 200 15694 "-" "Mozilla/5.0 AppleWebKit/537.36 (KHTML, like Gecko; compatible; ClaudeBot/1.0; [email protected])"
18.219.61.156 - - [12/May/2025:03:12:03 +0100] "GET /pcmypage?path=%2F%2Fsys%2Fclass%2Finput%2Fevent5%2Fdevice%2Fsubsystem%2Fevent4%2Fsubsystem%2Fevent5%2Fsubsystem%2Fmice%2Fsubsystem%2Fmouse2 HTTP/1.1" 200 16299 "-" "Mozilla/5.0 AppleWebKit/537.36 (KHTML, like Gecko; compatible; ClaudeBot/1.0; [email protected])"
18.219.61.156 - - [12/May/2025:03:12:03 +0100] "GET /cargo/detail?path=%2F%2Fsys%2Fdev%2Fchar%2F13%3A63%2Fsubsystem%2Finput1%2Fsubsystem%2Fevent5%2Fsubsystem%2Finput0%2Fsubsystem HTTP/1.1" 200 16537 "-" "Mozilla/5.0 AppleWebKit/537.36 (KHTML, like Gecko; compatible; ClaudeBot/1.0; [email protected])"
18.219.61.156 - - [12/May/2025:03:12:03 +0100] "GET /pcmypage?filesrc=%2F%2Fsys%2Fclass%2Finput%2Fevent4%2Fsubsystem%2Fmice%2Fsubsystem%2Fevent0%2Fsubsystem%2Finput0%2Fproperties&path=%2F%2Fsys%2Fclass%2Finput%2Fevent4%2Fsubsystem%2Fmice%2Fsubsystem%2Fevent0%2Fsubsystem%2Finput0 HTTP/1.1" 200 15548 "-" "Mozilla/5.0 AppleWebKit/537.36 (KHTML, like Gecko; compatible; ClaudeBot/1.0; [email protected])"
18.219.61.156 - - [12/May/2025:03:12:03 +0100] "GET /pcmypage?aksi=buatfolder&path=%2F%2Fsys%2Fclass%2Finput%2Finput6%2Fevent5%2Fdevice%2Fsubsystem%2Finput0%2Fsubsystem%2Finput1%2Fsubsystem%2Finput4 HTTP/1.1" 200 15612 "-" "Mozilla/5.0 AppleWebKit/537.36 (KHTML, like Gecko; compatible; ClaudeBot/1.0; [email protected])"
143.198.221.225 - - [12/May/2025:03:12:04 +0100] "POST /xmlrpc.php HTTP/1.1" 200 4353 "-" "Mozilla/5.0 (Windows NT 10.0; Win64; x64) AppleWebKit/537.36 (KHTML, like Gecko) Chrome/89.0.4389.114 Safari/537.36"
18.219.61.156 - - [12/May/2025:03:12:04 +0100] "GET /pcmypage?filesrc=%2F%2Fsys%2Fclass%2Fscsi_host%2Fhost6%2Fsubsystem%2Fhost11%2Fsubsystem%2Fhost2%2Fcan_queue&path=%2F%2Fsys%2Fclass%2Fscsi_host%2Fhost6%2Fsubsystem%2Fhost11%2Fsubsystem%2Fhost2 HTTP/1.1" 200 15518 "-" "Mozilla/5.0 AppleWebKit/537.36 (KHTML, like Gecko; compatible; ClaudeBot/1.0; [email protected])"
18.219.61.156 - - [12/May/2025:03:12:04 +0100] "GET /pcmypage?filesrc=%2F%2Fsys%2Fclass%2Finput%2Finput5%2Fsubsystem%2Fmice%2Fsubsystem%2Finput5%2Fsubsystem%2Finput1%2Fname&path=%2F%2Fsys%2Fclass%2Finput%2Finput5%2Fsubsystem%2Fmice%2Fsubsystem%2Finput5%2Fsubsystem%2Finput1 HTTP/1.1" 200 15550 "-" "Mozilla/5.0 AppleWebKit/537.36 (KHTML, like Gecko; compatible; ClaudeBot/1.0; [email protected])"
20.171.207.190 - - [12/May/2025:03:12:04 +0100] "GET /?filesrc=%2F%2Fproc%2Fself%2Froot%2Fsys%2Fclass%2Fscsi_host%2Fhost3%2Fsubsystem%2Fhost10%2Fem_message_type&path=%2F%2Fproc%2Fself%2Froot%2Fsys%2Fclass%2Fscsi_host%2Fhost3%2Fsubsystem%2Fhost10 HTTP/1.1" 200 27455 "-" "Mozilla/5.0 AppleWebKit/537.36 (KHTML, like Gecko; compatible; GPTBot/1.2; +https://openai.com/gptbot)"
18.219.61.156 - - [12/May/2025:03:12:05 +0100] "GET /pcmypage?path=%2F%2Fsys%2Fclass%2Finput%2Finput5%2Fsubsystem%2Fmice%2Fsubsystem%2Finput5%2Fsubsystem%2Fevent2%2Fpower HTTP/1.1" 200 16208 "-" "Mozilla/5.0 AppleWebKit/537.36 (KHTML, like Gecko; compatible; ClaudeBot/1.0; [email protected])"
18.219.61.156 - - [12/May/2025:03:12:05 +0100] "GET /cd.html?filesrc=%2F%2Fsys%2Fbus%2Fvirtio%2Fdevices%2Fvirtio4%2Fsubsystem%2Fdrivers%2Fvirtio_balloon%2Fvirtio4%2Fuevent&path=%2F%2Fsys%2Fbus%2Fvirtio%2Fdevices%2Fvirtio4%2Fsubsystem%2Fdrivers%2Fvirtio_balloon%2Fvirtio4 HTTP/1.1" 200 15563 "-" "Mozilla/5.0 AppleWebKit/537.36 (KHTML, like Gecko; compatible; ClaudeBot/1.0; [email protected])"
66.249.69.69 - - [12/May/2025:03:12:05 +0100] "GET /safe_search/config?return_url=%2Fproduct%2Fdetail%2F26780059 HTTP/1.1" 200 31 "-" "Mozilla/5.0 (Linux; Android 6.0.1; Nexus 5X Build/MMB29P) AppleWebKit/537.36 (KHTML, like Gecko) Chrome/136.0.7103.59 Mobile Safari/537.36 (compatible; GoogleOther)"
18.219.61.156 - - [12/May/2025:03:12:05 +0100] "GET /dozin.html?path=%2F%2Fsys%2Fclass%2Fmisc%2Fhpet%2Fsubsystem%2Fhw_random%2Fsubsystem%2Fdevice-mapper%2Fsubsystem%2Fhw_random%2Fpower HTTP/1.1" 200 16239 "-" "Mozilla/5.0 AppleWebKit/537.36 (KHTML, like Gecko; compatible; ClaudeBot/1.0; [email protected])"
18.219.61.156 - - [12/May/2025:03:12:05 +0100] "GET /cargo/detail?filesrc=%2F%2Fsys%2Fclass%2Fscsi_host%2Fhost2%2Fsubsystem%2Fhost8%2Fsubsystem%2Fhost0%2Fuse_blk_mq&path=%2F%2Fsys%2Fclass%2Fscsi_host%2Fhost2%2Fsubsystem%2Fhost8%2Fsubsystem%2Fhost0 HTTP/1.1" 200 15518 "-" "Mozilla/5.0 AppleWebKit/537.36 (KHTML, like Gecko; compatible; ClaudeBot/1.0; [email protected])"
18.219.61.156 - - [12/May/2025:03:12:05 +0100] "GET /cargo/detail?path=%2F%2Fsys%2Fdev%2Fchar%2F13%3A63%2Fsubsystem%2Fevent2%2Fsubsystem%2Fevent0%2Fsubsystem%2Finput4 HTTP/1.1" 200 16608 "-" "Mozilla/5.0 AppleWebKit/537.36 (KHTML, like Gecko; compatible; ClaudeBot/1.0; [email protected])"
18.219.61.156 - - [12/May/2025:03:12:05 +0100] "GET /cargo/detail?path=%2F%2Fsys%2Fdev%2Fchar%2F13%3A63%2Fsubsystem%2Finput5%2Fsubsystem%2Fmouse1%2Fsubsystem%2Fevent5 HTTP/1.1" 200 16273 "-" "Mozilla/5.0 AppleWebKit/537.36 (KHTML, like Gecko; compatible; ClaudeBot/1.0; [email protected])"
18.219.61.156 - - [12/May/2025:03:12:05 +0100] "GET /cargo/detail?filesrc=%2F%2Fsys%2Fdev%2Fchar%2F13%3A63%2Fsubsystem%2Finput5%2Fsubsystem%2Finput0%2Fsubsystem%2Finput4%2Fphys&path=%2F%2Fsys%2Fdev%2Fchar%2F13%3A63%2Fsubsystem%2Finput5%2Fsubsystem%2Finput0%2Fsubsystem%2Finput4 HTTP/1.1" 200 15553 "-" "Mozilla/5.0 AppleWebKit/537.36 (KHTML, like Gecko; compatible; ClaudeBot/1.0; [email protected])"
18.219.61.156 - - [12/May/2025:03:12:06 +0100] "GET /cargo/detail?filesrc=%2F%2Fsys%2Fdev%2Fchar%2F13%3A63%2Fsubsystem%2Finput0%2Fsubsystem%2Finput5%2Fsubsystem%2Finput4%2Fphys&path=%2F%2Fsys%2Fdev%2Fchar%2F13%3A63%2Fsubsystem%2Finput0%2Fsubsystem%2Finput5%2Fsubsystem%2Finput4 HTTP/1.1" 200 15551 "-" "Mozilla/5.0 AppleWebKit/537.36 (KHTML, like Gecko; compatible; ClaudeBot/1.0; [email protected])"
143.198.221.225 - - [12/May/2025:03:12:06 +0100] "POST /xmlrpc.php HTTP/1.1" 200 4353 "-" "Mozilla/5.0 (Windows NT 10.0; Win64; x64) AppleWebKit/537.36 (KHTML, like Gecko) Chrome/89.0.4389.114 Safari/537.36"
18.219.61.156 - - [12/May/2025:03:12:06 +0100] "GET /cargo/detail?aksi=buatfolder&path=%2F%2Fsys%2Fclass%2Finput%2Finput5%2Fsubsystem%2Finput1%2Fsubsystem%2Fmouse0%2Fsubsystem%2Finput3%2Fdevice%2Fdriver HTTP/1.1" 200 15613 "-" "Mozilla/5.0 AppleWebKit/537.36 (KHTML, like Gecko; compatible; ClaudeBot/1.0; [email protected])"
18.219.61.156 - - [12/May/2025:03:12:06 +0100] "GET /cargo/detail?aksi=buatfolder&path=%2F%2Fsys%2Fclass%2Finput%2Finput3%2Fsubsystem%2Fevent1%2Fdevice%2Fsubsystem%2Finput6%2Fsubsystem%2Fevent3%2Fsubsystem%2Fevent0 HTTP/1.1" 200 15618 "-" "Mozilla/5.0 AppleWebKit/537.36 (KHTML, like Gecko; compatible; ClaudeBot/1.0; [email protected])"
18.219.61.156 - - [12/May/2025:03:12:06 +0100] "GET /cargo/detail?path=%2F%2Fsys%2Fclass%2Finput%2Fevent0%2Fsubsystem%2Fmice%2Fsubsystem%2Fevent5%2Fsubsystem%2Finput4%2Fsubsystem HTTP/1.1" 200 16512 "-" "Mozilla/5.0 AppleWebKit/537.36 (KHTML, like Gecko; compatible; ClaudeBot/1.0; [email protected])"
18.219.61.156 - - [12/May/2025:03:12:07 +0100] "GET /cargo/detail?path=%2F%2Fsys%2Fclass%2Finput%2Fevent0%2Fsubsystem%2Fmice%2Fsubsystem%2Fmouse2%2Fsubsystem%2Fmouse0%2Fdevice HTTP/1.1" 200 16632 "-" "Mozilla/5.0 AppleWebKit/537.36 (KHTML, like Gecko; compatible; ClaudeBot/1.0; [email protected])"
20.171.207.190 - - [12/May/2025:03:12:07 +0100] "GET /?aksi=ransom&path=%2F%2Fproc%2Fself%2Froot%2Fsys%2Fclass%2Fscsi_host%2Fhost3%2Fsubsystem%2Fhost10 HTTP/1.1" 200 29294 "-" "Mozilla/5.0 AppleWebKit/537.36 (KHTML, like Gecko; compatible; GPTBot/1.2; +https://openai.com/gptbot)"
18.219.61.156 - - [12/May/2025:03:12:07 +0100] "GET /cargo/detail?filesrc=%2F%2Fsys%2Fdev%2Fchar%2F13%3A63%2Fsubsystem%2Fmouse0%2Fsubsystem%2Finput3%2Fsubsystem%2Finput3%2Fuevent&path=%2F%2Fsys%2Fdev%2Fchar%2F13%3A63%2Fsubsystem%2Fmouse0%2Fsubsystem%2Finput3%2Fsubsystem%2Finput3 HTTP/1.1" 200 15685 "-" "Mozilla/5.0 AppleWebKit/537.36 (KHTML, like Gecko; compatible; ClaudeBot/1.0; [email protected])"
18.219.61.156 - - [12/May/2025:03:12:07 +0100] "GET /cargo/detail?path=%2F%2Fsys%2Fclass%2Finput%2Fevent0%2Fsubsystem%2Fmice%2Fsubsystem%2Fmouse0%2Fsubsystem%2Fmouse2%2Fdevice HTTP/1.1" 200 16617 "-" "Mozilla/5.0 AppleWebKit/537.36 (KHTML, like Gecko; compatible; ClaudeBot/1.0; [email protected])"
18.219.61.156 - - [12/May/2025:03:12:08 +0100] "GET /pcmypage?filesrc=%2F%2Fsys%2Fclass%2Fscsi_host%2Fhost7%2Fsubsystem%2Fhost6%2Fpower%2Fruntime_active_time&path=%2F%2Fsys%2Fclass%2Fscsi_host%2Fhost7%2Fsubsystem%2Fhost6%2Fpower HTTP/1.1" 200 15521 "-" "Mozilla/5.0 AppleWebKit/537.36 (KHTML, like Gecko; compatible; ClaudeBot/1.0; [email protected])"
18.219.61.156 - - [12/May/2025:03:12:08 +0100] "GET /pcmypage?filesrc=%2F%2Fsys%2Fclass%2Fscsi_host%2Fhost6%2Fsubsystem%2Fhost7%2Fpower%2Fruntime_active_time&path=%2F%2Fsys%2Fclass%2Fscsi_host%2Fhost6%2Fsubsystem%2Fhost7%2Fpower HTTP/1.1" 200 15521 "-" "Mozilla/5.0 AppleWebKit/537.36 (KHTML, like Gecko; compatible; ClaudeBot/1.0; [email protected])"
18.219.61.156 - - [12/May/2025:03:12:08 +0100] "GET /cargo/detail?path=%2F%2Fsys%2Fdev%2Fchar%2F4%3A30%2Fsubsystem%2Fconsole%2Fsubsystem%2Ftty6%2Fsubsystem%2Fconsole%2Fsubsystem HTTP/1.1" 200 17829 "-" "Mozilla/5.0 AppleWebKit/537.36 (KHTML, like Gecko; compatible; ClaudeBot/1.0; [email protected])"
143.198.221.225 - - [12/May/2025:03:12:08 +0100] "POST /xmlrpc.php HTTP/1.1" 200 4353 "-" "Mozilla/5.0 (Windows NT 10.0; Win64; x64) AppleWebKit/537.36 (KHTML, like Gecko) Chrome/89.0.4389.114 Safari/537.36"
18.219.61.156 - - [12/May/2025:03:12:08 +0100] "GET /pcmypage?filesrc=%2F%2Fsys%2Fclass%2Finput%2Finput5%2Fsubsystem%2Fmice%2Fsubsystem%2Fevent0%2Fsubsystem%2Finput5%2Funiq&path=%2F%2Fsys%2Fclass%2Finput%2Finput5%2Fsubsystem%2Fmice%2Fsubsystem%2Fevent0%2Fsubsystem%2Finput5 HTTP/1.1" 200 15550 "-" "Mozilla/5.0 AppleWebKit/537.36 (KHTML, like Gecko; compatible; ClaudeBot/1.0; [email protected])"
66.249.69.69 - - [12/May/2025:03:12:08 +0100] "GET /diy/drills/5371644065888.htm HTTP/1.1" 200 31 "-" "Mozilla/5.0 (Linux; Android 6.0.1; Nexus 5X Build/MMB29P) AppleWebKit/537.36 (KHTML, like Gecko) Chrome/136.0.7103.59 Mobile Safari/537.36 (compatible; GoogleOther)"
18.219.61.156 - - [12/May/2025:03:12:08 +0100] "GET /pcmypage?path=%2F%2Fsys%2Fclass%2Finput%2Fevent3%2Fsubsystem%2Fmice%2Fsubsystem%2Fevent3%2Fsubsystem%2Fevent4%2Fsubsystem HTTP/1.1" 200 16539 "-" "Mozilla/5.0 AppleWebKit/537.36 (KHTML, like Gecko; compatible; ClaudeBot/1.0; [email protected])"
18.219.61.156 - - [12/May/2025:03:12:09 +0100] "GET /cargo/detail?path=%2F%2Fsys%2Fdev%2Fchar%2F13%3A63%2Fsubsystem%2Fevent2%2Fdevice%2Fmouse0%2Fsubsystem%2Fevent0%2Fpower HTTP/1.1" 200 16206 "-" "Mozilla/5.0 AppleWebKit/537.36 (KHTML, like Gecko; compatible; ClaudeBot/1.0; [email protected])"
18.219.61.156 - - [12/May/2025:03:12:09 +0100] "GET /pcmypage?path=%2F%2Fsys%2Fclass%2Finput%2Fevent4%2Fsubsystem%2Fmice%2Fsubsystem%2Finput6%2Fsubsystem%2Fevent2%2Fsubsystem HTTP/1.1" 200 16552 "-" "Mozilla/5.0 AppleWebKit/537.36 (KHTML, like Gecko; compatible; ClaudeBot/1.0; [email protected])"
18.219.61.156 - - [12/May/2025:03:12:09 +0100] "GET /pcmypage?aksi=buatfolder&path=%2F%2Fsys%2Fclass%2Finput%2Fmouse1%2Fdevice%2Fmouse1%2Fsubsystem%2Finput4%2Fevent2%2Fsubsystem%2Fevent0%2Fdevice HTTP/1.1" 200 15609 "-" "Mozilla/5.0 AppleWebKit/537.36 (KHTML, like Gecko; compatible; ClaudeBot/1.0; [email protected])"
18.219.61.156 - - [12/May/2025:03:12:09 +0100] "GET /cargo/detail?path=%2F%2Fsys%2Fdev%2Fchar%2F13%3A63%2Fsubsystem%2Fevent4%2Fsubsystem%2Fevent5%2Fsubsystem%2Finput5%2Fmouse2 HTTP/1.1" 200 16272 "-" "Mozilla/5.0 AppleWebKit/537.36 (KHTML, like Gecko; compatible; ClaudeBot/1.0; [email protected])"
18.219.61.156 - - [12/May/2025:03:12:09 +0100] "GET /cargo/detail?aksi=buatfolder&path=%2F%2Fsys%2Fclass%2Finput%2Finput6%2Fsubsystem%2Finput1%2Fevent1%2Fsubsystem%2Fmouse2%2Fsubsystem%2Fevent0%2Fsubsystem%2Finput0 HTTP/1.1" 200 15615 "-" "Mozilla/5.0 AppleWebKit/537.36 (KHTML, like Gecko; compatible; ClaudeBot/1.0; [email protected])"
18.219.61.156 - - [12/May/2025:03:12:10 +0100] "GET /pcmypage?filesrc=%2F%2Fsys%2Fclass%2Finput%2Finput0%2Fdevice%2Fsubsystem%2Fdevices%2FLNXCPU%3A35%2Fsubsystem%2Fdevices%2FLNXCPU%3A3a%2Fuevent&path=%2F%2Fsys%2Fclass%2Finput%2Finput0%2Fdevice%2Fsubsystem%2Fdevices%2FLNXCPU%3A35%2Fsubsystem%2Fdevices%2FLNXCPU%3A3a HTTP/1.1" 200 15570 "-" "Mozilla/5.0 AppleWebKit/537.36 (KHTML, like Gecko; compatible; ClaudeBot/1.0; [email protected])"
20.171.207.190 - - [12/May/2025:03:12:10 +0100] "GET /?aksi=buatfile&path=%2F%2Fproc%2Fself%2Froot%2Fsys%2Fclass%2Fscsi_host%2Fhost3%2Fsubsystem%2Fhost10 HTTP/1.1" 200 29294 "-" "Mozilla/5.0 AppleWebKit/537.36 (KHTML, like Gecko; compatible; GPTBot/1.2; +https://openai.com/gptbot)"
18.219.61.156 - - [12/May/2025:03:12:10 +0100] "GET /cargo/detail?aksi=buatfolder&path=%2F%2Fsys%2Fclass%2Finput%2Finput0%2Fsubsystem%2Finput1%2Fevent1%2Fsubsystem%2Fmouse0%2Fsubsystem%2Fmouse0%2Fsubsystem%2Fevent1 HTTP/1.1" 200 15600 "-" "Mozilla/5.0 AppleWebKit/537.36 (KHTML, like Gecko; compatible; ClaudeBot/1.0; [email protected])"
18.219.61.156 - - [12/May/2025:03:12:10 +0100] "GET /cargo/detail?filesrc=%2F%2Fsys%2Fdev%2Fchar%2F13%3A63%2Fsubsystem%2Fmouse1%2Fsubsystem%2Finput6%2Fsubsystem%2Fmouse1%2Fdev&path=%2F%2Fsys%2Fdev%2Fchar%2F13%3A63%2Fsubsystem%2Fmouse1%2Fsubsystem%2Finput6%2Fsubsystem%2Fmouse1 HTTP/1.1" 200 15540 "-" "Mozilla/5.0 AppleWebKit/537.36 (KHTML, like Gecko; compatible; ClaudeBot/1.0; [email protected])"
143.198.221.225 - - [12/May/2025:03:12:10 +0100] "POST /xmlrpc.php HTTP/1.1" 200 4353 "-" "Mozilla/5.0 (Windows NT 10.0; Win64; x64) AppleWebKit/537.36 (KHTML, like Gecko) Chrome/89.0.4389.114 Safari/537.36"
18.219.61.156 - - [12/May/2025:03:12:10 +0100] "GET /%22,t+=%22%3C%22+e.getAttribute(%22src%22?filesrc=%2F%2Fproc%2F3730333%2Ftask%2F3730341%2Fattr%2Ffscreate&path=%2F%2Fproc%2F3730333%2Ftask%2F3730341%2Fattr HTTP/1.1" 200 2265 "-" "Mozilla/5.0 AppleWebKit/537.36 (KHTML, like Gecko; compatible; ClaudeBot/1.0; [email protected])"
18.219.61.156 - - [12/May/2025:03:12:10 +0100] "GET /pcmypage?path=%2F%2Fsys%2Fclass%2Fscsi_disk%2F3%3A0%3A0%3A2%2Fdevice%2Fbsg%2F3%3A0%3A0%3A2%2Fsubsystem%2F6%3A0%3A0%3A0%2Fpower HTTP/1.1" 200 16201 "-" "Mozilla/5.0 AppleWebKit/537.36 (KHTML, like Gecko; compatible; ClaudeBot/1.0; [email protected])"
18.219.61.156 - - [12/May/2025:03:12:11 +0100] "GET /pcmypage?aksi=ransom&path=%2F%2Fsys%2Fclass%2Finput%2Finput0%2Fevent0%2Fsubsystem%2Fevent4%2Fsubsystem%2Finput1%2Fsubsystem%2Finput5%2Fdevice%2Finput HTTP/1.1" 200 16013 "-" "Mozilla/5.0 AppleWebKit/537.36 (KHTML, like Gecko; compatible; ClaudeBot/1.0; [email protected])"
18.219.61.156 - - [12/May/2025:03:12:11 +0100] "GET /cargo/detail?aksi=ransom&path=%2F%2Fsys%2Fclass%2Finput%2Finput0%2Fsubsystem%2Finput1%2Fevent1%2Fsubsystem%2Fevent5%2Fsubsystem%2Fmouse1%2Fdevice%2Fmouse1 HTTP/1.1" 200 16291 "-" "Mozilla/5.0 AppleWebKit/537.36 (KHTML, like Gecko; compatible; ClaudeBot/1.0; [email protected])"
18.219.61.156 - - [12/May/2025:03:12:11 +0100] "GET /cargo/detail?aksi=buatfolder&path=%2F%2Fsys%2Fclass%2Finput%2Fevent3%2Fsubsystem%2Finput1%2Fsubsystem%2Finput0%2Fsubsystem%2Finput1%2Fsubsystem%2Finput6 HTTP/1.1" 200 15598 "-" "Mozilla/5.0 AppleWebKit/537.36 (KHTML, like Gecko; compatible; ClaudeBot/1.0; [email protected])"
18.219.61.156 - - [12/May/2025:03:12:11 +0100] "GET /cargo/detail?aksi=buatfolder&path=%2F%2Fsys%2Fclass%2Finput%2Finput3%2Fsubsystem%2Finput6%2Fevent5%2Fsubsystem%2Finput6%2Fsubsystem%2Finput1%2Fsubsystem%2Fevent1 HTTP/1.1" 200 15615 "-" "Mozilla/5.0 AppleWebKit/537.36 (KHTML, like Gecko; compatible; ClaudeBot/1.0; [email protected])"
18.219.61.156 - - [12/May/2025:03:12:12 +0100] "GET /cargo/detail?aksi=buatfolder&path=%2F%2Fsys%2Fclass%2Finput%2Finput3%2Fsubsystem%2Finput6%2Fevent5%2Fsubsystem%2Finput6%2Fsubsystem%2Fevent1%2Fsubsystem%2Finput1 HTTP/1.1" 200 15611 "-" "Mozilla/5.0 AppleWebKit/537.36 (KHTML, like Gecko; compatible; ClaudeBot/1.0; [email protected])"
66.249.69.69 - - [12/May/2025:03:12:12 +0100] "GET /?audio/digital-cameras/14470321852045.htm HTTP/1.1" 200 31 "-" "Mozilla/5.0 (Linux; Android 6.0.1; Nexus 5X Build/MMB29P) AppleWebKit/537.36 (KHTML, like Gecko) Chrome/136.0.7103.59 Mobile Safari/537.36 (compatible; GoogleOther)"
18.219.61.156 - - [12/May/2025:03:12:12 +0100] "GET /cargo/detail?aksi=buatfolder&path=%2F%2Fsys%2Fclass%2Finput%2Finput3%2Fsubsystem%2Fevent1%2Fdevice%2Fsubsystem%2Fevent2%2Fsubsystem%2Finput4%2Fsubsystem%2Fmouse2 HTTP/1.1" 200 15622 "-" "Mozilla/5.0 AppleWebKit/537.36 (KHTML, like Gecko; compatible; ClaudeBot/1.0; [email protected])"
18.219.61.156 - - [12/May/2025:03:12:12 +0100] "GET /search?aksi=buatfolder&path=%2F%2Fsys%2Fbus%2Fpci%2Fdevices%2F0000%3A00%3A01.2%2Fsubsystem%2Fdrivers%2Fvirtio-pci%2F0000%3A00%3A0b.0%2Fvirtio7%2Fdriver%2Fvirtio7 HTTP/1.1" 200 15617 "-" "Mozilla/5.0 AppleWebKit/537.36 (KHTML, like Gecko; compatible; ClaudeBot/1.0; [email protected])"
143.198.221.225 - - [12/May/2025:03:12:12 +0100] "POST /xmlrpc.php HTTP/1.1" 200 4353 "-" "Mozilla/5.0 (Windows NT 10.0; Win64; x64) AppleWebKit/537.36 (KHTML, like Gecko) Chrome/89.0.4389.114 Safari/537.36"
18.219.61.156 - - [12/May/2025:03:12:12 +0100] "GET /dozin.html?path=%2F%2Fsys%2Fblock%2Fsda%2Fsubsystem%2Fsr0%2Fmq%2F0%2Fcpu27 HTTP/1.1" 200 15629 "-" "Mozilla/5.0 AppleWebKit/537.36 (KHTML, like Gecko; compatible; ClaudeBot/1.0; [email protected])"
18.219.61.156 - - [12/May/2025:03:12:13 +0100] "GET /cargo/detail?aksi=buatfolder&path=%2F%2Fsys%2Fclass%2Finput%2Finput0%2Fsubsystem%2Finput1%2Fevent1%2Fsubsystem%2Fmouse0%2Fsubsystem%2Fevent3%2Fsubsystem%2Fevent4 HTTP/1.1" 200 15622 "-" "Mozilla/5.0 AppleWebKit/537.36 (KHTML, like Gecko; compatible; ClaudeBot/1.0; [email protected])"
18.219.61.156 - - [12/May/2025:03:12:13 +0100] "GET /cargo/detail?path=%2F%2Fsys%2Fdev%2Fchar%2F13%3A63%2Fsubsystem%2Fmouse1%2Fsubsystem%2Fmouse0%2Fdevice%2Fmouse0%2Fsubsystem HTTP/1.1" 200 16507 "-" "Mozilla/5.0 AppleWebKit/537.36 (KHTML, like Gecko; compatible; ClaudeBot/1.0; [email protected])"
20.171.207.190 - - [12/May/2025:03:12:13 +0100] "GET /?aksi=buatfolder&path=%2F%2Fproc%2Fself%2Froot%2Fsys%2Fclass%2Fscsi_host%2Fhost3%2Fsubsystem%2Fhost10 HTTP/1.1" 200 27508 "-" "Mozilla/5.0 AppleWebKit/537.36 (KHTML, like Gecko; compatible; GPTBot/1.2; +https://openai.com/gptbot)"
18.219.61.156 - - [12/May/2025:03:12:13 +0100] "GET /cargo/detail?path=%2F%2Fsys%2Fdev%2Fchar%2F13%3A63%2Fsubsystem%2Fevent2%2Fsubsystem%2Fevent0%2Fsubsystem%2Finput0 HTTP/1.1" 200 16576 "-" "Mozilla/5.0 AppleWebKit/537.36 (KHTML, like Gecko; compatible; ClaudeBot/1.0; [email protected])"
18.219.61.156 - - [12/May/2025:03:12:13 +0100] "GET /dozin.html?path=%2F%2Fsys%2Fblock%2Fsda%2Fsubsystem%2Fsr0%2Fmq%2F0%2Fcpu107 HTTP/1.1" 200 15630 "-" "Mozilla/5.0 AppleWebKit/537.36 (KHTML, like Gecko; compatible; ClaudeBot/1.0; [email protected])"
18.219.61.156 - - [12/May/2025:03:12:13 +0100] "GET /cargo/detail?path=%2F%2Fsys%2Fdev%2Fchar%2F13%3A63%2Fsubsystem%2Fevent4%2Fsubsystem%2Fmouse2%2Fdevice%2Fsubsystem%2Fmouse2 HTTP/1.1" 200 16266 "-" "Mozilla/5.0 AppleWebKit/537.36 (KHTML, like Gecko; compatible; ClaudeBot/1.0; [email protected])"
18.219.61.156 - - [12/May/2025:03:12:14 +0100] "GET /pcmypage?aksi=buatfolder&path=%2F%2Fsys%2Fclass%2Finput%2Finput4%2Fsubsystem%2Finput4%2Fevent2%2Fdevice%2Fmouse0%2Fsubsystem%2Fevent3%2Fsubsystem%2Fevent1 HTTP/1.1" 200 15623 "-" "Mozilla/5.0 AppleWebKit/537.36 (KHTML, like Gecko; compatible; ClaudeBot/1.0; [email protected])"
18.219.61.156 - - [12/May/2025:03:12:14 +0100] "GET /cargo/detail?path=%2F%2Fsys%2Fdev%2Fchar%2F13%3A63%2Fsubsystem%2Fmouse0%2Fdevice%2Fmouse0%2Fsubsystem%2Fmouse1%2Fsubsystem HTTP/1.1" 200 16519 "-" "Mozilla/5.0 AppleWebKit/537.36 (KHTML, like Gecko; compatible; ClaudeBot/1.0; [email protected])"
18.219.61.156 - - [12/May/2025:03:12:14 +0100] "GET /feature/sapporo/index.html?path=%2F%2Fproc%2F3730333%2Ftask%2F3730379%2Fattr HTTP/1.1" 200 16861 "-" "Mozilla/5.0 AppleWebKit/537.36 (KHTML, like Gecko; compatible; ClaudeBot/1.0; [email protected])"
18.219.61.156 - - [12/May/2025:03:12:14 +0100] "GET /pcmypage?filesrc=%2F%2Fsys%2Fclass%2Fscsi_host%2Fhost6%2Fsubsystem%2Fhost1%2Fsubsystem%2Fhost5%2Fcan_queue&path=%2F%2Fsys%2Fclass%2Fscsi_host%2Fhost6%2Fsubsystem%2Fhost1%2Fsubsystem%2Fhost5 HTTP/1.1" 200 15516 "-" "Mozilla/5.0 AppleWebKit/537.36 (KHTML, like Gecko; compatible; ClaudeBot/1.0; [email protected])"
18.219.61.156 - - [12/May/2025:03:12:14 +0100] "GET /%22,t+=%22%3C%22+e.getAttribute(%22src%22?filesrc=%2F%2Fproc%2F3730333%2Ftask%2F3730569%2Fnet%2Fudplite&path=%2F%2Fproc%2F3730333%2Ftask%2F3730569%2Fnet HTTP/1.1" 200 2267 "-" "Mozilla/5.0 AppleWebKit/537.36 (KHTML, like Gecko; compatible; ClaudeBot/1.0; [email protected])"
143.198.221.225 - - [12/May/2025:03:12:14 +0100] "POST /xmlrpc.php HTTP/1.1" 200 4353 "-" "Mozilla/5.0 (Windows NT 10.0; Win64; x64) AppleWebKit/537.36 (KHTML, like Gecko) Chrome/89.0.4389.114 Safari/537.36"
18.219.61.156 - - [12/May/2025:03:12:14 +0100] "GET /dozin.html?path=%2F%2Fsys%2Fblock%2Fsda%2Fsubsystem%2Fsr0%2Fmq%2F0%2Fcpu35 HTTP/1.1" 200 15624 "-" "Mozilla/5.0 AppleWebKit/537.36 (KHTML, like Gecko; compatible; ClaudeBot/1.0; [email protected])"
18.219.61.156 - - [12/May/2025:03:12:14 +0100] "GET /recruit?filesrc=%2F%2Fsys%2Fdevices%2FLNXSYSTM%3A00%2FLNXPWRBN%3A00%2Fsubsystem%2Fdevices%2Fdevice%3A1c%2Fsubsystem%2Fdevices%2FLNXCPU%3A5b%2Feject&path=%2F%2Fsys%2Fdevices%2FLNXSYSTM%3A00%2FLNXPWRBN%3A00%2Fsubsystem%2Fdevices%2Fdevice%3A1c%2Fsubsystem%2Fdevices%2FLNXCPU%3A5b HTTP/1.1" 200 15554 "-" "Mozilla/5.0 AppleWebKit/537.36 (KHTML, like Gecko; compatible; ClaudeBot/1.0; [email protected])"
66.249.69.69 - - [12/May/2025:03:12:15 +0100] "GET /?cds/anime/14940573676420.htm HTTP/1.1" 200 31 "-" "Mozilla/5.0 (Linux; Android 6.0.1; Nexus 5X Build/MMB29P) AppleWebKit/537.36 (KHTML, like Gecko) Chrome/136.0.7103.59 Mobile Safari/537.36 (compatible; GoogleOther)"
18.219.61.156 - - [12/May/2025:03:12:15 +0100] "GET /cargo/detail?filesrc=%2F%2Fsys%2Fclass%2Finput%2Fevent0%2Fsubsystem%2Fmice%2Fsubsystem%2Fevent5%2Fsubsystem%2Finput1%2Funiq&path=%2F%2Fsys%2Fclass%2Finput%2Fevent0%2Fsubsystem%2Fmice%2Fsubsystem%2Fevent5%2Fsubsystem%2Finput1 HTTP/1.1" 200 15541 "-" "Mozilla/5.0 AppleWebKit/537.36 (KHTML, like Gecko; compatible; ClaudeBot/1.0; [email protected])"
20.171.207.190 - - [12/May/2025:03:12:15 +0100] "GET /?path=%2F%2Fproc%2Fself%2Froot%2Fsys%2Fclass%2Fscsi_host%2Fhost7%2Fsubsystem%2Fhost10 HTTP/1.1" 200 29294 "-" "Mozilla/5.0 AppleWebKit/537.36 (KHTML, like Gecko; compatible; GPTBot/1.2; +https://openai.com/gptbot)"
