18.219.191.41 - - [12/May/2025:03:16:08 +0100] "GET /pcmypage?filesrc=%2F%2Fsys%2Fclass%2Finput%2Fevent0%2Fsubsystem%2Finput4%2Fsubsystem%2Finput3%2Fsubsystem%2Finput6%2Fid%2Fproduct&path=%2F%2Fsys%2Fclass%2Finput%2Fevent0%2Fsubsystem%2Finput4%2Fsubsystem%2Finput3%2Fsubsystem%2Finput6%2Fid HTTP/1.1" 200 15552 "-" "Mozilla/5.0 AppleWebKit/537.36 (KHTML, like Gecko; compatible; ClaudeBot/1.0; [email protected])"
18.219.191.41 - - [12/May/2025:03:16:08 +0100] "GET /pcsp.html?path=%2F%2Fsys%2Fbus%2Fvirtio%2Fdevices%2Fvirtio1%2Fhost0%2Fsubsystem%2Fdevices%2Ftarget6%3A0%3A0%2Fsubsystem%2Fdevices%2Fhost2 HTTP/1.1" 200 16258 "-" "Mozilla/5.0 AppleWebKit/537.36 (KHTML, like Gecko; compatible; ClaudeBot/1.0; [email protected])"
18.219.191.41 - - [12/May/2025:03:16:09 +0100] "GET /feature/yokohama_maruicity/index.html?aksi=buatfile&path=%2F%2Fsys%2Fbus%2Fpci%2Fdevices%2F0000%3A00%3A09.0%2Fsubsystem%2Fdrivers%2Fvirtio-pci%2F0000%3A00%3A06.0%2Fdriver%2F0000%3A00%3A07.0 HTTP/1.1" 200 19012 "-" "Mozilla/5.0 AppleWebKit/537.36 (KHTML, like Gecko; compatible; ClaudeBot/1.0; [email protected])"
18.219.191.41 - - [12/May/2025:03:16:09 +0100] "GET /pcmypage?filesrc=%2F%2Fsys%2Fclass%2Finput%2Finput0%2Fdevice%2Fsubsystem%2Fdevices%2FLNXCPU%3A4a%2Fsubsystem%2Fdrivers%2Fthermal%2Fuevent&path=%2F%2Fsys%2Fclass%2Finput%2Finput0%2Fdevice%2Fsubsystem%2Fdevices%2FLNXCPU%3A4a%2Fsubsystem%2Fdrivers%2Fthermal HTTP/1.1" 200 15567 "-" "Mozilla/5.0 AppleWebKit/537.36 (KHTML, like Gecko; compatible; ClaudeBot/1.0; [email protected])"
18.219.191.41 - - [12/May/2025:03:16:09 +0100] "GET /cargo/detail?filesrc=%2F%2Fsys%2Fdev%2Fchar%2F13%3A63%2Fsubsystem%2Fevent2%2Fsubsystem%2Finput0%2Fsubsystem%2Fevent4%2Fdev&path=%2F%2Fsys%2Fdev%2Fchar%2F13%3A63%2Fsubsystem%2Fevent2%2Fsubsystem%2Finput0%2Fsubsystem%2Fevent4 HTTP/1.1" 200 15546 "-" "Mozilla/5.0 AppleWebKit/537.36 (KHTML, like Gecko; compatible; ClaudeBot/1.0; [email protected])"
18.219.191.41 - - [12/May/2025:03:16:09 +0100] "GET /cargo/detail?filesrc=%2F%2Fsys%2Fdev%2Fchar%2F13%3A63%2Fsubsystem%2Finput0%2Fsubsystem%2Fevent2%2Fsubsystem%2Fevent4%2Fdev&path=%2F%2Fsys%2Fdev%2Fchar%2F13%3A63%2Fsubsystem%2Finput0%2Fsubsystem%2Fevent2%2Fsubsystem%2Fevent4 HTTP/1.1" 200 15543 "-" "Mozilla/5.0 AppleWebKit/537.36 (KHTML, like Gecko; compatible; ClaudeBot/1.0; [email protected])"
18.219.191.41 - - [12/May/2025:03:16:09 +0100] "GET /cargo/detail?filesrc=%2F%2Fsys%2Fdev%2Fchar%2F10%3A235%2Fsubsystem%2Fdevice-mapper%2Fsubsystem%2Fmcelog%2Fsubsystem%2Fcpu_dma_latency%2Fuevent&path=%2F%2Fsys%2Fdev%2Fchar%2F10%3A235%2Fsubsystem%2Fdevice-mapper%2Fsubsystem%2Fmcelog%2Fsubsystem%2Fcpu_dma_latency HTTP/1.1" 200 15593 "-" "Mozilla/5.0 AppleWebKit/537.36 (KHTML, like Gecko; compatible; ClaudeBot/1.0; [email protected])"
18.219.191.41 - - [12/May/2025:03:16:10 +0100] "GET /cargo/detail?filesrc=%2F%2Fsys%2Fclass%2Fscsi_host%2Fhost2%2Fsubsystem%2Fhost8%2Fsubsystem%2Fhost2%2Fuse_blk_mq&path=%2F%2Fsys%2Fclass%2Fscsi_host%2Fhost2%2Fsubsystem%2Fhost8%2Fsubsystem%2Fhost2 HTTP/1.1" 200 15512 "-" "Mozilla/5.0 AppleWebKit/537.36 (KHTML, like Gecko; compatible; ClaudeBot/1.0; [email protected])"
20.171.207.190 - - [12/May/2025:03:16:10 +0100] "GET /?aksi=buatfile&path=%2F%2Fproc%2Fself%2Froot%2Fsys%2Fclass%2Fscsi_host%2Fhost5%2Fsubsystem%2Fhost11 HTTP/1.1" 200 29293 "-" "Mozilla/5.0 AppleWebKit/537.36 (KHTML, like Gecko; compatible; GPTBot/1.2; +https://openai.com/gptbot)"
18.219.191.41 - - [12/May/2025:03:16:10 +0100] "GET /cargo/detail?path=%2F%2Fsys%2Fdev%2Fchar%2F13%3A63%2Fsubsystem%2Fmouse0%2Fdevice%2Fmouse0%2Fsubsystem%2Fevent4%2Fsubsystem HTTP/1.1" 200 16525 "-" "Mozilla/5.0 AppleWebKit/537.36 (KHTML, like Gecko; compatible; ClaudeBot/1.0; [email protected])"
18.219.191.41 - - [12/May/2025:03:16:10 +0100] "GET /dozin.html?aksi=buatfile&path=%2F%2Fusr%2Fshare%2Fmysql%2Fhindi HTTP/1.1" 200 15918 "-" "Mozilla/5.0 AppleWebKit/537.36 (KHTML, like Gecko; compatible; ClaudeBot/1.0; [email protected])"
18.219.191.41 - - [12/May/2025:03:16:10 +0100] "GET /cargo/detail?aksi=buatfolder&path=%2F%2Fsys%2Fclass%2Finput%2Finput6%2Fsubsystem%2Fevent3%2Fdevice%2Fsubsystem%2Fevent2%2Fsubsystem%2Finput4%2Fdevice%2Fdriver HTTP/1.1" 200 15624 "-" "Mozilla/5.0 AppleWebKit/537.36 (KHTML, like Gecko; compatible; ClaudeBot/1.0; [email protected])"
18.219.191.41 - - [12/May/2025:03:16:10 +0100] "GET /search?aksi=buatfolder&path=%2F%2Fsys%2Fbus%2Fvirtio%2Fdrivers%2Fvirtio_scsi%2Fvirtio1%2Fhost0%2Fscsi_host%2Fhost0%2Fsubsystem%2Fhost11%2Fsubsystem%2Fhost0 HTTP/1.1" 200 15625 "-" "Mozilla/5.0 AppleWebKit/537.36 (KHTML, like Gecko; compatible; ClaudeBot/1.0; [email protected])"
18.219.191.41 - - [12/May/2025:03:16:11 +0100] "GET /search?path=%2F%2Fsys%2Fblock%2Fsr0%2Fdevice%2Fscsi_device%2F6%3A0%3A0%3A0%2Fsubsystem%2F3%3A0%3A0%3A2%2Fsubsystem%2F6%3A0%3A0%3A0%2Fpower HTTP/1.1" 200 16212 "-" "Mozilla/5.0 AppleWebKit/537.36 (KHTML, like Gecko; compatible; ClaudeBot/1.0; [email protected])"
18.219.191.41 - - [12/May/2025:03:16:11 +0100] "GET /cargo/detail?aksi=buatfolder&path=%2F%2Fsys%2Fclass%2Finput%2Finput4%2Fsubsystem%2Finput3%2Fevent3%2Fdevice%2Fsubsystem%2Fevent3%2Fsubsystem%2Fmouse2%2Fdevice HTTP/1.1" 200 15627 "-" "Mozilla/5.0 AppleWebKit/537.36 (KHTML, like Gecko; compatible; ClaudeBot/1.0; [email protected])"
66.249.69.69 - - [12/May/2025:03:16:11 +0100] "GET /safe_search/config?return_url=%2Fproduct%2Fdetail%2F45082717 HTTP/1.1" 200 31 "-" "Mozilla/5.0 (Linux; Android 6.0.1; Nexus 5X Build/MMB29P) AppleWebKit/537.36 (KHTML, like Gecko) Chrome/136.0.7103.59 Mobile Safari/537.36 (compatible; GoogleOther)"
18.219.191.41 - - [12/May/2025:03:16:11 +0100] "GET /cargo/detail?path=%2F%2Fsys%2Fclass%2Fblock%2Fvda%2Fvda1%2Fsubsystem%2Fsda%2Fsubsystem%2Fsr0%2Fdevice HTTP/1.1" 200 17818 "-" "Mozilla/5.0 AppleWebKit/537.36 (KHTML, like Gecko; compatible; ClaudeBot/1.0; [email protected])"
18.219.191.41 - - [12/May/2025:03:16:11 +0100] "GET /cargo/detail?filesrc=%2F%2Fsys%2Fdev%2Fchar%2F13%3A63%2Fsubsystem%2Finput5%2Fsubsystem%2Finput5%2Fdevice%2Fpower%2Fruntime_suspended_time&path=%2F%2Fsys%2Fdev%2Fchar%2F13%3A63%2Fsubsystem%2Finput5%2Fsubsystem%2Finput5%2Fdevice%2Fpower HTTP/1.1" 200 15547 "-" "Mozilla/5.0 AppleWebKit/537.36 (KHTML, like Gecko; compatible; ClaudeBot/1.0; [email protected])"
18.219.191.41 - - [12/May/2025:03:16:11 +0100] "GET /cargo/detail?filesrc=%2F%2Fsys%2Fdev%2Fchar%2F13%3A63%2Fsubsystem%2Fmouse1%2Fsubsystem%2Finput6%2Fsubsystem%2Finput3%2Fuevent&path=%2F%2Fsys%2Fdev%2Fchar%2F13%3A63%2Fsubsystem%2Fmouse1%2Fsubsystem%2Finput6%2Fsubsystem%2Finput3 HTTP/1.1" 200 15696 "-" "Mozilla/5.0 AppleWebKit/537.36 (KHTML, like Gecko; compatible; ClaudeBot/1.0; [email protected])"
18.219.191.41 - - [12/May/2025:03:16:11 +0100] "GET /cargo/detail?aksi=buatfolder&path=%2F%2Fsys%2Fclass%2Finput%2Finput3%2Fsubsystem%2Finput6%2Fevent5%2Fsubsystem%2Finput6%2Fsubsystem%2Finput1%2Fsubsystem%2Fevent2 HTTP/1.1" 200 15615 "-" "Mozilla/5.0 AppleWebKit/537.36 (KHTML, like Gecko; compatible; ClaudeBot/1.0; [email protected])"
20.171.207.190 - - [12/May/2025:03:16:12 +0100] "GET /?aksi=buatfile&path=%2F%2Fproc%2Fself%2Froot%2Fsys%2Fclass%2Fscsi_host%2Fhost11%2Fsubsystem%2Fhost9 HTTP/1.1" 200 29292 "-" "Mozilla/5.0 AppleWebKit/537.36 (KHTML, like Gecko; compatible; GPTBot/1.2; +https://openai.com/gptbot)"
66.249.69.71 - - [12/May/2025:03:16:13 +0100] "GET /alcohol/whiskey/9161671128438.htm HTTP/1.1" 200 31 "-" "Mozilla/5.0 (Linux; Android 6.0.1; Nexus 5X Build/MMB29P) AppleWebKit/537.36 (KHTML, like Gecko) Chrome/136.0.7103.59 Mobile Safari/537.36 (compatible; GoogleOther)"
2a06:98c0:3600::103 - - [12/May/2025:03:16:13 +0100] "GET /wordpress/wp-admin/setup-config.php HTTP/1.1" 404 47 "-" "Mozilla/5.0 (Windows NT 10.0; Win64; x64) AppleWebKit/537.36 (KHTML, like Gecko) Chrome/135.0.0.0 Safari/537.36"
20.171.207.190 - - [12/May/2025:03:16:14 +0100] "GET /?aksi=buatfile&path=%2F%2Fproc%2Fself%2Froot%2Fsys%2Fclass%2Fscsi_host%2Fhost0%2Fsubsystem%2Fhost11 HTTP/1.1" 200 29292 "-" "Mozilla/5.0 AppleWebKit/537.36 (KHTML, like Gecko; compatible; GPTBot/1.2; +https://openai.com/gptbot)"
66.249.69.69 - - [12/May/2025:03:16:16 +0100] "GET /safe_search/config?return_url=%2Fproduct%2Fdetail%2F15369534 HTTP/1.1" 200 31 "-" "Mozilla/5.0 (Linux; Android 6.0.1; Nexus 5X Build/MMB29P) AppleWebKit/537.36 (KHTML, like Gecko) Chrome/136.0.7103.59 Mobile Safari/537.36 (compatible; GoogleOther)"
20.171.207.190 - - [12/May/2025:03:16:16 +0100] "GET /?aksi=buatfile&path=%2F%2Fproc%2Fself%2Froot%2Fsys%2Fclass%2Fscsi_host%2Fhost9%2Fsubsystem%2Fhost11 HTTP/1.1" 200 29293 "-" "Mozilla/5.0 AppleWebKit/537.36 (KHTML, like Gecko; compatible; GPTBot/1.2; +https://openai.com/gptbot)"
20.171.207.190 - - [12/May/2025:03:16:18 +0100] "GET /?aksi=buatfile&path=%2F%2Fproc%2Fself%2Froot%2Fsys%2Fclass%2Fscsi_host%2Fhost7%2Fsubsystem%2Fhost11 HTTP/1.1" 200 29293 "-" "Mozilla/5.0 AppleWebKit/537.36 (KHTML, like Gecko; compatible; GPTBot/1.2; +https://openai.com/gptbot)"
66.249.69.69 - - [12/May/2025:03:16:18 +0100] "GET /?smartphones/ipads/700242423827.htm HTTP/1.1" 200 31 "-" "Mozilla/5.0 (Linux; Android 6.0.1; Nexus 5X Build/MMB29P) AppleWebKit/537.36 (KHTML, like Gecko) Chrome/136.0.7103.59 Mobile Safari/537.36 (compatible; GoogleOther)"
20.171.207.190 - - [12/May/2025:03:16:20 +0100] "GET /?aksi=buatfile&path=%2F%2Fproc%2Fself%2Froot%2Fsys%2Fclass%2Fscsi_host%2Fhost6%2Fsubsystem%2Fhost11 HTTP/1.1" 200 29293 "-" "Mozilla/5.0 AppleWebKit/537.36 (KHTML, like Gecko; compatible; GPTBot/1.2; +https://openai.com/gptbot)"
66.249.69.69 - - [12/May/2025:03:16:21 +0100] "GET /health/essential-oils-iru/10070533338154.htm HTTP/1.1" 200 31 "-" "Mozilla/5.0 (Linux; Android 6.0.1; Nexus 5X Build/MMB29P) AppleWebKit/537.36 (KHTML, like Gecko) Chrome/136.0.7103.59 Mobile Safari/537.36 (compatible; GoogleOther)"
20.171.207.190 - - [12/May/2025:03:16:22 +0100] "GET /?aksi=buatfile&path=%2F%2Fproc%2Fself%2Froot%2Fsys%2Fclass%2Fscsi_host%2Fhost8%2Fsubsystem%2Fhost11 HTTP/1.1" 200 29292 "-" "Mozilla/5.0 AppleWebKit/537.36 (KHTML, like Gecko; compatible; GPTBot/1.2; +https://openai.com/gptbot)"
66.249.69.69 - - [12/May/2025:03:16:23 +0100] "GET /safe_search/config?return_url=%2Fproduct%2Fdetail%2F72155734 HTTP/1.1" 200 31 "-" "Mozilla/5.0 (Linux; Android 6.0.1; Nexus 5X Build/MMB29P) AppleWebKit/537.36 (KHTML, like Gecko) Chrome/136.0.7103.59 Mobile Safari/537.36 (compatible; GoogleOther)"
20.171.207.190 - - [12/May/2025:03:16:23 +0100] "GET /?aksi=ransom&path=%2F%2Fproc%2Fself%2Froot%2Fsys%2Fclass%2Fblock%2Fvda%2Fvda1%2Fsubsystem%2Fvda1 HTTP/1.1" 200 28472 "-" "Mozilla/5.0 AppleWebKit/537.36 (KHTML, like Gecko; compatible; GPTBot/1.2; +https://openai.com/gptbot)"
20.171.207.190 - - [12/May/2025:03:16:24 +0100] "GET /?aksi=buatfolder&path=%2F%2Fproc%2Fself%2Froot%2Fsys%2Fclass%2Fblock%2Fvda%2Fvda1%2Fsubsystem%2Fvda1 HTTP/1.1" 200 27505 "-" "Mozilla/5.0 AppleWebKit/537.36 (KHTML, like Gecko; compatible; GPTBot/1.2; +https://openai.com/gptbot)"
66.249.69.69 - - [12/May/2025:03:16:25 +0100] "GET /?flowers/haworthia/3260160679181.htm HTTP/1.1" 200 31 "-" "Mozilla/5.0 (Linux; Android 6.0.1; Nexus 5X Build/MMB29P) AppleWebKit/537.36 (KHTML, like Gecko) Chrome/136.0.7103.59 Mobile Safari/537.36 (compatible; GoogleOther)"
20.171.207.190 - - [12/May/2025:03:16:26 +0100] "GET /?aksi=buatfile&path=%2F%2Fproc%2Fself%2Froot%2Fsys%2Fclass%2Fblock%2Fvda%2Fvda1%2Fsubsystem%2Fvda1 HTTP/1.1" 200 28472 "-" "Mozilla/5.0 AppleWebKit/537.36 (KHTML, like Gecko; compatible; GPTBot/1.2; +https://openai.com/gptbot)"
66.249.69.69 - - [12/May/2025:03:16:26 +0100] "GET /safe_search/config?return_url=%2Fproduct%2Fdetail%2F45190047 HTTP/1.1" 200 31 "-" "Mozilla/5.0 (Linux; Android 6.0.1; Nexus 5X Build/MMB29P) AppleWebKit/537.36 (KHTML, like Gecko) Chrome/136.0.7103.59 Mobile Safari/537.36 (compatible; GoogleOther)"
20.171.207.190 - - [12/May/2025:03:16:27 +0100] "GET /?aksi=buatfolder&path=%2F%2Fproc%2Fself%2Froot%2Fsys%2Fclass%2Fscsi_host%2Fhost7%2Fsubsystem%2Fhost11 HTTP/1.1" 200 27509 "-" "Mozilla/5.0 AppleWebKit/537.36 (KHTML, like Gecko; compatible; GPTBot/1.2; +https://openai.com/gptbot)"
20.171.207.190 - - [12/May/2025:03:16:28 +0100] "GET /?aksi=buatfolder&path=%2F%2Fproc%2Fself%2Froot%2Fsys%2Fclass%2Fscsi_host%2Fhost5%2Fsubsystem%2Fhost11 HTTP/1.1" 200 27509 "-" "Mozilla/5.0 AppleWebKit/537.36 (KHTML, like Gecko; compatible; GPTBot/1.2; +https://openai.com/gptbot)"
66.249.69.69 - - [12/May/2025:03:16:28 +0100] "GET /safe_search/config?return_url=%2Fproduct%2Fdetail%2F63535686 HTTP/1.1" 200 31 "-" "Mozilla/5.0 (Linux; Android 6.0.1; Nexus 5X Build/MMB29P) AppleWebKit/537.36 (KHTML, like Gecko) Chrome/136.0.7103.59 Mobile Safari/537.36 (compatible; GoogleOther)"
20.171.207.190 - - [12/May/2025:03:16:29 +0100] "GET /?aksi=buatfolder&path=%2F%2Fproc%2Fself%2Froot%2Fsys%2Fclass%2Fscsi_host%2Fhost6%2Fsubsystem%2Fhost10 HTTP/1.1" 200 27510 "-" "Mozilla/5.0 AppleWebKit/537.36 (KHTML, like Gecko; compatible; GPTBot/1.2; +https://openai.com/gptbot)"
66.249.69.69 - - [12/May/2025:03:16:29 +0100] "GET /safe_search/config?return_url=%2Fproduct%2Fdetail%2F11803597 HTTP/1.1" 200 31 "-" "Mozilla/5.0 (Linux; Android 6.0.1; Nexus 5X Build/MMB29P) AppleWebKit/537.36 (KHTML, like Gecko) Chrome/136.0.7103.59 Mobile Safari/537.36 (compatible; GoogleOther)"
20.171.207.190 - - [12/May/2025:03:16:30 +0100] "GET /?aksi=buatfolder&path=%2F%2Fproc%2Fself%2Froot%2Fsys%2Fclass%2Fscsi_host%2Fhost8%2Fsubsystem%2Fhost11 HTTP/1.1" 200 27507 "-" "Mozilla/5.0 AppleWebKit/537.36 (KHTML, like Gecko; compatible; GPTBot/1.2; +https://openai.com/gptbot)"
66.249.69.69 - - [12/May/2025:03:16:31 +0100] "GET /safe_search/config?return_url=%2Fproduct%2Fdetail%2F42093557 HTTP/1.1" 200 31 "-" "Mozilla/5.0 (Linux; Android 6.0.1; Nexus 5X Build/MMB29P) AppleWebKit/537.36 (KHTML, like Gecko) Chrome/136.0.7103.59 Mobile Safari/537.36 (compatible; GoogleOther)"
20.171.207.190 - - [12/May/2025:03:16:31 +0100] "GET /?aksi=buatfolder&path=%2F%2Fproc%2Fself%2Froot%2Fsys%2Fclass%2Fscsi_host%2Fhost8%2Fsubsystem%2Fhost10 HTTP/1.1" 200 27508 "-" "Mozilla/5.0 AppleWebKit/537.36 (KHTML, like Gecko; compatible; GPTBot/1.2; +https://openai.com/gptbot)"
66.249.69.69 - - [12/May/2025:03:16:32 +0100] "GET /air-conditioning/espresso-machines/9560851716441.htm HTTP/1.1" 200 31 "-" "Mozilla/5.0 (Linux; Android 6.0.1; Nexus 5X Build/MMB29P) AppleWebKit/537.36 (KHTML, like Gecko) Chrome/136.0.7103.59 Mobile Safari/537.36 (compatible; Googlebot/2.1; +http://www.google.com/bot.html)"
66.249.69.69 - - [12/May/2025:03:16:32 +0100] "GET /home-appliances/air-purifiers/9380341858044.htm HTTP/1.1" 200 31 "-" "Mozilla/5.0 (Linux; Android 6.0.1; Nexus 5X Build/MMB29P) AppleWebKit/537.36 (KHTML, like Gecko) Chrome/136.0.7103.59 Mobile Safari/537.36 (compatible; GoogleOther)"
20.171.207.190 - - [12/May/2025:03:16:33 +0100] "GET /?aksi=buatfolder&path=%2F%2Fproc%2Fself%2Froot%2Fsys%2Fclass%2Fscsi_host%2Fhost0%2Fsubsystem%2Fhost11 HTTP/1.1" 200 27506 "-" "Mozilla/5.0 AppleWebKit/537.36 (KHTML, like Gecko; compatible; GPTBot/1.2; +https://openai.com/gptbot)"
66.249.69.69 - - [12/May/2025:03:16:33 +0100] "GET /home-appliances/fan-heaters/9530203719342.htm HTTP/1.1" 200 31 "-" "Mozilla/5.0 (Linux; Android 6.0.1; Nexus 5X Build/MMB29P) AppleWebKit/537.36 (KHTML, like Gecko) Chrome/136.0.7103.59 Mobile Safari/537.36 (compatible; GoogleOther)"
20.171.207.190 - - [12/May/2025:03:16:34 +0100] "GET /?aksi=buatfolder&path=%2F%2Fproc%2Fself%2Froot%2Fsys%2Fclass%2Fscsi_host%2Fhost6%2Fsubsystem%2Fhost11 HTTP/1.1" 200 27509 "-" "Mozilla/5.0 AppleWebKit/537.36 (KHTML, like Gecko; compatible; GPTBot/1.2; +https://openai.com/gptbot)"
66.249.69.69 - - [12/May/2025:03:16:34 +0100] "GET /?air-conditioning/others/9710052851422.htm HTTP/1.1" 200 31 "-" "Mozilla/5.0 (Linux; Android 6.0.1; Nexus 5X Build/MMB29P) AppleWebKit/537.36 (KHTML, like Gecko) Chrome/136.0.7103.59 Mobile Safari/537.36 (compatible; GoogleOther)"
20.171.207.190 - - [12/May/2025:03:16:35 +0100] "GET /?aksi=buatfolder&path=%2F%2Fproc%2Fself%2Froot%2Fsys%2Fclass%2Fscsi_host%2Fhost5%2Fsubsystem%2Fhost10 HTTP/1.1" 200 27510 "-" "Mozilla/5.0 AppleWebKit/537.36 (KHTML, like Gecko; compatible; GPTBot/1.2; +https://openai.com/gptbot)"
66.249.69.71 - - [12/May/2025:03:16:35 +0100] "GET /interior/ornaments/3980091172867.htm HTTP/1.1" 200 31 "-" "Mozilla/5.0 (Linux; Android 6.0.1; Nexus 5X Build/MMB29P) AppleWebKit/537.36 (KHTML, like Gecko) Chrome/136.0.7103.59 Mobile Safari/537.36 (compatible; GoogleOther)"
66.249.69.69 - - [12/May/2025:03:16:36 +0100] "GET /?smartphones/ipads/700201621941.htm HTTP/1.1" 200 31 "-" "Mozilla/5.0 (Linux; Android 6.0.1; Nexus 5X Build/MMB29P) AppleWebKit/537.36 (KHTML, like Gecko) Chrome/136.0.7103.59 Mobile Safari/537.36 (compatible; GoogleOther)"
20.171.207.190 - - [12/May/2025:03:16:36 +0100] "GET /?aksi=buatfolder&path=%2F%2Fproc%2Fself%2Froot%2Fsys%2Fclass%2Fscsi_host%2Fhost9%2Fsubsystem%2Fhost11 HTTP/1.1" 200 27508 "-" "Mozilla/5.0 AppleWebKit/537.36 (KHTML, like Gecko; compatible; GPTBot/1.2; +https://openai.com/gptbot)"
66.249.69.69 - - [12/May/2025:03:16:37 +0100] "GET /fashion/pants/9780011655464.htm HTTP/1.1" 200 31 "-" "Mozilla/5.0 (Linux; Android 6.0.1; Nexus 5X Build/MMB29P) AppleWebKit/537.36 (KHTML, like Gecko) Chrome/136.0.7103.59 Mobile Safari/537.36 (compatible; GoogleOther)"
13.59.91.46 - - [12/May/2025:03:16:37 +0100] "GET /cargo/detail?aksi=buatfolder&path=%2F%2Fsys%2Fclass%2Finput%2Finput3%2Fsubsystem%2Finput6%2Fevent5%2Fsubsystem%2Finput3%2Fsubsystem%2Finput6%2Fdevice%2Fpower HTTP/1.1" 200 15617 "-" "Mozilla/5.0 AppleWebKit/537.36 (KHTML, like Gecko; compatible; ClaudeBot/1.0; [email protected])"
13.59.91.46 - - [12/May/2025:03:16:37 +0100] "GET /cargo/detail?filesrc=%2F%2Fsys%2Fclass%2Finput%2Fevent0%2Fsubsystem%2Fmice%2Fsubsystem%2Fmouse0%2Fsubsystem%2Finput0%2Fphys&path=%2F%2Fsys%2Fclass%2Finput%2Fevent0%2Fsubsystem%2Fmice%2Fsubsystem%2Fmouse0%2Fsubsystem%2Finput0 HTTP/1.1" 200 15555 "-" "Mozilla/5.0 AppleWebKit/537.36 (KHTML, like Gecko; compatible; ClaudeBot/1.0; [email protected])"
20.171.207.190 - - [12/May/2025:03:16:38 +0100] "GET /?aksi=buatfolder&path=%2F%2Fproc%2Fself%2Froot%2Fsys%2Fclass%2Fscsi_host%2Fhost11%2Fsubsystem%2Fhost9 HTTP/1.1" 200 27507 "-" "Mozilla/5.0 AppleWebKit/537.36 (KHTML, like Gecko; compatible; GPTBot/1.2; +https://openai.com/gptbot)"
13.59.91.46 - - [12/May/2025:03:16:38 +0100] "GET /cd.html?path=%2F%2Fsys%2Fbus%2Fvirtio%2Fdevices%2Fvirtio3%2Fblock%2Fvda%2Fdevice%2Fsubsystem%2Fdevices%2Fvirtio4%2Fsubsystem HTTP/1.1" 200 16318 "-" "Mozilla/5.0 AppleWebKit/537.36 (KHTML, like Gecko; compatible; ClaudeBot/1.0; [email protected])"
13.59.91.46 - - [12/May/2025:03:16:38 +0100] "GET /cargo/detail?aksi=buatfolder&path=%2F%2Fsys%2Fclass%2Finput%2Finput3%2Fmouse1%2Fsubsystem%2Fevent2%2Fdevice%2Fsubsystem%2Fmouse0%2Fdevice%2Fsubsystem%2Fevent5 HTTP/1.1" 200 15622 "-" "Mozilla/5.0 AppleWebKit/537.36 (KHTML, like Gecko; compatible; ClaudeBot/1.0; [email protected])"
13.59.91.46 - - [12/May/2025:03:16:38 +0100] "GET /cargo/detail?aksi=buatfolder&path=%2F%2Fsys%2Fclass%2Finput%2Fevent0%2Fsubsystem%2Fevent3%2Fdevice%2Fevent3%2Fsubsystem%2Finput3%2Fsubsystem%2Fevent1 HTTP/1.1" 200 15594 "-" "Mozilla/5.0 AppleWebKit/537.36 (KHTML, like Gecko; compatible; ClaudeBot/1.0; [email protected])"
13.59.91.46 - - [12/May/2025:03:16:38 +0100] "GET /cargo/detail?filesrc=%2F%2Fsys%2Fclass%2Fscsi_host%2Fhost2%2Fsubsystem%2Fhost2%2Fdevice%2Fpower%2Fcontrol&path=%2F%2Fsys%2Fclass%2Fscsi_host%2Fhost2%2Fsubsystem%2Fhost2%2Fdevice%2Fpower HTTP/1.1" 200 15516 "-" "Mozilla/5.0 AppleWebKit/537.36 (KHTML, like Gecko; compatible; ClaudeBot/1.0; [email protected])"
13.59.91.46 - - [12/May/2025:03:16:38 +0100] "GET /search?filesrc=%2F%2Fsys%2Fbus%2Fpci%2Fdevices%2F0000%3A00%3A01.2%2Fsubsystem%2Fdevices%2F0000%3A00%3A09.0%2Fdriver%2F0000%3A00%3A08.0%2Fresource4&path=%2F%2Fsys%2Fbus%2Fpci%2Fdevices%2F0000%3A00%3A01.2%2Fsubsystem%2Fdevices%2F0000%3A00%3A09.0%2Fdriver%2F0000%3A00%3A08.0 HTTP/1.1" 200 15546 "-" "Mozilla/5.0 AppleWebKit/537.36 (KHTML, like Gecko; compatible; ClaudeBot/1.0; [email protected])"
13.59.91.46 - - [12/May/2025:03:16:39 +0100] "GET /pcmypage?path=%2F%2Fsys%2Fclass%2Finput%2Fmouse2%2Fdevice%2Fsubsystem%2Fevent0%2Fsubsystem%2Fevent5%2Fsubsystem%2Fmice%2Fsubsystem%2Fmouse2 HTTP/1.1" 200 16294 "-" "Mozilla/5.0 AppleWebKit/537.36 (KHTML, like Gecko; compatible; ClaudeBot/1.0; [email protected])"
66.249.69.69 - - [12/May/2025:03:16:39 +0100] "GET /tv/portable-players/14640600352003.htm HTTP/1.1" 200 31 "-" "Mozilla/5.0 (Linux; Android 6.0.1; Nexus 5X Build/MMB29P) AppleWebKit/537.36 (KHTML, like Gecko) Chrome/136.0.7103.59 Mobile Safari/537.36 (compatible; GoogleOther)"
13.59.91.46 - - [12/May/2025:03:16:39 +0100] "GET /search?aksi=buatfolder&path=%2F%2Fsys%2Fbus%2Fvirtio%2Fdrivers%2Fvirtio_scsi%2Fvirtio1%2Fhost0%2Fscsi_host%2Fhost0%2Fsubsystem%2Fhost11%2Fsubsystem%2Fhost4 HTTP/1.1" 200 15634 "-" "Mozilla/5.0 AppleWebKit/537.36 (KHTML, like Gecko; compatible; ClaudeBot/1.0; [email protected])"
13.59.91.46 - - [12/May/2025:03:16:39 +0100] "GET /pcmypage?filesrc=%2F%2Fsys%2Fclass%2Finput%2Fevent4%2Fsubsystem%2Fmice%2Fsubsystem%2Fmouse0%2Fsubsystem%2Finput1%2Fproperties&path=%2F%2Fsys%2Fclass%2Finput%2Fevent4%2Fsubsystem%2Fmice%2Fsubsystem%2Fmouse0%2Fsubsystem%2Finput1 HTTP/1.1" 200 15549 "-" "Mozilla/5.0 AppleWebKit/537.36 (KHTML, like Gecko; compatible; ClaudeBot/1.0; [email protected])"
13.59.91.46 - - [12/May/2025:03:16:39 +0100] "GET /cargo/detail?filesrc=%2F%2Fsys%2Fclass%2Fwakeup%2Fwakeup8%2Fdevice%2Fwakeup%2Fwakeup8%2Fsubsystem%2Fwakeup4%2Fexpire_count&path=%2F%2Fsys%2Fclass%2Fwakeup%2Fwakeup8%2Fdevice%2Fwakeup%2Fwakeup8%2Fsubsystem%2Fwakeup4 HTTP/1.1" 200 15533 "-" "Mozilla/5.0 AppleWebKit/537.36 (KHTML, like Gecko; compatible; ClaudeBot/1.0; [email protected])"
13.59.91.46 - - [12/May/2025:03:16:39 +0100] "GET /cargo/detail?filesrc=%2F%2Fsys%2Fclass%2Fblock%2Fvda%2Fvda1%2Fsubsystem%2Fsr0%2Fdevice%2Funload_heads&path=%2F%2Fsys%2Fclass%2Fblock%2Fvda%2Fvda1%2Fsubsystem%2Fsr0%2Fdevice HTTP/1.1" 200 15519 "-" "Mozilla/5.0 AppleWebKit/537.36 (KHTML, like Gecko; compatible; ClaudeBot/1.0; [email protected])"
13.59.91.46 - - [12/May/2025:03:16:40 +0100] "GET /cargo/detail?path=%2F%2Fsys%2Fdev%2Fchar%2F13%3A63%2Fsubsystem%2Finput1%2Fsubsystem%2Fevent5%2Fsubsystem%2Fmouse2%2Fdevice HTTP/1.1" 200 16620 "-" "Mozilla/5.0 AppleWebKit/537.36 (KHTML, like Gecko; compatible; ClaudeBot/1.0; [email protected])"
13.59.91.46 - - [12/May/2025:03:16:40 +0100] "GET /cargo/detail?path=%2F%2Fsys%2Fdev%2Fchar%2F13%3A63%2Fsubsystem%2Finput5%2Fsubsystem%2Finput6%2Fsubsystem%2Fevent3%2Fpower HTTP/1.1" 200 16217 "-" "Mozilla/5.0 AppleWebKit/537.36 (KHTML, like Gecko; compatible; ClaudeBot/1.0; [email protected])"
20.171.207.190 - - [12/May/2025:03:16:40 +0100] "GET /?path=%2F%2Fproc%2Fself%2Froot%2Fsys%2Fclass%2Fscsi_host%2Fhost10%2Fsubsystem%2Fhost5 HTTP/1.1" 200 28852 "-" "Mozilla/5.0 AppleWebKit/537.36 (KHTML, like Gecko; compatible; GPTBot/1.2; +https://openai.com/gptbot)"
13.59.91.46 - - [12/May/2025:03:16:40 +0100] "GET /cargo/detail?path=%2F%2Fsys%2Fdev%2Fchar%2F13%3A63%2Fsubsystem%2Finput6%2Fsubsystem%2Finput5%2Fsubsystem%2Fevent3%2Fpower HTTP/1.1" 200 16217 "-" "Mozilla/5.0 AppleWebKit/537.36 (KHTML, like Gecko; compatible; ClaudeBot/1.0; [email protected])"
13.59.91.46 - - [12/May/2025:03:16:40 +0100] "GET /cargo/detail?path=%2F%2Fsys%2Fdev%2Fchar%2F13%3A63%2Fsubsystem%2Finput6%2Fsubsystem%2Fevent3%2Fsubsystem%2Finput5%2Fpower HTTP/1.1" 200 16221 "-" "Mozilla/5.0 AppleWebKit/537.36 (KHTML, like Gecko; compatible; ClaudeBot/1.0; [email protected])"
13.59.91.46 - - [12/May/2025:03:16:40 +0100] "GET /cargo/detail?path=%2F%2Fsys%2Fdev%2Fchar%2F13%3A63%2Fsubsystem%2Finput5%2Fsubsystem%2Fmouse1%2Fsubsystem%2Fevent3 HTTP/1.1" 200 16273 "-" "Mozilla/5.0 AppleWebKit/537.36 (KHTML, like Gecko; compatible; ClaudeBot/1.0; [email protected])"
66.249.69.69 - - [12/May/2025:03:16:41 +0100] "GET /?home-appliances/rice-cooker/9470200766826.htm HTTP/1.1" 200 31 "-" "Mozilla/5.0 (Linux; Android 6.0.1; Nexus 5X Build/MMB29P) AppleWebKit/537.36 (KHTML, like Gecko) Chrome/136.0.7103.59 Mobile Safari/537.36 (compatible; GoogleOther)"
13.59.91.46 - - [12/May/2025:03:16:41 +0100] "GET /cargo/detail?path=%2F%2Fsys%2Fdev%2Fchar%2F13%3A63%2Fsubsystem%2Finput0%2Fsubsystem%2Fevent0%2Fsubsystem%2Fmouse2%2Fdevice HTTP/1.1" 200 16618 "-" "Mozilla/5.0 AppleWebKit/537.36 (KHTML, like Gecko; compatible; ClaudeBot/1.0; [email protected])"
13.59.91.46 - - [12/May/2025:03:16:41 +0100] "GET /cargo/detail?filesrc=%2F%2Fsys%2Fdev%2Fchar%2F13%3A63%2Fsubsystem%2Finput0%2Fsubsystem%2Finput5%2Fsubsystem%2Finput1%2Fproperties&path=%2F%2Fsys%2Fdev%2Fchar%2F13%3A63%2Fsubsystem%2Finput0%2Fsubsystem%2Finput5%2Fsubsystem%2Finput1 HTTP/1.1" 200 15540 "-" "Mozilla/5.0 AppleWebKit/537.36 (KHTML, like Gecko; compatible; ClaudeBot/1.0; [email protected])"
13.59.91.46 - - [12/May/2025:03:16:41 +0100] "GET /cargo/detail?filesrc=%2F%2Fsys%2Fdev%2Fchar%2F13%3A63%2Fsubsystem%2Finput5%2Fsubsystem%2Finput0%2Fsubsystem%2Finput1%2Fproperties&path=%2F%2Fsys%2Fdev%2Fchar%2F13%3A63%2Fsubsystem%2Finput5%2Fsubsystem%2Finput0%2Fsubsystem%2Finput1 HTTP/1.1" 200 15542 "-" "Mozilla/5.0 AppleWebKit/537.36 (KHTML, like Gecko; compatible; ClaudeBot/1.0; [email protected])"
13.59.91.46 - - [12/May/2025:03:16:41 +0100] "GET /hobby.html?aksi=ransom&path=%2F%2Fsys%2Fdevices%2Fpci0000%3A00%2F0000%3A00%3A04.0%2Fsubsystem%2Fdrivers%2Fata_piix%2F0000%3A00%3A01.1%2Fata1%2Fhost4%2Fscsi_host HTTP/1.1" 200 16016 "-" "Mozilla/5.0 AppleWebKit/537.36 (KHTML, like Gecko; compatible; ClaudeBot/1.0; [email protected])"
13.59.91.46 - - [12/May/2025:03:16:41 +0100] "GET /cargo/detail?filesrc=%2F%2Fsys%2Fclass%2Finput%2Fevent4%2Fsubsystem%2Fmice%2Fsubsystem%2Fevent2%2Fsubsystem%2Finput5%2Fphys&path=%2F%2Fsys%2Fclass%2Finput%2Fevent4%2Fsubsystem%2Fmice%2Fsubsystem%2Fevent2%2Fsubsystem%2Finput5 HTTP/1.1" 200 15561 "-" "Mozilla/5.0 AppleWebKit/537.36 (KHTML, like Gecko; compatible; ClaudeBot/1.0; [email protected])"
13.59.91.46 - - [12/May/2025:03:16:42 +0100] "GET /cargo/detail?filesrc=%2F%2Fsys%2Fclass%2Finput%2Fevent4%2Fsubsystem%2Fevent2%2Fsubsystem%2Fmice%2Fsubsystem%2Finput5%2Fphys&path=%2F%2Fsys%2Fclass%2Finput%2Fevent4%2Fsubsystem%2Fevent2%2Fsubsystem%2Fmice%2Fsubsystem%2Finput5 HTTP/1.1" 200 15561 "-" "Mozilla/5.0 AppleWebKit/537.36 (KHTML, like Gecko; compatible; ClaudeBot/1.0; [email protected])"
13.59.91.46 - - [12/May/2025:03:16:42 +0100] "GET /cargo/detail?path=%2F%2Fsys%2Fclass%2Fwakeup%2Fwakeup8%2Fdevice%2Fsubsystem%2Fdevices%2Fdevice%3A00%2Fwakeup HTTP/1.1" 200 15940 "-" "Mozilla/5.0 AppleWebKit/537.36 (KHTML, like Gecko; compatible; ClaudeBot/1.0; [email protected])"
13.59.91.46 - - [12/May/2025:03:16:42 +0100] "GET /cargo/detail?path=%2F%2Fsys%2Fdev%2Fchar%2F13%3A63%2Fsubsystem%2Fevent2%2Fsubsystem%2Fevent1%2Fsubsystem%2Fevent0%2Fpower HTTP/1.1" 200 16207 "-" "Mozilla/5.0 AppleWebKit/537.36 (KHTML, like Gecko; compatible; ClaudeBot/1.0; [email protected])"
13.59.91.46 - - [12/May/2025:03:16:42 +0100] "GET /cargo/detail?aksi=buatfolder&path=%2F%2Fsys%2Fclass%2Finput%2Finput0%2Fsubsystem%2Finput1%2Fevent1%2Fsubsystem%2Fevent5%2Fsubsystem%2Fevent4%2Fsubsystem%2Fevent4 HTTP/1.1" 200 15616 "-" "Mozilla/5.0 AppleWebKit/537.36 (KHTML, like Gecko; compatible; ClaudeBot/1.0; [email protected])"
20.171.207.190 - - [12/May/2025:03:16:42 +0100] "GET /?path=%2F%2Fproc%2Fself%2Froot%2Fsys%2Fclass%2Fscsi_host%2Fhost9%2Fsubsystem%2Fhost10 HTTP/1.1" 200 29294 "-" "Mozilla/5.0 AppleWebKit/537.36 (KHTML, like Gecko; compatible; GPTBot/1.2; +https://openai.com/gptbot)"
13.59.91.46 - - [12/May/2025:03:16:43 +0100] "GET /cargo/detail?aksi=buatfolder&path=%2F%2Fsys%2Fclass%2Finput%2Fevent5%2Fdevice%2Fevent5%2Fdevice%2Fsubsystem%2Finput6%2Fsubsystem%2Fevent0%2Fdevice%2Fdevice HTTP/1.1" 200 15603 "-" "Mozilla/5.0 AppleWebKit/537.36 (KHTML, like Gecko; compatible; ClaudeBot/1.0; [email protected])"
13.59.91.46 - - [12/May/2025:03:16:43 +0100] "GET /fashion/accessories/url%20=%3Cwidth%3Ex%3Cheight%3E%20%22optional%20title%22?aksi=ransom&path=%2Fvar%2Fwww%2Fsitiomodelo__usr86%2Fdata%2Fwww%2Fsitiomodelo.info%2Fwp-content%2Fthemes%2Ftwentytwentythree%2Fstyles HTTP/1.1" 200 3229 "-" "Mozilla/5.0 AppleWebKit/537.36 (KHTML, like Gecko; compatible; ClaudeBot/1.0; [email protected])"
66.249.69.69 - - [12/May/2025:03:16:43 +0100] "GET /motorcycles/parts/18221492689402.htm HTTP/1.1" 200 31 "-" "Mozilla/5.0 (Linux; Android 6.0.1; Nexus 5X Build/MMB29P) AppleWebKit/537.36 (KHTML, like Gecko) Chrome/136.0.7103.59 Mobile Safari/537.36 (compatible; GoogleOther)"
13.59.91.46 - - [12/May/2025:03:16:43 +0100] "GET /cargo/detail?filesrc=%2F%2Fsys%2Fclass%2Fscsi_host%2Fhost2%2Fsubsystem%2Fhost9%2Fdevice%2Fpower%2Fruntime_suspended_time&path=%2F%2Fsys%2Fclass%2Fscsi_host%2Fhost2%2Fsubsystem%2Fhost9%2Fdevice%2Fpower HTTP/1.1" 200 15538 "-" "Mozilla/5.0 AppleWebKit/537.36 (KHTML, like Gecko; compatible; ClaudeBot/1.0; [email protected])"
13.59.91.46 - - [12/May/2025:03:16:43 +0100] "GET /search?aksi=buatfolder&path=%2F%2Fsys%2Fbus%2Fvirtio%2Fdrivers%2Fvirtio_scsi%2Fvirtio7%2Fhost3%2Fscsi_host%2Fhost3%2Fsubsystem%2Fhost7%2Fsubsystem%2Fhost9 HTTP/1.1" 200 15631 "-" "Mozilla/5.0 AppleWebKit/537.36 (KHTML, like Gecko; compatible; ClaudeBot/1.0; [email protected])"
13.59.91.46 - - [12/May/2025:03:16:43 +0100] "GET /cargo/detail?path=%2F%2Fsys%2Fdev%2Fchar%2F13%3A63%2Fsubsystem%2Fevent2%2Fsubsystem%2Fmouse2%2Fdevice%2Fdevice HTTP/1.1" 200 16424 "-" "Mozilla/5.0 AppleWebKit/537.36 (KHTML, like Gecko; compatible; ClaudeBot/1.0; [email protected])"
13.59.91.46 - - [12/May/2025:03:16:43 +0100] "GET /cargo/detail?aksi=buatfolder&path=%2F%2Fsys%2Fclass%2Finput%2Fmouse2%2Fdevice%2Fmouse2%2Fsubsystem%2Finput3%2Fevent3%2Fsubsystem%2Finput4 HTTP/1.1" 200 15597 "-" "Mozilla/5.0 AppleWebKit/537.36 (KHTML, like Gecko; compatible; ClaudeBot/1.0; [email protected])"
13.59.91.46 - - [12/May/2025:03:16:44 +0100] "GET /dozin.html?path=%2F%2Fsys%2Fblock%2Fsda%2Fsubsystem%2Fsr0%2Fmq%2F0%2Fcpu124 HTTP/1.1" 200 15627 "-" "Mozilla/5.0 AppleWebKit/537.36 (KHTML, like Gecko; compatible; ClaudeBot/1.0; [email protected])"
13.59.91.46 - - [12/May/2025:03:16:44 +0100] "GET /cargo/detail?path=%2F%2Fsys%2Fdev%2Fchar%2F13%3A63%2Fsubsystem%2Fmouse2%2Fsubsystem%2Fevent2%2Fdevice%2Fdevice HTTP/1.1" 200 16730 "-" "Mozilla/5.0 AppleWebKit/537.36 (KHTML, like Gecko; compatible; ClaudeBot/1.0; [email protected])"
13.59.91.46 - - [12/May/2025:03:16:44 +0100] "GET /cargo/detail?filesrc=%2F%2Fsys%2Fdev%2Fchar%2F13%3A63%2Fsubsystem%2Finput1%2Fsubsystem%2Fmouse0%2Fsubsystem%2Finput5%2Fphys&path=%2F%2Fsys%2Fdev%2Fchar%2F13%3A63%2Fsubsystem%2Finput1%2Fsubsystem%2Fmouse0%2Fsubsystem%2Finput5 HTTP/1.1" 200 15558 "-" "Mozilla/5.0 AppleWebKit/537.36 (KHTML, like Gecko; compatible; ClaudeBot/1.0; [email protected])"
13.59.91.46 - - [12/May/2025:03:16:44 +0100] "GET /product/edit/32903809?path=%2F%2Fsys%2Fdevices%2Fpci0000%3A00%2Fpci_bus%2F0000%3A00%2Fdevice%2F0000%3A00%3A05.0%2Fata3%2Fhost6 HTTP/1.1" 200 17495 "-" "Mozilla/5.0 AppleWebKit/537.36 (KHTML, like Gecko; compatible; ClaudeBot/1.0; [email protected])"
13.59.91.46 - - [12/May/2025:03:16:44 +0100] "GET /dozin.html?path=%2F%2Fsys%2Fblock%2Fsda%2Fsubsystem%2Fsr0%2Fmq%2F0%2Fcpu28 HTTP/1.1" 200 15622 "-" "Mozilla/5.0 AppleWebKit/537.36 (KHTML, like Gecko; compatible; ClaudeBot/1.0; [email protected])"
66.249.69.69 - - [12/May/2025:03:16:44 +0100] "GET /safe_search/config?return_url=%2Fproduct%2Fdetail%2F63879955 HTTP/1.1" 200 31 "-" "Mozilla/5.0 (Linux; Android 6.0.1; Nexus 5X Build/MMB29P) AppleWebKit/537.36 (KHTML, like Gecko) Chrome/136.0.7103.59 Mobile Safari/537.36 (compatible; GoogleOther)"
13.59.91.46 - - [12/May/2025:03:16:44 +0100] "GET /search?aksi=buatfolder&path=%2F%2Fsys%2Fbus%2Fvirtio%2Fdrivers%2Fvirtio_scsi%2Fvirtio7%2Fhost3%2Fscsi_host%2Fhost3%2Fsubsystem%2Fhost7%2Fsubsystem%2Fhost6 HTTP/1.1" 200 15630 "-" "Mozilla/5.0 AppleWebKit/537.36 (KHTML, like Gecko; compatible; ClaudeBot/1.0; [email protected])"
13.59.91.46 - - [12/May/2025:03:16:45 +0100] "GET /%22,t+=%22%3C%22+e.getAttribute(%22src%22?filesrc=%2F%2Fproc%2F31%2Ftask%2F31%2Fnet%2Ficmp&path=%2F%2Fproc%2F31%2Ftask%2F31%2Fnet HTTP/1.1" 200 2323 "-" "Mozilla/5.0 AppleWebKit/537.36 (KHTML, like Gecko; compatible; ClaudeBot/1.0; [email protected])"
13.59.91.46 - - [12/May/2025:03:16:45 +0100] "GET /pcmypage?aksi=buatfolder&path=%2F%2Fsys%2Fclass%2Finput%2Finput0%2Fsubsystem%2Fevent5%2Fdevice%2Fsubsystem%2Finput4%2Fmouse0%2Fdevice%2Fmouse0 HTTP/1.1" 200 15607 "-" "Mozilla/5.0 AppleWebKit/537.36 (KHTML, like Gecko; compatible; ClaudeBot/1.0; [email protected])"
20.171.207.190 - - [12/May/2025:03:16:45 +0100] "GET /?path=%2F%2Fproc%2Fself%2Froot%2Fsys%2Fmodule%2Fnf_reject_ipv4%2Fholders%2Fipt_REJECT%2Fnotes HTTP/1.1" 200 28059 "-" "Mozilla/5.0 AppleWebKit/537.36 (KHTML, like Gecko; compatible; GPTBot/1.2; +https://openai.com/gptbot)"
13.59.91.46 - - [12/May/2025:03:16:45 +0100] "GET /cargo/detail?aksi=buatfolder&path=%2F%2Fsys%2Fclass%2Finput%2Finput6%2Fsubsystem%2Finput1%2Fevent1%2Fsubsystem%2Fmouse2%2Fsubsystem%2Fevent3%2Fdevice%2Fpower HTTP/1.1" 200 15620 "-" "Mozilla/5.0 AppleWebKit/537.36 (KHTML, like Gecko; compatible; ClaudeBot/1.0; [email protected])"
13.59.91.46 - - [12/May/2025:03:16:45 +0100] "GET /pcmypage?filesrc=%2F%2Fsys%2Fclass%2Fscsi_host%2Fhost3%2Fsubsystem%2Fhost3%2Fsubsystem%2Fhost0%2Funchecked_isa_dma&path=%2F%2Fsys%2Fclass%2Fscsi_host%2Fhost3%2Fsubsystem%2Fhost3%2Fsubsystem%2Fhost0 HTTP/1.1" 200 15516 "-" "Mozilla/5.0 AppleWebKit/537.36 (KHTML, like Gecko; compatible; ClaudeBot/1.0; [email protected])"
13.59.91.46 - - [12/May/2025:03:16:45 +0100] "GET /cargo/detail?aksi=buatfolder&path=%2F%2Fsys%2Fclass%2Finput%2Finput3%2Fmouse1%2Fsubsystem%2Finput3%2Fevent3%2Fsubsystem%2Finput6%2Fsubsystem%2Finput6%2Fid HTTP/1.1" 200 15604 "-" "Mozilla/5.0 AppleWebKit/537.36 (KHTML, like Gecko; compatible; ClaudeBot/1.0; [email protected])"
13.59.91.46 - - [12/May/2025:03:16:46 +0100] "GET /cargo/detail?aksi=buatfile&path=%2F%2Fsys%2Fclass%2Finput%2Finput4%2Fsubsystem%2Finput3%2Fevent3%2Fdevice%2Fsubsystem%2Fmouse1%2Fsubsystem%2Finput6%2Fdevice HTTP/1.1" 200 16369 "-" "Mozilla/5.0 AppleWebKit/537.36 (KHTML, like Gecko; compatible; ClaudeBot/1.0; [email protected])"
13.59.91.46 - - [12/May/2025:03:16:46 +0100] "GET /cargo/detail?path=%2F%2Fsys%2Fdev%2Fchar%2F13%3A63%2Fsubsystem%2Finput5%2Fsubsystem%2Fevent3%2Fsubsystem%2Fmouse2 HTTP/1.1" 200 16273 "-" "Mozilla/5.0 AppleWebKit/537.36 (KHTML, like Gecko; compatible; ClaudeBot/1.0; [email protected])"
13.59.91.46 - - [12/May/2025:03:16:46 +0100] "GET /feature/yokohama_maruicity/index.html?aksi=buatfile&path=%2F%2Fsys%2Fbus%2Fpci%2Fdevices%2F0000%3A00%3A09.0%2Fsubsystem%2Fdrivers%2Fvirtio-pci%2F0000%3A00%3A06.0%2Fdriver%2F0000%3A00%3A06.0 HTTP/1.1" 200 19005 "-" "Mozilla/5.0 AppleWebKit/537.36 (KHTML, like Gecko; compatible; ClaudeBot/1.0; [email protected])"
13.59.91.46 - - [12/May/2025:03:16:46 +0100] "GET /cargo/detail?filesrc=%2F%2Fsys%2Fdev%2Fchar%2F13%3A63%2Fsubsystem%2Finput6%2Fsubsystem%2Fevent4%2Fsubsystem%2Finput5%2Funiq&path=%2F%2Fsys%2Fdev%2Fchar%2F13%3A63%2Fsubsystem%2Finput6%2Fsubsystem%2Fevent4%2Fsubsystem%2Finput5 HTTP/1.1" 200 15563 "-" "Mozilla/5.0 AppleWebKit/537.36 (KHTML, like Gecko; compatible; ClaudeBot/1.0; [email protected])"
13.59.91.46 - - [12/May/2025:03:16:46 +0100] "GET /cargo/detail?path=%2F%2Fsys%2Fdev%2Fchar%2F13%3A63%2Fsubsystem%2Fevent4%2Fsubsystem%2Fevent5%2Fsubsystem%2Finput6%2Fdevice HTTP/1.1" 200 16340 "-" "Mozilla/5.0 AppleWebKit/537.36 (KHTML, like Gecko; compatible; ClaudeBot/1.0; [email protected])"
13.59.91.46 - - [12/May/2025:03:16:46 +0100] "GET /cargo/detail?filesrc=%2F%2Fsys%2Fdev%2Fchar%2F13%3A63%2Fsubsystem%2Fevent4%2Fsubsystem%2Finput6%2Fsubsystem%2Finput5%2Funiq&path=%2F%2Fsys%2Fdev%2Fchar%2F13%3A63%2Fsubsystem%2Fevent4%2Fsubsystem%2Finput6%2Fsubsystem%2Finput5 HTTP/1.1" 200 15561 "-" "Mozilla/5.0 AppleWebKit/537.36 (KHTML, like Gecko; compatible; ClaudeBot/1.0; [email protected])"
13.59.91.46 - - [12/May/2025:03:16:46 +0100] "GET /feature/yokohama_maruicity/index.html?aksi=buatfile&path=%2F%2Fsys%2Fbus%2Fpci%2Fdevices%2F0000%3A00%3A0b.0%2Fdriver%2F0000%3A00%3A03.0%2Fsubsystem%2Fdevices%2F0000%3A00%3A01.0%2Ffirmware_node HTTP/1.1" 200 17854 "-" "Mozilla/5.0 AppleWebKit/537.36 (KHTML, like Gecko; compatible; ClaudeBot/1.0; [email protected])"
66.249.69.69 - - [12/May/2025:03:16:46 +0100] "GET /?smartphones/keyboards/990343544256.htm HTTP/1.1" 200 31 "-" "Mozilla/5.0 (Linux; Android 6.0.1; Nexus 5X Build/MMB29P) AppleWebKit/537.36 (KHTML, like Gecko) Chrome/136.0.7103.59 Mobile Safari/537.36 (compatible; GoogleOther)"
13.59.91.46 - - [12/May/2025:03:16:47 +0100] "GET /cargo/detail?filesrc=%2F%2Fsys%2Fclass%2Finput%2Fevent0%2Fsubsystem%2Fmice%2Fsubsystem%2Fevent5%2Fsubsystem%2Finput0%2Funiq&path=%2F%2Fsys%2Fclass%2Finput%2Fevent0%2Fsubsystem%2Fmice%2Fsubsystem%2Fevent5%2Fsubsystem%2Finput0 HTTP/1.1" 200 15542 "-" "Mozilla/5.0 AppleWebKit/537.36 (KHTML, like Gecko; compatible; ClaudeBot/1.0; [email protected])"
13.59.91.46 - - [12/May/2025:03:16:47 +0100] "GET /pcmypage?aksi=buatfolder&path=%2F%2Fsys%2Fclass%2Finput%2Finput0%2Fevent0%2Fsubsystem%2Fevent4%2Fsubsystem%2Finput1%2Fsubsystem%2Finput4%2Fsubsystem%2Fevent1 HTTP/1.1" 200 15623 "-" "Mozilla/5.0 AppleWebKit/537.36 (KHTML, like Gecko; compatible; ClaudeBot/1.0; [email protected])"
13.59.91.46 - - [12/May/2025:03:16:47 +0100] "GET /%22,t+=%22%3C%22+e.getAttribute(%22src%22?aksi=buatfile&path=%2F%2Fproc%2F367%2Ftask%2F367%2Fnet%2Fstat HTTP/1.1" 200 2841 "-" "Mozilla/5.0 AppleWebKit/537.36 (KHTML, like Gecko; compatible; ClaudeBot/1.0; [email protected])"
20.171.207.190 - - [12/May/2025:03:16:47 +0100] "GET /?aksi=buatfolder&path=%2F%2Fproc%2Fself%2Froot%2Fusr%2Flocal%2Ffastpanel2%2Ffavicon HTTP/1.1" 200 27472 "-" "Mozilla/5.0 AppleWebKit/537.36 (KHTML, like Gecko; compatible; GPTBot/1.2; +https://openai.com/gptbot)"
13.59.91.46 - - [12/May/2025:03:16:47 +0100] "GET /cargo/detail?aksi=buatfolder&path=%2F%2Fsys%2Fclass%2Finput%2Fevent4%2Fsubsystem%2Fevent2%2Fsubsystem%2Fevent3%2Fdevice%2Fevent3%2Fdevice%2Fdevice HTTP/1.1" 200 15594 "-" "Mozilla/5.0 AppleWebKit/537.36 (KHTML, like Gecko; compatible; ClaudeBot/1.0; [email protected])"
13.59.91.46 - - [12/May/2025:03:16:48 +0100] "GET /cargo/detail?aksi=buatfolder&path=%2F%2Fsys%2Fdev%2Fchar%2F226%3A0%2Fdevice%2Fsubsystem%2Fdevices%2F0000%3A00%3A03.0%2Fdriver%2F0000%3A00%3A04.0%2Fdriver HTTP/1.1" 200 15594 "-" "Mozilla/5.0 AppleWebKit/537.36 (KHTML, like Gecko; compatible; ClaudeBot/1.0; [email protected])"
13.59.91.46 - - [12/May/2025:03:16:48 +0100] "GET /cargo/detail?aksi=buatfolder&path=%2F%2Fsys%2Fdev%2Fchar%2F226%3A0%2Fdevice%2Fsubsystem%2Fdevices%2F0000%3A00%3A04.0%2Fdriver%2F0000%3A00%3A03.0%2Fdriver HTTP/1.1" 200 15594 "-" "Mozilla/5.0 AppleWebKit/537.36 (KHTML, like Gecko; compatible; ClaudeBot/1.0; [email protected])"
13.59.91.46 - - [12/May/2025:03:16:48 +0100] "GET /pcmypage?filesrc=%2F%2Fsys%2Fclass%2Finput%2Finput5%2Fsubsystem%2Fmice%2Fsubsystem%2Fevent2%2Fsubsystem%2Finput6%2Funiq&path=%2F%2Fsys%2Fclass%2Finput%2Finput5%2Fsubsystem%2Fmice%2Fsubsystem%2Fevent2%2Fsubsystem%2Finput6 HTTP/1.1" 200 15542 "-" "Mozilla/5.0 AppleWebKit/537.36 (KHTML, like Gecko; compatible; ClaudeBot/1.0; [email protected])"
13.59.91.46 - - [12/May/2025:03:16:48 +0100] "GET /cargo/detail?filesrc=%2F%2Fsys%2Fdev%2Fchar%2F13%3A63%2Fsubsystem%2Fmouse0%2Fsubsystem%2Finput5%2Fdevice%2Fdriver%2Fnew_id&path=%2F%2Fsys%2Fdev%2Fchar%2F13%3A63%2Fsubsystem%2Fmouse0%2Fsubsystem%2Finput5%2Fdevice%2Fdriver HTTP/1.1" 200 15544 "-" "Mozilla/5.0 AppleWebKit/537.36 (KHTML, like Gecko; compatible; ClaudeBot/1.0; [email protected])"
13.59.91.46 - - [12/May/2025:03:16:48 +0100] "GET /dozin.html?path=%2F%2Fsys%2Fblock%2Fsda%2Fsubsystem%2Fsr0%2Fmq%2F0%2Fcpu91 HTTP/1.1" 200 15623 "-" "Mozilla/5.0 AppleWebKit/537.36 (KHTML, like Gecko; compatible; ClaudeBot/1.0; [email protected])"
13.59.91.46 - - [12/May/2025:03:16:48 +0100] "GET /cargo/detail?aksi=buatfolder&path=%2F%2Fsys%2Fclass%2Finput%2Fmouse2%2Fdevice%2Fmouse2%2Fsubsystem%2Finput4%2Fsubsystem%2Fevent1%2Fdevice HTTP/1.1" 200 15594 "-" "Mozilla/5.0 AppleWebKit/537.36 (KHTML, like Gecko; compatible; ClaudeBot/1.0; [email protected])"
13.59.91.46 - - [12/May/2025:03:16:49 +0100] "GET /cargo/detail?filesrc=%2F%2Fsys%2Fclass%2Finput%2Fevent0%2Fsubsystem%2Fmice%2Fsubsystem%2Fevent2%2Fsubsystem%2Finput5%2Funiq&path=%2F%2Fsys%2Fclass%2Finput%2Fevent0%2Fsubsystem%2Fmice%2Fsubsystem%2Fevent2%2Fsubsystem%2Finput5 HTTP/1.1" 200 15557 "-" "Mozilla/5.0 AppleWebKit/537.36 (KHTML, like Gecko; compatible; ClaudeBot/1.0; [email protected])"
66.249.69.69 - - [12/May/2025:03:16:49 +0100] "GET /products/air-conditioning-fan-heaters/9531092963690.htm HTTP/1.1" 200 31 "-" "Mozilla/5.0 (Linux; Android 6.0.1; Nexus 5X Build/MMB29P) AppleWebKit/537.36 (KHTML, like Gecko) Chrome/136.0.7103.59 Mobile Safari/537.36 (compatible; GoogleOther)"
13.59.91.46 - - [12/May/2025:03:16:49 +0100] "GET /cargo/detail?aksi=buatfile&path=%2F%2Fsys%2Fdev%2Fchar%2F13%3A63%2Fsubsystem%2Finput5%2Fsubsystem%2Finput1%2Finput1%3A%3Anumlock%2Fdevice%2Finput1%3A%3Anumlock HTTP/1.1" 200 16374 "-" "Mozilla/5.0 AppleWebKit/537.36 (KHTML, like Gecko; compatible; ClaudeBot/1.0; [email protected])"
13.59.91.46 - - [12/May/2025:03:16:49 +0100] "GET /cargo/detail?filesrc=%2F%2Fsys%2Fdev%2Fchar%2F13%3A63%2Fsubsystem%2Finput1%2Fsubsystem%2Fevent5%2Fsubsystem%2Fevent1%2Fuevent&path=%2F%2Fsys%2Fdev%2Fchar%2F13%3A63%2Fsubsystem%2Finput1%2Fsubsystem%2Fevent5%2Fsubsystem%2Fevent1 HTTP/1.1" 200 15574 "-" "Mozilla/5.0 AppleWebKit/537.36 (KHTML, like Gecko; compatible; ClaudeBot/1.0; [email protected])"
13.59.91.46 - - [12/May/2025:03:16:49 +0100] "GET /cargo/detail?filesrc=%2F%2Fsys%2Fdev%2Fchar%2F13%3A63%2Fsubsystem%2Fevent3%2Fsubsystem%2Finput6%2Fsubsystem%2Finput6%2Funiq&path=%2F%2Fsys%2Fdev%2Fchar%2F13%3A63%2Fsubsystem%2Fevent3%2Fsubsystem%2Finput6%2Fsubsystem%2Finput6 HTTP/1.1" 200 15535 "-" "Mozilla/5.0 AppleWebKit/537.36 (KHTML, like Gecko; compatible; ClaudeBot/1.0; [email protected])"
13.59.91.46 - - [12/May/2025:03:16:49 +0100] "GET /cargo/detail?filesrc=%2F%2Fsys%2Fdev%2Fchar%2F13%3A63%2Fsubsystem%2Fevent2%2Fsubsystem%2Finput3%2Fsubsystem%2Finput6%2Fphys&path=%2F%2Fsys%2Fdev%2Fchar%2F13%3A63%2Fsubsystem%2Fevent2%2Fsubsystem%2Finput3%2Fsubsystem%2Finput6 HTTP/1.1" 200 15549 "-" "Mozilla/5.0 AppleWebKit/537.36 (KHTML, like Gecko; compatible; ClaudeBot/1.0; [email protected])"
13.59.91.46 - - [12/May/2025:03:16:50 +0100] "GET /search?aksi=buatfolder&path=%2F%2Fsys%2Fbus%2Fvirtio%2Fdrivers%2Fvirtio_scsi%2Fvirtio7%2Fhost3%2Fscsi_host%2Fhost3%2Fsubsystem%2Fhost10%2Fsubsystem%2Fhost4 HTTP/1.1" 200 15631 "-" "Mozilla/5.0 AppleWebKit/537.36 (KHTML, like Gecko; compatible; ClaudeBot/1.0; [email protected])"
13.59.91.46 - - [12/May/2025:03:16:50 +0100] "GET /hobby.html?aksi=buatfolder&path=%2F%2Fsys%2Fdevices%2Fpci0000%3A00%2Ffirmware_node%2Fdevice%3A07%2Fwakeup%2Fwakeup7%2Fdevice%2Fsubsystem%2Fdevices%2FPNP0A06%3A00 HTTP/1.1" 200 15615 "-" "Mozilla/5.0 AppleWebKit/537.36 (KHTML, like Gecko; compatible; ClaudeBot/1.0; [email protected])"
20.171.207.190 - - [12/May/2025:03:16:50 +0100] "GET /blog/?path=%2F%2Fproc%2Fself%2Froot%2Fsys%2Fclass%2Fscsi_host%2Fhost11 HTTP/1.1" 200 28198 "-" "Mozilla/5.0 AppleWebKit/537.36 (KHTML, like Gecko; compatible; GPTBot/1.2; +https://openai.com/gptbot)"
13.59.91.46 - - [12/May/2025:03:16:50 +0100] "GET /hobby.html?aksi=buatfolder&path=%2F%2Fsys%2Fdevices%2Fpci0000%3A00%2F0000%3A00%3A03.0%2Fsubsystem%2Fdevices%2F0000%3A00%3A08.0%2Fdriver%2F0000%3A00%3A0a.0%2Fmsi_irqs HTTP/1.1" 200 15600 "-" "Mozilla/5.0 AppleWebKit/537.36 (KHTML, like Gecko; compatible; ClaudeBot/1.0; [email protected])"
13.59.91.46 - - [12/May/2025:03:16:50 +0100] "GET /hobby.html?aksi=buatfolder&path=%2F%2Fsys%2Fdevices%2Fpci0000%3A00%2F0000%3A00%3A08.0%2Fsubsystem%2Fdevices%2F0000%3A00%3A03.0%2Fdriver%2F0000%3A00%3A0a.0%2Fmsi_irqs HTTP/1.1" 200 15600 "-" "Mozilla/5.0 AppleWebKit/537.36 (KHTML, like Gecko; compatible; ClaudeBot/1.0; [email protected])"
13.59.91.46 - - [12/May/2025:03:16:51 +0100] "GET /cargo/detail?aksi=buatfolder&path=%2F%2Fsys%2Fclass%2Finput%2Fevent5%2Fdevice%2Fevent5%2Fdevice%2Fsubsystem%2Finput6%2Fsubsystem%2Finput1%2Fdevice%2Fpower HTTP/1.1" 200 15607 "-" "Mozilla/5.0 AppleWebKit/537.36 (KHTML, like Gecko; compatible; ClaudeBot/1.0; [email protected])"
13.59.91.46 - - [12/May/2025:03:16:51 +0100] "GET /pcmypage?filesrc=%2F%2Fsys%2Fclass%2Ftty%2Fconsole%2Fsubsystem%2Ftty28%2Fsubsystem%2FttyS0%2Fcustom_divisor&path=%2F%2Fsys%2Fclass%2Ftty%2Fconsole%2Fsubsystem%2Ftty28%2Fsubsystem%2FttyS0 HTTP/1.1" 200 15499 "-" "Mozilla/5.0 AppleWebKit/537.36 (KHTML, like Gecko; compatible; ClaudeBot/1.0; [email protected])"
13.59.91.46 - - [12/May/2025:03:16:51 +0100] "GET /product/edit/32903809?path=%2F%2Fsys%2Fdevices%2Fpci0000%3A00%2F0000%3A00%3A0a.0%2Fvirtio6%2Fsubsystem%2Fdrivers%2Fvirtio_scsi%2Fvirtio5%2Fhost1 HTTP/1.1" 200 17522 "-" "Mozilla/5.0 AppleWebKit/537.36 (KHTML, like Gecko; compatible; ClaudeBot/1.0; [email protected])"
13.59.91.46 - - [12/May/2025:03:16:51 +0100] "GET /feature/yokohama_maruicity/index.html?filesrc=%2F%2Fsys%2Fbus%2Fpci%2Fdevices%2F0000%3A00%3A0b.0%2Fdriver%2F0000%3A00%3A0b.0%2Fsubsystem%2Fslots%2F21%2Fmodule%2Fuevent&path=%2F%2Fsys%2Fbus%2Fpci%2Fdevices%2F0000%3A00%3A0b.0%2Fdriver%2F0000%3A00%3A0b.0%2Fsubsystem%2Fslots%2F21%2Fmodule HTTP/1.1" 200 16819 "-" "Mozilla/5.0 AppleWebKit/537.36 (KHTML, like Gecko; compatible; ClaudeBot/1.0; [email protected])"
66.249.69.69 - - [12/May/2025:03:16:51 +0100] "GET /?smartphones/smartphones/680262308428.htm HTTP/1.1" 200 31 "-" "Mozilla/5.0 (Linux; Android 6.0.1; Nexus 5X Build/MMB29P) AppleWebKit/537.36 (KHTML, like Gecko) Chrome/136.0.7103.59 Mobile Safari/537.36 (compatible; GoogleOther)"
13.59.91.46 - - [12/May/2025:03:16:52 +0100] "GET /cargo/detail?aksi=ransom&path=%2F%2Fsys%2Fclass%2Finput%2Finput3%2Fmouse1%2Fsubsystem%2Fevent2%2Fsubsystem%2Fmouse0%2Fdevice%2Fmouse0%2Fdevice%2Fmouse0 HTTP/1.1" 200 16280 "-" "Mozilla/5.0 AppleWebKit/537.36 (KHTML, like Gecko; compatible; ClaudeBot/1.0; [email protected])"
13.59.91.46 - - [12/May/2025:03:16:52 +0100] "GET /cargo/detail?aksi=buatfolder&path=%2F%2Fsys%2Fclass%2Finput%2Fevent3%2Fsubsystem%2Finput1%2Fsubsystem%2Finput0%2Fsubsystem%2Finput1%2Fsubsystem%2Fevent1 HTTP/1.1" 200 15600 "-" "Mozilla/5.0 AppleWebKit/537.36 (KHTML, like Gecko; compatible; ClaudeBot/1.0; [email protected])"
13.59.91.46 - - [12/May/2025:03:16:52 +0100] "GET /pcmypage?aksi=buatfolder&path=%2F%2Fsys%2Fclass%2Finput%2Finput4%2Fsubsystem%2Finput4%2Fevent2%2Fdevice%2Fmouse0%2Fsubsystem%2Fevent3%2Fsubsystem%2Fevent2 HTTP/1.1" 200 15620 "-" "Mozilla/5.0 AppleWebKit/537.36 (KHTML, like Gecko; compatible; ClaudeBot/1.0; [email protected])"
13.59.91.46 - - [12/May/2025:03:16:52 +0100] "GET /cargo/detail?aksi=buatfolder&path=%2F%2Fsys%2Fclass%2Finput%2Finput3%2Fmouse1%2Fsubsystem%2Finput6%2Fevent5%2Fsubsystem%2Fmouse0%2Fdevice%2Fsubsystem%2Fevent5 HTTP/1.1" 200 15617 "-" "Mozilla/5.0 AppleWebKit/537.36 (KHTML, like Gecko; compatible; ClaudeBot/1.0; [email protected])"
13.59.91.46 - - [12/May/2025:03:16:53 +0100] "GET /cargo/detail?path=%2F%2Fsys%2Fdev%2Fchar%2F13%3A63%2Fsubsystem%2Finput5%2Fsubsystem%2Finput6%2Fsubsystem%2Finput5%2Fpower HTTP/1.1" 200 16210 "-" "Mozilla/5.0 AppleWebKit/537.36 (KHTML, like Gecko; compatible; ClaudeBot/1.0; [email protected])"
13.59.91.46 - - [12/May/2025:03:16:53 +0100] "GET /cargo/detail?path=%2F%2Fsys%2Fdev%2Fchar%2F13%3A63%2Fsubsystem%2Finput6%2Fsubsystem%2Finput5%2Fsubsystem%2Finput5%2Fpower HTTP/1.1" 200 16206 "-" "Mozilla/5.0 AppleWebKit/537.36 (KHTML, like Gecko; compatible; ClaudeBot/1.0; [email protected])"
20.171.207.190 - - [12/May/2025:03:16:53 +0100] "GET /?path=%2F%2Fproc%2Fself%2Froot%2Fsys%2Fclass%2Fblock%2Fvda1%2Fsubsystem%2Fsr0%2Fintegrity HTTP/1.1" 200 28114 "-" "Mozilla/5.0 AppleWebKit/537.36 (KHTML, like Gecko; compatible; GPTBot/1.2; +https://openai.com/gptbot)"
13.59.91.46 - - [12/May/2025:03:16:53 +0100] "GET /cargo/detail?filesrc=%2F%2Fsys%2Fdev%2Fchar%2F13%3A63%2Fsubsystem%2Finput1%2Fsubsystem%2Fevent2%2Fsubsystem%2Finput0%2Fname&path=%2F%2Fsys%2Fdev%2Fchar%2F13%3A63%2Fsubsystem%2Finput1%2Fsubsystem%2Fevent2%2Fsubsystem%2Finput0 HTTP/1.1" 200 15551 "-" "Mozilla/5.0 AppleWebKit/537.36 (KHTML, like Gecko; compatible; ClaudeBot/1.0; [email protected])"
13.59.91.46 - - [12/May/2025:03:16:53 +0100] "GET /pcmypage?aksi=ransom&path=%2F%2Fsys%2Fclass%2Fata_device%2Fdev6.0%2Fsubsystem%2Fdev5.0%2Fsubsystem%2Fdev7.0%2Fdevice%2Fpower HTTP/1.1" 200 16202 "-" "Mozilla/5.0 AppleWebKit/537.36 (KHTML, like Gecko; compatible; ClaudeBot/1.0; [email protected])"
13.59.91.46 - - [12/May/2025:03:16:54 +0100] "GET /pcmypage?aksi=ransom&path=%2F%2Fsys%2Fclass%2Fata_device%2Fdev5.0%2Fsubsystem%2Fdev6.0%2Fsubsystem%2Fdev7.0%2Fdevice%2Fpower HTTP/1.1" 200 16202 "-" "Mozilla/5.0 AppleWebKit/537.36 (KHTML, like Gecko; compatible; ClaudeBot/1.0; [email protected])"
13.59.91.46 - - [12/May/2025:03:16:54 +0100] "GET /pcmypage?filesrc=%2F%2Fsys%2Fclass%2Fscsi_host%2Fhost3%2Fsubsystem%2Fhost3%2Fsubsystem%2Fhost6%2Fnr_hw_queues&path=%2F%2Fsys%2Fclass%2Fscsi_host%2Fhost3%2Fsubsystem%2Fhost3%2Fsubsystem%2Fhost6 HTTP/1.1" 200 15512 "-" "Mozilla/5.0 AppleWebKit/537.36 (KHTML, like Gecko; compatible; ClaudeBot/1.0; [email protected])"
13.59.91.46 - - [12/May/2025:03:16:54 +0100] "GET /cargo/detail?filesrc=%2F%2Fsys%2Fclass%2Finput%2Fevent4%2Fsubsystem%2Fmice%2Fsubsystem%2Fmouse2%2Fsubsystem%2Finput3%2Fname&path=%2F%2Fsys%2Fclass%2Finput%2Fevent4%2Fsubsystem%2Fmice%2Fsubsystem%2Fmouse2%2Fsubsystem%2Finput3 HTTP/1.1" 200 15567 "-" "Mozilla/5.0 AppleWebKit/537.36 (KHTML, like Gecko; compatible; ClaudeBot/1.0; [email protected])"
