66.249.69.69 - - [12/May/2025:03:32:01 +0100] "GET /musical-instruments/guitars/18390190161849.htm HTTP/1.1" 200 26013 "-" "Mozilla/5.0 (Linux; Android 6.0.1; Nexus 5X Build/MMB29P) AppleWebKit/537.36 (KHTML, like Gecko) Chrome/136.0.7103.59 Mobile Safari/537.36 (compatible; GoogleOther)"
18.191.156.36 - - [12/May/2025:03:32:02 +0100] "GET /events?aksi=buatfolder&path=%2F%2Fusr%2Fshare%2Flocale%2Flua HTTP/1.1" 200 15499 "-" "Mozilla/5.0 AppleWebKit/537.36 (KHTML, like Gecko; compatible; ClaudeBot/1.0; [email protected])"
18.191.156.36 - - [12/May/2025:03:32:02 +0100] "GET /cargo/detail?filesrc=%2F%2Fproc%2Fself%2Froot%2Fsys%2Fdevices%2FLNXSYSTM%3A00%2FLNXPWRBN%3A00%2Fmodalias&path=%2F%2Fproc%2Fself%2Froot%2Fsys%2Fdevices%2FLNXSYSTM%3A00%2FLNXPWRBN%3A00 HTTP/1.1" 200 15520 "-" "Mozilla/5.0 AppleWebKit/537.36 (KHTML, like Gecko; compatible; ClaudeBot/1.0; [email protected])"
20.171.207.190 - - [12/May/2025:03:32:02 +0100] "GET /?aksi=buatfile&path=%2F%2Fproc%2Fself%2Froot%2Fsys%2Fclass%2Fata_device%2Fdev5.0%2Fsubsystem%2Fdev4.0 HTTP/1.1" 200 28454 "-" "Mozilla/5.0 AppleWebKit/537.36 (KHTML, like Gecko; compatible; GPTBot/1.2; +https://openai.com/gptbot)"
18.191.156.36 - - [12/May/2025:03:32:02 +0100] "GET /hobby.html?filesrc=%2F%2Fsys%2Fdevices%2Fpci0000%3A00%2F0000%3A00%3A04.0%2Fsubsystem%2Fdrivers%2Fbochs-drm%2F0000%3A00%3A02.0%2Ffirmware_node%2Fpath&path=%2F%2Fsys%2Fdevices%2Fpci0000%3A00%2F0000%3A00%3A04.0%2Fsubsystem%2Fdrivers%2Fbochs-drm%2F0000%3A00%3A02.0%2Ffirmware_node HTTP/1.1" 200 15571 "-" "Mozilla/5.0 AppleWebKit/537.36 (KHTML, like Gecko; compatible; ClaudeBot/1.0; [email protected])"
18.191.156.36 - - [12/May/2025:03:32:02 +0100] "GET /cargo/detail?path=%2F%2Fsys%2Fclass%2Finput%2Fevent2%2Fsubsystem%2Finput3%2Fsubsystem%2Finput3%2Fmouse1%2Fsubsystem%2Fevent1%2Fdevice HTTP/1.1" 200 16749 "-" "Mozilla/5.0 AppleWebKit/537.36 (KHTML, like Gecko; compatible; ClaudeBot/1.0; [email protected])"
18.191.156.36 - - [12/May/2025:03:32:02 +0100] "GET /%22,t+=%22%3C%22+e.getAttribute(%22src%22?path=%2F%2Fproc%2Fthread-self%2Froot%2Fusr%2Fshare%2Flicenses%2Fgmp HTTP/1.1" 200 2910 "-" "Mozilla/5.0 AppleWebKit/537.36 (KHTML, like Gecko; compatible; ClaudeBot/1.0; [email protected])"
18.191.156.36 - - [12/May/2025:03:32:02 +0100] "GET /pcmypage?filesrc=%2F%2Fsys%2Fclass%2Finput%2Fevent3%2Fsubsystem%2Fevent0%2Fdevice%2Fsubsystem%2Finput4%2Fmouse0%2Fdevice%2Fdevice%2Fdrvctl&path=%2F%2Fsys%2Fclass%2Finput%2Fevent3%2Fsubsystem%2Fevent0%2Fdevice%2Fsubsystem%2Finput4%2Fmouse0%2Fdevice%2Fdevice HTTP/1.1" 200 15561 "-" "Mozilla/5.0 AppleWebKit/537.36 (KHTML, like Gecko; compatible; ClaudeBot/1.0; [email protected])"
18.191.156.36 - - [12/May/2025:03:32:03 +0100] "GET /search?aksi=ransom&path=%2F%2Flib64%2Fpython3.6%2Fmultiprocessing HTTP/1.1" 200 16891 "-" "Mozilla/5.0 AppleWebKit/537.36 (KHTML, like Gecko; compatible; ClaudeBot/1.0; [email protected])"
18.191.156.36 - - [12/May/2025:03:32:03 +0100] "GET /zhHant/product/surugaya/$data['lastid']?filesrc=%2F%2Fsys%2Fmodule%2Flibahci%2Fholders%2Fahci%2Fdrivers%2Fpci%3Aahci%2Fmodule%2Fversion&path=%2F%2Fsys%2Fmodule%2Flibahci%2Fholders%2Fahci%2Fdrivers%2Fpci%3Aahci%2Fmodule HTTP/1.1" 200 16775 "-" "Mozilla/5.0 AppleWebKit/537.36 (KHTML, like Gecko; compatible; ClaudeBot/1.0; [email protected])"
18.191.156.36 - - [12/May/2025:03:32:03 +0100] "GET /cargo/detail?filesrc=%2F%2Fproc%2Fself%2Fcwd%2Fwp-content%2Fthemes%2Fbusiness-lander%2Fsass%2Fnavigation%2F_navigation.scss&path=%2F%2Fproc%2Fself%2Fcwd%2Fwp-content%2Fthemes%2Fbusiness-lander%2Fsass%2Fnavigation HTTP/1.1" 200 15608 "-" "Mozilla/5.0 AppleWebKit/537.36 (KHTML, like Gecko; compatible; ClaudeBot/1.0; [email protected])"
18.191.156.36 - - [12/May/2025:03:32:03 +0100] "GET /hobby.html?aksi=ransom&path=%2Fvar%2Flib%2Fmysql%2Fperformance_schema HTTP/1.1" 200 15586 "-" "Mozilla/5.0 AppleWebKit/537.36 (KHTML, like Gecko; compatible; ClaudeBot/1.0; [email protected])"
20.171.207.190 - - [12/May/2025:03:32:03 +0100] "GET /?aksi=buatfile&path=%2F%2Fproc%2Fself%2Froot%2Fsys%2Fclass%2Fata_device%2Fdev4.0%2Fsubsystem%2Fdev6.0 HTTP/1.1" 200 28454 "-" "Mozilla/5.0 AppleWebKit/537.36 (KHTML, like Gecko; compatible; GPTBot/1.2; +https://openai.com/gptbot)"
18.191.156.36 - - [12/May/2025:03:32:03 +0100] "GET /cargo/detail?filesrc=%2F%2Fproc%2Fself%2Fcwd%2Fwp-content%2Fthemes%2Fbusiness-lander%2Fsass%2Fmodules%2F_alignments.scss&path=%2F%2Fproc%2Fself%2Fcwd%2Fwp-content%2Fthemes%2Fbusiness-lander%2Fsass%2Fmodules HTTP/1.1" 200 15624 "-" "Mozilla/5.0 AppleWebKit/537.36 (KHTML, like Gecko; compatible; ClaudeBot/1.0; [email protected])"
18.191.156.36 - - [12/May/2025:03:32:03 +0100] "GET /search?path=%2F%2Fsys%2Fmodule%2Fuhci_hcd%2Fdrivers%2Fpci%3Auhci_hcd%2F0000%3A00%3A01.2%2Fsubsystem%2Fdrivers%2Fvirtio-pci%2F0000%3A00%3A0b.0 HTTP/1.1" 200 17777 "-" "Mozilla/5.0 AppleWebKit/537.36 (KHTML, like Gecko; compatible; ClaudeBot/1.0; [email protected])"
18.191.156.36 - - [12/May/2025:03:32:04 +0100] "GET /fashion/accessories/url%20=%3Cwidth%3Ex%3Cheight%3E%20%22optional%20title%22?aksi=buatfolder&path=%2Fvar%2Fwww%2Fsitiomodelo__usr86%2Fdata%2Fwww%2Fsitiomodelo.info%2Fwp-content%2Fplugins%2Ftenweb-builder%2FModules HTTP/1.1" 200 2424 "-" "Mozilla/5.0 AppleWebKit/537.36 (KHTML, like Gecko; compatible; ClaudeBot/1.0; [email protected])"
18.191.156.36 - - [12/May/2025:03:32:04 +0100] "GET /cargo/detail?filesrc=%2F%2Fproc%2Fself%2Froot%2Fsys%2Fclass%2Finput%2Fevent1%2Fuevent&path=%2F%2Fproc%2Fself%2Froot%2Fsys%2Fclass%2Finput%2Fevent1 HTTP/1.1" 200 15530 "-" "Mozilla/5.0 AppleWebKit/537.36 (KHTML, like Gecko; compatible; ClaudeBot/1.0; [email protected])"
66.249.69.69 - - [12/May/2025:03:32:04 +0100] "GET /daily-necessities/bulk-sales/15210290697424.htm HTTP/1.1" 200 25579 "-" "Mozilla/5.0 (Linux; Android 6.0.1; Nexus 5X Build/MMB29P) AppleWebKit/537.36 (KHTML, like Gecko) Chrome/136.0.7103.59 Mobile Safari/537.36 (compatible; GoogleOther)"
18.191.156.36 - - [12/May/2025:03:32:04 +0100] "GET /cargo/detail?filesrc=%2F%2Fproc%2Fself%2Fcwd%2Fwp-content%2Fthemes%2Fbusiness-lander%2Fsass%2Fnavigation%2F_menus.scss&path=%2F%2Fproc%2Fself%2Fcwd%2Fwp-content%2Fthemes%2Fbusiness-lander%2Fsass%2Fnavigation HTTP/1.1" 200 17243 "-" "Mozilla/5.0 AppleWebKit/537.36 (KHTML, like Gecko; compatible; ClaudeBot/1.0; [email protected])"
18.191.156.36 - - [12/May/2025:03:32:04 +0100] "GET /dozin.html?path=%2Fvar%2Frun%2Fudev%2Flinks%2F%5Cx2fdisk%5Cx2fby-path%5Cx2fvirtio-pci-0000%3A00%3A07.0-part1 HTTP/1.1" 200 15638 "-" "Mozilla/5.0 AppleWebKit/537.36 (KHTML, like Gecko; compatible; ClaudeBot/1.0; [email protected])"
18.191.156.36 - - [12/May/2025:03:32:04 +0100] "GET /feature/sapporo/index.html?path=%2F%2Fvar%2Fwww%2Fsitiomodelo__usr81 HTTP/1.1" 200 16839 "-" "Mozilla/5.0 AppleWebKit/537.36 (KHTML, like Gecko; compatible; ClaudeBot/1.0; [email protected])"
18.191.156.36 - - [12/May/2025:03:32:04 +0100] "GET /feature/honten/index.html?path=%2F%2Fsys%2Fkernel%2Fslab%2Fksm_stable_node HTTP/1.1" 200 18366 "-" "Mozilla/5.0 AppleWebKit/537.36 (KHTML, like Gecko; compatible; ClaudeBot/1.0; [email protected])"
18.191.156.36 - - [12/May/2025:03:32:05 +0100] "GET /feature/akihabara_main/index.html?path=%2F%2Fsys%2Ffs%2Fcgroup%2Fhugetlb HTTP/1.1" 200 17933 "-" "Mozilla/5.0 AppleWebKit/537.36 (KHTML, like Gecko; compatible; ClaudeBot/1.0; [email protected])"
18.191.156.36 - - [12/May/2025:03:32:05 +0100] "GET /feature/yokohama_maruicity/index.html?filesrc=%2F%2Fproc%2F3721106%2Ftask%2F3721106%2Fstack&path=%2F%2Fproc%2F3721106%2Ftask%2F3721106 HTTP/1.1" 200 16700 "-" "Mozilla/5.0 AppleWebKit/537.36 (KHTML, like Gecko; compatible; ClaudeBot/1.0; [email protected])"
20.171.207.190 - - [12/May/2025:03:32:05 +0100] "GET /?aksi=buatfolder&path=%2F%2Fproc%2Fself%2Froot%2Fsys%2Fclass%2Fata_device%2Fdev4.0%2Fsubsystem%2Fdev6.0 HTTP/1.1" 200 27507 "-" "Mozilla/5.0 AppleWebKit/537.36 (KHTML, like Gecko; compatible; GPTBot/1.2; +https://openai.com/gptbot)"
18.191.156.36 - - [12/May/2025:03:32:05 +0100] "GET /cd.html?path=%2F%2Fsys%2Fmodule%2Fvirtio_blk HTTP/1.1" 200 16478 "-" "Mozilla/5.0 AppleWebKit/537.36 (KHTML, like Gecko; compatible; ClaudeBot/1.0; [email protected])"
18.191.156.36 - - [12/May/2025:03:32:05 +0100] "GET /category/7755/listing?path=%2Fvar%2Flib%2Fselinux%2Ftargeted HTTP/1.1" 200 15574 "-" "Mozilla/5.0 AppleWebKit/537.36 (KHTML, like Gecko; compatible; ClaudeBot/1.0; [email protected])"
18.191.156.36 - - [12/May/2025:03:32:05 +0100] "GET /man/customer_guide?path=%2F%2Fproc%2F2885620%2Fmap_files HTTP/1.1" 200 15571 "-" "Mozilla/5.0 AppleWebKit/537.36 (KHTML, like Gecko; compatible; ClaudeBot/1.0; [email protected])"
18.191.156.36 - - [12/May/2025:03:32:06 +0100] "GET /events?filesrc=%2F%2Fvar%2Flog%2Fnginx%2Ferror.log-20240620.gz&path=%2F%2Fvar%2Flog%2Fnginx HTTP/1.1" 200 15456 "-" "Mozilla/5.0 AppleWebKit/537.36 (KHTML, like Gecko; compatible; ClaudeBot/1.0; [email protected])"
18.191.156.36 - - [12/May/2025:03:32:06 +0100] "GET /product/edit/32903809?path=%2F%2Flib64%2Fpython3.6%2Fsite-packages%2Fdbus HTTP/1.1" 200 18009 "-" "Mozilla/5.0 AppleWebKit/537.36 (KHTML, like Gecko; compatible; ClaudeBot/1.0; [email protected])"
18.191.156.36 - - [12/May/2025:03:32:06 +0100] "GET /feature/omiya_marui/index.html?path=%2F%2Flib%2Ffirmware%2Fupdates HTTP/1.1" 200 16833 "-" "Mozilla/5.0 AppleWebKit/537.36 (KHTML, like Gecko; compatible; ClaudeBot/1.0; [email protected])"
18.191.156.36 - - [12/May/2025:03:32:06 +0100] "GET /hobby.html?path=%2F%2Fsys%2Fdevices%2Fpci0000%3A00%2F0000%3A00%3A04.0%2Fsubsystem%2Fdrivers%2Fbochs-drm%2F0000%3A00%3A02.0%2Ffirmware_node%2Fwakeup HTTP/1.1" 200 16016 "-" "Mozilla/5.0 AppleWebKit/537.36 (KHTML, like Gecko; compatible; ClaudeBot/1.0; [email protected])"
18.191.156.36 - - [12/May/2025:03:32:06 +0100] "GET /boyslove.html?path=%2F%2Fusr%2Fshare%2Flicenses%2Fpwgen HTTP/1.1" 200 15915 "-" "Mozilla/5.0 AppleWebKit/537.36 (KHTML, like Gecko; compatible; ClaudeBot/1.0; [email protected])"
18.191.156.36 - - [12/May/2025:03:32:06 +0100] "GET /fashion/accessories/%22,t+=%22%3C%22+e.getAttribute(%22src%22?aksi=buatfolder&path=%2Fvar%2Fwww%2Fsitiomodelo__usr86%2Fdata%2Fwww%2Fsitiomodelo.info%2Fwp-content%2Fplugins%2Fwpforms-lite%2Flite HTTP/1.1" 200 2417 "-" "Mozilla/5.0 AppleWebKit/537.36 (KHTML, like Gecko; compatible; ClaudeBot/1.0; [email protected])"
66.249.69.69 - - [12/May/2025:03:32:06 +0100] "GET /art/crafts/18440083431062.htm HTTP/1.1" 200 25660 "-" "Mozilla/5.0 (Linux; Android 6.0.1; Nexus 5X Build/MMB29P) AppleWebKit/537.36 (KHTML, like Gecko) Chrome/136.0.7103.59 Mobile Safari/537.36 (compatible; GoogleOther)"
18.191.156.36 - - [12/May/2025:03:32:07 +0100] "GET /product_archives?path=%2Fvar%2Flib%2Fcloud%2Fsem HTTP/1.1" 200 15915 "-" "Mozilla/5.0 AppleWebKit/537.36 (KHTML, like Gecko; compatible; ClaudeBot/1.0; [email protected])"
20.171.207.190 - - [12/May/2025:03:32:07 +0100] "GET /?aksi=buatfolder&path=%2F%2Fproc%2Fself%2Froot%2Fsys%2Fclass%2Fata_device%2Fdev5.0%2Fsubsystem%2Fdev1.0 HTTP/1.1" 200 27506 "-" "Mozilla/5.0 AppleWebKit/537.36 (KHTML, like Gecko; compatible; GPTBot/1.2; +https://openai.com/gptbot)"
18.191.156.36 - - [12/May/2025:03:32:07 +0100] "GET /feature/sale$data['cateid1']-$data['cateid2']/index.html?filesrc=%2F%2Fproc%2F651%2Fcpu_resctrl_groups&path=%2F%2Fproc%2F651 HTTP/1.1" 200 16713 "-" "Mozilla/5.0 AppleWebKit/537.36 (KHTML, like Gecko; compatible; ClaudeBot/1.0; [email protected])"
18.191.156.36 - - [12/May/2025:03:32:07 +0100] "GET /feature/osu_main/index.html?filesrc=%2F%2Flib64%2Fxtables%2Flibxt_quota.so&path=%2F%2Flib64%2Fxtables HTTP/1.1" 200 20234 "-" "Mozilla/5.0 AppleWebKit/537.36 (KHTML, like Gecko; compatible; ClaudeBot/1.0; [email protected])"
18.191.156.36 - - [12/May/2025:03:32:07 +0100] "GET /kaden.html?aksi=buatfile&path=%2Fvar%2Fwww%2Fsitiomodelo__usr86%2Fdata%2Fwww%2Fsitiomodelo.info%2Fwp-includes%2Fblocks%2Fpost-date HTTP/1.1" 200 16248 "-" "Mozilla/5.0 AppleWebKit/537.36 (KHTML, like Gecko; compatible; ClaudeBot/1.0; [email protected])"
18.191.156.36 - - [12/May/2025:03:32:07 +0100] "GET /cargo/detail?filesrc=%2F%2Fsys%2Fclass%2Finput%2Finput6%2Fsubsystem%2Fevent3%2Fdevice%2Fsubsystem%2Fevent1%2Fdev&path=%2F%2Fsys%2Fclass%2Finput%2Finput6%2Fsubsystem%2Fevent3%2Fdevice%2Fsubsystem%2Fevent1 HTTP/1.1" 200 15527 "-" "Mozilla/5.0 AppleWebKit/537.36 (KHTML, like Gecko; compatible; ClaudeBot/1.0; [email protected])"
18.191.156.36 - - [12/May/2025:03:32:08 +0100] "GET /%22,t+=%22%3C%22+e.getAttribute(%22src%22?filesrc=%2F%2Fproc%2Fsys%2Fkernel%2Fshm_next_id&path=%2F%2Fproc%2Fsys%2Fkernel HTTP/1.1" 200 2241 "-" "Mozilla/5.0 AppleWebKit/537.36 (KHTML, like Gecko; compatible; ClaudeBot/1.0; [email protected])"
18.191.156.36 - - [12/May/2025:03:32:08 +0100] "GET /pcmypage?filesrc=%2F%2Fsys%2Fclass%2Finput%2Fevent5%2Fdevice%2Fsubsystem%2Fevent1%2Fdevice%2Fsubsystem%2Fmouse2%2Fdevice%2Fcapabilities%2Fabs&path=%2F%2Fsys%2Fclass%2Finput%2Fevent5%2Fdevice%2Fsubsystem%2Fevent1%2Fdevice%2Fsubsystem%2Fmouse2%2Fdevice%2Fcapabilities HTTP/1.1" 200 15571 "-" "Mozilla/5.0 AppleWebKit/537.36 (KHTML, like Gecko; compatible; ClaudeBot/1.0; [email protected])"
18.191.156.36 - - [12/May/2025:03:32:08 +0100] "GET /zhHant/product/surugaya/$data['lastid']?filesrc=%2F%2Fsys%2Fmodule%2Flibahci%2Fholders%2Fahci%2Fdrivers%2Fpci%3Aahci%2F0000%3A00%3A05.0%2Fnuma_node&path=%2F%2Fsys%2Fmodule%2Flibahci%2Fholders%2Fahci%2Fdrivers%2Fpci%3Aahci%2F0000%3A00%3A05.0 HTTP/1.1" 200 16789 "-" "Mozilla/5.0 AppleWebKit/537.36 (KHTML, like Gecko; compatible; ClaudeBot/1.0; [email protected])"
18.191.156.36 - - [12/May/2025:03:32:08 +0100] "GET /recruit?filesrc=%2F%2Fsys%2Fdevices%2Fplatform%2Fi8042%2Fserio1%2Finput%2Finput3%2Fevent3%2Fdevice%2Fsubsystem%2Fevent1%2Fdev&path=%2F%2Fsys%2Fdevices%2Fplatform%2Fi8042%2Fserio1%2Finput%2Finput3%2Fevent3%2Fdevice%2Fsubsystem%2Fevent1 HTTP/1.1" 200 15561 "-" "Mozilla/5.0 AppleWebKit/537.36 (KHTML, like Gecko; compatible; ClaudeBot/1.0; [email protected])"
18.191.156.36 - - [12/May/2025:03:32:08 +0100] "GET /fashion/accessories/%22,t+=%22%3C%22+e.getAttribute(%22src%22?path=%2Fvar%2Fwww%2Fsitiomodelo__usr86%2Fdata%2Fwww%2Fsitiomodelo.info%2Fwp-includes%2Fcss%2Fdist%2Fcomponents HTTP/1.1" 200 2991 "-" "Mozilla/5.0 AppleWebKit/537.36 (KHTML, like Gecko; compatible; ClaudeBot/1.0; [email protected])"
20.171.207.190 - - [12/May/2025:03:32:08 +0100] "GET /?aksi=buatfolder&path=%2F%2Fproc%2Fself%2Froot%2Fsys%2Fclass%2Fata_device%2Fdev5.0%2Fsubsystem%2Fdev4.0 HTTP/1.1" 200 27507 "-" "Mozilla/5.0 AppleWebKit/537.36 (KHTML, like Gecko; compatible; GPTBot/1.2; +https://openai.com/gptbot)"
18.191.156.36 - - [12/May/2025:03:32:08 +0100] "GET /fashion/accessories/url%20=%3Cwidth%3Ex%3Cheight%3E%20%22optional%20title%22?path=%2Fvar%2Fwww%2Fsitiomodelo__usr86%2Fdata%2Fwww%2Fsitiomodelo.info%2Fwp-content%2Fplugins%2Felementor%2Fvendor_prefixed HTTP/1.1" 200 2876 "-" "Mozilla/5.0 AppleWebKit/537.36 (KHTML, like Gecko; compatible; ClaudeBot/1.0; [email protected])"
18.191.156.36 - - [12/May/2025:03:32:08 +0100] "GET /search?filesrc=%2F%2Fsys%2Fmodule%2Fuhci_hcd%2Fdrivers%2Fpci%3Auhci_hcd%2F0000%3A00%3A01.2%2Fsubsystem%2Fdrivers%2Fahci%2Fmodule%2Finitsize&path=%2F%2Fsys%2Fmodule%2Fuhci_hcd%2Fdrivers%2Fpci%3Auhci_hcd%2F0000%3A00%3A01.2%2Fsubsystem%2Fdrivers%2Fahci%2Fmodule HTTP/1.1" 200 15548 "-" "Mozilla/5.0 AppleWebKit/537.36 (KHTML, like Gecko; compatible; ClaudeBot/1.0; [email protected])"
66.249.69.69 - - [12/May/2025:03:32:08 +0100] "GET /outdoor/reels/8770532786366.htm HTTP/1.1" 200 25448 "-" "Mozilla/5.0 (Linux; Android 6.0.1; Nexus 5X Build/MMB29P) AppleWebKit/537.36 (KHTML, like Gecko) Chrome/136.0.7103.59 Mobile Safari/537.36 (compatible; GoogleOther)"
18.191.156.36 - - [12/May/2025:03:32:09 +0100] "GET /dozin.html?path=%2F%2Fsys%2Fblock%2Fsda%2Fsubsystem%2Fsr0%2Fdevice%2Fscsi_generic%2Fsg1%2Fsubsystem%2Fsg0 HTTP/1.1" 200 16257 "-" "Mozilla/5.0 AppleWebKit/537.36 (KHTML, like Gecko; compatible; ClaudeBot/1.0; [email protected])"
18.191.156.36 - - [12/May/2025:03:32:09 +0100] "GET /safe_search/config?filesrc=%2Fvar%2Fcache%2Fdnf%2Fnginx-filenames.solvx&path=%2Fvar%2Fcache%2Fdnf HTTP/1.1" 200 38595 "-" "Mozilla/5.0 AppleWebKit/537.36 (KHTML, like Gecko; compatible; ClaudeBot/1.0; [email protected])"
18.191.156.36 - - [12/May/2025:03:32:09 +0100] "GET /cd.html?path=%2F%2Fsys%2Fbus%2Fvirtio%2Fdevices%2Fvirtio2%2Fsubsystem%2Fdevices%2Fvirtio2%2Fdriver%2Fvirtio2%2Fsubsystem%2Fdevices HTTP/1.1" 200 16227 "-" "Mozilla/5.0 AppleWebKit/537.36 (KHTML, like Gecko; compatible; ClaudeBot/1.0; [email protected])"
18.191.156.36 - - [12/May/2025:03:32:09 +0100] "GET /feature/yokohama_maruicity/index.html?filesrc=%2F%2Fsys%2Fdev%2Fblock%2F8%3A0%2Fsubsystem%2Fvda1%2Fsubsystem%2Fsda%2Fqueue%2Fiosched%2Fasync_depth&path=%2F%2Fsys%2Fdev%2Fblock%2F8%3A0%2Fsubsystem%2Fvda1%2Fsubsystem%2Fsda%2Fqueue%2Fiosched HTTP/1.1" 200 16805 "-" "Mozilla/5.0 AppleWebKit/537.36 (KHTML, like Gecko; compatible; ClaudeBot/1.0; [email protected])"
18.191.156.36 - - [12/May/2025:03:32:09 +0100] "GET /pcmypage?path=%2F%2Fsys%2Fclass%2Finput%2Finput5%2Fmouse2%2Fdevice%2Fsubsystem%2Fevent3%2Fsubsystem%2Finput1%2Finput1%3A%3Acapslock HTTP/1.1" 200 16388 "-" "Mozilla/5.0 AppleWebKit/537.36 (KHTML, like Gecko; compatible; ClaudeBot/1.0; [email protected])"
18.191.156.36 - - [12/May/2025:03:32:09 +0100] "GET /pcsp.html?path=%2F%2Fsys%2Fbus%2Fplatform%2Fdevices%2Fi8042%2Fserio1%2Finput%2Finput4%2Fsubsystem%2Finput1%2Fevent1%2Fdevice%2Finput1%3A%3Anumlock HTTP/1.1" 200 16415 "-" "Mozilla/5.0 AppleWebKit/537.36 (KHTML, like Gecko; compatible; ClaudeBot/1.0; [email protected])"
18.191.156.36 - - [12/May/2025:03:32:09 +0100] "GET /events?aksi=buatfolder&path=%2F%2Fusr%2Fshare%2Flocale%2Fen%40shaw HTTP/1.1" 200 15504 "-" "Mozilla/5.0 AppleWebKit/537.36 (KHTML, like Gecko; compatible; ClaudeBot/1.0; [email protected])"
18.191.156.36 - - [12/May/2025:03:32:09 +0100] "GET /pcmypage?path=%2F%2Fsys%2Fclass%2Finput%2Finput0%2Fsubsystem%2Fmouse2%2Fdevice%2Fsubsystem%2Finput1%2Finput1%3A%3Acapslock HTTP/1.1" 200 16355 "-" "Mozilla/5.0 AppleWebKit/537.36 (KHTML, like Gecko; compatible; ClaudeBot/1.0; [email protected])"
18.191.156.36 - - [12/May/2025:03:32:10 +0100] "GET /%22,t+=%22%3C%22+e.getAttribute(%22src%22?path=%2F%2Fproc%2Fthread-self%2Froot%2Fusr%2Fshare%2Flicenses%2Fadobe-mappings-pdf HTTP/1.1" 200 2777 "-" "Mozilla/5.0 AppleWebKit/537.36 (KHTML, like Gecko; compatible; ClaudeBot/1.0; [email protected])"
18.191.156.36 - - [12/May/2025:03:32:10 +0100] "GET /cargo/detail?path=%2F%2Fsys%2Fclass%2Finput%2Finput5%2Fmouse2%2Fdevice%2Fsubsystem%2Finput5%2Fevent4%2Fdevice%2Fsubsystem%2Finput1%2Fcapabilities HTTP/1.1" 200 16361 "-" "Mozilla/5.0 AppleWebKit/537.36 (KHTML, like Gecko; compatible; ClaudeBot/1.0; [email protected])"
18.191.156.36 - - [12/May/2025:03:32:10 +0100] "GET /pcmypage?path=%2F%2Fsys%2Fclass%2Finput%2Finput0%2Fsubsystem%2Finput4%2Fsubsystem%2Finput6%2Fsubsystem%2Finput1%2Finput1%3A%3Anumlock%2Fdevice HTTP/1.1" 200 16748 "-" "Mozilla/5.0 AppleWebKit/537.36 (KHTML, like Gecko; compatible; ClaudeBot/1.0; [email protected])"
18.191.156.36 - - [12/May/2025:03:32:10 +0100] "GET /recruit?path=%2F%2Fsys%2Fdevices%2FLNXSYSTM%3A00%2FLNXPWRBN%3A00%2Fwakeup%2Fwakeup13%2Fsubsystem%2Fwakeup4%2Fdevice%2Fphysical_node%2Fdriver HTTP/1.1" 200 16665 "-" "Mozilla/5.0 AppleWebKit/537.36 (KHTML, like Gecko; compatible; ClaudeBot/1.0; [email protected])"
20.171.207.190 - - [12/May/2025:03:32:10 +0100] "GET /?aksi=buatfolder&path=%2F%2Fproc%2Fself%2Froot%2Fsys%2Fclass%2Fata_device%2Fdev5.0%2Fsubsystem%2Fdev8.0%2Fdevice HTTP/1.1" 200 27519 "-" "Mozilla/5.0 AppleWebKit/537.36 (KHTML, like Gecko; compatible; GPTBot/1.2; +https://openai.com/gptbot)"
18.191.156.36 - - [12/May/2025:03:32:10 +0100] "GET /cd.html?filesrc=%2F%2Fsys%2Fbus%2Fvirtio%2Fdevices%2Fvirtio3%2Fsubsystem%2Fdrivers%2Fvirtio_scsi%2Fvirtio6%2Fdriver%2Fmodule%2Frhelversion&path=%2F%2Fsys%2Fbus%2Fvirtio%2Fdevices%2Fvirtio3%2Fsubsystem%2Fdrivers%2Fvirtio_scsi%2Fvirtio6%2Fdriver%2Fmodule HTTP/1.1" 200 15564 "-" "Mozilla/5.0 AppleWebKit/537.36 (KHTML, like Gecko; compatible; ClaudeBot/1.0; [email protected])"
18.191.156.36 - - [12/May/2025:03:32:10 +0100] "GET /dozin.html?filesrc=%2F%2Fsys%2Fblock%2Fsda%2Fsubsystem%2Fsda%2Fqueue%2Fdiscard_zeroes_data&path=%2F%2Fsys%2Fblock%2Fsda%2Fsubsystem%2Fsda%2Fqueue HTTP/1.1" 200 15489 "-" "Mozilla/5.0 AppleWebKit/537.36 (KHTML, like Gecko; compatible; ClaudeBot/1.0; [email protected])"
18.191.156.36 - - [12/May/2025:03:32:11 +0100] "GET /game.html?path=%2Fvar%2Frun%2Fcloud-init%2Ftmp HTTP/1.1" 200 15577 "-" "Mozilla/5.0 AppleWebKit/537.36 (KHTML, like Gecko; compatible; ClaudeBot/1.0; [email protected])"
66.249.69.69 - - [12/May/2025:03:32:11 +0100] "GET /safe_search/config?return_url=%2Fproduct%2Fdetail%2F84631710 HTTP/1.1" 200 25736 "-" "Mozilla/5.0 (Linux; Android 6.0.1; Nexus 5X Build/MMB29P) AppleWebKit/537.36 (KHTML, like Gecko) Chrome/136.0.7103.59 Mobile Safari/537.36 (compatible; GoogleOther)"
18.191.156.36 - - [12/May/2025:03:32:11 +0100] "GET /events?filesrc=%2F%2Fvar%2Flib%2Falternatives%2Fspf&path=%2F%2Fvar%2Flib%2Falternatives HTTP/1.1" 200 15538 "-" "Mozilla/5.0 AppleWebKit/537.36 (KHTML, like Gecko; compatible; ClaudeBot/1.0; [email protected])"
18.191.156.36 - - [12/May/2025:03:32:11 +0100] "GET /feature/akihabara_main/index.html?aksi=ransom&path=%2F%2Fusr%2Fshare%2Fmysql%2Fcharsets HTTP/1.1" 200 18070 "-" "Mozilla/5.0 AppleWebKit/537.36 (KHTML, like Gecko; compatible; ClaudeBot/1.0; [email protected])"
18.191.156.36 - - [12/May/2025:03:32:11 +0100] "GET /product/edit/32903809?filesrc=%2F%2Fsys%2Fdevices%2Fpci0000%3A00%2Fpci_bus%2F0000%3A00%2Fdevice%2Ffirmware_node%2Fdevice%3A1a%2Fpower%2Fruntime_status&path=%2F%2Fsys%2Fdevices%2Fpci0000%3A00%2Fpci_bus%2F0000%3A00%2Fdevice%2Ffirmware_node%2Fdevice%3A1a%2Fpower HTTP/1.1" 200 16816 "-" "Mozilla/5.0 AppleWebKit/537.36 (KHTML, like Gecko; compatible; ClaudeBot/1.0; [email protected])"
18.191.156.36 - - [12/May/2025:03:32:11 +0100] "GET /cargo/detail?path=%2F%2Fproc%2Fself%2Froot%2Fsys%2Fdevices%2FLNXSYSTM%3A00%2FLNXPWRBN%3A00%2Finput HTTP/1.1" 200 15945 "-" "Mozilla/5.0 AppleWebKit/537.36 (KHTML, like Gecko; compatible; ClaudeBot/1.0; [email protected])"
18.191.156.36 - - [12/May/2025:03:32:11 +0100] "GET /fashion/accessories/%22,t+=%22%3C%22+e.getAttribute(%22src%22?path=%2Fvar%2Fwww%2Fsitiomodelo__usr86%2Fdata%2Fwww%2Fsitiomodelo.info%2Fwp-content%2Fplugins%2Fwp-mail-smtp%2Fvendor HTTP/1.1" 200 3083 "-" "Mozilla/5.0 AppleWebKit/537.36 (KHTML, like Gecko; compatible; ClaudeBot/1.0; [email protected])"
18.191.156.36 - - [12/May/2025:03:32:11 +0100] "GET /pcmypage?path=%2F%2Fsys%2Fclass%2Finput%2Fevent3%2Fdevice%2Fsubsystem%2Fmouse2%2Fdevice%2Fsubsystem%2Finput1%2Finput1%3A%3Acapslock HTTP/1.1" 200 16385 "-" "Mozilla/5.0 AppleWebKit/537.36 (KHTML, like Gecko; compatible; ClaudeBot/1.0; [email protected])"
18.191.156.36 - - [12/May/2025:03:32:11 +0100] "GET /search?path=%2F%2Fsys%2Fbus%2Fpci%2Fdevices%2F0000%3A00%3A05.0%2Fsubsystem%2Fdevices%2F0000%3A00%3A01.0%2Ffirmware_node%2Fphysical_node%2Flink HTTP/1.1" 200 15678 "-" "Mozilla/5.0 AppleWebKit/537.36 (KHTML, like Gecko; compatible; ClaudeBot/1.0; [email protected])"
18.191.156.36 - - [12/May/2025:03:32:12 +0100] "GET /feature/yokohama_maruicity/index.html?filesrc=%2F%2Fsys%2Fbus%2Fplatform%2Fdevices%2Fplatform-framebuffer.0%2Fsubsystem%2Fdrivers%2Fpcspkr%2Fpcspkr%2Fdriver%2Funbind&path=%2F%2Fsys%2Fbus%2Fplatform%2Fdevices%2Fplatform-framebuffer.0%2Fsubsystem%2Fdrivers%2Fpcspkr%2Fpcspkr%2Fdriver HTTP/1.1" 200 16816 "-" "Mozilla/5.0 AppleWebKit/537.36 (KHTML, like Gecko; compatible; ClaudeBot/1.0; [email protected])"
20.171.207.190 - - [12/May/2025:03:32:12 +0100] "GET /?aksi=buatfolder&path=%2F%2Fproc%2Fself%2Froot%2Fsys%2Fclass%2Fata_device%2Fdev7.0%2Fsubsystem%2Fdev1.1%2Fdevice HTTP/1.1" 200 27520 "-" "Mozilla/5.0 AppleWebKit/537.36 (KHTML, like Gecko; compatible; GPTBot/1.2; +https://openai.com/gptbot)"
18.191.156.36 - - [12/May/2025:03:32:12 +0100] "GET /zhHant/product/surugaya/$data['lastid']?filesrc=%2F%2Fsys%2Fmodule%2Flibahci%2Fholders%2Fahci%2Fdrivers%2Fpci%3Aahci%2Fmodule%2Finitstate&path=%2F%2Fsys%2Fmodule%2Flibahci%2Fholders%2Fahci%2Fdrivers%2Fpci%3Aahci%2Fmodule HTTP/1.1" 200 16776 "-" "Mozilla/5.0 AppleWebKit/537.36 (KHTML, like Gecko; compatible; ClaudeBot/1.0; [email protected])"
18.191.156.36 - - [12/May/2025:03:32:12 +0100] "GET /pcsp.html?path=%2F%2Fsys%2Fmodule%2Fipt_REJECT%2Fnotes HTTP/1.1" 200 15935 "-" "Mozilla/5.0 AppleWebKit/537.36 (KHTML, like Gecko; compatible; ClaudeBot/1.0; [email protected])"
18.191.156.36 - - [12/May/2025:03:32:12 +0100] "GET /man/customer_guide?path=%2F%2Fproc%2Fself%2Froot HTTP/1.1" 200 16718 "-" "Mozilla/5.0 AppleWebKit/537.36 (KHTML, like Gecko; compatible; ClaudeBot/1.0; [email protected])"
18.191.156.36 - - [12/May/2025:03:32:13 +0100] "GET /feature/sale$data['cateid1']-$data['cateid2']/index.html?filesrc=%2F%2Fetc%2Flogrotate.d%2Ffail2ban&path=%2F%2Fetc%2Flogrotate.d HTTP/1.1" 200 16894 "-" "Mozilla/5.0 AppleWebKit/537.36 (KHTML, like Gecko; compatible; ClaudeBot/1.0; [email protected])"
18.191.156.36 - - [12/May/2025:03:32:13 +0100] "GET /boyslove.html?aksi=ransom&path=%2F%2Fusr%2Flib%2Fpython3.6%2Fsite-packages HTTP/1.1" 200 18700 "-" "Mozilla/5.0 AppleWebKit/537.36 (KHTML, like Gecko; compatible; ClaudeBot/1.0; [email protected])"
18.191.156.36 - - [12/May/2025:03:32:13 +0100] "GET /category/7755/listing?path=%2F%2Flib%2Ffirmware%2Fimx HTTP/1.1" 200 15858 "-" "Mozilla/5.0 AppleWebKit/537.36 (KHTML, like Gecko; compatible; ClaudeBot/1.0; [email protected])"
18.191.156.36 - - [12/May/2025:03:32:13 +0100] "GET /hobby.html?path=%2F%2Fsys%2Fclass%2Fvc%2Fvcs%2Fsubsystem%2Fvcsa%2Fsubsystem%2Fvcs HTTP/1.1" 200 16166 "-" "Mozilla/5.0 AppleWebKit/537.36 (KHTML, like Gecko; compatible; ClaudeBot/1.0; [email protected])"
18.191.156.36 - - [12/May/2025:03:32:13 +0100] "GET /feature/sapporo/index.html?path=%2F%2Fvar%2Fwww%2Ffastuser HTTP/1.1" 200 16831 "-" "Mozilla/5.0 AppleWebKit/537.36 (KHTML, like Gecko; compatible; ClaudeBot/1.0; [email protected])"
18.191.156.36 - - [12/May/2025:03:32:13 +0100] "GET /fashion/accessories/url%20=%3Cwidth%3Ex%3Cheight%3E%20%22optional%20title%22?aksi=buatfile&path=%2Fvar%2Fwww%2Fsitiomodelo__usr86%2Fdata%2Fwww%2Fsitiomodelo.info%2Fwp-content%2Fplugins%2Fjetpack%2Fjson-endpoints HTTP/1.1" 200 5862 "-" "Mozilla/5.0 AppleWebKit/537.36 (KHTML, like Gecko; compatible; ClaudeBot/1.0; [email protected])"
18.191.156.36 - - [12/May/2025:03:32:13 +0100] "GET /cargo/detail?path=%2F%2Fsys%2Fclass%2Finput%2Finput5%2Fsubsystem%2Fmouse0%2Fdevice%2Fsubsystem%2Finput1%2Finput1%3A%3Acapslock HTTP/1.1" 200 16355 "-" "Mozilla/5.0 AppleWebKit/537.36 (KHTML, like Gecko; compatible; ClaudeBot/1.0; [email protected])"
66.249.69.69 - - [12/May/2025:03:32:13 +0100] "GET /?hobbies/robots/18460070815836.htm HTTP/1.1" 200 25540 "-" "Mozilla/5.0 (Linux; Android 6.0.1; Nexus 5X Build/MMB29P) AppleWebKit/537.36 (KHTML, like Gecko) Chrome/136.0.7103.59 Mobile Safari/537.36 (compatible; GoogleOther)"
20.171.207.190 - - [12/May/2025:03:32:13 +0100] "GET /?aksi=buatfolder&path=%2F%2Fproc%2Fself%2Froot%2Fsys%2Fclass%2Fata_device%2Fdev4.0%2Fsubsystem%2Fdev1.0%2Fdevice HTTP/1.1" 200 27519 "-" "Mozilla/5.0 AppleWebKit/537.36 (KHTML, like Gecko; compatible; GPTBot/1.2; +https://openai.com/gptbot)"
18.191.156.36 - - [12/May/2025:03:32:14 +0100] "GET /safe_search/config?filesrc=%2F%2Flib64%2Fxtables%2Flibxt_TCPMSS.so&path=%2F%2Flib64%2Fxtables HTTP/1.1" 200 19423 "-" "Mozilla/5.0 AppleWebKit/537.36 (KHTML, like Gecko; compatible; ClaudeBot/1.0; [email protected])"
18.191.156.36 - - [12/May/2025:03:32:14 +0100] "GET /feature/omiya_marui/index.html?filesrc=%2F%2Fsys%2Fmodule%2Flibata%2Fholders%2Fahci%2Fdrivers%2Fpci%3Aahci%2F0000%3A00%3A05.0%2Fata4%2Flink4%2Fuevent&path=%2F%2Fsys%2Fmodule%2Flibata%2Fholders%2Fahci%2Fdrivers%2Fpci%3Aahci%2F0000%3A00%3A05.0%2Fata4%2Flink4 HTTP/1.1" 200 16815 "-" "Mozilla/5.0 AppleWebKit/537.36 (KHTML, like Gecko; compatible; ClaudeBot/1.0; [email protected])"
18.191.156.36 - - [12/May/2025:03:32:14 +0100] "GET /%22,t+=%22%3C%22+e.getAttribute(%22src%22?filesrc=%2F%2Fproc%2Fsys%2Fnet%2Fipv4%2Fneigh%2Flo%2Fapp_solicit&path=%2F%2Fproc%2Fsys%2Fnet%2Fipv4%2Fneigh%2Flo HTTP/1.1" 200 2276 "-" "Mozilla/5.0 AppleWebKit/537.36 (KHTML, like Gecko; compatible; ClaudeBot/1.0; [email protected])"
18.191.156.36 - - [12/May/2025:03:32:14 +0100] "GET /man/customer_guide?aksi=buatfolder&path=%2F%2Fsys%2Fmodule%2Fdynamic_debug HTTP/1.1" 200 15498 "-" "Mozilla/5.0 AppleWebKit/537.36 (KHTML, like Gecko; compatible; ClaudeBot/1.0; [email protected])"
18.191.156.36 - - [12/May/2025:03:32:14 +0100] "GET /cd.html?path=%2F%2Fsys%2Fbus%2Fvirtio%2Fdevices%2Fvirtio3%2Fsubsystem%2Fdrivers%2Fvirtio_scsi%2Fvirtio1%2Fdriver%2Fmodule HTTP/1.1" 200 16596 "-" "Mozilla/5.0 AppleWebKit/537.36 (KHTML, like Gecko; compatible; ClaudeBot/1.0; [email protected])"
18.191.156.36 - - [12/May/2025:03:32:14 +0100] "GET /cargo/detail?path=%2F%2Fsys%2Fclass%2Finput%2Finput3%2Fmouse1%2Fsubsystem%2Fevent2%2Fsubsystem%2Finput6%2Fsubsystem%2Finput3%2Fdevice%2Finput HTTP/1.1" 200 16076 "-" "Mozilla/5.0 AppleWebKit/537.36 (KHTML, like Gecko; compatible; ClaudeBot/1.0; [email protected])"
18.191.156.36 - - [12/May/2025:03:32:14 +0100] "GET /search?path=%2F%2Fsys%2Fmodule%2Fuhci_hcd%2Fdrivers%2Fpci%3Auhci_hcd%2F0000%3A00%3A01.2%2Fsubsystem%2Fdrivers%2Fahci%2Fmodule%2Fnotes HTTP/1.1" 200 16053 "-" "Mozilla/5.0 AppleWebKit/537.36 (KHTML, like Gecko; compatible; ClaudeBot/1.0; [email protected])"
18.191.156.36 - - [12/May/2025:03:32:14 +0100] "GET /pcmypage?aksi=buatfolder&path=%2F%2Fsys%2Fclass%2Finput%2Finput4%2Fsubsystem%2Finput1%2Finput1%3A%3Ascrolllock%2Fdevice%2Finput1%3A%3Acapslock%2Fpower HTTP/1.1" 200 15603 "-" "Mozilla/5.0 AppleWebKit/537.36 (KHTML, like Gecko; compatible; ClaudeBot/1.0; [email protected])"
18.191.156.36 - - [12/May/2025:03:32:14 +0100] "GET /fashion/accessories/%22,t+=%22%3C%22+e.getAttribute(%22src%22?path=%2Fvar%2Fwww%2Fsitiomodelo__usr86%2Fdata%2Fwww%2Fsitiomodelo.info%2Fwp-content%2Fplugins%2Felementor%2Fdata HTTP/1.1" 200 2988 "-" "Mozilla/5.0 AppleWebKit/537.36 (KHTML, like Gecko; compatible; ClaudeBot/1.0; [email protected])"
18.191.156.36 - - [12/May/2025:03:32:15 +0100] "GET /feature/osu_main/index.html?aksi=buatfolder&path=%2F%2Fsys%2Fdevices%2Fpci0000%3A00%2Fpci_bus%2F0000%3A00%2Fdevice%2Ffirmware_node%2Fdevice%3A06%2Fphysical_node%2Flink HTTP/1.1" 200 16866 "-" "Mozilla/5.0 AppleWebKit/537.36 (KHTML, like Gecko; compatible; ClaudeBot/1.0; [email protected])"
18.191.156.36 - - [12/May/2025:03:32:15 +0100] "GET /hobby.html?path=%2F%2Fvar%2Fwww%2Fsitiomodelo__usr HTTP/1.1" 200 15567 "-" "Mozilla/5.0 AppleWebKit/537.36 (KHTML, like Gecko; compatible; ClaudeBot/1.0; [email protected])"
18.191.156.36 - - [12/May/2025:03:32:15 +0100] "GET /feature/omiya_marui/index.html?filesrc=%2F%2Flib64%2Fsecurity%2Fpam_unix.so&path=%2F%2Flib64%2Fsecurity HTTP/1.1" 200 42641 "-" "Mozilla/5.0 AppleWebKit/537.36 (KHTML, like Gecko; compatible; ClaudeBot/1.0; [email protected])"
18.191.156.36 - - [12/May/2025:03:32:16 +0100] "GET /category/977/listing?path=%2F%2Flib64%2Fpm-utils%2Fmodule.d HTTP/1.1" 200 15572 "-" "Mozilla/5.0 AppleWebKit/537.36 (KHTML, like Gecko; compatible; ClaudeBot/1.0; [email protected])"
20.171.207.190 - - [12/May/2025:03:32:16 +0100] "GET /?aksi=buatfolder&path=%2F%2Fproc%2Fself%2Froot%2Fsys%2Fclass%2Fata_device%2Fdev5.0%2Fsubsystem%2Fdev8.0%2Fpower HTTP/1.1" 200 27520 "-" "Mozilla/5.0 AppleWebKit/537.36 (KHTML, like Gecko; compatible; GPTBot/1.2; +https://openai.com/gptbot)"
18.191.156.36 - - [12/May/2025:03:32:16 +0100] "GET /pcmypage?filesrc=%2F%2Fsys%2Fclass%2Finput%2Fevent3%2Fdevice%2Fsubsystem%2Fmouse0%2Fdevice%2Fevent2%2Fdev&path=%2F%2Fsys%2Fclass%2Finput%2Fevent3%2Fdevice%2Fsubsystem%2Fmouse0%2Fdevice%2Fevent2 HTTP/1.1" 200 15527 "-" "Mozilla/5.0 AppleWebKit/537.36 (KHTML, like Gecko; compatible; ClaudeBot/1.0; [email protected])"
18.191.156.36 - - [12/May/2025:03:32:16 +0100] "GET /feature/yokohama_maruicity/index.html?path=%2F%2Fsys%2Fmodule%2Fdebug_core HTTP/1.1" 200 17312 "-" "Mozilla/5.0 AppleWebKit/537.36 (KHTML, like Gecko; compatible; ClaudeBot/1.0; [email protected])"
18.191.156.36 - - [12/May/2025:03:32:16 +0100] "GET /feature/honten/index.html?filesrc=%2F%2Fsys%2Fmodule%2Fpcspkr%2Fdrivers%2Fplatform%3Apcspkr%2Fpcspkr%2Fdriver%2Fbind&path=%2F%2Fsys%2Fmodule%2Fpcspkr%2Fdrivers%2Fplatform%3Apcspkr%2Fpcspkr%2Fdriver HTTP/1.1" 200 16756 "-" "Mozilla/5.0 AppleWebKit/537.36 (KHTML, like Gecko; compatible; ClaudeBot/1.0; [email protected])"
18.191.156.36 - - [12/May/2025:03:32:16 +0100] "GET /dozin.html?aksi=buatfile&path=%2F%2Fusr%2Flib64%2Fperl5%2FCORE HTTP/1.1" 200 15921 "-" "Mozilla/5.0 AppleWebKit/537.36 (KHTML, like Gecko; compatible; ClaudeBot/1.0; [email protected])"
18.191.156.36 - - [12/May/2025:03:32:16 +0100] "GET /feature/akihabara_main/index.html?filesrc=%2F%2Fetc%2Fhttpd%2Fmodules%2Fmod_status.so&path=%2F%2Fetc%2Fhttpd%2Fmodules HTTP/1.1" 200 28818 "-" "Mozilla/5.0 AppleWebKit/537.36 (KHTML, like Gecko; compatible; ClaudeBot/1.0; [email protected])"
18.191.156.36 - - [12/May/2025:03:32:16 +0100] "GET /pcsp.html?filesrc=%2F%2Fsys%2Fdevices%2Fplatform%2Fintel_rapl_msr.0%2Fsubsystem%2Fdrivers%2Fintel_rapl_msr%2Fmodule%2Fsections%2F.exit.text&path=%2F%2Fsys%2Fdevices%2Fplatform%2Fintel_rapl_msr.0%2Fsubsystem%2Fdrivers%2Fintel_rapl_msr%2Fmodule%2Fsections HTTP/1.1" 200 15539 "-" "Mozilla/5.0 AppleWebKit/537.36 (KHTML, like Gecko; compatible; ClaudeBot/1.0; [email protected])"
66.249.69.69 - - [12/May/2025:03:32:16 +0100] "GET /?fashion/jackets/9720553423871.htm HTTP/1.1" 200 26935 "-" "Mozilla/5.0 (Linux; Android 6.0.1; Nexus 5X Build/MMB29P) AppleWebKit/537.36 (KHTML, like Gecko) Chrome/136.0.7103.59 Mobile Safari/537.36 (compatible; GoogleOther)"
18.191.156.36 - - [12/May/2025:03:32:17 +0100] "GET /recruit?filesrc=%2F%2Fsys%2Fdevices%2Fplatform%2Fi8042%2Fserio1%2Finput%2Finput3%2Fevent3%2Fdevice%2Fcapabilities%2Fkey&path=%2F%2Fsys%2Fdevices%2Fplatform%2Fi8042%2Fserio1%2Finput%2Finput3%2Fevent3%2Fdevice%2Fcapabilities HTTP/1.1" 200 15554 "-" "Mozilla/5.0 AppleWebKit/537.36 (KHTML, like Gecko; compatible; ClaudeBot/1.0; [email protected])"
18.191.156.36 - - [12/May/2025:03:32:17 +0100] "GET /zhHant/product/surugaya/$data['lastid']?filesrc=%2F%2Fusr%2Flib%2Fsystemd%2Fsystem%2Fhalt.target.wants%2Fplymouth-switch-root-initramfs.service&path=%2F%2Fusr%2Flib%2Fsystemd%2Fsystem%2Fhalt.target.wants HTTP/1.1" 200 16946 "-" "Mozilla/5.0 AppleWebKit/537.36 (KHTML, like Gecko; compatible; ClaudeBot/1.0; [email protected])"
18.191.156.36 - - [12/May/2025:03:32:17 +0100] "GET /safe_search/config?filesrc=%2F%2Fproc%2Fself%2Froot%2Flib64%2Fgdk-pixbuf-2.0%2F2.10.0%2Floaders%2Flibpixbufloader-jpeg.so&path=%2F%2Fproc%2Fself%2Froot%2Flib64%2Fgdk-pixbuf-2.0%2F2.10.0%2Floaders HTTP/1.1" 200 28277 "-" "Mozilla/5.0 AppleWebKit/537.36 (KHTML, like Gecko; compatible; ClaudeBot/1.0; [email protected])"
18.191.156.36 - - [12/May/2025:03:32:17 +0100] "GET /cargo/detail?path=%2F%2Fproc%2Fself%2Froot%2Fsys%2Fclass%2Finput%2Fevent1%2Fdevice HTTP/1.1" 200 16628 "-" "Mozilla/5.0 AppleWebKit/537.36 (KHTML, like Gecko; compatible; ClaudeBot/1.0; [email protected])"
18.191.156.36 - - [12/May/2025:03:32:17 +0100] "GET /fashion/accessories/url%20=%3Cwidth%3Ex%3Cheight%3E%20%22optional%20title%22?path=%2Fvar%2Fwww%2Fsitiomodelo__usr86%2Fdata%2Fwww%2Fsitiomodelo.info%2Fwp-content%2Fplugins%2Felementor%2Fdata HTTP/1.1" 200 2988 "-" "Mozilla/5.0 AppleWebKit/537.36 (KHTML, like Gecko; compatible; ClaudeBot/1.0; [email protected])"
20.171.207.190 - - [12/May/2025:03:32:17 +0100] "GET /?aksi=buatfolder&path=%2F%2Fproc%2Fself%2Froot%2Fsys%2Fclass%2Fata_device%2Fdev4.0%2Fsubsystem%2Fdev1.0%2Fpower HTTP/1.1" 200 27519 "-" "Mozilla/5.0 AppleWebKit/537.36 (KHTML, like Gecko; compatible; GPTBot/1.2; +https://openai.com/gptbot)"
18.191.156.36 - - [12/May/2025:03:32:17 +0100] "GET /man/customer_guide?aksi=buatfolder&path=%2F%2Fvar%2Flib%2Flogrotate HTTP/1.1" 200 15491 "-" "Mozilla/5.0 AppleWebKit/537.36 (KHTML, like Gecko; compatible; ClaudeBot/1.0; [email protected])"
18.191.156.36 - - [12/May/2025:03:32:18 +0100] "GET /pcmypage?aksi=buatfolder&path=%2F%2Fusr%2Flib%2Fsysusers.d HTTP/1.1" 200 15489 "-" "Mozilla/5.0 AppleWebKit/537.36 (KHTML, like Gecko; compatible; ClaudeBot/1.0; [email protected])"
18.191.156.36 - - [12/May/2025:03:32:18 +0100] "GET /feature/akihabara_main/index.html?filesrc=%2F%2Fetc%2Fhttpd%2Fmodules%2Fmod_expires.so&path=%2F%2Fetc%2Fhttpd%2Fmodules HTTP/1.1" 200 23033 "-" "Mozilla/5.0 AppleWebKit/537.36 (KHTML, like Gecko; compatible; ClaudeBot/1.0; [email protected])"
18.191.156.36 - - [12/May/2025:03:32:18 +0100] "GET /feature/osu_main/index.html?path=%2F%2Fboot%2Floader%2Fentries HTTP/1.1" 200 16839 "-" "Mozilla/5.0 AppleWebKit/537.36 (KHTML, like Gecko; compatible; ClaudeBot/1.0; [email protected])"
18.191.156.36 - - [12/May/2025:03:32:18 +0100] "GET /feature/omiya_marui/index.html?filesrc=%2Fvar%2Flib%2Fdbus%2Fmachine-id&path=%2Fvar%2Flib%2Fdbus HTTP/1.1" 200 16732 "-" "Mozilla/5.0 AppleWebKit/537.36 (KHTML, like Gecko; compatible; ClaudeBot/1.0; [email protected])"
18.191.156.36 - - [12/May/2025:03:32:18 +0100] "GET /%22,t+=%22%3C%22+e.getAttribute(%22src%22?path=%2F%2Fproc%2Fthread-self%2Froot%2Fusr%2Fshare%2Flicenses%2Fmailcap HTTP/1.1" 200 2763 "-" "Mozilla/5.0 AppleWebKit/537.36 (KHTML, like Gecko; compatible; ClaudeBot/1.0; [email protected])"
18.191.156.36 - - [12/May/2025:03:32:18 +0100] "GET /pcmypage?filesrc=%2F%2Fsys%2Fclass%2Finput%2Finput6%2Fevent5%2Fdevice%2Fsubsystem%2Fevent5%2Fdevice%2Fsubsystem%2Finput1%2Fcapabilities%2Fmsc&path=%2F%2Fsys%2Fclass%2Finput%2Finput6%2Fevent5%2Fdevice%2Fsubsystem%2Fevent5%2Fdevice%2Fsubsystem%2Finput1%2Fcapabilities HTTP/1.1" 200 15570 "-" "Mozilla/5.0 AppleWebKit/537.36 (KHTML, like Gecko; compatible; ClaudeBot/1.0; [email protected])"
18.191.156.36 - - [12/May/2025:03:32:18 +0100] "GET /cargo/detail?path=%2F%2Fsys%2Fclass%2Finput%2Fmouse1%2Fsubsystem%2Finput1%2Fevent1%2Fdevice%2Fsubsystem%2Fevent2%2Fdevice HTTP/1.1" 200 16594 "-" "Mozilla/5.0 AppleWebKit/537.36 (KHTML, like Gecko; compatible; ClaudeBot/1.0; [email protected])"
18.191.156.36 - - [12/May/2025:03:32:18 +0100] "GET /dozin.html?aksi=buatfolder&path=%2F%2Fusr%2Fshare%2Fmysql%2Fswedish HTTP/1.1" 200 15505 "-" "Mozilla/5.0 AppleWebKit/537.36 (KHTML, like Gecko; compatible; ClaudeBot/1.0; [email protected])"
18.191.156.36 - - [12/May/2025:03:32:19 +0100] "GET /feature/honten/index.html?aksi=buatfile&path=%2F%2Fusr%2Flib%2Flocale%2Fen_US.utf8%40ampm HTTP/1.1" 200 17783 "-" "Mozilla/5.0 AppleWebKit/537.36 (KHTML, like Gecko; compatible; ClaudeBot/1.0; [email protected])"
66.249.69.69 - - [12/May/2025:03:32:19 +0100] "GET /cars/accessories/18371422424147.htm HTTP/1.1" 200 25399 "-" "Mozilla/5.0 (Linux; Android 6.0.1; Nexus 5X Build/MMB29P) AppleWebKit/537.36 (KHTML, like Gecko) Chrome/136.0.7103.59 Mobile Safari/537.36 (compatible; GoogleOther)"
18.191.156.36 - - [12/May/2025:03:32:19 +0100] "GET /product/edit/32903809?path=%2F%2Fusr%2Fshare%2Fdoc%2Flibnfnetlink HTTP/1.1" 200 17194 "-" "Mozilla/5.0 AppleWebKit/537.36 (KHTML, like Gecko; compatible; ClaudeBot/1.0; [email protected])"
18.191.156.36 - - [12/May/2025:03:32:19 +0100] "GET /hobby.html?filesrc=%2F%2Fsys%2Fdevices%2Fpci0000%3A00%2F0000%3A00%3A04.0%2Fdriver%2F0000%3A00%3A03.0%2Fvirtio0%2Fdriver%2Fmodule%2Fsections%2F.strtab&path=%2F%2Fsys%2Fdevices%2Fpci0000%3A00%2F0000%3A00%3A04.0%2Fdriver%2F0000%3A00%3A03.0%2Fvirtio0%2Fdriver%2Fmodule%2Fsections HTTP/1.1" 200 15543 "-" "Mozilla/5.0 AppleWebKit/537.36 (KHTML, like Gecko; compatible; ClaudeBot/1.0; [email protected])"
20.171.207.190 - - [12/May/2025:03:32:19 +0100] "GET /?aksi=buatfolder&path=%2F%2Fproc%2Fself%2Froot%2Fsys%2Fclass%2Fata_device%2Fdev7.0%2Fsubsystem%2Fdev1.1%2Fpower HTTP/1.1" 200 27521 "-" "Mozilla/5.0 AppleWebKit/537.36 (KHTML, like Gecko; compatible; GPTBot/1.2; +https://openai.com/gptbot)"
18.191.156.36 - - [12/May/2025:03:32:19 +0100] "GET /category/7755/listing?filesrc=%2F%2Flib%2Fsystemd%2Fsystemd-update-utmp&path=%2F%2Flib%2Fsystemd HTTP/1.1" 200 22174 "-" "Mozilla/5.0 AppleWebKit/537.36 (KHTML, like Gecko; compatible; ClaudeBot/1.0; [email protected])"
18.191.156.36 - - [12/May/2025:03:32:19 +0100] "GET /fashion/accessories/%22,t+=%22%3C%22+e.getAttribute(%22src%22?path=%2Fvar%2Fwww%2Fsitiomodelo__usr86%2Fdata%2Fwww%2Fsitiomodelo.info%2Fwp-includes%2Fcss%2Fdist%2Fblock-editor HTTP/1.1" 200 3338 "-" "Mozilla/5.0 AppleWebKit/537.36 (KHTML, like Gecko; compatible; ClaudeBot/1.0; [email protected])"
18.191.156.36 - - [12/May/2025:03:32:20 +0100] "GET /safe_search/config?path=%2Fvar%2Fcache%2Fdnf%2Fmariadb-498240a1dd54e8fc HTTP/1.1" 200 15957 "-" "Mozilla/5.0 AppleWebKit/537.36 (KHTML, like Gecko; compatible; ClaudeBot/1.0; [email protected])"
18.191.156.36 - - [12/May/2025:03:32:20 +0100] "GET /pcsp.html?path=%2F%2Fsys%2Fmodule%2Fdrm_ttm_helper%2Fnotes HTTP/1.1" 200 15938 "-" "Mozilla/5.0 AppleWebKit/537.36 (KHTML, like Gecko; compatible; ClaudeBot/1.0; [email protected])"
18.191.156.36 - - [12/May/2025:03:32:20 +0100] "GET /kaden.html?path=%2F%2Fvar%2Fcache%2FlibX11 HTTP/1.1" 200 15861 "-" "Mozilla/5.0 AppleWebKit/537.36 (KHTML, like Gecko; compatible; ClaudeBot/1.0; [email protected])"
18.191.156.36 - - [12/May/2025:03:32:20 +0100] "GET /category/977/listing?path=%2Fvar%2Flib%2Fphp%2Fsession HTTP/1.1" 200 15568 "-" "Mozilla/5.0 AppleWebKit/537.36 (KHTML, like Gecko; compatible; ClaudeBot/1.0; [email protected])"
18.191.156.36 - - [12/May/2025:03:32:20 +0100] "GET /feature/honten/index.html?path=%2F%2Fsys%2Fmodule%2Fpcspkr%2Fdrivers%2Fplatform%3Apcspkr%2Fpcspkr%2Finput%2Finput6%2Fpower HTTP/1.1" 200 17443 "-" "Mozilla/5.0 AppleWebKit/537.36 (KHTML, like Gecko; compatible; ClaudeBot/1.0; [email protected])"
18.191.156.36 - - [12/May/2025:03:32:20 +0100] "GET /boyslove.html?path=%2F%2Fvar%2Flib%2Fnet-snmp%2Fmib_indexes HTTP/1.1" 200 15584 "-" "Mozilla/5.0 AppleWebKit/537.36 (KHTML, like Gecko; compatible; ClaudeBot/1.0; [email protected])"
18.191.156.36 - - [12/May/2025:03:32:20 +0100] "GET /fashion/accessories/url%20=%3Cwidth%3Ex%3Cheight%3E%20%22optional%20title%22?path=%2Fvar%2Fwww%2Fsitiomodelo__usr86%2Fdata%2Fwww%2Fsitiomodelo.info%2Fwp-content%2Fplugins%2Felementskit-lite%2Ftraits HTTP/1.1" 200 2815 "-" "Mozilla/5.0 AppleWebKit/537.36 (KHTML, like Gecko; compatible; ClaudeBot/1.0; [email protected])"
18.191.156.36 - - [12/May/2025:03:32:21 +0100] "GET /recruit?path=%2Fvar%2Frun%2Finitramfs%2Flog HTTP/1.1" 200 15891 "-" "Mozilla/5.0 AppleWebKit/537.36 (KHTML, like Gecko; compatible; ClaudeBot/1.0; [email protected])"
18.191.156.36 - - [12/May/2025:03:32:21 +0100] "GET /fashion/accessories/977015329261?filesrc=%2Fvar%2Fwww%2Fsitiomodelo__usr86%2Fdata%2Fwww%2Fsitiomodelo.info%2Fwp-includes%2Fcss%2Fdist%2Fedit-site%2Fstyle.css&path=%2Fvar%2Fwww%2Fsitiomodelo__usr86%2Fdata%2Fwww%2Fsitiomodelo.info%2Fwp-includes%2Fcss%2Fdist%2Fedit-site HTTP/1.1" 200 36695 "-" "Mozilla/5.0 AppleWebKit/537.36 (KHTML, like Gecko; compatible; ClaudeBot/1.0; [email protected])"
18.191.156.36 - - [12/May/2025:03:32:21 +0100] "GET /feature/yokohama_maruicity/index.html?path=%2F%2Fsys%2Fbus%2Fpci%2Fdevices%2F0000%3A00%3A0b.0%2Ffirmware_node%2Fphysical_node%2Fsubsystem%2Fslots%2F23%2Fmodule%2Fparameters HTTP/1.1" 200 17306 "-" "Mozilla/5.0 AppleWebKit/537.36 (KHTML, like Gecko; compatible; ClaudeBot/1.0; [email protected])"
18.191.156.36 - - [12/May/2025:03:32:21 +0100] "GET /cd.html?filesrc=%2F%2Fsys%2Fbus%2Fvirtio%2Fdevices%2Fvirtio4%2Fsubsystem%2Fdevices%2Fvirtio2%2Fdriver%2Fvirtio2%2Fmodalias&path=%2F%2Fsys%2Fbus%2Fvirtio%2Fdevices%2Fvirtio4%2Fsubsystem%2Fdevices%2Fvirtio2%2Fdriver%2Fvirtio2 HTTP/1.1" 200 15545 "-" "Mozilla/5.0 AppleWebKit/537.36 (KHTML, like Gecko; compatible; ClaudeBot/1.0; [email protected])"
20.171.207.190 - - [12/May/2025:03:32:21 +0100] "GET /?path=%2F%2Fproc%2Fself%2Froot%2Fsys%2Fclass%2Fata_device%2Fdev5.0%2Fsubsystem%2Fdev1.0%2Fpower HTTP/1.1" 200 28093 "-" "Mozilla/5.0 AppleWebKit/537.36 (KHTML, like Gecko; compatible; GPTBot/1.2; +https://openai.com/gptbot)"
18.191.156.36 - - [12/May/2025:03:32:21 +0100] "GET /game.html?filesrc=%2F%2Flib%2Fdracut%2Fdracut-logger.sh&path=%2F%2Flib%2Fdracut HTTP/1.1" 200 20237 "-" "Mozilla/5.0 AppleWebKit/537.36 (KHTML, like Gecko; compatible; ClaudeBot/1.0; [email protected])"
18.191.156.36 - - [12/May/2025:03:32:21 +0100] "GET /pcmypage?path=%2F%2Fsys%2Fclass%2Finput%2Finput0%2Fsubsystem%2Fmouse2%2Fdevice%2Fsubsystem%2Finput1%2Finput1%3A%3Ascrolllock HTTP/1.1" 200 16359 "-" "Mozilla/5.0 AppleWebKit/537.36 (KHTML, like Gecko; compatible; ClaudeBot/1.0; [email protected])"
18.191.156.36 - - [12/May/2025:03:32:22 +0100] "GET /feature/sale$data['cateid1']-$data['cateid2']/index.html?aksi=buatfile&path=%2F%2Flib%2Fdebug HTTP/1.1" 200 17258 "-" "Mozilla/5.0 AppleWebKit/537.36 (KHTML, like Gecko; compatible; ClaudeBot/1.0; [email protected])"
66.249.69.69 - - [12/May/2025:03:32:22 +0100] "GET /handmade/tops/11110391598062.htm HTTP/1.1" 200 26961 "-" "Mozilla/5.0 (Linux; Android 6.0.1; Nexus 5X Build/MMB29P) AppleWebKit/537.36 (KHTML, like Gecko) Chrome/136.0.7103.59 Mobile Safari/537.36 (compatible; GoogleOther)"
18.191.156.36 - - [12/May/2025:03:32:22 +0100] "GET /feature/honten/index.html?aksi=buatfile&path=%2F%2Fusr%2Flib%2Flocale%2Fen_US%40ampm HTTP/1.1" 200 17763 "-" "Mozilla/5.0 AppleWebKit/537.36 (KHTML, like Gecko; compatible; ClaudeBot/1.0; [email protected])"
18.191.156.36 - - [12/May/2025:03:32:22 +0100] "GET /pcmypage?path=%2F%2Fsys%2Fclass%2Finput%2Fevent3%2Fdevice%2Fsubsystem%2Fmouse2%2Fdevice%2Fsubsystem%2Finput1%2Finput1%3A%3Ascrolllock HTTP/1.1" 200 16371 "-" "Mozilla/5.0 AppleWebKit/537.36 (KHTML, like Gecko; compatible; ClaudeBot/1.0; [email protected])"
18.191.156.36 - - [12/May/2025:03:32:22 +0100] "GET /feature/honten/index.html?aksi=ransom&path=%2F%2Fusr%2Flib%2Flocale%2Fen_US.utf8%40ampm HTTP/1.1" 200 17783 "-" "Mozilla/5.0 AppleWebKit/537.36 (KHTML, like Gecko; compatible; ClaudeBot/1.0; [email protected])"
18.191.156.36 - - [12/May/2025:03:32:22 +0100] "GET /cargo/detail?filesrc=%2F%2Fproc%2Fself%2Froot%2Fsys%2Fclass%2Finput%2Finput6%2Fmodalias&path=%2F%2Fproc%2Fself%2Froot%2Fsys%2Fclass%2Finput%2Finput6 HTTP/1.1" 200 15529 "-" "Mozilla/5.0 AppleWebKit/537.36 (KHTML, like Gecko; compatible; ClaudeBot/1.0; [email protected])"
18.191.156.36 - - [12/May/2025:03:32:23 +0100] "GET /cargo/detail?filesrc=%2F%2Fproc%2Fself%2Fcwd%2Fwp-content%2Fthemes%2Fbusiness-lander%2Fsass%2Fnavigation%2F_pagination.scss&path=%2F%2Fproc%2Fself%2Fcwd%2Fwp-content%2Fthemes%2Fbusiness-lander%2Fsass%2Fnavigation HTTP/1.1" 200 16111 "-" "Mozilla/5.0 AppleWebKit/537.36 (KHTML, like Gecko; compatible; ClaudeBot/1.0; [email protected])"
18.191.156.36 - - [12/May/2025:03:32:23 +0100] "GET /cargo/detail?filesrc=%2F%2Fproc%2Fself%2Fcwd%2Fwp-content%2Fthemes%2Fbusiness-lander%2Fsass%2Fmodules%2F_accessibility.scss&path=%2F%2Fproc%2Fself%2Fcwd%2Fwp-content%2Fthemes%2Fbusiness-lander%2Fsass%2Fmodules HTTP/1.1" 200 15884 "-" "Mozilla/5.0 AppleWebKit/537.36 (KHTML, like Gecko; compatible; ClaudeBot/1.0; [email protected])"
18.191.156.36 - - [12/May/2025:03:32:23 +0100] "GET /feature/honten/index.html?aksi=ransom&path=%2F%2Fusr%2Flib%2Flocale%2Fen_US%40ampm HTTP/1.1" 200 17763 "-" "Mozilla/5.0 AppleWebKit/537.36 (KHTML, like Gecko; compatible; ClaudeBot/1.0; [email protected])"
18.191.156.36 - - [12/May/2025:03:32:23 +0100] "GET /man/customer_guide?aksi=buatfolder&path=%2F%2Flib%2Flocale%2Fen_US.utf8 HTTP/1.1" 200 15494 "-" "Mozilla/5.0 AppleWebKit/537.36 (KHTML, like Gecko; compatible; ClaudeBot/1.0; [email protected])"
20.171.207.190 - - [12/May/2025:03:32:23 +0100] "GET /?path=%2F%2Fproc%2Fself%2Froot%2Fsys%2Fclass%2Fata_device%2Fdev4.0%2Fsubsystem%2Fdev6.0%2Fpower HTTP/1.1" 200 28093 "-" "Mozilla/5.0 AppleWebKit/537.36 (KHTML, like Gecko; compatible; GPTBot/1.2; +https://openai.com/gptbot)"
18.191.156.36 - - [12/May/2025:03:32:24 +0100] "GET /feature/sapporo/index.html?aksi=buatfile&path=%2F%2Fusr%2Flib%2Frpm HTTP/1.1" 200 18007 "-" "Mozilla/5.0 AppleWebKit/537.36 (KHTML, like Gecko; compatible; ClaudeBot/1.0; [email protected])"
18.191.156.36 - - [12/May/2025:03:32:24 +0100] "GET /game.html?aksi=buatfolder&path=%2F%2Fusr%2Flib%2Fsysusers.d HTTP/1.1" 200 15489 "-" "Mozilla/5.0 AppleWebKit/537.36 (KHTML, like Gecko; compatible; ClaudeBot/1.0; [email protected])"
18.191.156.36 - - [12/May/2025:03:32:24 +0100] "GET /hobby.html?aksi=buatfile&path=%2F%2Fusr%2Flocal%2Fsrc HTTP/1.1" 200 15558 "-" "Mozilla/5.0 AppleWebKit/537.36 (KHTML, like Gecko; compatible; ClaudeBot/1.0; [email protected])"
18.191.156.36 - - [12/May/2025:03:32:24 +0100] "GET /feature/osu_main/index.html?aksi=buatfile&path=%2F%2Fusr%2Flib%2Fbinfmt.d HTTP/1.1" 200 16826 "-" "Mozilla/5.0 AppleWebKit/537.36 (KHTML, like Gecko; compatible; ClaudeBot/1.0; [email protected])"
18.191.156.36 - - [12/May/2025:03:32:24 +0100] "GET /feature/sapporo/index.html?aksi=ransom&path=%2F%2Fusr%2Flib%2Frpm HTTP/1.1" 200 18007 "-" "Mozilla/5.0 AppleWebKit/537.36 (KHTML, like Gecko; compatible; ClaudeBot/1.0; [email protected])"
18.191.156.36 - - [12/May/2025:03:32:24 +0100] "GET /feature/osu_main/index.html?aksi=ransom&path=%2F%2Fusr%2Flib%2Fbinfmt.d HTTP/1.1" 200 16826 "-" "Mozilla/5.0 AppleWebKit/537.36 (KHTML, like Gecko; compatible; ClaudeBot/1.0; [email protected])"
18.191.156.36 - - [12/May/2025:03:32:24 +0100] "GET /hobby.html?aksi=ransom&path=%2F%2Fusr%2Flocal%2Fsrc HTTP/1.1" 200 15558 "-" "Mozilla/5.0 AppleWebKit/537.36 (KHTML, like Gecko; compatible; ClaudeBot/1.0; [email protected])"
18.191.156.36 - - [12/May/2025:03:32:25 +0100] "GET /hobby.html?aksi=buatfolder&path=%2F%2Fusr%2Fshare%2Fglib-2.0 HTTP/1.1" 200 15491 "-" "Mozilla/5.0 AppleWebKit/537.36 (KHTML, like Gecko; compatible; ClaudeBot/1.0; [email protected])"
