20.171.207.190 - - [12/May/2025:03:20:46 +0100] "GET /?path=%2F%2Fproc%2Fself%2Froot%2Fsys%2Fclass%2Finput%2Fmouse1%2Fdevice%2Fsubsystem%2Finput6 HTTP/1.1" 200 28445 "-" "Mozilla/5.0 AppleWebKit/537.36 (KHTML, like Gecko; compatible; GPTBot/1.2; +https://openai.com/gptbot)"
66.249.69.70 - - [12/May/2025:03:20:47 +0100] "GET /?smartphones/scanners/930410131110.htm HTTP/1.1" 200 25477 "-" "Mozilla/5.0 (Linux; Android 6.0.1; Nexus 5X Build/MMB29P) AppleWebKit/537.36 (KHTML, like Gecko) Chrome/136.0.7103.59 Mobile Safari/537.36 (compatible; GoogleOther)"
20.171.207.190 - - [12/May/2025:03:20:47 +0100] "GET /?path=%2F%2Fproc%2Fself%2Froot%2Fsys%2Fclass%2Finput%2Fmouse0%2Fdevice%2Fsubsystem%2Finput1 HTTP/1.1" 200 28561 "-" "Mozilla/5.0 AppleWebKit/537.36 (KHTML, like Gecko; compatible; GPTBot/1.2; +https://openai.com/gptbot)"
20.171.207.190 - - [12/May/2025:03:20:48 +0100] "GET /?path=%2F%2Fproc%2Fself%2Froot%2Fsys%2Fclass%2Finput%2Fmouse1%2Fdevice%2Fsubsystem%2Finput0 HTTP/1.1" 200 28446 "-" "Mozilla/5.0 AppleWebKit/537.36 (KHTML, like Gecko; compatible; GPTBot/1.2; +https://openai.com/gptbot)"
66.249.69.69 - - [12/May/2025:03:20:49 +0100] "GET /travel-supplies/outdoor-shoes/8820533084563.htm HTTP/1.1" 200 26664 "-" "Mozilla/5.0 (Linux; Android 6.0.1; Nexus 5X Build/MMB29P) AppleWebKit/537.36 (KHTML, like Gecko) Chrome/136.0.7103.59 Mobile Safari/537.36 (compatible; GoogleOther)"
20.171.207.190 - - [12/May/2025:03:20:50 +0100] "GET /?path=%2F%2Fproc%2Fself%2Froot%2Fsys%2Fclass%2Finput%2Fmouse1%2Fdevice%2Fsubsystem%2Finput5 HTTP/1.1" 200 28471 "-" "Mozilla/5.0 AppleWebKit/537.36 (KHTML, like Gecko; compatible; GPTBot/1.2; +https://openai.com/gptbot)"
20.171.207.190 - - [12/May/2025:03:20:51 +0100] "GET /?path=%2F%2Fproc%2Fself%2Froot%2Fsys%2Fclass%2Finput%2Fevent3%2Fdevice%2Fsubsystem%2Fevent2 HTTP/1.1" 200 28358 "-" "Mozilla/5.0 AppleWebKit/537.36 (KHTML, like Gecko; compatible; GPTBot/1.2; +https://openai.com/gptbot)"
66.249.69.69 - - [12/May/2025:03:20:51 +0100] "GET /home-appliances/electric-heaters/9390411169330 HTTP/1.1" 200 27255 "-" "Mozilla/5.0 (Linux; Android 6.0.1; Nexus 5X Build/MMB29P) AppleWebKit/537.36 (KHTML, like Gecko) Chrome/136.0.7103.59 Mobile Safari/537.36 (compatible; GoogleOther)"
20.171.207.190 - - [12/May/2025:03:20:52 +0100] "GET /?path=%2F%2Fproc%2Fself%2Froot%2Fsys%2Fclass%2Finput%2Fevent2%2Fdevice%2Fsubsystem%2Finput1 HTTP/1.1" 200 28561 "-" "Mozilla/5.0 AppleWebKit/537.36 (KHTML, like Gecko; compatible; GPTBot/1.2; +https://openai.com/gptbot)"
20.171.207.190 - - [12/May/2025:03:20:53 +0100] "GET /?path=%2F%2Fproc%2Fself%2Froot%2Fsys%2Fclass%2Finput%2Fmouse1%2Fdevice%2Fsubsystem%2Finput4 HTTP/1.1" 200 28471 "-" "Mozilla/5.0 AppleWebKit/537.36 (KHTML, like Gecko; compatible; GPTBot/1.2; +https://openai.com/gptbot)"
66.249.69.70 - - [12/May/2025:03:20:54 +0100] "GET /?fishing/avalanche-gear/9020303584359.htm HTTP/1.1" 200 26496 "-" "Mozilla/5.0 (Linux; Android 6.0.1; Nexus 5X Build/MMB29P) AppleWebKit/537.36 (KHTML, like Gecko) Chrome/136.0.7103.59 Mobile Safari/537.36 (compatible; GoogleOther)"
20.171.207.190 - - [12/May/2025:03:20:54 +0100] "GET /?path=%2F%2Fproc%2Fself%2Froot%2Fsys%2Fclass%2Finput%2Fmouse2%2Fdevice%2Fsubsystem%2Finput0%2Fcapabilities HTTP/1.1" 200 28238 "-" "Mozilla/5.0 AppleWebKit/537.36 (KHTML, like Gecko; compatible; GPTBot/1.2; +https://openai.com/gptbot)"
20.171.207.190 - - [12/May/2025:03:20:55 +0100] "GET /?aksi=buatfile&path=%2F%2Fproc%2Fself%2Froot%2Fsys%2Fclass%2Finput%2Fmouse2%2Fdevice%2Fsubsystem%2Finput0 HTTP/1.1" 200 28446 "-" "Mozilla/5.0 AppleWebKit/537.36 (KHTML, like Gecko; compatible; GPTBot/1.2; +https://openai.com/gptbot)"
20.171.207.190 - - [12/May/2025:03:20:56 +0100] "GET /?path=%2F%2Fproc%2Fself%2Froot%2Fsys%2Fclass%2Finput%2Fevent4%2Fdevice%2Fsubsystem%2Finput5 HTTP/1.1" 200 28466 "-" "Mozilla/5.0 AppleWebKit/537.36 (KHTML, like Gecko; compatible; GPTBot/1.2; +https://openai.com/gptbot)"
66.249.69.71 - - [12/May/2025:03:20:57 +0100] "GET /?smartphones/smartphones/680011639175.htm HTTP/1.1" 200 26721 "-" "Mozilla/5.0 (Linux; Android 6.0.1; Nexus 5X Build/MMB29P) AppleWebKit/537.36 (KHTML, like Gecko) Chrome/136.0.7103.59 Mobile Safari/537.36 (compatible; GoogleOther)"
20.171.207.190 - - [12/May/2025:03:20:58 +0100] "GET /?path=%2F%2Fproc%2Fself%2Froot%2Fsys%2Fclass%2Finput%2Fevent2%2Fdevice%2Fsubsystem%2Finput0 HTTP/1.1" 200 28444 "-" "Mozilla/5.0 AppleWebKit/537.36 (KHTML, like Gecko; compatible; GPTBot/1.2; +https://openai.com/gptbot)"
20.171.207.190 - - [12/May/2025:03:20:59 +0100] "GET /?path=%2F%2Fproc%2Fself%2Froot%2Fsys%2Fclass%2Finput%2Fevent3%2Fdevice%2Fsubsystem%2Finput4 HTTP/1.1" 200 28472 "-" "Mozilla/5.0 AppleWebKit/537.36 (KHTML, like Gecko; compatible; GPTBot/1.2; +https://openai.com/gptbot)"
66.249.69.69 - - [12/May/2025:03:20:59 +0100] "GET /fashion/undergarments/9860492303227.htm HTTP/1.1" 200 26349 "-" "Mozilla/5.0 (Linux; Android 6.0.1; Nexus 5X Build/MMB29P) AppleWebKit/537.36 (KHTML, like Gecko) Chrome/136.0.7103.59 Mobile Safari/537.36 (compatible; GoogleOther)"
20.171.207.190 - - [12/May/2025:03:21:00 +0100] "GET /?path=%2F%2Fproc%2Fself%2Froot%2Fsys%2Fclass%2Finput%2Fevent1%2Fdevice%2Fsubsystem%2Finput5 HTTP/1.1" 200 28470 "-" "Mozilla/5.0 AppleWebKit/537.36 (KHTML, like Gecko; compatible; GPTBot/1.2; +https://openai.com/gptbot)"
20.171.207.190 - - [12/May/2025:03:21:01 +0100] "GET /?path=%2F%2Fproc%2Fself%2Froot%2Fsys%2Fclass%2Finput%2Fmouse1%2Fdevice%2Fsubsystem%2Finput5%2Fid HTTP/1.1" 200 28017 "-" "Mozilla/5.0 AppleWebKit/537.36 (KHTML, like Gecko; compatible; GPTBot/1.2; +https://openai.com/gptbot)"
66.249.69.71 - - [12/May/2025:03:21:02 +0100] "GET /cars/clothing/18381072589338 HTTP/1.1" 200 26182 "-" "Mozilla/5.0 (Linux; Android 6.0.1; Nexus 5X Build/MMB29P) AppleWebKit/537.36 (KHTML, like Gecko) Chrome/136.0.7103.59 Mobile Safari/537.36 (compatible; GoogleOther)"
20.171.207.190 - - [12/May/2025:03:21:02 +0100] "GET /?filesrc=%2F%2Fproc%2Fself%2Froot%2Fsys%2Fclass%2Finput%2Fmouse1%2Fdevice%2Fsubsystem%2Finput0%2Fname&path=%2F%2Fproc%2Fself%2Froot%2Fsys%2Fclass%2Finput%2Fmouse1%2Fdevice%2Fsubsystem%2Finput0 HTTP/1.1" 200 27464 "-" "Mozilla/5.0 AppleWebKit/537.36 (KHTML, like Gecko; compatible; GPTBot/1.2; +https://openai.com/gptbot)"
20.171.207.190 - - [12/May/2025:03:21:03 +0100] "GET /?aksi=buatfile&path=%2F%2Fproc%2Fself%2Froot%2Fsys%2Fclass%2Finput%2Fevent3%2Fdevice%2Fsubsystem%2Fevent2 HTTP/1.1" 200 28358 "-" "Mozilla/5.0 AppleWebKit/537.36 (KHTML, like Gecko; compatible; GPTBot/1.2; +https://openai.com/gptbot)"
66.249.69.71 - - [12/May/2025:03:21:04 +0100] "GET /?goods/toy-guns/13520132469138.htm HTTP/1.1" 200 26296 "-" "Mozilla/5.0 (Linux; Android 6.0.1; Nexus 5X Build/MMB29P) AppleWebKit/537.36 (KHTML, like Gecko) Chrome/136.0.7103.59 Mobile Safari/537.36 (compatible; GoogleOther)"
20.171.207.190 - - [12/May/2025:03:21:05 +0100] "GET /?aksi=buatfile&path=%2F%2Fproc%2Fself%2Froot%2Fsys%2Fclass%2Finput%2Fevent2%2Fdevice%2Fsubsystem%2Finput1 HTTP/1.1" 200 28561 "-" "Mozilla/5.0 AppleWebKit/537.36 (KHTML, like Gecko; compatible; GPTBot/1.2; +https://openai.com/gptbot)"
20.171.207.190 - - [12/May/2025:03:21:06 +0100] "GET /?aksi=buatfile&path=%2F%2Fproc%2Fself%2Froot%2Fsys%2Fclass%2Finput%2Fmouse2%2Fdevice%2Fsubsystem%2Finput0%2Fcapabilities HTTP/1.1" 200 28238 "-" "Mozilla/5.0 AppleWebKit/537.36 (KHTML, like Gecko; compatible; GPTBot/1.2; +https://openai.com/gptbot)"
20.171.207.190 - - [12/May/2025:03:21:07 +0100] "GET /?aksi=buatfolder&path=%2F%2Fproc%2Fself%2Froot%2Fsys%2Fclass%2Finput%2Fmouse2%2Fdevice%2Fsubsystem%2Finput0%2Fcapabilities HTTP/1.1" 200 27543 "-" "Mozilla/5.0 AppleWebKit/537.36 (KHTML, like Gecko; compatible; GPTBot/1.2; +https://openai.com/gptbot)"
66.249.69.70 - - [12/May/2025:03:21:07 +0100] "GET /musical-instruments/prints/18730014023079.htm HTTP/1.1" 200 26187 "-" "Mozilla/5.0 (Linux; Android 6.0.1; Nexus 5X Build/MMB29P) AppleWebKit/537.36 (KHTML, like Gecko) Chrome/136.0.7103.59 Mobile Safari/537.36 (compatible; GoogleOther)"
18.188.71.235 - - [12/May/2025:03:21:07 +0100] "GET /cargo/detail?filesrc=%2F%2Fsys%2Fdev%2Fchar%2F13%3A63%2Fsubsystem%2Fmouse1%2Fsubsystem%2Finput6%2Fsubsystem%2Finput4%2Fname&path=%2F%2Fsys%2Fdev%2Fchar%2F13%3A63%2Fsubsystem%2Fmouse1%2Fsubsystem%2Finput6%2Fsubsystem%2Finput4 HTTP/1.1" 200 15566 "-" "Mozilla/5.0 AppleWebKit/537.36 (KHTML, like Gecko; compatible; ClaudeBot/1.0; [email protected])"
18.188.71.235 - - [12/May/2025:03:21:08 +0100] "GET /pcmypage?aksi=buatfolder&path=%2F%2Fsys%2Fclass%2Finput%2Finput3%2Fevent3%2Fsubsystem%2Fmouse2%2Fsubsystem%2Finput1%2Fsubsystem%2Fmouse0%2Fdevice%2Fmouse0 HTTP/1.1" 200 15621 "-" "Mozilla/5.0 AppleWebKit/537.36 (KHTML, like Gecko; compatible; ClaudeBot/1.0; [email protected])"
20.171.207.190 - - [12/May/2025:03:21:09 +0100] "GET /?aksi=ransom&path=%2F%2Fproc%2Fself%2Froot%2Fsys%2Fclass%2Finput%2Fmouse2%2Fdevice%2Fsubsystem%2Finput0%2Fcapabilities HTTP/1.1" 200 28238 "-" "Mozilla/5.0 AppleWebKit/537.36 (KHTML, like Gecko; compatible; GPTBot/1.2; +https://openai.com/gptbot)"
18.188.71.235 - - [12/May/2025:03:21:09 +0100] "GET /feature/akihabara_main/index.html?filesrc=%2F%2Flib%2F.build-id%2Fd3%2Ffcaab83cc1bb1014f4810cc355e2e06125b6dd&path=%2F%2Flib%2F.build-id%2Fd3 HTTP/1.1" 200 10032058 "-" "Mozilla/5.0 AppleWebKit/537.36 (KHTML, like Gecko; compatible; ClaudeBot/1.0; [email protected])"
18.188.71.235 - - [12/May/2025:03:21:09 +0100] "GET /cargo/detail?filesrc=%2F%2Fsys%2Fdev%2Fchar%2F13%3A63%2Fsubsystem%2Finput4%2Fsubsystem%2Fevent2%2Fsubsystem%2Finput3%2Fuevent&path=%2F%2Fsys%2Fdev%2Fchar%2F13%3A63%2Fsubsystem%2Finput4%2Fsubsystem%2Fevent2%2Fsubsystem%2Finput3 HTTP/1.1" 200 15698 "-" "Mozilla/5.0 AppleWebKit/537.36 (KHTML, like Gecko; compatible; ClaudeBot/1.0; [email protected])"
18.188.71.235 - - [12/May/2025:03:21:09 +0100] "GET /pcmypage?aksi=buatfolder&path=%2F%2Fsys%2Fclass%2Finput%2Finput4%2Fsubsystem%2Finput4%2Fevent2%2Fdevice%2Fmouse0%2Fsubsystem%2Fevent0%2Fsubsystem%2Fevent2 HTTP/1.1" 200 15621 "-" "Mozilla/5.0 AppleWebKit/537.36 (KHTML, like Gecko; compatible; ClaudeBot/1.0; [email protected])"
18.188.71.235 - - [12/May/2025:03:21:09 +0100] "GET /pcmypage?filesrc=%2F%2Fsys%2Fclass%2Finput%2Finput5%2Fsubsystem%2Fmice%2Fsubsystem%2Fmouse0%2Fsubsystem%2Finput5%2Funiq&path=%2F%2Fsys%2Fclass%2Finput%2Finput5%2Fsubsystem%2Fmice%2Fsubsystem%2Fmouse0%2Fsubsystem%2Finput5 HTTP/1.1" 200 15550 "-" "Mozilla/5.0 AppleWebKit/537.36 (KHTML, like Gecko; compatible; ClaudeBot/1.0; [email protected])"
18.188.71.235 - - [12/May/2025:03:21:09 +0100] "GET /dozin.html?path=%2F%2Fsys%2Fblock%2Fsda%2Fsubsystem%2Fsr0%2Fmq%2F0%2Fcpu117 HTTP/1.1" 200 15630 "-" "Mozilla/5.0 AppleWebKit/537.36 (KHTML, like Gecko; compatible; ClaudeBot/1.0; [email protected])"
18.188.71.235 - - [12/May/2025:03:21:10 +0100] "GET /cargo/detail?aksi=ransom&path=%2F%2Fsys%2Fdev%2Fchar%2F13%3A63%2Fsubsystem%2Fmouse1%2Fsubsystem%2Finput1%2Fevent1%2Fdevice%2Finput1%3A%3Anumlock HTTP/1.1" 200 16378 "-" "Mozilla/5.0 AppleWebKit/537.36 (KHTML, like Gecko; compatible; ClaudeBot/1.0; [email protected])"
66.249.69.69 - - [12/May/2025:03:21:10 +0100] "GET /?diet/noni-juice/10540293607125.htm HTTP/1.1" 200 25532 "-" "Mozilla/5.0 (Linux; Android 6.0.1; Nexus 5X Build/MMB29P) AppleWebKit/537.36 (KHTML, like Gecko) Chrome/136.0.7103.59 Mobile Safari/537.36 (compatible; GoogleOther)"
18.188.71.235 - - [12/May/2025:03:21:10 +0100] "GET /cargo/detail?path=%2F%2Fsys%2Fclass%2Finput%2Fevent0%2Fsubsystem%2Fmice%2Fsubsystem%2Fmouse0%2Fsubsystem%2Finput4%2Fid HTTP/1.1" 200 16134 "-" "Mozilla/5.0 AppleWebKit/537.36 (KHTML, like Gecko; compatible; ClaudeBot/1.0; [email protected])"
18.188.71.235 - - [12/May/2025:03:21:10 +0100] "GET /%22,t+=%22%3C%22+e.getAttribute(%22src%22?filesrc=%2F%2Fproc%2F3730333%2Ftask%2F3730343%2Fattr%2Ffscreate&path=%2F%2Fproc%2F3730333%2Ftask%2F3730343%2Fattr HTTP/1.1" 200 2264 "-" "Mozilla/5.0 AppleWebKit/537.36 (KHTML, like Gecko; compatible; ClaudeBot/1.0; [email protected])"
20.171.207.190 - - [12/May/2025:03:21:10 +0100] "GET /?aksi=buatfile&path=%2F%2Fproc%2Fself%2Froot%2Fsys%2Fclass%2Finput%2Fevent2%2Fdevice%2Fsubsystem%2Finput0 HTTP/1.1" 200 28444 "-" "Mozilla/5.0 AppleWebKit/537.36 (KHTML, like Gecko; compatible; GPTBot/1.2; +https://openai.com/gptbot)"
18.188.71.235 - - [12/May/2025:03:21:10 +0100] "GET /cargo/detail?path=%2F%2Fsys%2Fdev%2Fchar%2F4%3A30%2Fsubsystem%2Fconsole%2Fsubsystem%2Ftty3%2Fsubsystem%2Ftty28%2Fsubsystem HTTP/1.1" 200 17831 "-" "Mozilla/5.0 AppleWebKit/537.36 (KHTML, like Gecko; compatible; ClaudeBot/1.0; [email protected])"
18.188.71.235 - - [12/May/2025:03:21:11 +0100] "GET /cargo/detail?path=%2F%2Fsys%2Fdev%2Fchar%2F4%3A30%2Fsubsystem%2Ftty3%2Fsubsystem%2Fconsole%2Fsubsystem%2Ftty28%2Fsubsystem HTTP/1.1" 200 17831 "-" "Mozilla/5.0 AppleWebKit/537.36 (KHTML, like Gecko; compatible; ClaudeBot/1.0; [email protected])"
18.188.71.235 - - [12/May/2025:03:21:11 +0100] "GET /dozin.html?path=%2F%2Fsys%2Fblock%2Fsda%2Fsubsystem%2Fsr0%2Fmq%2F0%2Fcpu106 HTTP/1.1" 200 15625 "-" "Mozilla/5.0 AppleWebKit/537.36 (KHTML, like Gecko; compatible; ClaudeBot/1.0; [email protected])"
18.188.71.235 - - [12/May/2025:03:21:11 +0100] "GET /pcmypage?aksi=ransom&path=%2F%2Fsys%2Fclass%2Finput%2Fevent5%2Fsubsystem%2Fevent3%2Fdevice%2Fdevice%2Finput%2Finput3%2Fpower HTTP/1.1" 200 16201 "-" "Mozilla/5.0 AppleWebKit/537.36 (KHTML, like Gecko; compatible; ClaudeBot/1.0; [email protected])"
18.188.71.235 - - [12/May/2025:03:21:11 +0100] "GET /cargo/detail?aksi=buatfolder&path=%2F%2Fsys%2Fclass%2Finput%2Finput3%2Fmouse1%2Fsubsystem%2Finput1%2Fsubsystem%2Fevent0%2Fsubsystem%2Fevent2%2Fsubsystem%2Fevent1 HTTP/1.1" 200 15618 "-" "Mozilla/5.0 AppleWebKit/537.36 (KHTML, like Gecko; compatible; ClaudeBot/1.0; [email protected])"
66.249.69.69 - - [12/May/2025:03:21:11 +0100] "GET /?goods/toy-guns/13520592421438.htm HTTP/1.1" 200 27065 "-" "Mozilla/5.0 (Linux; Android 6.0.1; Nexus 5X Build/MMB29P) AppleWebKit/537.36 (KHTML, like Gecko) Chrome/136.0.7103.59 Mobile Safari/537.36 (compatible; GoogleOther)"
18.188.71.235 - - [12/May/2025:03:21:12 +0100] "GET /hobby.html?filesrc=%2F%2Fsys%2Fbus%2Fcontainer%2Fdevices%2FPNP0A06%3A00%2Fsubsystem%2Fdevices%2FPNP0A06%3A00%2Ffirmware_node%2Fuevent&path=%2F%2Fsys%2Fbus%2Fcontainer%2Fdevices%2FPNP0A06%3A00%2Fsubsystem%2Fdevices%2FPNP0A06%3A00%2Ffirmware_node HTTP/1.1" 200 15551 "-" "Mozilla/5.0 AppleWebKit/537.36 (KHTML, like Gecko; compatible; ClaudeBot/1.0; [email protected])"
18.188.71.235 - - [12/May/2025:03:21:12 +0100] "GET /product/edit/32903809?path=%2F%2Fsys%2Fdev%2Fchar%2F247%3A0%2Fdevice%2Fdriver%2F3%3A0%3A0%3A2%2Fdriver%2F3%3A0%3A0%3A2 HTTP/1.1" 200 18978 "-" "Mozilla/5.0 AppleWebKit/537.36 (KHTML, like Gecko; compatible; ClaudeBot/1.0; [email protected])"
18.188.71.235 - - [12/May/2025:03:21:12 +0100] "GET /hobby.html?aksi=buatfolder&path=%2F%2Fsys%2Fdevices%2Fpci0000%3A00%2Ffirmware_node%2Fdevice%3A07%2Fwakeup%2Fwakeup7%2Fdevice%2Fsubsystem%2Fdevices%2FLNXCPU%3A5f HTTP/1.1" 200 15617 "-" "Mozilla/5.0 AppleWebKit/537.36 (KHTML, like Gecko; compatible; ClaudeBot/1.0; [email protected])"
18.188.71.235 - - [12/May/2025:03:21:12 +0100] "GET /cargo/detail?filesrc=%2F%2Fsys%2Fdev%2Fchar%2F13%3A63%2Fsubsystem%2Fmouse2%2Fsubsystem%2Finput3%2Fsubsystem%2Finput3%2Fname&path=%2F%2Fsys%2Fdev%2Fchar%2F13%3A63%2Fsubsystem%2Fmouse2%2Fsubsystem%2Finput3%2Fsubsystem%2Finput3 HTTP/1.1" 200 15555 "-" "Mozilla/5.0 AppleWebKit/537.36 (KHTML, like Gecko; compatible; ClaudeBot/1.0; [email protected])"
20.171.207.190 - - [12/May/2025:03:21:12 +0100] "GET /?path=%2F%2Fproc%2Fself%2Froot%2Fsys%2Fclass%2Finput%2Fevent2%2Fdevice%2Fsubsystem%2Fevent1 HTTP/1.1" 200 28358 "-" "Mozilla/5.0 AppleWebKit/537.36 (KHTML, like Gecko; compatible; GPTBot/1.2; +https://openai.com/gptbot)"
18.188.71.235 - - [12/May/2025:03:21:13 +0100] "GET /cargo/detail?filesrc=%2F%2Fsys%2Fdev%2Fchar%2F10%3A236%2Fsubsystem%2Fnvram%2Fsubsystem%2Fdevice-mapper%2Fsubsystem%2Fnvram%2Fdev&path=%2F%2Fsys%2Fdev%2Fchar%2F10%3A236%2Fsubsystem%2Fnvram%2Fsubsystem%2Fdevice-mapper%2Fsubsystem%2Fnvram HTTP/1.1" 200 15547 "-" "Mozilla/5.0 AppleWebKit/537.36 (KHTML, like Gecko; compatible; ClaudeBot/1.0; [email protected])"
18.188.71.235 - - [12/May/2025:03:21:13 +0100] "GET /cargo/detail?path=%2F%2Fsys%2Fclass%2Finput%2Fevent0%2Fsubsystem%2Fmice%2Fsubsystem%2Fmouse2%2Fsubsystem%2Finput6%2Fsubsystem HTTP/1.1" 200 16530 "-" "Mozilla/5.0 AppleWebKit/537.36 (KHTML, like Gecko; compatible; ClaudeBot/1.0; [email protected])"
18.188.71.235 - - [12/May/2025:03:21:13 +0100] "GET /feature/osu_main/index.html?filesrc=%2F%2Fsys%2Fdevices%2Fpci0000%3A00%2F0000%3A00%3A06.0%2Fsubsystem%2Fdrivers%2Fbochs-drm%2Fuevent&path=%2F%2Fsys%2Fdevices%2Fpci0000%3A00%2F0000%3A00%3A06.0%2Fsubsystem%2Fdrivers%2Fbochs-drm HTTP/1.1" 200 16780 "-" "Mozilla/5.0 AppleWebKit/537.36 (KHTML, like Gecko; compatible; ClaudeBot/1.0; [email protected])"
18.188.71.235 - - [12/May/2025:03:21:13 +0100] "GET /product/edit/32903809?filesrc=%2F%2Fsys%2Fdevices%2Fpci0000%3A00%2Fpci_bus%2F0000%3A00%2Fdevice%2F0000%3A00%3A05.0%2Fata5%2Fuevent&path=%2F%2Fsys%2Fdevices%2Fpci0000%3A00%2Fpci_bus%2F0000%3A00%2Fdevice%2F0000%3A00%3A05.0%2Fata5 HTTP/1.1" 200 16785 "-" "Mozilla/5.0 AppleWebKit/537.36 (KHTML, like Gecko; compatible; ClaudeBot/1.0; [email protected])"
18.188.71.235 - - [12/May/2025:03:21:13 +0100] "GET /cargo/detail?filesrc=%2F%2Fsys%2Fdev%2Fchar%2F13%3A63%2Fsubsystem%2Fevent3%2Fsubsystem%2Fevent1%2Fsubsystem%2Fevent3%2Fuevent&path=%2F%2Fsys%2Fdev%2Fchar%2F13%3A63%2Fsubsystem%2Fevent3%2Fsubsystem%2Fevent1%2Fsubsystem%2Fevent3 HTTP/1.1" 200 15558 "-" "Mozilla/5.0 AppleWebKit/537.36 (KHTML, like Gecko; compatible; ClaudeBot/1.0; [email protected])"
18.188.71.235 - - [12/May/2025:03:21:14 +0100] "GET /cargo/detail?aksi=buatfolder&path=%2F%2Fsys%2Fclass%2Finput%2Fevent0%2Fsubsystem%2Finput5%2Fsubsystem%2Fevent1%2Fsubsystem%2Fevent1%2Fsubsystem%2Finput3 HTTP/1.1" 200 15597 "-" "Mozilla/5.0 AppleWebKit/537.36 (KHTML, like Gecko; compatible; ClaudeBot/1.0; [email protected])"
66.249.69.69 - - [12/May/2025:03:21:14 +0100] "GET /?fishing/outdoor-bedding/8900414030284.htm HTTP/1.1" 200 27281 "-" "Mozilla/5.0 (Linux; Android 6.0.1; Nexus 5X Build/MMB29P) AppleWebKit/537.36 (KHTML, like Gecko) Chrome/136.0.7103.59 Mobile Safari/537.36 (compatible; GoogleOther)"
18.188.71.235 - - [12/May/2025:03:21:14 +0100] "GET /cargo/detail?aksi=buatfolder&path=%2F%2Fsys%2Fclass%2Finput%2Finput3%2Fsubsystem%2Fevent4%2Fsubsystem%2Fmouse0%2Fsubsystem%2Finput3%2Fevent3%2Fdevice HTTP/1.1" 200 15617 "-" "Mozilla/5.0 AppleWebKit/537.36 (KHTML, like Gecko; compatible; ClaudeBot/1.0; [email protected])"
18.188.71.235 - - [12/May/2025:03:21:14 +0100] "GET /cargo/detail?aksi=buatfolder&path=%2F%2Fsys%2Fclass%2Finput%2Fevent4%2Fsubsystem%2Finput3%2Fsubsystem%2Fmouse0%2Fsubsystem%2Finput3%2Fevent3%2Fdevice HTTP/1.1" 200 15614 "-" "Mozilla/5.0 AppleWebKit/537.36 (KHTML, like Gecko; compatible; ClaudeBot/1.0; [email protected])"
18.188.71.235 - - [12/May/2025:03:21:15 +0100] "GET /pcmypage?filesrc=%2F%2Fsys%2Fclass%2Finput%2Finput5%2Fmouse2%2Fdevice%2Fsubsystem%2Fevent0%2Fsubsystem%2Fmice%2Fsubsystem%2Fmouse2%2Fuevent&path=%2F%2Fsys%2Fclass%2Finput%2Finput5%2Fmouse2%2Fdevice%2Fsubsystem%2Fevent0%2Fsubsystem%2Fmice%2Fsubsystem%2Fmouse2 HTTP/1.1" 200 15595 "-" "Mozilla/5.0 AppleWebKit/537.36 (KHTML, like Gecko; compatible; ClaudeBot/1.0; [email protected])"
20.171.207.190 - - [12/May/2025:03:21:15 +0100] "GET /?path=%2F%2Fproc%2Fself%2Froot%2Fsys%2Fclass%2Finput%2Fmouse0%2Fdevice%2Fsubsystem%2Finput5 HTTP/1.1" 200 28470 "-" "Mozilla/5.0 AppleWebKit/537.36 (KHTML, like Gecko; compatible; GPTBot/1.2; +https://openai.com/gptbot)"
18.188.71.235 - - [12/May/2025:03:21:15 +0100] "GET /%22,t+=%22%3C%22+e.getAttribute(%22src%22?filesrc=%2F%2Fproc%2F919%2Ftask%2F3413787%2Fattr%2Fkeycreate&path=%2F%2Fproc%2F919%2Ftask%2F3413787%2Fattr HTTP/1.1" 200 2264 "-" "Mozilla/5.0 AppleWebKit/537.36 (KHTML, like Gecko; compatible; ClaudeBot/1.0; [email protected])"
18.188.71.235 - - [12/May/2025:03:21:15 +0100] "GET /feature/yokohama_maruicity/index.html?path=%2F%2Fsys%2Fblock%2Fsr0%2Fdevice%2Fdriver%2F6%3A0%3A0%3A0%2Fsubsystem%2Fdevices%2Fhost3%2Fsubsystem%2Fdevices%2Fhost5 HTTP/1.1" 200 17518 "-" "Mozilla/5.0 AppleWebKit/537.36 (KHTML, like Gecko; compatible; ClaudeBot/1.0; [email protected])"
18.188.71.235 - - [12/May/2025:03:21:15 +0100] "GET /cargo/detail?aksi=buatfolder&path=%2F%2Fsys%2Fclass%2Finput%2Finput3%2Fmouse1%2Fsubsystem%2Finput6%2Fevent5%2Fsubsystem%2Finput1%2Fsubsystem%2Fevent0%2Fpower HTTP/1.1" 200 15624 "-" "Mozilla/5.0 AppleWebKit/537.36 (KHTML, like Gecko; compatible; ClaudeBot/1.0; [email protected])"
18.188.71.235 - - [12/May/2025:03:21:15 +0100] "GET /cargo/detail?aksi=buatfolder&path=%2F%2Fsys%2Fclass%2Finput%2Finput3%2Fmouse1%2Fsubsystem%2Finput1%2Fsubsystem%2Finput6%2Fevent5%2Fsubsystem%2Fevent0%2Fpower HTTP/1.1" 200 15629 "-" "Mozilla/5.0 AppleWebKit/537.36 (KHTML, like Gecko; compatible; ClaudeBot/1.0; [email protected])"
18.188.71.235 - - [12/May/2025:03:21:15 +0100] "GET /cargo/detail?path=%2F%2Fsys%2Fdev%2Fchar%2F13%3A63%2Fsubsystem%2Fmouse2%2Fdevice%2Fmouse2%2Fsubsystem%2Fevent5%2Fdevice HTTP/1.1" 200 16554 "-" "Mozilla/5.0 AppleWebKit/537.36 (KHTML, like Gecko; compatible; ClaudeBot/1.0; [email protected])"
18.188.71.235 - - [12/May/2025:03:21:16 +0100] "GET /cargo/detail?aksi=buatfolder&path=%2F%2Fsys%2Fclass%2Finput%2Finput3%2Fmouse1%2Fsubsystem%2Finput1%2Fsubsystem%2Fevent0%2Fsubsystem%2Finput6%2Fevent5%2Fpower HTTP/1.1" 200 15627 "-" "Mozilla/5.0 AppleWebKit/537.36 (KHTML, like Gecko; compatible; ClaudeBot/1.0; [email protected])"
18.188.71.235 - - [12/May/2025:03:21:16 +0100] "GET /feature/osu_main/index.html?aksi=ransom&path=%2F%2Fsys%2Fdevices%2Fpci0000%3A00%2F0000%3A00%3A07.0%2Fsubsystem%2Fdevices%2F0000%3A00%3A09.0%2Fdriver%2F0000%3A00%3A0b.0%2Fmsi_irqs HTTP/1.1" 200 17384 "-" "Mozilla/5.0 AppleWebKit/537.36 (KHTML, like Gecko; compatible; ClaudeBot/1.0; [email protected])"
18.188.71.235 - - [12/May/2025:03:21:16 +0100] "GET /cargo/detail?filesrc=%2F%2Fsys%2Fdev%2Fchar%2F13%3A63%2Fsubsystem%2Finput4%2Fsubsystem%2Fevent2%2Fsubsystem%2Fevent1%2Fuevent&path=%2F%2Fsys%2Fdev%2Fchar%2F13%3A63%2Fsubsystem%2Finput4%2Fsubsystem%2Fevent2%2Fsubsystem%2Fevent1 HTTP/1.1" 200 15575 "-" "Mozilla/5.0 AppleWebKit/537.36 (KHTML, like Gecko; compatible; ClaudeBot/1.0; [email protected])"
66.249.69.69 - - [12/May/2025:03:21:16 +0100] "GET /?sports/kendo/2100063076857.htm HTTP/1.1" 200 25569 "-" "Mozilla/5.0 (Linux; Android 6.0.1; Nexus 5X Build/MMB29P) AppleWebKit/537.36 (KHTML, like Gecko) Chrome/136.0.7103.59 Mobile Safari/537.36 (compatible; GoogleOther)"
18.188.71.235 - - [12/May/2025:03:21:16 +0100] "GET /cargo/detail?filesrc=%2F%2Fsys%2Fdev%2Fchar%2F13%3A63%2Fsubsystem%2Fevent2%2Fsubsystem%2Finput4%2Fsubsystem%2Fevent1%2Fuevent&path=%2F%2Fsys%2Fdev%2Fchar%2F13%3A63%2Fsubsystem%2Fevent2%2Fsubsystem%2Finput4%2Fsubsystem%2Fevent1 HTTP/1.1" 200 15577 "-" "Mozilla/5.0 AppleWebKit/537.36 (KHTML, like Gecko; compatible; ClaudeBot/1.0; [email protected])"
20.171.207.190 - - [12/May/2025:03:21:17 +0100] "GET /?aksi=buatfolder&path=%2F%2Fproc%2Fself%2Froot%2Fsys%2Fclass%2Finput%2Fmouse1%2Fdevice%2Fsubsystem%2Finput5%2Fid HTTP/1.1" 200 27528 "-" "Mozilla/5.0 AppleWebKit/537.36 (KHTML, like Gecko; compatible; GPTBot/1.2; +https://openai.com/gptbot)"
18.188.71.235 - - [12/May/2025:03:21:17 +0100] "GET /recruit?path=%2F%2Flib%2F.build-id%2F24 HTTP/1.1" 200 16721 "-" "Mozilla/5.0 AppleWebKit/537.36 (KHTML, like Gecko; compatible; ClaudeBot/1.0; [email protected])"
18.188.71.235 - - [12/May/2025:03:21:17 +0100] "GET /feature/yokohama_maruicity/index.html?path=%2F%2Fsys%2Fblock%2Fsda%2Fsubsystem%2Fsr0%2Fsubsystem%2Fvda%2Fvda1%2Fsubsystem%2Fsr0 HTTP/1.1" 200 18348 "-" "Mozilla/5.0 AppleWebKit/537.36 (KHTML, like Gecko; compatible; ClaudeBot/1.0; [email protected])"
18.188.71.235 - - [12/May/2025:03:21:17 +0100] "GET /cargo/detail?path=%2F%2Fsys%2Fdev%2Fchar%2F13%3A63%2Fsubsystem%2Fmice%2Fsubsystem%2Fevent2%2Fdevice%2Fmouse0 HTTP/1.1" 200 16247 "-" "Mozilla/5.0 AppleWebKit/537.36 (KHTML, like Gecko; compatible; ClaudeBot/1.0; [email protected])"
18.188.71.235 - - [12/May/2025:03:21:17 +0100] "GET /cargo/detail?aksi=ransom&path=%2F%2Fsys%2Fclass%2Finput%2Finput3%2Fsubsystem%2Fevent1%2Fdevice%2Fsubsystem%2Finput6%2Fsubsystem%2Fevent3%2Fsubsystem%2Finput0 HTTP/1.1" 200 16625 "-" "Mozilla/5.0 AppleWebKit/537.36 (KHTML, like Gecko; compatible; ClaudeBot/1.0; [email protected])"
18.188.71.235 - - [12/May/2025:03:21:17 +0100] "GET /cargo/detail?aksi=buatfolder&path=%2F%2Fsys%2Fclass%2Finput%2Finput3%2Fmouse1%2Fsubsystem%2Finput3%2Fsubsystem%2Fevent0%2Fsubsystem%2Fevent4%2Fsubsystem%2Fevent4 HTTP/1.1" 200 15616 "-" "Mozilla/5.0 AppleWebKit/537.36 (KHTML, like Gecko; compatible; ClaudeBot/1.0; [email protected])"
18.188.71.235 - - [12/May/2025:03:21:18 +0100] "GET /dozin.html?filesrc=%2F%2Fsys%2Fclass%2Fmisc%2Fhpet%2Fsubsystem%2Fhw_random%2Fsubsystem%2Fdevice-mapper%2Fsubsystem%2Fhw_random%2Frng_selected&path=%2F%2Fsys%2Fclass%2Fmisc%2Fhpet%2Fsubsystem%2Fhw_random%2Fsubsystem%2Fdevice-mapper%2Fsubsystem%2Fhw_random HTTP/1.1" 200 15550 "-" "Mozilla/5.0 AppleWebKit/537.36 (KHTML, like Gecko; compatible; ClaudeBot/1.0; [email protected])"
18.188.71.235 - - [12/May/2025:03:21:18 +0100] "GET /pcmypage?aksi=buatfolder&path=%2F%2Fsys%2Fclass%2Finput%2Finput5%2Fmouse2%2Fdevice%2Fsubsystem%2Fevent0%2Fsubsystem%2Fevent4%2Fdevice%2Fevent4%2Fdevice HTTP/1.1" 200 15609 "-" "Mozilla/5.0 AppleWebKit/537.36 (KHTML, like Gecko; compatible; ClaudeBot/1.0; [email protected])"
18.188.71.235 - - [12/May/2025:03:21:18 +0100] "GET /%22,t+=%22%3C%22+e.getAttribute(%22src%22?filesrc=%2F%2Fproc%2F919%2Ftask%2F1498%2Fattr%2Fexec&path=%2F%2Fproc%2F919%2Ftask%2F1498%2Fattr HTTP/1.1" 200 2255 "-" "Mozilla/5.0 AppleWebKit/537.36 (KHTML, like Gecko; compatible; ClaudeBot/1.0; [email protected])"
18.188.71.235 - - [12/May/2025:03:21:18 +0100] "GET /cargo/detail?filesrc=%2F%2Fsys%2Fdev%2Fchar%2F13%3A63%2Fsubsystem%2Fevent3%2Fsubsystem%2Fevent1%2Fsubsystem%2Fevent0%2Fuevent&path=%2F%2Fsys%2Fdev%2Fchar%2F13%3A63%2Fsubsystem%2Fevent3%2Fsubsystem%2Fevent1%2Fsubsystem%2Fevent0 HTTP/1.1" 200 15565 "-" "Mozilla/5.0 AppleWebKit/537.36 (KHTML, like Gecko; compatible; ClaudeBot/1.0; [email protected])"
18.188.71.235 - - [12/May/2025:03:21:18 +0100] "GET /cargo/detail?filesrc=%2F%2Fsys%2Fdev%2Fchar%2F13%3A63%2Fsubsystem%2Finput5%2Fsubsystem%2Finput5%2Fdevice%2Fpower%2Fcontrol&path=%2F%2Fsys%2Fdev%2Fchar%2F13%3A63%2Fsubsystem%2Finput5%2Fsubsystem%2Finput5%2Fdevice%2Fpower HTTP/1.1" 200 15535 "-" "Mozilla/5.0 AppleWebKit/537.36 (KHTML, like Gecko; compatible; ClaudeBot/1.0; [email protected])"
18.188.71.235 - - [12/May/2025:03:21:18 +0100] "GET /pcmypage?filesrc=%2F%2Fsys%2Fclass%2Fblock%2Fsr0%2Fsubsystem%2Fsr0%2Fdevice%2Finquiry&path=%2F%2Fsys%2Fclass%2Fblock%2Fsr0%2Fsubsystem%2Fsr0%2Fdevice HTTP/1.1" 200 15544 "-" "Mozilla/5.0 AppleWebKit/537.36 (KHTML, like Gecko; compatible; ClaudeBot/1.0; [email protected])"
18.188.71.235 - - [12/May/2025:03:21:18 +0100] "GET /pcmypage?aksi=buatfolder&path=%2F%2Fsys%2Fclass%2Finput%2Finput4%2Fsubsystem%2Finput4%2Fevent2%2Fdevice%2Fevent2%2Fsubsystem%2Fevent0%2Fsubsystem%2Fevent2 HTTP/1.1" 200 15618 "-" "Mozilla/5.0 AppleWebKit/537.36 (KHTML, like Gecko; compatible; ClaudeBot/1.0; [email protected])"
66.249.69.69 - - [12/May/2025:03:21:18 +0100] "GET /safe_search/config?return_url=%2Fproduct%2Fdetail%2F50943487 HTTP/1.1" 200 25730 "-" "Mozilla/5.0 (Linux; Android 6.0.1; Nexus 5X Build/MMB29P) AppleWebKit/537.36 (KHTML, like Gecko) Chrome/136.0.7103.59 Mobile Safari/537.36 (compatible; GoogleOther)"
18.188.71.235 - - [12/May/2025:03:21:19 +0100] "GET /pcsp.html?path=%2F%2Fsys%2Fbus%2Fvirtio%2Fdevices%2Fvirtio1%2Fhost0%2Fsubsystem%2Fdevices%2Ftarget6%3A0%3A0%2Fsubsystem%2Fdevices%2Fhost5 HTTP/1.1" 200 16260 "-" "Mozilla/5.0 AppleWebKit/537.36 (KHTML, like Gecko; compatible; ClaudeBot/1.0; [email protected])"
18.188.71.235 - - [12/May/2025:03:21:19 +0100] "GET /pcmypage?path=%2F%2Fsys%2Fclass%2Finput%2Fevent4%2Fsubsystem%2Fmice%2Fsubsystem%2Fevent5%2Fsubsystem%2Finput1%2Fid HTTP/1.1" 200 16135 "-" "Mozilla/5.0 AppleWebKit/537.36 (KHTML, like Gecko; compatible; ClaudeBot/1.0; [email protected])"
20.171.207.190 - - [12/May/2025:03:21:19 +0100] "GET /?aksi=ransom&path=%2F%2Fproc%2Fself%2Froot%2Fsys%2Fclass%2Finput%2Fmouse1%2Fdevice%2Fsubsystem%2Finput5%2Fid HTTP/1.1" 200 28017 "-" "Mozilla/5.0 AppleWebKit/537.36 (KHTML, like Gecko; compatible; GPTBot/1.2; +https://openai.com/gptbot)"
18.188.71.235 - - [12/May/2025:03:21:19 +0100] "GET /cargo/detail?filesrc=%2F%2Fsys%2Fclass%2Fscsi_host%2Fhost2%2Fsubsystem%2Fhost4%2Fsubsystem%2Fhost9%2Fcan_queue&path=%2F%2Fsys%2Fclass%2Fscsi_host%2Fhost2%2Fsubsystem%2Fhost4%2Fsubsystem%2Fhost9 HTTP/1.1" 200 15519 "-" "Mozilla/5.0 AppleWebKit/537.36 (KHTML, like Gecko; compatible; ClaudeBot/1.0; [email protected])"
18.188.71.235 - - [12/May/2025:03:21:19 +0100] "GET /%22,t+=%22%3C%22+e.getAttribute(%22src%22?filesrc=%2F%2Fproc%2F3730333%2Ftask%2F3732221%2Fattr%2Fcurrent&path=%2F%2Fproc%2F3730333%2Ftask%2F3732221%2Fattr HTTP/1.1" 200 2263 "-" "Mozilla/5.0 AppleWebKit/537.36 (KHTML, like Gecko; compatible; ClaudeBot/1.0; [email protected])"
18.188.71.235 - - [12/May/2025:03:21:19 +0100] "GET /cargo/detail?filesrc=%2F%2Fsys%2Fclass%2Finput%2Fevent0%2Fsubsystem%2Fmice%2Fsubsystem%2Fmouse2%2Fsubsystem%2Fevent3%2Fdev&path=%2F%2Fsys%2Fclass%2Finput%2Fevent0%2Fsubsystem%2Fmice%2Fsubsystem%2Fmouse2%2Fsubsystem%2Fevent3 HTTP/1.1" 200 15546 "-" "Mozilla/5.0 AppleWebKit/537.36 (KHTML, like Gecko; compatible; ClaudeBot/1.0; [email protected])"
18.188.71.235 - - [12/May/2025:03:21:20 +0100] "GET /cargo/detail?filesrc=%2F%2Fsys%2Fdev%2Fchar%2F4%3A30%2Fsubsystem%2Ftty%2Fsubsystem%2Ftty28%2Fpower%2Fruntime_active_time&path=%2F%2Fsys%2Fdev%2Fchar%2F4%3A30%2Fsubsystem%2Ftty%2Fsubsystem%2Ftty28%2Fpower HTTP/1.1" 200 15527 "-" "Mozilla/5.0 AppleWebKit/537.36 (KHTML, like Gecko; compatible; ClaudeBot/1.0; [email protected])"
18.188.71.235 - - [12/May/2025:03:21:20 +0100] "GET /cargo/detail?filesrc=%2F%2Fsys%2Fdev%2Fchar%2F4%3A30%2Fsubsystem%2Ftty28%2Fsubsystem%2Ftty%2Fpower%2Fruntime_active_time&path=%2F%2Fsys%2Fdev%2Fchar%2F4%3A30%2Fsubsystem%2Ftty28%2Fsubsystem%2Ftty%2Fpower HTTP/1.1" 200 15527 "-" "Mozilla/5.0 AppleWebKit/537.36 (KHTML, like Gecko; compatible; ClaudeBot/1.0; [email protected])"
18.188.71.235 - - [12/May/2025:03:21:20 +0100] "GET /cargo/detail?filesrc=%2F%2Fsys%2Fdev%2Fchar%2F13%3A63%2Fsubsystem%2Fevent2%2Fsubsystem%2Finput0%2Fsubsystem%2Fevent0%2Fdev&path=%2F%2Fsys%2Fdev%2Fchar%2F13%3A63%2Fsubsystem%2Fevent2%2Fsubsystem%2Finput0%2Fsubsystem%2Fevent0 HTTP/1.1" 200 15543 "-" "Mozilla/5.0 AppleWebKit/537.36 (KHTML, like Gecko; compatible; ClaudeBot/1.0; [email protected])"
18.188.71.235 - - [12/May/2025:03:21:20 +0100] "GET /pcmypage?filesrc=%2F%2Fsys%2Fclass%2Finput%2Fevent4%2Fsubsystem%2Fmice%2Fsubsystem%2Fmouse2%2Fsubsystem%2Finput3%2Fproperties&path=%2F%2Fsys%2Fclass%2Finput%2Fevent4%2Fsubsystem%2Fmice%2Fsubsystem%2Fmouse2%2Fsubsystem%2Finput3 HTTP/1.1" 200 15550 "-" "Mozilla/5.0 AppleWebKit/537.36 (KHTML, like Gecko; compatible; ClaudeBot/1.0; [email protected])"
18.188.71.235 - - [12/May/2025:03:21:20 +0100] "GET /cargo/detail?filesrc=%2F%2Fsys%2Fdev%2Fchar%2F13%3A63%2Fsubsystem%2Finput0%2Fsubsystem%2Fevent2%2Fsubsystem%2Fevent0%2Fdev&path=%2F%2Fsys%2Fdev%2Fchar%2F13%3A63%2Fsubsystem%2Finput0%2Fsubsystem%2Fevent2%2Fsubsystem%2Fevent0 HTTP/1.1" 200 15541 "-" "Mozilla/5.0 AppleWebKit/537.36 (KHTML, like Gecko; compatible; ClaudeBot/1.0; [email protected])"
18.188.71.235 - - [12/May/2025:03:21:20 +0100] "GET /cargo/detail?aksi=buatfolder&path=%2F%2Fsys%2Fclass%2Finput%2Finput4%2Fsubsystem%2Finput3%2Fevent3%2Fdevice%2Fsubsystem%2Fevent3%2Fsubsystem%2Finput3%2Fid HTTP/1.1" 200 15605 "-" "Mozilla/5.0 AppleWebKit/537.36 (KHTML, like Gecko; compatible; ClaudeBot/1.0; [email protected])"
18.188.71.235 - - [12/May/2025:03:21:21 +0100] "GET /hobby.html?filesrc=%2F%2Fsys%2Fdevices%2Fpci0000%3A00%2Ffirmware_node%2Fsubsystem%2Fdevices%2FLNXCPU%3A63%2Fsubsystem%2Fdevices%2FPNP0A06%3A02%2Fuid&path=%2F%2Fsys%2Fdevices%2Fpci0000%3A00%2Ffirmware_node%2Fsubsystem%2Fdevices%2FLNXCPU%3A63%2Fsubsystem%2Fdevices%2FPNP0A06%3A02 HTTP/1.1" 200 15575 "-" "Mozilla/5.0 AppleWebKit/537.36 (KHTML, like Gecko; compatible; ClaudeBot/1.0; [email protected])"
66.249.69.69 - - [12/May/2025:03:21:21 +0100] "GET /?audio/other/14850121951075.htm HTTP/1.1" 200 24901 "-" "Mozilla/5.0 (Linux; Android 6.0.1; Nexus 5X Build/MMB29P) AppleWebKit/537.36 (KHTML, like Gecko) Chrome/136.0.7103.59 Mobile Safari/537.36 (compatible; GoogleOther)"
20.171.207.190 - - [12/May/2025:03:21:21 +0100] "GET /?path=%2F%2Fproc%2Fself%2Froot%2Fsys%2Fclass%2Finput%2Fevent1%2Fdevice%2Fsubsystem%2Fevent4 HTTP/1.1" 200 28358 "-" "Mozilla/5.0 AppleWebKit/537.36 (KHTML, like Gecko; compatible; GPTBot/1.2; +https://openai.com/gptbot)"
18.188.71.235 - - [12/May/2025:03:21:21 +0100] "GET /search?path=%2F%2Fsys%2Fbus%2Fpci%2Fdevices%2F0000%3A00%3A01.2%2Fsubsystem%2Fdevices%2F0000%3A00%3A08.0%2Fsubsystem%2Fdrivers%2Fuhci_hcd HTTP/1.1" 200 16382 "-" "Mozilla/5.0 AppleWebKit/537.36 (KHTML, like Gecko; compatible; ClaudeBot/1.0; [email protected])"
18.188.71.235 - - [12/May/2025:03:21:22 +0100] "GET /cargo/detail?aksi=buatfolder&path=%2F%2Fsys%2Fclass%2Finput%2Finput3%2Fmouse1%2Fsubsystem%2Finput1%2Fsubsystem%2Fevent0%2Fsubsystem%2Fmouse2%2Fsubsystem%2Finput0 HTTP/1.1" 200 15621 "-" "Mozilla/5.0 AppleWebKit/537.36 (KHTML, like Gecko; compatible; ClaudeBot/1.0; [email protected])"
18.188.71.235 - - [12/May/2025:03:21:22 +0100] "GET /cargo/detail?path=%2F%2Fsys%2Fdev%2Fchar%2F13%3A63%2Fsubsystem%2Fevent2%2Fdevice%2Fsubsystem%2Finput6%2Fsubsystem HTTP/1.1" 200 16507 "-" "Mozilla/5.0 AppleWebKit/537.36 (KHTML, like Gecko; compatible; ClaudeBot/1.0; [email protected])"
18.188.71.235 - - [12/May/2025:03:21:22 +0100] "GET /pcmypage?filesrc=%2F%2Fsys%2Fclass%2Fscsi_host%2Fhost3%2Fsubsystem%2Fhost2%2Fsubsystem%2Fhost5%2Fcan_queue&path=%2F%2Fsys%2Fclass%2Fscsi_host%2Fhost3%2Fsubsystem%2Fhost2%2Fsubsystem%2Fhost5 HTTP/1.1" 200 15515 "-" "Mozilla/5.0 AppleWebKit/537.36 (KHTML, like Gecko; compatible; ClaudeBot/1.0; [email protected])"
18.188.71.235 - - [12/May/2025:03:21:22 +0100] "GET /cargo/detail?filesrc=%2F%2Fsys%2Fdev%2Fchar%2F13%3A63%2Fsubsystem%2Finput0%2Fsubsystem%2Fevent2%2Fsubsystem%2Fevent3%2Fdev&path=%2F%2Fsys%2Fdev%2Fchar%2F13%3A63%2Fsubsystem%2Finput0%2Fsubsystem%2Fevent2%2Fsubsystem%2Fevent3 HTTP/1.1" 200 15541 "-" "Mozilla/5.0 AppleWebKit/537.36 (KHTML, like Gecko; compatible; ClaudeBot/1.0; [email protected])"
18.188.71.235 - - [12/May/2025:03:21:22 +0100] "GET /cargo/detail?filesrc=%2F%2Fsys%2Fdev%2Fchar%2F13%3A63%2Fsubsystem%2Fevent2%2Fsubsystem%2Finput0%2Fsubsystem%2Fevent3%2Fdev&path=%2F%2Fsys%2Fdev%2Fchar%2F13%3A63%2Fsubsystem%2Fevent2%2Fsubsystem%2Finput0%2Fsubsystem%2Fevent3 HTTP/1.1" 200 15543 "-" "Mozilla/5.0 AppleWebKit/537.36 (KHTML, like Gecko; compatible; ClaudeBot/1.0; [email protected])"
18.188.71.235 - - [12/May/2025:03:21:22 +0100] "GET /hobby.html?aksi=buatfolder&path=%2F%2Fsys%2Fdevices%2Fpci0000%3A00%2F0000%3A00%3A04.0%2Fdriver%2F0000%3A00%3A03.0%2Fdriver%2F0000%3A00%3A03.0%2Fsubsystem%2Fdevices HTTP/1.1" 200 15578 "-" "Mozilla/5.0 AppleWebKit/537.36 (KHTML, like Gecko; compatible; ClaudeBot/1.0; [email protected])"
18.188.71.235 - - [12/May/2025:03:21:23 +0100] "GET /cargo/detail?path=%2F%2Fsys%2Fdev%2Fchar%2F13%3A63%2Fsubsystem%2Fmice%2Fsubsystem%2Fmouse2%2Fdevice%2Fevent4 HTTP/1.1" 200 16248 "-" "Mozilla/5.0 AppleWebKit/537.36 (KHTML, like Gecko; compatible; ClaudeBot/1.0; [email protected])"
18.188.71.235 - - [12/May/2025:03:21:23 +0100] "GET /cargo/detail?path=%2F%2Fsys%2Fdev%2Fchar%2F13%3A63%2Fsubsystem%2Fevent2%2Fdevice%2Fsubsystem%2Finput3%2Fid HTTP/1.1" 200 16110 "-" "Mozilla/5.0 AppleWebKit/537.36 (KHTML, like Gecko; compatible; ClaudeBot/1.0; [email protected])"
18.188.71.235 - - [12/May/2025:03:21:23 +0100] "GET /cargo/detail?filesrc=%2F%2Fsys%2Fdev%2Fchar%2F13%3A63%2Fsubsystem%2Fevent3%2Fsubsystem%2Fevent2%2Fdevice%2Fpower%2Fruntime_suspended_time&path=%2F%2Fsys%2Fdev%2Fchar%2F13%3A63%2Fsubsystem%2Fevent3%2Fsubsystem%2Fevent2%2Fdevice%2Fpower HTTP/1.1" 200 15547 "-" "Mozilla/5.0 AppleWebKit/537.36 (KHTML, like Gecko; compatible; ClaudeBot/1.0; [email protected])"
18.188.71.235 - - [12/May/2025:03:21:23 +0100] "GET /cargo/detail?filesrc=%2F%2Fsys%2Fdev%2Fchar%2F13%3A63%2Fsubsystem%2Finput6%2Fsubsystem%2Fevent3%2Fsubsystem%2Finput5%2Funiq&path=%2F%2Fsys%2Fdev%2Fchar%2F13%3A63%2Fsubsystem%2Finput6%2Fsubsystem%2Fevent3%2Fsubsystem%2Finput5 HTTP/1.1" 200 15559 "-" "Mozilla/5.0 AppleWebKit/537.36 (KHTML, like Gecko; compatible; ClaudeBot/1.0; [email protected])"
18.188.71.235 - - [12/May/2025:03:21:23 +0100] "GET /fashion/accessories/url%20=%3Cwidth%3Ex%3Cheight%3E%20%22optional%20title%22?aksi=buatfile&path=%2Fvar%2Fwww%2Fsitiomodelo__usr86%2Fdata%2Fwww%2Fsitiomodelo.info%2Fwp-content%2Fthemes%2Ftwentytwentytwo%2Finc HTTP/1.1" 200 2947 "-" "Mozilla/5.0 AppleWebKit/537.36 (KHTML, like Gecko; compatible; ClaudeBot/1.0; [email protected])"
18.188.71.235 - - [12/May/2025:03:21:24 +0100] "GET /search?path=%2F%2Fsys%2Fbus%2Fpci%2Fdevices%2F0000%3A00%3A01.2%2Fsubsystem%2Fdevices%2F0000%3A00%3A01.3%2Fsubsystem%2Fdrivers%2Fexar_serial HTTP/1.1" 200 16209 "-" "Mozilla/5.0 AppleWebKit/537.36 (KHTML, like Gecko; compatible; ClaudeBot/1.0; [email protected])"
20.171.207.190 - - [12/May/2025:03:21:24 +0100] "GET /?path=%2F%2Fproc%2Fself%2Froot%2Fsys%2Fclass%2Finput%2Fevent0%2Fdevice%2Fsubsystem%2Fevent3 HTTP/1.1" 200 28360 "-" "Mozilla/5.0 AppleWebKit/537.36 (KHTML, like Gecko; compatible; GPTBot/1.2; +https://openai.com/gptbot)"
18.188.71.235 - - [12/May/2025:03:21:24 +0100] "GET /cargo/detail?path=%2F%2Fsys%2Fdev%2Fchar%2F13%3A63%2Fsubsystem%2Finput0%2Fsubsystem%2Fevent4%2Fsubsystem%2Fmouse0%2Fpower HTTP/1.1" 200 16220 "-" "Mozilla/5.0 AppleWebKit/537.36 (KHTML, like Gecko; compatible; ClaudeBot/1.0; [email protected])"
66.249.69.69 - - [12/May/2025:03:21:24 +0100] "GET /?fashion/yukata/9790583301351.htm HTTP/1.1" 200 25872 "-" "Mozilla/5.0 (Linux; Android 6.0.1; Nexus 5X Build/MMB29P) AppleWebKit/537.36 (KHTML, like Gecko) Chrome/136.0.7103.59 Mobile Safari/537.36 (compatible; GoogleOther)"
18.188.71.235 - - [12/May/2025:03:21:24 +0100] "GET /pcmypage?aksi=buatfolder&path=%2F%2Fsys%2Fclass%2Finput%2Fevent3%2Fdevice%2Fsubsystem%2Fmouse2%2Fsubsystem%2Fevent3%2Fdevice%2Fevent3%2Fdevice%2Fdevice HTTP/1.1" 200 15599 "-" "Mozilla/5.0 AppleWebKit/537.36 (KHTML, like Gecko; compatible; ClaudeBot/1.0; [email protected])"
18.188.71.235 - - [12/May/2025:03:21:24 +0100] "GET /cargo/detail?filesrc=%2F%2Fsys%2Fclass%2Finput%2Fevent0%2Fsubsystem%2Fmice%2Fsubsystem%2Fevent5%2Fsubsystem%2Fevent0%2Fdev&path=%2F%2Fsys%2Fclass%2Finput%2Fevent0%2Fsubsystem%2Fmice%2Fsubsystem%2Fevent5%2Fsubsystem%2Fevent0 HTTP/1.1" 200 15538 "-" "Mozilla/5.0 AppleWebKit/537.36 (KHTML, like Gecko; compatible; ClaudeBot/1.0; [email protected])"
18.188.71.235 - - [12/May/2025:03:21:25 +0100] "GET /cargo/detail?filesrc=%2F%2Fsys%2Fclass%2Finput%2Finput3%2Fsubsystem%2Fevent0%2Fsubsystem%2Fevent2%2Fdevice%2Fsubsystem%2Finput4%2Fid%2Fbustype&path=%2F%2Fsys%2Fclass%2Finput%2Finput3%2Fsubsystem%2Fevent0%2Fsubsystem%2Fevent2%2Fdevice%2Fsubsystem%2Finput4%2Fid HTTP/1.1" 200 15570 "-" "Mozilla/5.0 AppleWebKit/537.36 (KHTML, like Gecko; compatible; ClaudeBot/1.0; [email protected])"
18.188.71.235 - - [12/May/2025:03:21:25 +0100] "GET /cargo/detail?path=%2F%2Fsys%2Fdev%2Fchar%2F10%3A236%2Fsubsystem%2Fmcelog%2Fsubsystem%2Fdevice-mapper%2Fsubsystem%2Fhw_random%2Fsubsystem HTTP/1.1" 200 16307 "-" "Mozilla/5.0 AppleWebKit/537.36 (KHTML, like Gecko; compatible; ClaudeBot/1.0; [email protected])"
18.188.71.235 - - [12/May/2025:03:21:25 +0100] "GET /cargo/detail?filesrc=%2F%2Fsys%2Fdev%2Fchar%2F13%3A63%2Fsubsystem%2Fmice%2Fsubsystem%2Fevent4%2Fdevice%2Fmodalias&path=%2F%2Fsys%2Fdev%2Fchar%2F13%3A63%2Fsubsystem%2Fmice%2Fsubsystem%2Fevent4%2Fdevice HTTP/1.1" 200 15586 "-" "Mozilla/5.0 AppleWebKit/537.36 (KHTML, like Gecko; compatible; ClaudeBot/1.0; [email protected])"
18.188.71.235 - - [12/May/2025:03:21:25 +0100] "GET /cargo/detail?aksi=buatfile&path=%2F%2Fsys%2Fclass%2Finput%2Finput3%2Fmouse1%2Fsubsystem%2Finput1%2Fsubsystem%2Finput5%2Fsubsystem%2Fmouse1%2Fsubsystem%2Finput3 HTTP/1.1" 200 16644 "-" "Mozilla/5.0 AppleWebKit/537.36 (KHTML, like Gecko; compatible; ClaudeBot/1.0; [email protected])"
18.188.71.235 - - [12/May/2025:03:21:25 +0100] "GET /feature/sapporo/index.html?filesrc=%2F%2Fproc%2F3730333%2Ftask%2F3730377%2Fnet%2Frt6_stats&path=%2F%2Fproc%2F3730333%2Ftask%2F3730377%2Fnet HTTP/1.1" 200 16727 "-" "Mozilla/5.0 AppleWebKit/537.36 (KHTML, like Gecko; compatible; ClaudeBot/1.0; [email protected])"
18.188.71.235 - - [12/May/2025:03:21:25 +0100] "GET /cargo/detail?path=%2F%2Fsys%2Fdev%2Fchar%2F10%3A236%2Fsubsystem%2Fhw_random%2Fsubsystem%2Fdevice-mapper%2Fsubsystem%2Fmcelog%2Fsubsystem HTTP/1.1" 200 16309 "-" "Mozilla/5.0 AppleWebKit/537.36 (KHTML, like Gecko; compatible; ClaudeBot/1.0; [email protected])"
18.188.71.235 - - [12/May/2025:03:21:25 +0100] "GET /product/edit/32903809?aksi=ransom&path=%2F%2Fsys%2Fdevices%2Fpci0000%3A00%2Fpci_bus%2F0000%3A00%2Fdevice%2Ffirmware_node%2FQEMU0002%3A00%2Fsubsystem%2Fdrivers HTTP/1.1" 200 17559 "-" "Mozilla/5.0 AppleWebKit/537.36 (KHTML, like Gecko; compatible; ClaudeBot/1.0; [email protected])"
18.188.71.235 - - [12/May/2025:03:21:26 +0100] "GET /product/edit/32903809?aksi=ransom&path=%2F%2Fsys%2Fdevices%2Fpci0000%3A00%2Fpci_bus%2F0000%3A00%2Fdevice%2FQEMU0002%3A00%2Ffirmware_node%2Fsubsystem%2Fdrivers HTTP/1.1" 200 17558 "-" "Mozilla/5.0 AppleWebKit/537.36 (KHTML, like Gecko; compatible; ClaudeBot/1.0; [email protected])"
18.188.71.235 - - [12/May/2025:03:21:26 +0100] "GET /cargo/detail?path=%2F%2Fsys%2Fdev%2Fchar%2F13%3A63%2Fsubsystem%2Fmouse1%2Fsubsystem%2Finput6%2Fsubsystem%2Finput4%2Fid HTTP/1.1" 200 16134 "-" "Mozilla/5.0 AppleWebKit/537.36 (KHTML, like Gecko; compatible; ClaudeBot/1.0; [email protected])"
20.171.207.190 - - [12/May/2025:03:21:26 +0100] "GET /?path=%2F%2Fproc%2Fself%2Froot%2Fsys%2Fclass%2Finput%2Fevent5%2Fdevice%2Fsubsystem%2Fevent0 HTTP/1.1" 200 28361 "-" "Mozilla/5.0 AppleWebKit/537.36 (KHTML, like Gecko; compatible; GPTBot/1.2; +https://openai.com/gptbot)"
18.188.71.235 - - [12/May/2025:03:21:26 +0100] "GET /pcmypage?aksi=ransom&path=%2F%2Fsys%2Fclass%2Finput%2Finput3%2Fmouse1%2Fdevice%2Fmouse1%2Fsubsystem%2Fmice%2Fsubsystem%2Finput3%2Fsubsystem%2Finput6 HTTP/1.1" 200 16615 "-" "Mozilla/5.0 AppleWebKit/537.36 (KHTML, like Gecko; compatible; ClaudeBot/1.0; [email protected])"
18.188.71.235 - - [12/May/2025:03:21:27 +0100] "GET /cargo/detail?path=%2F%2Fsys%2Fdev%2Fchar%2F13%3A63%2Fsubsystem%2Finput5%2Fsubsystem%2Finput4%2Fsubsystem%2Finput0%2Fid HTTP/1.1" 200 16128 "-" "Mozilla/5.0 AppleWebKit/537.36 (KHTML, like Gecko; compatible; ClaudeBot/1.0; [email protected])"
18.188.71.235 - - [12/May/2025:03:21:27 +0100] "GET /cargo/detail?path=%2F%2Fsys%2Fdev%2Fchar%2F13%3A63%2Fsubsystem%2Finput4%2Fsubsystem%2Finput5%2Fsubsystem%2Finput0%2Fid HTTP/1.1" 200 16128 "-" "Mozilla/5.0 AppleWebKit/537.36 (KHTML, like Gecko; compatible; ClaudeBot/1.0; [email protected])"
18.188.71.235 - - [12/May/2025:03:21:27 +0100] "GET /cargo/detail?filesrc=%2F%2Fsys%2Fclass%2Finput%2Fevent0%2Fsubsystem%2Fmice%2Fsubsystem%2Fevent5%2Fsubsystem%2Fevent3%2Fdev&path=%2F%2Fsys%2Fclass%2Finput%2Fevent0%2Fsubsystem%2Fmice%2Fsubsystem%2Fevent5%2Fsubsystem%2Fevent3 HTTP/1.1" 200 15544 "-" "Mozilla/5.0 AppleWebKit/537.36 (KHTML, like Gecko; compatible; ClaudeBot/1.0; [email protected])"
18.188.71.235 - - [12/May/2025:03:21:27 +0100] "GET /cargo/detail?path=%2F%2Fsys%2Fdev%2Fchar%2F13%3A63%2Fsubsystem%2Finput0%2Fsubsystem%2Finput5%2Fsubsystem%2Finput4%2Fid HTTP/1.1" 200 16128 "-" "Mozilla/5.0 AppleWebKit/537.36 (KHTML, like Gecko; compatible; ClaudeBot/1.0; [email protected])"
66.249.69.69 - - [12/May/2025:03:21:27 +0100] "GET /beauty/delicate-zone-care/17920363396929.htm HTTP/1.1" 200 25817 "-" "Mozilla/5.0 (Linux; Android 6.0.1; Nexus 5X Build/MMB29P) AppleWebKit/537.36 (KHTML, like Gecko) Chrome/136.0.7103.59 Mobile Safari/537.36 (compatible; GoogleOther)"
18.188.71.235 - - [12/May/2025:03:21:27 +0100] "GET /cargo/detail?path=%2F%2Fsys%2Fdev%2Fchar%2F13%3A63%2Fsubsystem%2Finput5%2Fsubsystem%2Finput0%2Fsubsystem%2Finput4%2Fid HTTP/1.1" 200 16129 "-" "Mozilla/5.0 AppleWebKit/537.36 (KHTML, like Gecko; compatible; ClaudeBot/1.0; [email protected])"
18.188.71.235 - - [12/May/2025:03:21:27 +0100] "GET /search?path=%2F%2Fsys%2Fbus%2Fpci%2Fdevices%2F0000%3A00%3A05.0%2Fsubsystem%2Fdevices%2F0000%3A00%3A05.0%2Fata8%2Fata_port%2Fata8 HTTP/1.1" 200 16364 "-" "Mozilla/5.0 AppleWebKit/537.36 (KHTML, like Gecko; compatible; ClaudeBot/1.0; [email protected])"
18.188.71.235 - - [12/May/2025:03:21:28 +0100] "GET /safe_search/config?filesrc=%2F%2Fsys%2Fdevices%2FLNXSYSTM%3A00%2FLNXPWRBN%3A00%2Fsubsystem%2Fdevices%2FPNP0C0F%3A04%2Fsubsystem%2Fdevices%2FLNXCPU%3A3e%2Fpath&path=%2F%2Fsys%2Fdevices%2FLNXSYSTM%3A00%2FLNXPWRBN%3A00%2Fsubsystem%2Fdevices%2FPNP0C0F%3A04%2Fsubsystem%2Fdevices%2FLNXCPU%3A3e HTTP/1.1" 200 15574 "-" "Mozilla/5.0 AppleWebKit/537.36 (KHTML, like Gecko; compatible; ClaudeBot/1.0; [email protected])"
18.188.71.235 - - [12/May/2025:03:21:28 +0100] "GET /dozin.html?path=%2F%2Fsys%2Fclass%2Fmem%2Fport%2Fsubsystem%2Fnull%2Fsubsystem%2Fport%2Fsubsystem%2Fkmsg HTTP/1.1" 200 16209 "-" "Mozilla/5.0 AppleWebKit/537.36 (KHTML, like Gecko; compatible; ClaudeBot/1.0; [email protected])"
18.188.71.235 - - [12/May/2025:03:21:28 +0100] "GET /cargo/detail?filesrc=%2F%2Fsys%2Fdev%2Fchar%2F13%3A63%2Fsubsystem%2Fevent2%2Fsubsystem%2Finput3%2Fsubsystem%2Finput5%2Fphys&path=%2F%2Fsys%2Fdev%2Fchar%2F13%3A63%2Fsubsystem%2Fevent2%2Fsubsystem%2Finput3%2Fsubsystem%2Finput5 HTTP/1.1" 200 15556 "-" "Mozilla/5.0 AppleWebKit/537.36 (KHTML, like Gecko; compatible; ClaudeBot/1.0; [email protected])"
18.188.71.235 - - [12/May/2025:03:21:28 +0100] "GET /pcmypage?filesrc=%2F%2Fsys%2Fclass%2Finput%2Finput0%2Fdevice%2Fwakeup%2Fwakeup13%2Fsubsystem%2Fwakeup0%2Fsubsystem%2Fwakeup15%2Fwakeup_count&path=%2F%2Fsys%2Fclass%2Finput%2Finput0%2Fdevice%2Fwakeup%2Fwakeup13%2Fsubsystem%2Fwakeup0%2Fsubsystem%2Fwakeup15 HTTP/1.1" 200 15564 "-" "Mozilla/5.0 AppleWebKit/537.36 (KHTML, like Gecko; compatible; ClaudeBot/1.0; [email protected])"
18.188.71.235 - - [12/May/2025:03:21:28 +0100] "GET /pcmypage?filesrc=%2F%2Fsys%2Fclass%2Fscsi_host%2Fhost0%2Fsubsystem%2Fhost2%2Fdevice%2Fpower%2Fcontrol&path=%2F%2Fsys%2Fclass%2Fscsi_host%2Fhost0%2Fsubsystem%2Fhost2%2Fdevice%2Fpower HTTP/1.1" 200 15518 "-" "Mozilla/5.0 AppleWebKit/537.36 (KHTML, like Gecko; compatible; ClaudeBot/1.0; [email protected])"
18.188.71.235 - - [12/May/2025:03:21:29 +0100] "GET /cargo/detail?filesrc=%2F%2Fsys%2Fdev%2Fchar%2F13%3A63%2Fsubsystem%2Finput4%2Fsubsystem%2Fmouse0%2Fsubsystem%2Finput5%2Funiq&path=%2F%2Fsys%2Fdev%2Fchar%2F13%3A63%2Fsubsystem%2Finput4%2Fsubsystem%2Fmouse0%2Fsubsystem%2Finput5 HTTP/1.1" 200 15561 "-" "Mozilla/5.0 AppleWebKit/537.36 (KHTML, like Gecko; compatible; ClaudeBot/1.0; [email protected])"
20.171.207.190 - - [12/May/2025:03:21:29 +0100] "GET /?path=%2F%2Fproc%2Fself%2Froot%2Fsys%2Fclass%2Finput%2Fmouse1%2Fdevice%2Fsubsystem%2Finput1 HTTP/1.1" 200 28562 "-" "Mozilla/5.0 AppleWebKit/537.36 (KHTML, like Gecko; compatible; GPTBot/1.2; +https://openai.com/gptbot)"
18.188.71.235 - - [12/May/2025:03:21:29 +0100] "GET /cargo/detail?filesrc=%2F%2Fsys%2Fdev%2Fchar%2F13%3A63%2Fsubsystem%2Fmouse0%2Fsubsystem%2Finput4%2Fsubsystem%2Finput5%2Funiq&path=%2F%2Fsys%2Fdev%2Fchar%2F13%3A63%2Fsubsystem%2Fmouse0%2Fsubsystem%2Finput4%2Fsubsystem%2Finput5 HTTP/1.1" 200 15559 "-" "Mozilla/5.0 AppleWebKit/537.36 (KHTML, like Gecko; compatible; ClaudeBot/1.0; [email protected])"
18.188.71.235 - - [12/May/2025:03:21:29 +0100] "GET /cargo/detail?aksi=buatfolder&path=%2F%2Fsys%2Fclass%2Finput%2Fevent2%2Fsubsystem%2Finput4%2Fevent2%2Fsubsystem%2Finput0%2Fsubsystem%2Fevent0%2Fdevice%2Fevent0 HTTP/1.1" 200 15624 "-" "Mozilla/5.0 AppleWebKit/537.36 (KHTML, like Gecko; compatible; ClaudeBot/1.0; [email protected])"
18.188.71.235 - - [12/May/2025:03:21:29 +0100] "GET /cargo/detail?aksi=buatfolder&path=%2F%2Fsys%2Fclass%2Finput%2Finput3%2Fmouse1%2Fsubsystem%2Fevent2%2Fsubsystem%2Finput3%2Fsubsystem%2Finput6%2Fsubsystem%2Fevent4 HTTP/1.1" 200 15628 "-" "Mozilla/5.0 AppleWebKit/537.36 (KHTML, like Gecko; compatible; ClaudeBot/1.0; [email protected])"
18.188.71.235 - - [12/May/2025:03:21:29 +0100] "GET /feature/honten/index.html?filesrc=%2F%2Flib%2F.build-id%2Fcd%2F035f83579cb902d9cb0089f954e325d4984e04&path=%2F%2Flib%2F.build-id%2Fcd HTTP/1.1" 200 33865 "-" "Mozilla/5.0 AppleWebKit/537.36 (KHTML, like Gecko; compatible; ClaudeBot/1.0; [email protected])"
18.188.71.235 - - [12/May/2025:03:21:30 +0100] "GET /cargo/detail?path=%2F%2Fsys%2Fclass%2Fwakeup%2Fwakeup8%2Fdevice%2Fsubsystem%2Fdevices%2FLNXSYBUS%3A00%2FPNP0C0F%3A00 HTTP/1.1" 200 16397 "-" "Mozilla/5.0 AppleWebKit/537.36 (KHTML, like Gecko; compatible; ClaudeBot/1.0; [email protected])"
18.188.71.235 - - [12/May/2025:03:21:30 +0100] "GET /pcmypage?filesrc=%2F%2Fsys%2Fclass%2Ftty%2Fconsole%2Fsubsystem%2Ftty10%2Fsubsystem%2Fconsole%2Fdev&path=%2F%2Fsys%2Fclass%2Ftty%2Fconsole%2Fsubsystem%2Ftty10%2Fsubsystem%2Fconsole HTTP/1.1" 200 15494 "-" "Mozilla/5.0 AppleWebKit/537.36 (KHTML, like Gecko; compatible; ClaudeBot/1.0; [email protected])"
18.188.71.235 - - [12/May/2025:03:21:30 +0100] "GET /cargo/detail?path=%2F%2Fsys%2Fdev%2Fchar%2F13%3A63%2Fsubsystem%2Fevent3%2Fsubsystem%2Finput0%2Fsubsystem%2Finput4%2Fid HTTP/1.1" 200 16130 "-" "Mozilla/5.0 AppleWebKit/537.36 (KHTML, like Gecko; compatible; ClaudeBot/1.0; [email protected])"
