18.188.71.235 - - [12/May/2025:03:21:30 +0100] "GET /cargo/detail?path=%2F%2Fsys%2Fdev%2Fchar%2F13%3A63%2Fsubsystem%2Finput0%2Fsubsystem%2Fevent3%2Fsubsystem%2Finput4%2Fid HTTP/1.1" 200 16133 "-" "Mozilla/5.0 AppleWebKit/537.36 (KHTML, like Gecko; compatible; ClaudeBot/1.0; [email protected])"
18.188.71.235 - - [12/May/2025:03:21:30 +0100] "GET /cargo/detail?path=%2F%2Fsys%2Fdev%2Fchar%2F13%3A63%2Fsubsystem%2Fevent2%2Fsubsystem%2Fevent1%2Fsubsystem%2Fevent4%2Fsubsystem HTTP/1.1" 200 16527 "-" "Mozilla/5.0 AppleWebKit/537.36 (KHTML, like Gecko; compatible; ClaudeBot/1.0; [email protected])"
66.249.69.69 - - [12/May/2025:03:21:30 +0100] "GET /safe_search/config?return_url=%2Fproduct%2Fdetail%2F13994848 HTTP/1.1" 200 26696 "-" "Mozilla/5.0 (Linux; Android 6.0.1; Nexus 5X Build/MMB29P) AppleWebKit/537.36 (KHTML, like Gecko) Chrome/136.0.7103.59 Mobile Safari/537.36 (compatible; GoogleOther)"
18.188.71.235 - - [12/May/2025:03:21:30 +0100] "GET /pcmypage?filesrc=%2F%2Fsys%2Fclass%2Finput%2Fevent4%2Fsubsystem%2Fmice%2Fsubsystem%2Fmouse0%2Fsubsystem%2Finput1%2Fname&path=%2F%2Fsys%2Fclass%2Finput%2Fevent4%2Fsubsystem%2Fmice%2Fsubsystem%2Fmouse0%2Fsubsystem%2Finput1 HTTP/1.1" 200 15565 "-" "Mozilla/5.0 AppleWebKit/537.36 (KHTML, like Gecko; compatible; ClaudeBot/1.0; [email protected])"
18.188.71.235 - - [12/May/2025:03:21:31 +0100] "GET /recruit?path=%2F%2Fsys%2Fdevices%2Ftracepoint%2Fsubsystem%2Fdevices%2Fbreakpoint%2Fsubsystem%2Fdevices%2Fcpu%2Fevents HTTP/1.1" 200 16299 "-" "Mozilla/5.0 AppleWebKit/537.36 (KHTML, like Gecko; compatible; ClaudeBot/1.0; [email protected])"
18.188.71.235 - - [12/May/2025:03:21:31 +0100] "GET /cargo/detail?path=%2F%2Fsys%2Fclass%2Finput%2Fevent2%2Fsubsystem%2Fmouse0%2Fsubsystem%2Fevent2%2Fsubsystem%2Fmice%2Fsubsystem%2Fevent5 HTTP/1.1" 200 16285 "-" "Mozilla/5.0 AppleWebKit/537.36 (KHTML, like Gecko; compatible; ClaudeBot/1.0; [email protected])"
18.188.71.235 - - [12/May/2025:03:21:31 +0100] "GET /dozin.html?path=%2F%2Fsys%2Fclass%2Fmem%2Fkmsg%2Fsubsystem%2Fkmsg%2Fsubsystem%2Fport%2Fsubsystem%2Fmem%2Fsubsystem%2Fkmsg HTTP/1.1" 200 16233 "-" "Mozilla/5.0 AppleWebKit/537.36 (KHTML, like Gecko; compatible; ClaudeBot/1.0; [email protected])"
18.188.71.235 - - [12/May/2025:03:21:31 +0100] "GET /search?path=%2F%2Fsys%2Fblock%2Fsr0%2Fdevice%2Fsubsystem%2Fdevices%2Fhost7%2Fscsi_host%2Fhost7%2Fsubsystem%2Fhost3 HTTP/1.1" 200 17048 "-" "Mozilla/5.0 AppleWebKit/537.36 (KHTML, like Gecko; compatible; ClaudeBot/1.0; [email protected])"
20.171.207.190 - - [12/May/2025:03:21:32 +0100] "GET /blog/?path=%2F%2Fsys%2Fkernel%2Fslab%2FUDPLITEv6 HTTP/1.1" 200 27997 "-" "Mozilla/5.0 AppleWebKit/537.36 (KHTML, like Gecko; compatible; GPTBot/1.2; +https://openai.com/gptbot)"
18.188.71.235 - - [12/May/2025:03:21:32 +0100] "GET /cargo/detail?aksi=buatfolder&path=%2F%2Fsys%2Fclass%2Finput%2Fevent5%2Fdevice%2Fevent5%2Fdevice%2Fsubsystem%2Finput6%2Fsubsystem%2Finput4%2Fsubsystem%2Finput4 HTTP/1.1" 200 15609 "-" "Mozilla/5.0 AppleWebKit/537.36 (KHTML, like Gecko; compatible; ClaudeBot/1.0; [email protected])"
18.188.71.235 - - [12/May/2025:03:21:32 +0100] "GET /search?filesrc=%2F%2Fsys%2Fbus%2Fpci%2Fdevices%2F0000%3A00%3A01.2%2Fsubsystem%2Fdevices%2F0000%3A00%3A09.0%2Fdriver%2F0000%3A00%3A08.0%2Frescan&path=%2F%2Fsys%2Fbus%2Fpci%2Fdevices%2F0000%3A00%3A01.2%2Fsubsystem%2Fdevices%2F0000%3A00%3A09.0%2Fdriver%2F0000%3A00%3A08.0 HTTP/1.1" 200 15545 "-" "Mozilla/5.0 AppleWebKit/537.36 (KHTML, like Gecko; compatible; ClaudeBot/1.0; [email protected])"
18.188.71.235 - - [12/May/2025:03:21:32 +0100] "GET /cargo/detail?filesrc=%2F%2Fsys%2Fdev%2Fchar%2F13%3A63%2Fsubsystem%2Finput5%2Fsubsystem%2Fevent2%2Fdevice%2Fmouse0%2Fuevent&path=%2F%2Fsys%2Fdev%2Fchar%2F13%3A63%2Fsubsystem%2Finput5%2Fsubsystem%2Fevent2%2Fdevice%2Fmouse0 HTTP/1.1" 200 15576 "-" "Mozilla/5.0 AppleWebKit/537.36 (KHTML, like Gecko; compatible; ClaudeBot/1.0; [email protected])"
18.188.71.235 - - [12/May/2025:03:21:32 +0100] "GET /dozin.html?path=%2F%2Fsys%2Fblock%2Fsda%2Fsubsystem%2Fsr0%2Fmq%2F0%2Fcpu42 HTTP/1.1" 200 15623 "-" "Mozilla/5.0 AppleWebKit/537.36 (KHTML, like Gecko; compatible; ClaudeBot/1.0; [email protected])"
18.188.71.235 - - [12/May/2025:03:21:32 +0100] "GET /feature/sapporo/index.html?filesrc=%2F%2Fproc%2F3730333%2Ftask%2F3730367%2Fnet%2Fsockstat6&path=%2F%2Fproc%2F3730333%2Ftask%2F3730367%2Fnet HTTP/1.1" 200 16727 "-" "Mozilla/5.0 AppleWebKit/537.36 (KHTML, like Gecko; compatible; ClaudeBot/1.0; [email protected])"
18.188.71.235 - - [12/May/2025:03:21:33 +0100] "GET /cargo/detail?aksi=buatfolder&path=%2F%2Fsys%2Fclass%2Finput%2Fevent3%2Fsubsystem%2Finput3%2Fsubsystem%2Finput0%2Fsubsystem%2Finput1%2Fsubsystem%2Finput1 HTTP/1.1" 200 15596 "-" "Mozilla/5.0 AppleWebKit/537.36 (KHTML, like Gecko; compatible; ClaudeBot/1.0; [email protected])"
18.188.71.235 - - [12/May/2025:03:21:33 +0100] "GET /cargo/detail?aksi=buatfolder&path=%2F%2Fsys%2Fclass%2Finput%2Finput3%2Fsubsystem%2Fevent3%2Fsubsystem%2Finput0%2Fsubsystem%2Finput1%2Fsubsystem%2Finput1 HTTP/1.1" 200 15597 "-" "Mozilla/5.0 AppleWebKit/537.36 (KHTML, like Gecko; compatible; ClaudeBot/1.0; [email protected])"
18.188.71.235 - - [12/May/2025:03:21:33 +0100] "GET /cargo/detail?aksi=buatfolder&path=%2F%2Fsys%2Fclass%2Finput%2Fevent3%2Fsubsystem%2Finput1%2Fsubsystem%2Finput0%2Fsubsystem%2Finput3%2Fsubsystem%2Finput1 HTTP/1.1" 200 15599 "-" "Mozilla/5.0 AppleWebKit/537.36 (KHTML, like Gecko; compatible; ClaudeBot/1.0; [email protected])"
18.188.71.235 - - [12/May/2025:03:21:33 +0100] "GET /pcmypage?filesrc=%2F%2Fsys%2Fclass%2Finput%2Fevent0%2Fsubsystem%2Finput4%2Fsubsystem%2Fmice%2Fsubsystem%2Fevent0%2Fuevent&path=%2F%2Fsys%2Fclass%2Finput%2Fevent0%2Fsubsystem%2Finput4%2Fsubsystem%2Fmice%2Fsubsystem%2Fevent0 HTTP/1.1" 200 15568 "-" "Mozilla/5.0 AppleWebKit/537.36 (KHTML, like Gecko; compatible; ClaudeBot/1.0; [email protected])"
18.188.71.235 - - [12/May/2025:03:21:33 +0100] "GET /cargo/detail?filesrc=%2F%2Fsys%2Fclass%2Fwakeup%2Fwakeup7%2Fsubsystem%2Fwakeup14%2Fdevice%2Fusb1%2F1-1%2FbMaxPacketSize0&path=%2F%2Fsys%2Fclass%2Fwakeup%2Fwakeup7%2Fsubsystem%2Fwakeup14%2Fdevice%2Fusb1%2F1-1 HTTP/1.1" 200 15548 "-" "Mozilla/5.0 AppleWebKit/537.36 (KHTML, like Gecko; compatible; ClaudeBot/1.0; [email protected])"
66.249.69.69 - - [12/May/2025:03:21:34 +0100] "GET /?cds/others/15110201595959.htm HTTP/1.1" 200 25476 "-" "Mozilla/5.0 (Linux; Android 6.0.1; Nexus 5X Build/MMB29P) AppleWebKit/537.36 (KHTML, like Gecko) Chrome/136.0.7103.59 Mobile Safari/537.36 (compatible; GoogleOther)"
20.171.207.190 - - [12/May/2025:03:21:34 +0100] "GET /blog/?path=%2F%2Fvar%2Flog%2Fphp-fpm HTTP/1.1" 200 26265 "-" "Mozilla/5.0 AppleWebKit/537.36 (KHTML, like Gecko; compatible; GPTBot/1.2; +https://openai.com/gptbot)"
18.188.71.235 - - [12/May/2025:03:21:34 +0100] "GET /hobby.html?aksi=buatfolder&path=%2F%2Fsys%2Fdevices%2Fpci0000%3A00%2Ffirmware_node%2Fdevice%3A07%2Fwakeup%2Fwakeup7%2Fdevice%2Fsubsystem%2Fdevices%2Fdevice%3A13 HTTP/1.1" 200 15611 "-" "Mozilla/5.0 AppleWebKit/537.36 (KHTML, like Gecko; compatible; ClaudeBot/1.0; [email protected])"
18.188.71.235 - - [12/May/2025:03:21:34 +0100] "GET /pcmypage?aksi=buatfolder&path=%2F%2Fsys%2Fclass%2Finput%2Finput6%2Fevent5%2Fdevice%2Fsubsystem%2Finput0%2Fsubsystem%2Fevent4%2Fdevice%2Fdevice HTTP/1.1" 200 15603 "-" "Mozilla/5.0 AppleWebKit/537.36 (KHTML, like Gecko; compatible; ClaudeBot/1.0; [email protected])"
18.188.71.235 - - [12/May/2025:03:21:34 +0100] "GET /feature/osu_main/index.html?aksi=buatfolder&path=%2F%2Fsys%2Fdevices%2Fpci0000%3A00%2F0000%3A00%3A07.0%2Fvirtio3%2Fsubsystem%2Fdevices%2Fvirtio7%2Fdriver%2Fmodule%2Fdrivers HTTP/1.1" 200 16874 "-" "Mozilla/5.0 AppleWebKit/537.36 (KHTML, like Gecko; compatible; ClaudeBot/1.0; [email protected])"
18.188.71.235 - - [12/May/2025:03:21:34 +0100] "GET /pcmypage?filesrc=%2F%2Fsys%2Fclass%2Finput%2Finput0%2Fdevice%2Fsubsystem%2Fdevices%2FLNXCPU%3A35%2Fsubsystem%2Fdevices%2Fdevice%3A18%2Fsun&path=%2F%2Fsys%2Fclass%2Finput%2Finput0%2Fdevice%2Fsubsystem%2Fdevices%2FLNXCPU%3A35%2Fsubsystem%2Fdevices%2Fdevice%3A18 HTTP/1.1" 200 15563 "-" "Mozilla/5.0 AppleWebKit/537.36 (KHTML, like Gecko; compatible; ClaudeBot/1.0; [email protected])"
18.188.71.235 - - [12/May/2025:03:21:35 +0100] "GET /cargo/detail?filesrc=%2F%2Fproc%2Fself%2Froot%2Fsys%2Fbus%2Facpi%2Fdevices%2FLNXSYSTM%3A00%2Fhid&path=%2F%2Fproc%2Fself%2Froot%2Fsys%2Fbus%2Facpi%2Fdevices%2FLNXSYSTM%3A00 HTTP/1.1" 200 15517 "-" "Mozilla/5.0 AppleWebKit/537.36 (KHTML, like Gecko; compatible; ClaudeBot/1.0; [email protected])"
18.188.71.235 - - [12/May/2025:03:21:35 +0100] "GET /cargo/detail?aksi=buatfolder&path=%2F%2Fsys%2Fclass%2Finput%2Finput4%2Fsubsystem%2Finput3%2Fsubsystem%2Fmice%2Fsubsystem%2Fmouse1%2Fdevice%2Fevent3%2Fdevice HTTP/1.1" 200 15624 "-" "Mozilla/5.0 AppleWebKit/537.36 (KHTML, like Gecko; compatible; ClaudeBot/1.0; [email protected])"
18.188.71.235 - - [12/May/2025:03:21:35 +0100] "GET /pcmypage?filesrc=%2F%2Fsys%2Fclass%2Fscsi_host%2Fhost6%2Fsubsystem%2Fhost1%2Fsubsystem%2Fhost3%2Fnr_hw_queues&path=%2F%2Fsys%2Fclass%2Fscsi_host%2Fhost6%2Fsubsystem%2Fhost1%2Fsubsystem%2Fhost3 HTTP/1.1" 200 15518 "-" "Mozilla/5.0 AppleWebKit/537.36 (KHTML, like Gecko; compatible; ClaudeBot/1.0; [email protected])"
18.188.71.235 - - [12/May/2025:03:21:35 +0100] "GET /cargo/detail?aksi=buatfolder&path=%2F%2Fsys%2Fclass%2Finput%2Finput3%2Fmouse1%2Fsubsystem%2Finput1%2Fsubsystem%2Fevent0%2Fsubsystem%2Fevent3%2Fsubsystem%2Fevent5 HTTP/1.1" 200 15622 "-" "Mozilla/5.0 AppleWebKit/537.36 (KHTML, like Gecko; compatible; ClaudeBot/1.0; [email protected])"
18.188.71.235 - - [12/May/2025:03:21:35 +0100] "GET /cargo/detail?path=%2F%2Fsys%2Fdev%2Fchar%2F13%3A63%2Fsubsystem%2Fmice%2Fsubsystem%2Fmouse0%2Fdevice%2Fmouse0 HTTP/1.1" 200 16240 "-" "Mozilla/5.0 AppleWebKit/537.36 (KHTML, like Gecko; compatible; ClaudeBot/1.0; [email protected])"
18.188.71.235 - - [12/May/2025:03:21:35 +0100] "GET /cargo/detail?aksi=ransom&path=%2F%2Fsys%2Fclass%2Finput%2Finput3%2Fmouse1%2Fsubsystem%2Finput1%2Fsubsystem%2Finput5%2Fsubsystem%2Finput6%2Fevent5%2Fdevice HTTP/1.1" 200 16611 "-" "Mozilla/5.0 AppleWebKit/537.36 (KHTML, like Gecko; compatible; ClaudeBot/1.0; [email protected])"
18.188.71.235 - - [12/May/2025:03:21:36 +0100] "GET /cargo/detail?aksi=ransom&path=%2F%2Fsys%2Fclass%2Finput%2Finput3%2Fmouse1%2Fsubsystem%2Finput1%2Fsubsystem%2Finput6%2Fevent5%2Fsubsystem%2Finput5%2Fdevice HTTP/1.1" 200 16486 "-" "Mozilla/5.0 AppleWebKit/537.36 (KHTML, like Gecko; compatible; ClaudeBot/1.0; [email protected])"
18.188.71.235 - - [12/May/2025:03:21:36 +0100] "GET /cargo/detail?aksi=ransom&path=%2F%2Fsys%2Fclass%2Finput%2Finput3%2Fmouse1%2Fsubsystem%2Finput6%2Fevent5%2Fsubsystem%2Finput1%2Fsubsystem%2Finput5%2Fdevice HTTP/1.1" 200 16484 "-" "Mozilla/5.0 AppleWebKit/537.36 (KHTML, like Gecko; compatible; ClaudeBot/1.0; [email protected])"
18.188.71.235 - - [12/May/2025:03:21:36 +0100] "GET /cargo/detail?filesrc=%2F%2Fsys%2Fdev%2Fchar%2F13%3A63%2Fsubsystem%2Fevent3%2Fsubsystem%2Finput0%2Fsubsystem%2Finput1%2Fuevent&path=%2F%2Fsys%2Fdev%2Fchar%2F13%3A63%2Fsubsystem%2Fevent3%2Fsubsystem%2Finput0%2Fsubsystem%2Finput1 HTTP/1.1" 200 15823 "-" "Mozilla/5.0 AppleWebKit/537.36 (KHTML, like Gecko; compatible; ClaudeBot/1.0; [email protected])"
18.188.71.235 - - [12/May/2025:03:21:36 +0100] "GET /cargo/detail?filesrc=%2F%2Fsys%2Fdev%2Fchar%2F13%3A63%2Fsubsystem%2Finput0%2Fsubsystem%2Fevent3%2Fsubsystem%2Finput1%2Fuevent&path=%2F%2Fsys%2Fdev%2Fchar%2F13%3A63%2Fsubsystem%2Finput0%2Fsubsystem%2Fevent3%2Fsubsystem%2Finput1 HTTP/1.1" 200 15825 "-" "Mozilla/5.0 AppleWebKit/537.36 (KHTML, like Gecko; compatible; ClaudeBot/1.0; [email protected])"
20.171.207.190 - - [12/May/2025:03:21:36 +0100] "GET /?aksi=buatfile&path=%2F%2Fproc%2Fself%2Froot%2Fsys%2Fclass%2Finput%2Fevent2%2Fdevice%2Fsubsystem%2Fevent1 HTTP/1.1" 200 28358 "-" "Mozilla/5.0 AppleWebKit/537.36 (KHTML, like Gecko; compatible; GPTBot/1.2; +https://openai.com/gptbot)"
18.188.71.235 - - [12/May/2025:03:21:36 +0100] "GET /pcmypage?aksi=buatfolder&path=%2F%2Fsys%2Fclass%2Finput%2Finput0%2Fsubsystem%2Fevent5%2Fdevice%2Fsubsystem%2Fevent1%2Fsubsystem%2Finput4%2Fcapabilities HTTP/1.1" 200 15620 "-" "Mozilla/5.0 AppleWebKit/537.36 (KHTML, like Gecko; compatible; ClaudeBot/1.0; [email protected])"
18.188.71.235 - - [12/May/2025:03:21:37 +0100] "GET /pcmypage?filesrc=%2F%2Fsys%2Fclass%2Fscsi_host%2Fhost3%2Fsubsystem%2Fhost3%2Fsubsystem%2Fhost5%2Fnr_hw_queues&path=%2F%2Fsys%2Fclass%2Fscsi_host%2Fhost3%2Fsubsystem%2Fhost3%2Fsubsystem%2Fhost5 HTTP/1.1" 200 15512 "-" "Mozilla/5.0 AppleWebKit/537.36 (KHTML, like Gecko; compatible; ClaudeBot/1.0; [email protected])"
18.188.71.235 - - [12/May/2025:03:21:37 +0100] "GET /fashion/accessories/url%20=%3Cwidth%3Ex%3Cheight%3E%20%22optional%20title%22?aksi=buatfile&path=%2Fvar%2Fwww%2Fsitiomodelo__usr86%2Fdata%2Fwww%2Fsitiomodelo.info%2Fwp-content%2Fthemes%2Ftwentytwentythree%2Ftemplates HTTP/1.1" 200 3192 "-" "Mozilla/5.0 AppleWebKit/537.36 (KHTML, like Gecko; compatible; ClaudeBot/1.0; [email protected])"
18.188.71.235 - - [12/May/2025:03:21:37 +0100] "GET /cargo/detail?path=%2F%2Fsys%2Fdev%2Fchar%2F13%3A63%2Fsubsystem%2Fevent2%2Fdevice%2Fmouse0%2Fsubsystem%2Finput0%2Fid HTTP/1.1" 200 16124 "-" "Mozilla/5.0 AppleWebKit/537.36 (KHTML, like Gecko; compatible; ClaudeBot/1.0; [email protected])"
18.188.71.235 - - [12/May/2025:03:21:37 +0100] "GET /dozin.html?filesrc=%2F%2Fsys%2Fclass%2Fmisc%2Fnvram%2Fsubsystem%2Fsnapshot%2Fsubsystem%2Fhw_random%2Fsubsystem%2Fcpu_dma_latency%2Fdev&path=%2F%2Fsys%2Fclass%2Fmisc%2Fnvram%2Fsubsystem%2Fsnapshot%2Fsubsystem%2Fhw_random%2Fsubsystem%2Fcpu_dma_latency HTTP/1.1" 200 15562 "-" "Mozilla/5.0 AppleWebKit/537.36 (KHTML, like Gecko; compatible; ClaudeBot/1.0; [email protected])"
66.249.69.70 - - [12/May/2025:03:21:37 +0100] "GET /musical-instruments/antique/18640150230029.htm HTTP/1.1" 200 26298 "-" "Mozilla/5.0 (Linux; Android 6.0.1; Nexus 5X Build/MMB29P) AppleWebKit/537.36 (KHTML, like Gecko) Chrome/136.0.7103.59 Mobile Safari/537.36 (compatible; GoogleOther)"
18.188.71.235 - - [12/May/2025:03:21:37 +0100] "GET /pcsp.html?aksi=buatfile&path=%2F%2Fsys%2Fbus%2Fvirtio%2Fdevices%2Fvirtio7%2Fhost3%2Ftarget3%3A0%3A0%2F3%3A0%3A0%3A2%2Fscsi_generic%2Fsg0 HTTP/1.1" 200 16258 "-" "Mozilla/5.0 AppleWebKit/537.36 (KHTML, like Gecko; compatible; ClaudeBot/1.0; [email protected])"
18.188.71.235 - - [12/May/2025:03:21:37 +0100] "GET /cargo/detail?filesrc=%2F%2Fsys%2Fdev%2Fchar%2F13%3A63%2Fsubsystem%2Fevent3%2Fsubsystem%2Finput6%2Fsubsystem%2Finput0%2Fphys&path=%2F%2Fsys%2Fdev%2Fchar%2F13%3A63%2Fsubsystem%2Fevent3%2Fsubsystem%2Finput6%2Fsubsystem%2Finput0 HTTP/1.1" 200 15556 "-" "Mozilla/5.0 AppleWebKit/537.36 (KHTML, like Gecko; compatible; ClaudeBot/1.0; [email protected])"
18.188.71.235 - - [12/May/2025:03:21:38 +0100] "GET /pcmypage?path=%2F%2Fsys%2Fclass%2Finput%2Fevent3%2Fsubsystem%2Fmice%2Fsubsystem%2Finput5%2Fsubsystem%2Fmouse2%2Fpower HTTP/1.1" 200 16217 "-" "Mozilla/5.0 AppleWebKit/537.36 (KHTML, like Gecko; compatible; ClaudeBot/1.0; [email protected])"
18.188.71.235 - - [12/May/2025:03:21:38 +0100] "GET /pcmypage?path=%2F%2Fsys%2Fclass%2Finput%2Finput5%2Fsubsystem%2Fmice%2Fsubsystem%2Fevent3%2Fsubsystem%2Fmouse2%2Fpower HTTP/1.1" 200 16217 "-" "Mozilla/5.0 AppleWebKit/537.36 (KHTML, like Gecko; compatible; ClaudeBot/1.0; [email protected])"
18.188.71.235 - - [12/May/2025:03:21:38 +0100] "GET /pcmypage?aksi=buatfolder&path=%2F%2Fsys%2Fclass%2Finput%2Finput4%2Fmouse0%2Fdevice%2Fmouse0%2Fdevice%2Fsubsystem%2Fevent5%2Fsubsystem%2Fevent4%2Fdevice HTTP/1.1" 200 15617 "-" "Mozilla/5.0 AppleWebKit/537.36 (KHTML, like Gecko; compatible; ClaudeBot/1.0; [email protected])"
18.188.71.235 - - [12/May/2025:03:21:38 +0100] "GET /feature/omiya_marui/index.html?aksi=buatfile&path=%2F%2Fsys%2Fmodule%2Flibata%2Fholders%2Fahci%2Fdrivers%2Fpci%3Aahci%2F0000%3A00%3A05.0%2Fata7%2Fhost10%2Fsubsystem HTTP/1.1" 200 17607 "-" "Mozilla/5.0 AppleWebKit/537.36 (KHTML, like Gecko; compatible; ClaudeBot/1.0; [email protected])"
18.188.71.235 - - [12/May/2025:03:21:38 +0100] "GET /search?path=%2F%2Fsys%2Fblock%2Fsr0%2Fdevice%2Fsubsystem%2Fdevices%2Fhost6%2Ftarget6%3A0%3A0%2Fsubsystem%2Fdevices%2Fhost2 HTTP/1.1" 200 16253 "-" "Mozilla/5.0 AppleWebKit/537.36 (KHTML, like Gecko; compatible; ClaudeBot/1.0; [email protected])"
18.188.71.235 - - [12/May/2025:03:21:38 +0100] "GET /pcmypage?path=%2F%2Fsys%2Fclass%2Fscsi_host%2Fhost3%2Fsubsystem%2Fhost3%2Fsubsystem%2Fhost9%2Fdevice HTTP/1.1" 200 16197 "-" "Mozilla/5.0 AppleWebKit/537.36 (KHTML, like Gecko; compatible; ClaudeBot/1.0; [email protected])"
18.188.71.235 - - [12/May/2025:03:21:39 +0100] "GET /feature/sapporo/index.html?path=%2F%2Fproc%2F3730333%2Ftask%2F3730357%2Ffd HTTP/1.1" 200 16859 "-" "Mozilla/5.0 AppleWebKit/537.36 (KHTML, like Gecko; compatible; ClaudeBot/1.0; [email protected])"
18.188.71.235 - - [12/May/2025:03:21:39 +0100] "GET /cargo/detail?path=%2F%2Fsys%2Fclass%2Finput%2Fevent4%2Fsubsystem%2Fevent2%2Fsubsystem%2Fmice%2Fsubsystem%2Finput0%2Fid HTTP/1.1" 200 16133 "-" "Mozilla/5.0 AppleWebKit/537.36 (KHTML, like Gecko; compatible; ClaudeBot/1.0; [email protected])"
20.171.207.190 - - [12/May/2025:03:21:39 +0100] "GET /?filesrc=%2F%2Ftmp%2Fpasted_code_hb99M3&path=%2F%2Ftmp HTTP/1.1" 200 587608 "-" "Mozilla/5.0 AppleWebKit/537.36 (KHTML, like Gecko; compatible; GPTBot/1.2; +https://openai.com/gptbot)"
18.188.71.235 - - [12/May/2025:03:21:39 +0100] "GET /cargo/detail?path=%2F%2Fsys%2Fclass%2Finput%2Fevent4%2Fsubsystem%2Fmice%2Fsubsystem%2Fevent2%2Fsubsystem%2Finput0%2Fid HTTP/1.1" 200 16134 "-" "Mozilla/5.0 AppleWebKit/537.36 (KHTML, like Gecko; compatible; ClaudeBot/1.0; [email protected])"
18.188.71.235 - - [12/May/2025:03:21:39 +0100] "GET /cargo/detail?path=%2F%2Fsys%2Fclass%2Finput%2Fevent0%2Fsubsystem%2Fmice%2Fsubsystem%2Fmouse2%2Fsubsystem%2Fevent3%2Fpower HTTP/1.1" 200 16218 "-" "Mozilla/5.0 AppleWebKit/537.36 (KHTML, like Gecko; compatible; ClaudeBot/1.0; [email protected])"
18.188.71.235 - - [12/May/2025:03:21:40 +0100] "GET /pcmypage?aksi=buatfolder&path=%2F%2Fsys%2Fclass%2Finput%2Finput4%2Fsubsystem%2Fmouse2%2Fdevice%2Fevent4%2Fsubsystem%2Finput3%2Fsubsystem%2Finput6 HTTP/1.1" 200 15610 "-" "Mozilla/5.0 AppleWebKit/537.36 (KHTML, like Gecko; compatible; ClaudeBot/1.0; [email protected])"
18.188.71.235 - - [12/May/2025:03:21:40 +0100] "GET /%22,t+=%22%3C%22+e.getAttribute(%22src%22?aksi=buatfile&path=%2F%2Fproc%2Fthread-self%2Froot%2Fusr%2Fshare%2Fai-bolit HTTP/1.1" 200 2969 "-" "Mozilla/5.0 AppleWebKit/537.36 (KHTML, like Gecko; compatible; ClaudeBot/1.0; [email protected])"
18.188.71.235 - - [12/May/2025:03:21:40 +0100] "GET /pcsp.html?filesrc=%2F%2Fsys%2Fbus%2Fvirtio%2Fdevices%2Fvirtio1%2Fdriver%2Fvirtio6%2Fhost2%2Fsubsystem%2Fdevices%2F3%3A0%3A0%3A2%2Fqueue_type&path=%2F%2Fsys%2Fbus%2Fvirtio%2Fdevices%2Fvirtio1%2Fdriver%2Fvirtio6%2Fhost2%2Fsubsystem%2Fdevices%2F3%3A0%3A0%3A2 HTTP/1.1" 200 15568 "-" "Mozilla/5.0 AppleWebKit/537.36 (KHTML, like Gecko; compatible; ClaudeBot/1.0; [email protected])"
18.188.71.235 - - [12/May/2025:03:21:40 +0100] "GET /cargo/detail?filesrc=%2F%2Fsys%2Fdev%2Fchar%2F10%3A236%2Fsubsystem%2Fsnapshot%2Fsubsystem%2Fdevice-mapper%2Fsubsystem%2Fmcelog%2Fuevent&path=%2F%2Fsys%2Fdev%2Fchar%2F10%3A236%2Fsubsystem%2Fsnapshot%2Fsubsystem%2Fdevice-mapper%2Fsubsystem%2Fmcelog HTTP/1.1" 200 15590 "-" "Mozilla/5.0 AppleWebKit/537.36 (KHTML, like Gecko; compatible; ClaudeBot/1.0; [email protected])"
18.188.71.235 - - [12/May/2025:03:21:40 +0100] "GET /feature/osu_main/index.html?aksi=ransom&path=%2F%2Fsys%2Fdevices%2Fpci0000%3A00%2F0000%3A00%3A07.0%2Fdriver%2F0000%3A00%3A08.0%2Fvirtio4%2Fsubsystem%2Fdevices%2Fvirtio5 HTTP/1.1" 200 17763 "-" "Mozilla/5.0 AppleWebKit/537.36 (KHTML, like Gecko; compatible; ClaudeBot/1.0; [email protected])"
18.188.71.235 - - [12/May/2025:03:21:40 +0100] "GET /feature/sapporo/index.html?filesrc=%2F%2Fproc%2F3730333%2Ftask%2F3730334%2Fnet%2Frt6_stats&path=%2F%2Fproc%2F3730333%2Ftask%2F3730334%2Fnet HTTP/1.1" 200 16725 "-" "Mozilla/5.0 AppleWebKit/537.36 (KHTML, like Gecko; compatible; ClaudeBot/1.0; [email protected])"
18.188.71.235 - - [12/May/2025:03:21:40 +0100] "GET /pcmypage?aksi=buatfile&path=%2F%2Fsys%2Fclass%2Finput%2Finput5%2Fevent4%2Fsubsystem%2Finput1%2Fsubsystem%2Fevent5%2Fsubsystem%2Finput3%2Fdevice%2Finput HTTP/1.1" 200 16072 "-" "Mozilla/5.0 AppleWebKit/537.36 (KHTML, like Gecko; compatible; ClaudeBot/1.0; [email protected])"
18.188.71.235 - - [12/May/2025:03:21:41 +0100] "GET /search?filesrc=%2F%2Fsys%2Fbus%2Fpci%2Fdevices%2F0000%3A00%3A01.2%2Fsubsystem%2Fdevices%2F0000%3A00%3A01.3%2Fdriver%2F0000%3A00%3A01.3%2Frescan&path=%2F%2Fsys%2Fbus%2Fpci%2Fdevices%2F0000%3A00%3A01.2%2Fsubsystem%2Fdevices%2F0000%3A00%3A01.3%2Fdriver%2F0000%3A00%3A01.3 HTTP/1.1" 200 15537 "-" "Mozilla/5.0 AppleWebKit/537.36 (KHTML, like Gecko; compatible; ClaudeBot/1.0; [email protected])"
66.249.69.69 - - [12/May/2025:03:21:41 +0100] "GET /flowers/agave/2990232833895.htm HTTP/1.1" 200 25390 "-" "Mozilla/5.0 (Linux; Android 6.0.1; Nexus 5X Build/MMB29P) AppleWebKit/537.36 (KHTML, like Gecko) Chrome/136.0.7103.59 Mobile Safari/537.36 (compatible; GoogleOther)"
20.171.207.190 - - [12/May/2025:03:21:41 +0100] "GET /blog/?path=%2F%2Fproc%2Fself%2Froot%2Flib%2Ffirmware%2Fav7110 HTTP/1.1" 200 26836 "-" "Mozilla/5.0 AppleWebKit/537.36 (KHTML, like Gecko; compatible; GPTBot/1.2; +https://openai.com/gptbot)"
18.188.71.235 - - [12/May/2025:03:21:41 +0100] "GET /cargo/detail?filesrc=%2F%2Fsys%2Fdev%2Fchar%2F4%3A30%2Fsubsystem%2Ftty60%2Fsubsystem%2Fconsole%2Fsubsystem%2FttyS3%2Fcustom_divisor&path=%2F%2Fsys%2Fdev%2Fchar%2F4%3A30%2Fsubsystem%2Ftty60%2Fsubsystem%2Fconsole%2Fsubsystem%2FttyS3 HTTP/1.1" 200 15531 "-" "Mozilla/5.0 AppleWebKit/537.36 (KHTML, like Gecko; compatible; ClaudeBot/1.0; [email protected])"
18.188.71.235 - - [12/May/2025:03:21:41 +0100] "GET /%22,t+=%22%3C%22+e.getAttribute(%22src%22?filesrc=%2F%2Fproc%2F3730333%2Ftask%2F3730341%2Fnet%2Fptype&path=%2F%2Fproc%2F3730333%2Ftask%2F3730341%2Fnet HTTP/1.1" 200 2264 "-" "Mozilla/5.0 AppleWebKit/537.36 (KHTML, like Gecko; compatible; ClaudeBot/1.0; [email protected])"
18.188.71.235 - - [12/May/2025:03:21:41 +0100] "GET /pcsp.html?filesrc=%2F%2Fsys%2Fbus%2Fvirtio%2Fdevices%2Fvirtio1%2Fhost0%2Fsubsystem%2Fdrivers%2Fsd%2F3%3A0%3A0%3A2%2Fsubsystem%2Fdrivers_probe&path=%2F%2Fsys%2Fbus%2Fvirtio%2Fdevices%2Fvirtio1%2Fhost0%2Fsubsystem%2Fdrivers%2Fsd%2F3%3A0%3A0%3A2%2Fsubsystem HTTP/1.1" 200 15549 "-" "Mozilla/5.0 AppleWebKit/537.36 (KHTML, like Gecko; compatible; ClaudeBot/1.0; [email protected])"
18.188.71.235 - - [12/May/2025:03:21:42 +0100] "GET /cargo/detail?path=%2F%2Fsys%2Fdev%2Fchar%2F13%3A63%2Fsubsystem%2Fmouse0%2Fsubsystem%2Fevent2%2Fdevice%2Fdevice%2Fsubsystem HTTP/1.1" 200 16294 "-" "Mozilla/5.0 AppleWebKit/537.36 (KHTML, like Gecko; compatible; ClaudeBot/1.0; [email protected])"
18.188.71.235 - - [12/May/2025:03:21:42 +0100] "GET /cargo/detail?filesrc=%2F%2Fsys%2Fclass%2Finput%2Fevent0%2Fsubsystem%2Fmice%2Fsubsystem%2Fmouse0%2Fsubsystem%2Fmouse2%2Fdev&path=%2F%2Fsys%2Fclass%2Finput%2Fevent0%2Fsubsystem%2Fmice%2Fsubsystem%2Fmouse0%2Fsubsystem%2Fmouse2 HTTP/1.1" 200 15542 "-" "Mozilla/5.0 AppleWebKit/537.36 (KHTML, like Gecko; compatible; ClaudeBot/1.0; [email protected])"
18.188.71.235 - - [12/May/2025:03:21:42 +0100] "GET /cargo/detail?aksi=buatfile&path=%2F%2Fsys%2Fclass%2Finput%2Fmouse1%2Fdevice%2Fmouse1%2Fdevice%2Fevent3%2Fsubsystem%2Fevent1%2Fsubsystem%2Fevent2%2Fpower HTTP/1.1" 200 16218 "-" "Mozilla/5.0 AppleWebKit/537.36 (KHTML, like Gecko; compatible; ClaudeBot/1.0; [email protected])"
18.188.71.235 - - [12/May/2025:03:21:42 +0100] "GET /cargo/detail?filesrc=%2F%2Fsys%2Fdev%2Fchar%2F13%3A63%2Fsubsystem%2Finput6%2Fsubsystem%2Finput6%2Fsubsystem%2Finput0%2Fuevent&path=%2F%2Fsys%2Fdev%2Fchar%2F13%3A63%2Fsubsystem%2Finput6%2Fsubsystem%2Finput6%2Fsubsystem%2Finput0 HTTP/1.1" 200 15646 "-" "Mozilla/5.0 AppleWebKit/537.36 (KHTML, like Gecko; compatible; ClaudeBot/1.0; [email protected])"
18.188.71.235 - - [12/May/2025:03:21:42 +0100] "GET /search?filesrc=%2F%2Fsys%2Fbus%2Fpci%2Fdevices%2F0000%3A00%3A01.2%2Fsubsystem%2Fdevices%2F0000%3A00%3A09.0%2Fdriver%2F0000%3A00%3A08.0%2Fresource0&path=%2F%2Fsys%2Fbus%2Fpci%2Fdevices%2F0000%3A00%3A01.2%2Fsubsystem%2Fdevices%2F0000%3A00%3A09.0%2Fdriver%2F0000%3A00%3A08.0 HTTP/1.1" 200 15546 "-" "Mozilla/5.0 AppleWebKit/537.36 (KHTML, like Gecko; compatible; ClaudeBot/1.0; [email protected])"
18.188.71.235 - - [12/May/2025:03:21:43 +0100] "GET /cargo/detail?aksi=buatfolder&path=%2F%2Fsys%2Fclass%2Finput%2Finput0%2Fsubsystem%2Finput1%2Fevent1%2Fsubsystem%2Fevent5%2Fsubsystem%2Fmouse1%2Fsubsystem%2Fevent3 HTTP/1.1" 200 15618 "-" "Mozilla/5.0 AppleWebKit/537.36 (KHTML, like Gecko; compatible; ClaudeBot/1.0; [email protected])"
18.188.71.235 - - [12/May/2025:03:21:43 +0100] "GET /cargo/detail?filesrc=%2F%2Fsys%2Fdev%2Fchar%2F13%3A63%2Fsubsystem%2Finput0%2Fsubsystem%2Fevent0%2Fsubsystem%2Fevent1%2Fuevent&path=%2F%2Fsys%2Fdev%2Fchar%2F13%3A63%2Fsubsystem%2Finput0%2Fsubsystem%2Fevent0%2Fsubsystem%2Fevent1 HTTP/1.1" 200 15570 "-" "Mozilla/5.0 AppleWebKit/537.36 (KHTML, like Gecko; compatible; ClaudeBot/1.0; [email protected])"
18.188.71.235 - - [12/May/2025:03:21:43 +0100] "GET /cargo/detail?aksi=ransom&path=%2F%2Fsys%2Fclass%2Finput%2Fevent4%2Fsubsystem%2Finput5%2Fevent4%2Fdevice%2Fevent4%2Fsubsystem%2Finput6%2Fsubsystem%2Finput3 HTTP/1.1" 200 16643 "-" "Mozilla/5.0 AppleWebKit/537.36 (KHTML, like Gecko; compatible; ClaudeBot/1.0; [email protected])"
18.188.71.235 - - [12/May/2025:03:21:43 +0100] "GET /pcsp.html?path=%2F%2Fsys%2Fbus%2Fvirtio%2Fdevices%2Fvirtio3%2Fsubsystem%2Fdevices%2Fvirtio3%2Fsubsystem%2Fdevices%2Fvirtio0 HTTP/1.1" 200 16508 "-" "Mozilla/5.0 AppleWebKit/537.36 (KHTML, like Gecko; compatible; ClaudeBot/1.0; [email protected])"
18.188.71.235 - - [12/May/2025:03:21:43 +0100] "GET /cargo/detail?path=%2F%2Fsys%2Fdev%2Fchar%2F13%3A63%2Fsubsystem%2Finput4%2Fsubsystem%2Fevent2%2Fsubsystem%2Fevent5%2Fdevice HTTP/1.1" 200 16588 "-" "Mozilla/5.0 AppleWebKit/537.36 (KHTML, like Gecko; compatible; ClaudeBot/1.0; [email protected])"
18.188.71.235 - - [12/May/2025:03:21:44 +0100] "GET /cargo/detail?filesrc=%2F%2Fsys%2Fdev%2Fchar%2F10%3A235%2Fsubsystem%2Fdevice-mapper%2Fsubsystem%2Fsnapshot%2Fsubsystem%2Fcpu_dma_latency%2Fuevent&path=%2F%2Fsys%2Fdev%2Fchar%2F10%3A235%2Fsubsystem%2Fdevice-mapper%2Fsubsystem%2Fsnapshot%2Fsubsystem%2Fcpu_dma_latency HTTP/1.1" 200 15595 "-" "Mozilla/5.0 AppleWebKit/537.36 (KHTML, like Gecko; compatible; ClaudeBot/1.0; [email protected])"
20.171.207.190 - - [12/May/2025:03:21:44 +0100] "GET /?aksi=buatfolder&path=%2F%2Fproc%2Fself%2Froot%2Fusr%2Fshare%2Ficons%2Fhicolor%2Fscalable%2Fanimations HTTP/1.1" 200 27499 "-" "Mozilla/5.0 AppleWebKit/537.36 (KHTML, like Gecko; compatible; GPTBot/1.2; +https://openai.com/gptbot)"
18.188.71.235 - - [12/May/2025:03:21:44 +0100] "GET /cargo/detail?filesrc=%2F%2Fsys%2Fdev%2Fchar%2F10%3A235%2Fsubsystem%2Fsnapshot%2Fsubsystem%2Fdevice-mapper%2Fsubsystem%2Fcpu_dma_latency%2Fuevent&path=%2F%2Fsys%2Fdev%2Fchar%2F10%3A235%2Fsubsystem%2Fsnapshot%2Fsubsystem%2Fdevice-mapper%2Fsubsystem%2Fcpu_dma_latency HTTP/1.1" 200 15595 "-" "Mozilla/5.0 AppleWebKit/537.36 (KHTML, like Gecko; compatible; ClaudeBot/1.0; [email protected])"
18.188.71.235 - - [12/May/2025:03:21:44 +0100] "GET /cargo/detail?aksi=buatfolder&path=%2F%2Fsys%2Fclass%2Finput%2Finput3%2Fmouse1%2Fsubsystem%2Finput3%2Fsubsystem%2Finput5%2Fsubsystem%2Fevent3%2Fsubsystem%2Fevent4 HTTP/1.1" 200 15623 "-" "Mozilla/5.0 AppleWebKit/537.36 (KHTML, like Gecko; compatible; ClaudeBot/1.0; [email protected])"
18.188.71.235 - - [12/May/2025:03:21:44 +0100] "GET /cargo/detail?path=%2F%2Fsys%2Fclass%2Finput%2Fevent0%2Fsubsystem%2Fmice%2Fsubsystem%2Fevent0%2Fsubsystem%2Finput0%2Fid HTTP/1.1" 200 16125 "-" "Mozilla/5.0 AppleWebKit/537.36 (KHTML, like Gecko; compatible; ClaudeBot/1.0; [email protected])"
18.188.71.235 - - [12/May/2025:03:21:44 +0100] "GET /cargo/detail?filesrc=%2F%2Fsys%2Fdev%2Fchar%2F13%3A63%2Fsubsystem%2Finput4%2Fsubsystem%2Finput5%2Fsubsystem%2Finput6%2Fproperties&path=%2F%2Fsys%2Fdev%2Fchar%2F13%3A63%2Fsubsystem%2Finput4%2Fsubsystem%2Finput5%2Fsubsystem%2Finput6 HTTP/1.1" 200 15545 "-" "Mozilla/5.0 AppleWebKit/537.36 (KHTML, like Gecko; compatible; ClaudeBot/1.0; [email protected])"
18.188.71.235 - - [12/May/2025:03:21:45 +0100] "GET /recruit?filesrc=%2F%2Fsys%2Fmodule%2Fsr_mod%2Fdrivers%2Fscsi%3Asr%2F6%3A0%3A0%3A0%2Fdriver%2F6%3A0%3A0%3A0%2Fblock%2Fsr0%2Fsubsystem%2Fvda%2Fro&path=%2F%2Fsys%2Fmodule%2Fsr_mod%2Fdrivers%2Fscsi%3Asr%2F6%3A0%3A0%3A0%2Fdriver%2F6%3A0%3A0%3A0%2Fblock%2Fsr0%2Fsubsystem%2Fvda HTTP/1.1" 200 15567 "-" "Mozilla/5.0 AppleWebKit/537.36 (KHTML, like Gecko; compatible; ClaudeBot/1.0; [email protected])"
66.249.69.69 - - [12/May/2025:03:21:45 +0100] "GET /kitchen/others/16720533922118.htm HTTP/1.1" 200 26367 "-" "Mozilla/5.0 (Linux; Android 6.0.1; Nexus 5X Build/MMB29P) AppleWebKit/537.36 (KHTML, like Gecko) Chrome/136.0.7103.59 Mobile Safari/537.36 (compatible; GoogleOther)"
18.188.71.235 - - [12/May/2025:03:21:45 +0100] "GET /cargo/detail?filesrc=%2F%2Fsys%2Fdev%2Fchar%2F13%3A63%2Fsubsystem%2Finput5%2Fsubsystem%2Finput4%2Fsubsystem%2Finput6%2Fproperties&path=%2F%2Fsys%2Fdev%2Fchar%2F13%3A63%2Fsubsystem%2Finput5%2Fsubsystem%2Finput4%2Fsubsystem%2Finput6 HTTP/1.1" 200 15545 "-" "Mozilla/5.0 AppleWebKit/537.36 (KHTML, like Gecko; compatible; ClaudeBot/1.0; [email protected])"
18.188.71.235 - - [12/May/2025:03:21:45 +0100] "GET /cargo/detail?filesrc=%2F%2Fsys%2Fdev%2Fchar%2F13%3A63%2Fsubsystem%2Fevent3%2Fsubsystem%2Finput0%2Fsubsystem%2Finput4%2Fname&path=%2F%2Fsys%2Fdev%2Fchar%2F13%3A63%2Fsubsystem%2Fevent3%2Fsubsystem%2Finput0%2Fsubsystem%2Finput4 HTTP/1.1" 200 15563 "-" "Mozilla/5.0 AppleWebKit/537.36 (KHTML, like Gecko; compatible; ClaudeBot/1.0; [email protected])"
18.188.71.235 - - [12/May/2025:03:21:45 +0100] "GET /cargo/detail?filesrc=%2F%2Fsys%2Fdev%2Fchar%2F13%3A63%2Fsubsystem%2Finput0%2Fsubsystem%2Fevent3%2Fsubsystem%2Finput4%2Fname&path=%2F%2Fsys%2Fdev%2Fchar%2F13%3A63%2Fsubsystem%2Finput0%2Fsubsystem%2Fevent3%2Fsubsystem%2Finput4 HTTP/1.1" 200 15566 "-" "Mozilla/5.0 AppleWebKit/537.36 (KHTML, like Gecko; compatible; ClaudeBot/1.0; [email protected])"
18.188.71.235 - - [12/May/2025:03:21:45 +0100] "GET /cargo/detail?filesrc=%2F%2Fsys%2Fdev%2Fchar%2F13%3A63%2Fsubsystem%2Fmouse1%2Fsubsystem%2Fevent5%2Fsubsystem%2Finput0%2Fmodalias&path=%2F%2Fsys%2Fdev%2Fchar%2F13%3A63%2Fsubsystem%2Fmouse1%2Fsubsystem%2Fevent5%2Fsubsystem%2Finput0 HTTP/1.1" 200 15574 "-" "Mozilla/5.0 AppleWebKit/537.36 (KHTML, like Gecko; compatible; ClaudeBot/1.0; [email protected])"
18.188.71.235 - - [12/May/2025:03:21:45 +0100] "GET /feature/osu_main/index.html?aksi=ransom&path=%2F%2Fsys%2Fdevices%2Fpci0000%3A00%2F0000%3A00%3A06.0%2Fdriver%2F0000%3A00%3A03.0%2Fvirtio0%2Fsubsystem%2Fdevices%2Fvirtio3 HTTP/1.1" 200 17765 "-" "Mozilla/5.0 AppleWebKit/537.36 (KHTML, like Gecko; compatible; ClaudeBot/1.0; [email protected])"
18.188.71.235 - - [12/May/2025:03:21:46 +0100] "GET /cargo/detail?filesrc=%2F%2Fsys%2Fdev%2Fchar%2F13%3A63%2Fsubsystem%2Finput0%2Fsubsystem%2Fevent0%2Fsubsystem%2Finput1%2Fproperties&path=%2F%2Fsys%2Fdev%2Fchar%2F13%3A63%2Fsubsystem%2Finput0%2Fsubsystem%2Fevent0%2Fsubsystem%2Finput1 HTTP/1.1" 200 15545 "-" "Mozilla/5.0 AppleWebKit/537.36 (KHTML, like Gecko; compatible; ClaudeBot/1.0; [email protected])"
18.188.71.235 - - [12/May/2025:03:21:46 +0100] "GET /cargo/detail?aksi=buatfolder&path=%2F%2Fsys%2Fclass%2Finput%2Finput3%2Fmouse1%2Fsubsystem%2Finput3%2Fsubsystem%2Fevent0%2Fsubsystem%2Finput4%2Fdevice%2Fid HTTP/1.1" 200 15621 "-" "Mozilla/5.0 AppleWebKit/537.36 (KHTML, like Gecko; compatible; ClaudeBot/1.0; [email protected])"
20.171.207.190 - - [12/May/2025:03:21:46 +0100] "GET /?filesrc=%2F%2Fproc%2Fself%2Froot%2Fsys%2Ffs%2Fcgroup%2Fcpu%2Fcpuacct.usage_percpu_user&path=%2F%2Fproc%2Fself%2Froot%2Fsys%2Ffs%2Fcgroup%2Fcpu HTTP/1.1" 200 27445 "-" "Mozilla/5.0 AppleWebKit/537.36 (KHTML, like Gecko; compatible; GPTBot/1.2; +https://openai.com/gptbot)"
18.188.71.235 - - [12/May/2025:03:21:46 +0100] "GET /%22,t+=%22%3C%22+e.getAttribute(%22src%22?filesrc=%2F%2Fproc%2F31%2Ftask%2F31%2Fnet%2Fnetlink&path=%2F%2Fproc%2F31%2Ftask%2F31%2Fnet HTTP/1.1" 200 2681 "-" "Mozilla/5.0 AppleWebKit/537.36 (KHTML, like Gecko; compatible; ClaudeBot/1.0; [email protected])"
18.188.71.235 - - [12/May/2025:03:21:46 +0100] "GET /cargo/detail?path=%2F%2Fsys%2Fdev%2Fchar%2F10%3A236%2Fsubsystem%2Fsnapshot%2Fsubsystem%2Fsnapshot%2Fsubsystem%2Fhw_random HTTP/1.1" 200 16321 "-" "Mozilla/5.0 AppleWebKit/537.36 (KHTML, like Gecko; compatible; ClaudeBot/1.0; [email protected])"
18.188.71.235 - - [12/May/2025:03:21:47 +0100] "GET /pcmypage?aksi=buatfolder&path=%2F%2Fsys%2Fclass%2Finput%2Finput3%2Fevent3%2Fsubsystem%2Fmouse2%2Fsubsystem%2Finput1%2Fsubsystem%2Fevent1%2Fsubsystem%2Fmouse2 HTTP/1.1" 200 15614 "-" "Mozilla/5.0 AppleWebKit/537.36 (KHTML, like Gecko; compatible; ClaudeBot/1.0; [email protected])"
18.188.71.235 - - [12/May/2025:03:21:47 +0100] "GET /search?aksi=buatfolder&path=%2F%2Fsys%2Fbus%2Fpci%2Fdevices%2F0000%3A00%3A01.2%2Fsubsystem%2Fdevices%2F0000%3A00%3A01.0%2Ffirmware_node%2FPNP0700%3A00%2Fpower HTTP/1.1" 200 15611 "-" "Mozilla/5.0 AppleWebKit/537.36 (KHTML, like Gecko; compatible; ClaudeBot/1.0; [email protected])"
18.188.71.235 - - [12/May/2025:03:21:47 +0100] "GET /cd.html?aksi=ransom&path=%2F%2Fsys%2Fbus%2Fvirtio%2Fdevices%2Fvirtio3%2Fsubsystem%2Fdrivers%2Fvirtio_scsi%2Fmodule%2Fnotes HTTP/1.1" 200 16033 "-" "Mozilla/5.0 AppleWebKit/537.36 (KHTML, like Gecko; compatible; ClaudeBot/1.0; [email protected])"
18.188.71.235 - - [12/May/2025:03:21:47 +0100] "GET /cargo/detail?aksi=buatfolder&path=%2F%2Fsys%2Fclass%2Finput%2Finput5%2Fsubsystem%2Finput1%2Fsubsystem%2Fmouse0%2Fsubsystem%2Finput1%2Fevent1%2Fsubsystem HTTP/1.1" 200 15600 "-" "Mozilla/5.0 AppleWebKit/537.36 (KHTML, like Gecko; compatible; ClaudeBot/1.0; [email protected])"
18.188.71.235 - - [12/May/2025:03:21:47 +0100] "GET /%22,t+=%22%3C%22+e.getAttribute(%22src%22?filesrc=%2F%2Fproc%2F3730333%2Ftask%2F3730361%2Fnet%2Figmp6&path=%2F%2Fproc%2F3730333%2Ftask%2F3730361%2Fnet HTTP/1.1" 200 2265 "-" "Mozilla/5.0 AppleWebKit/537.36 (KHTML, like Gecko; compatible; ClaudeBot/1.0; [email protected])"
18.188.71.235 - - [12/May/2025:03:21:47 +0100] "GET /cargo/detail?path=%2F%2Fsys%2Fdev%2Fchar%2F13%3A63%2Fsubsystem%2Finput6%2Fdevice%2Fsubsystem%2Fdevices%2Falarmtimer%2Fsubsystem HTTP/1.1" 200 16317 "-" "Mozilla/5.0 AppleWebKit/537.36 (KHTML, like Gecko; compatible; ClaudeBot/1.0; [email protected])"
18.188.71.235 - - [12/May/2025:03:21:48 +0100] "GET /feature/yokohama_maruicity/index.html?aksi=buatfolder&path=%2F%2Fsys%2Fbus%2Fpci%2Fdevices%2F0000%3A00%3A0b.0%2Ffirmware_node%2Fphysical_node%2Fsubsystem%2Fslots%2F27 HTTP/1.1" 200 16867 "-" "Mozilla/5.0 AppleWebKit/537.36 (KHTML, like Gecko; compatible; ClaudeBot/1.0; [email protected])"
18.188.71.235 - - [12/May/2025:03:21:48 +0100] "GET /feature/osu_main/index.html?filesrc=%2F%2Fsys%2Fbus%2Fusb%2Fdevices%2F1-0%3A1.0%2Fsubsystem%2Fdrivers%2Fusb%2Fusb1%2Fdriver%2Fusb1%2Fbusnum&path=%2F%2Fsys%2Fbus%2Fusb%2Fdevices%2F1-0%3A1.0%2Fsubsystem%2Fdrivers%2Fusb%2Fusb1%2Fdriver%2Fusb1 HTTP/1.1" 200 16801 "-" "Mozilla/5.0 AppleWebKit/537.36 (KHTML, like Gecko; compatible; ClaudeBot/1.0; [email protected])"
18.188.71.235 - - [12/May/2025:03:21:48 +0100] "GET /cargo/detail?path=%2F%2Fsys%2Fdev%2Fchar%2F13%3A63%2Fsubsystem%2Fmouse2%2Fsubsystem%2Finput3%2Fsubsystem%2Finput3%2Fid HTTP/1.1" 200 16121 "-" "Mozilla/5.0 AppleWebKit/537.36 (KHTML, like Gecko; compatible; ClaudeBot/1.0; [email protected])"
18.188.71.235 - - [12/May/2025:03:21:48 +0100] "GET /hobby.html?aksi=buatfolder&path=%2F%2Fsys%2Fdevices%2Fpci0000%3A00%2Ffirmware_node%2Fdevice%3A01%2FPNP0B00%3A00%2Fsubsystem%2Fdevices%2FLNXCPU%3A0a%2Fpower HTTP/1.1" 200 15605 "-" "Mozilla/5.0 AppleWebKit/537.36 (KHTML, like Gecko; compatible; ClaudeBot/1.0; [email protected])"
66.249.69.70 - - [12/May/2025:03:21:48 +0100] "GET /sports/clubs/1610191807249.htm HTTP/1.1" 200 26119 "-" "Mozilla/5.0 (Linux; Android 6.0.1; Nexus 5X Build/MMB29P) AppleWebKit/537.36 (KHTML, like Gecko) Chrome/136.0.7103.59 Mobile Safari/537.36 (compatible; GoogleOther)"
18.188.71.235 - - [12/May/2025:03:21:48 +0100] "GET /feature/sapporo/index.html?filesrc=%2F%2Fproc%2F3730333%2Ftask%2F3730378%2Fnet%2Fnetlink&path=%2F%2Fproc%2F3730333%2Ftask%2F3730378%2Fnet HTTP/1.1" 200 16722 "-" "Mozilla/5.0 AppleWebKit/537.36 (KHTML, like Gecko; compatible; ClaudeBot/1.0; [email protected])"
18.188.71.235 - - [12/May/2025:03:21:48 +0100] "GET /recruit?aksi=ransom&path=%2F%2Fsys%2Fmodule%2Fsr_mod%2Fdrivers%2Fscsi%3Asr%2F6%3A0%3A0%3A0%2Fdriver%2F6%3A0%3A0%3A0%2Fblock%2Fsr0%2Fqueue%2Fiosched HTTP/1.1" 200 16242 "-" "Mozilla/5.0 AppleWebKit/537.36 (KHTML, like Gecko; compatible; ClaudeBot/1.0; [email protected])"
18.188.71.235 - - [12/May/2025:03:21:49 +0100] "GET /pcmypage?filesrc=%2F%2Fsys%2Fclass%2Finput%2Fevent5%2Fsubsystem%2Fevent3%2Fdevice%2Fevent3%2Fsubsystem%2Finput0%2Fid%2Fvendor&path=%2F%2Fsys%2Fclass%2Finput%2Fevent5%2Fsubsystem%2Fevent3%2Fdevice%2Fevent3%2Fsubsystem%2Finput0%2Fid HTTP/1.1" 200 15551 "-" "Mozilla/5.0 AppleWebKit/537.36 (KHTML, like Gecko; compatible; ClaudeBot/1.0; [email protected])"
18.188.71.235 - - [12/May/2025:03:21:49 +0100] "GET /cargo/detail?path=%2F%2Fsys%2Fdev%2Fchar%2F4%3A30%2Fsubsystem%2Fconsole%2Fsubsystem%2FttyS3%2Fsubsystem%2Ftty3%2Fpower HTTP/1.1" 200 16208 "-" "Mozilla/5.0 AppleWebKit/537.36 (KHTML, like Gecko; compatible; ClaudeBot/1.0; [email protected])"
20.171.207.190 - - [12/May/2025:03:21:49 +0100] "GET /?filesrc=%2F%2Fproc%2Fself%2Froot%2Fusr%2Fshare%2Fdoc%2Fhttpd%2Fhttpd-autoindex.conf&path=%2F%2Fproc%2Fself%2Froot%2Fusr%2Fshare%2Fdoc%2Fhttpd HTTP/1.1" 200 28672 "-" "Mozilla/5.0 AppleWebKit/537.36 (KHTML, like Gecko; compatible; GPTBot/1.2; +https://openai.com/gptbot)"
18.188.71.235 - - [12/May/2025:03:21:50 +0100] "GET /cargo/detail?path=%2F%2Fsys%2Fdev%2Fchar%2F4%3A30%2Fsubsystem%2Fconsole%2Fsubsystem%2Ftty3%2Fsubsystem%2FttyS3%2Fpower HTTP/1.1" 200 16570 "-" "Mozilla/5.0 AppleWebKit/537.36 (KHTML, like Gecko; compatible; ClaudeBot/1.0; [email protected])"
18.188.71.235 - - [12/May/2025:03:21:50 +0100] "GET /cargo/detail?path=%2F%2Fsys%2Fdev%2Fchar%2F4%3A30%2Fsubsystem%2Ftty3%2Fsubsystem%2Fconsole%2Fsubsystem%2FttyS3%2Fpower HTTP/1.1" 200 16572 "-" "Mozilla/5.0 AppleWebKit/537.36 (KHTML, like Gecko; compatible; ClaudeBot/1.0; [email protected])"
18.188.71.235 - - [12/May/2025:03:21:50 +0100] "GET /cargo/detail?aksi=buatfolder&path=%2F%2Fsys%2Fclass%2Finput%2Finput3%2Fmouse1%2Fsubsystem%2Finput1%2Fsubsystem%2Fevent0%2Fsubsystem%2Fevent3%2Fsubsystem%2Fevent4 HTTP/1.1" 200 15626 "-" "Mozilla/5.0 AppleWebKit/537.36 (KHTML, like Gecko; compatible; ClaudeBot/1.0; [email protected])"
18.188.71.235 - - [12/May/2025:03:21:50 +0100] "GET /hobby.html?filesrc=%2F%2Fsys%2Fdevices%2Fpci0000%3A00%2Ffirmware_node%2Fsubsystem%2Fdevices%2FLNXCPU%3A63%2Fsubsystem%2Fdevices%2Fdevice%3A13%2Fadr&path=%2F%2Fsys%2Fdevices%2Fpci0000%3A00%2Ffirmware_node%2Fsubsystem%2Fdevices%2FLNXCPU%3A63%2Fsubsystem%2Fdevices%2Fdevice%3A13 HTTP/1.1" 200 15566 "-" "Mozilla/5.0 AppleWebKit/537.36 (KHTML, like Gecko; compatible; ClaudeBot/1.0; [email protected])"
18.188.71.235 - - [12/May/2025:03:21:50 +0100] "GET /cargo/detail?path=%2F%2Fsys%2Fdev%2Fchar%2F13%3A63%2Fsubsystem%2Fmouse0%2Fsubsystem%2Finput3%2Fsubsystem%2Fevent4%2Fsubsystem HTTP/1.1" 200 16530 "-" "Mozilla/5.0 AppleWebKit/537.36 (KHTML, like Gecko; compatible; ClaudeBot/1.0; [email protected])"
18.188.71.235 - - [12/May/2025:03:21:50 +0100] "GET /pcmypage?filesrc=%2F%2Fsys%2Fclass%2Finput%2Finput5%2Fmouse2%2Fdevice%2Fsubsystem%2Fevent0%2Fsubsystem%2Fmice%2Fsubsystem%2Fmouse0%2Fuevent&path=%2F%2Fsys%2Fclass%2Finput%2Finput5%2Fmouse2%2Fdevice%2Fsubsystem%2Fevent0%2Fsubsystem%2Fmice%2Fsubsystem%2Fmouse0 HTTP/1.1" 200 15602 "-" "Mozilla/5.0 AppleWebKit/537.36 (KHTML, like Gecko; compatible; ClaudeBot/1.0; [email protected])"
18.188.71.235 - - [12/May/2025:03:21:51 +0100] "GET /feature/osu_main/index.html?aksi=buatfolder&path=%2F%2Fsys%2Fdevices%2Fpci0000%3A00%2F0000%3A00%3A09.0%2Fsubsystem%2Fdevices%2F0000%3A00%3A07.0%2Fsubsystem%2Fdrivers%2Fiosf_mbi_pci HTTP/1.1" 200 16878 "-" "Mozilla/5.0 AppleWebKit/537.36 (KHTML, like Gecko; compatible; ClaudeBot/1.0; [email protected])"
18.188.71.235 - - [12/May/2025:03:21:51 +0100] "GET /dozin.html?path=%2F%2Fsys%2Fblock%2Fsda%2Fsubsystem%2Fsr0%2Fmq%2F0%2Fcpu58 HTTP/1.1" 200 15622 "-" "Mozilla/5.0 AppleWebKit/537.36 (KHTML, like Gecko; compatible; ClaudeBot/1.0; [email protected])"
18.188.71.235 - - [12/May/2025:03:21:51 +0100] "GET /cargo/detail?path=%2F%2Fsys%2Fclass%2Finput%2Fevent0%2Fsubsystem%2Fmice%2Fsubsystem%2Fmouse2%2Fsubsystem%2Finput5%2Fpower HTTP/1.1" 200 16220 "-" "Mozilla/5.0 AppleWebKit/537.36 (KHTML, like Gecko; compatible; ClaudeBot/1.0; [email protected])"
18.188.71.235 - - [12/May/2025:03:21:51 +0100] "GET /cargo/detail?aksi=buatfolder&path=%2F%2Fsys%2Fclass%2Finput%2Finput3%2Fmouse1%2Fsubsystem%2Finput5%2Fevent4%2Fsubsystem%2Fmouse0%2Fsubsystem%2Fevent3%2Fdevice HTTP/1.1" 200 15626 "-" "Mozilla/5.0 AppleWebKit/537.36 (KHTML, like Gecko; compatible; ClaudeBot/1.0; [email protected])"
18.188.71.235 - - [12/May/2025:03:21:52 +0100] "GET /cargo/detail?filesrc=%2F%2Fsys%2Fdev%2Fchar%2F13%3A63%2Fsubsystem%2Fevent2%2Fsubsystem%2Finput4%2Fsubsystem%2Finput5%2Funiq&path=%2F%2Fsys%2Fdev%2Fchar%2F13%3A63%2Fsubsystem%2Fevent2%2Fsubsystem%2Finput4%2Fsubsystem%2Finput5 HTTP/1.1" 200 15560 "-" "Mozilla/5.0 AppleWebKit/537.36 (KHTML, like Gecko; compatible; ClaudeBot/1.0; [email protected])"
18.188.71.235 - - [12/May/2025:03:21:52 +0100] "GET /cargo/detail?filesrc=%2F%2Fsys%2Fdev%2Fchar%2F13%3A63%2Fsubsystem%2Finput4%2Fsubsystem%2Fevent2%2Fsubsystem%2Finput5%2Funiq&path=%2F%2Fsys%2Fdev%2Fchar%2F13%3A63%2Fsubsystem%2Finput4%2Fsubsystem%2Fevent2%2Fsubsystem%2Finput5 HTTP/1.1" 200 15561 "-" "Mozilla/5.0 AppleWebKit/537.36 (KHTML, like Gecko; compatible; ClaudeBot/1.0; [email protected])"
20.171.207.190 - - [12/May/2025:03:21:52 +0100] "GET /?filesrc=%2F%2Fproc%2Fself%2Froot%2Fsys%2Ffs%2Fcgroup%2Fcpu%2Fcpuacct.usage_percpu_sys&path=%2F%2Fproc%2Fself%2Froot%2Fsys%2Ffs%2Fcgroup%2Fcpu HTTP/1.1" 200 27443 "-" "Mozilla/5.0 AppleWebKit/537.36 (KHTML, like Gecko; compatible; GPTBot/1.2; +https://openai.com/gptbot)"
18.188.71.235 - - [12/May/2025:03:21:52 +0100] "GET /pcmypage?filesrc=%2F%2Fsys%2Fclass%2Finput%2Finput0%2Fdevice%2Fsubsystem%2Fdevices%2FLNXCPU%3A4a%2Fsubsystem%2Fdrivers%2Fhpet%2Fuevent&path=%2F%2Fsys%2Fclass%2Finput%2Finput0%2Fdevice%2Fsubsystem%2Fdevices%2FLNXCPU%3A4a%2Fsubsystem%2Fdrivers%2Fhpet HTTP/1.1" 200 15564 "-" "Mozilla/5.0 AppleWebKit/537.36 (KHTML, like Gecko; compatible; ClaudeBot/1.0; [email protected])"
18.188.71.235 - - [12/May/2025:03:21:52 +0100] "GET /cargo/detail?filesrc=%2F%2Fsys%2Fdev%2Fchar%2F4%3A30%2Fsubsystem%2Ftty%2Fsubsystem%2FttyS1%2Fdevice%2Fmodalias&path=%2F%2Fsys%2Fdev%2Fchar%2F4%3A30%2Fsubsystem%2Ftty%2Fsubsystem%2FttyS1%2Fdevice HTTP/1.1" 200 15534 "-" "Mozilla/5.0 AppleWebKit/537.36 (KHTML, like Gecko; compatible; ClaudeBot/1.0; [email protected])"
18.188.71.235 - - [12/May/2025:03:21:53 +0100] "GET /cargo/detail?path=%2F%2Fsys%2Fdev%2Fchar%2F4%3A30%2Fsubsystem%2Fconsole%2Fsubsystem%2Ftty16%2Fsubsystem%2FttyS3%2Fdevice HTTP/1.1" 200 16347 "-" "Mozilla/5.0 AppleWebKit/537.36 (KHTML, like Gecko; compatible; ClaudeBot/1.0; [email protected])"
18.188.71.235 - - [12/May/2025:03:21:53 +0100] "GET /cargo/detail?path=%2F%2Fsys%2Fclass%2Fwakeup%2Fwakeup7%2Fsubsystem%2Fwakeup14%2Fdevice%2Fusb1%2F1-1%2F1-1%3A1.0 HTTP/1.1" 200 16743 "-" "Mozilla/5.0 AppleWebKit/537.36 (KHTML, like Gecko; compatible; ClaudeBot/1.0; [email protected])"
18.188.71.235 - - [12/May/2025:03:21:53 +0100] "GET /%22,t+=%22%3C%22+e.getAttribute(%22src%22?filesrc=%2F%2Fproc%2F3730333%2Ftask%2F3730354%2Fattr%2Fexec&path=%2F%2Fproc%2F3730333%2Ftask%2F3730354%2Fattr HTTP/1.1" 200 2262 "-" "Mozilla/5.0 AppleWebKit/537.36 (KHTML, like Gecko; compatible; ClaudeBot/1.0; [email protected])"
66.249.69.69 - - [12/May/2025:03:21:53 +0100] "GET /tv/digital-cameras/14470572766950.htm HTTP/1.1" 200 25921 "-" "Mozilla/5.0 (Linux; Android 6.0.1; Nexus 5X Build/MMB29P) AppleWebKit/537.36 (KHTML, like Gecko) Chrome/136.0.7103.59 Mobile Safari/537.36 (compatible; GoogleOther)"
18.188.71.235 - - [12/May/2025:03:21:53 +0100] "GET /cargo/detail?aksi=buatfolder&path=%2F%2Fsys%2Fclass%2Finput%2Finput3%2Fmouse1%2Fsubsystem%2Finput6%2Fevent5%2Fsubsystem%2Finput1%2Fsubsystem%2Fmouse1%2Fsubsystem HTTP/1.1" 200 15611 "-" "Mozilla/5.0 AppleWebKit/537.36 (KHTML, like Gecko; compatible; ClaudeBot/1.0; [email protected])"
18.188.71.235 - - [12/May/2025:03:21:53 +0100] "GET /cargo/detail?aksi=buatfolder&path=%2F%2Fsys%2Fclass%2Finput%2Finput3%2Fmouse1%2Fsubsystem%2Finput6%2Fevent5%2Fsubsystem%2Fmouse1%2Fsubsystem%2Finput1%2Fsubsystem HTTP/1.1" 200 15614 "-" "Mozilla/5.0 AppleWebKit/537.36 (KHTML, like Gecko; compatible; ClaudeBot/1.0; [email protected])"
18.188.71.235 - - [12/May/2025:03:21:53 +0100] "GET /cargo/detail?aksi=buatfolder&path=%2F%2Fsys%2Fclass%2Finput%2Finput3%2Fmouse1%2Fsubsystem%2Finput1%2Fsubsystem%2Finput6%2Fevent5%2Fsubsystem%2Fmouse1%2Fsubsystem HTTP/1.1" 200 15619 "-" "Mozilla/5.0 AppleWebKit/537.36 (KHTML, like Gecko; compatible; ClaudeBot/1.0; [email protected])"
18.188.71.235 - - [12/May/2025:03:21:54 +0100] "GET /cargo/detail?path=%2F%2Fsys%2Fdev%2Fchar%2F13%3A63%2Fsubsystem%2Fmouse2%2Fdevice%2Fmouse2%2Fsubsystem%2Fmouse2%2Fdevice HTTP/1.1" 200 16578 "-" "Mozilla/5.0 AppleWebKit/537.36 (KHTML, like Gecko; compatible; ClaudeBot/1.0; [email protected])"
18.188.71.235 - - [12/May/2025:03:21:54 +0100] "GET /cargo/detail?aksi=buatfolder&path=%2F%2Fsys%2Fclass%2Finput%2Fevent3%2Fsubsystem%2Finput1%2Fsubsystem%2Finput0%2Fevent0%2Fsubsystem%2Fevent1%2Fpower HTTP/1.1" 200 15610 "-" "Mozilla/5.0 AppleWebKit/537.36 (KHTML, like Gecko; compatible; ClaudeBot/1.0; [email protected])"
18.188.71.235 - - [12/May/2025:03:21:54 +0100] "GET /pcmypage?filesrc=%2F%2Fsys%2Fclass%2Fscsi_host%2Fhost6%2Fsubsystem%2Fhost11%2Fsubsystem%2Fhost11%2Fprot_capabilities&path=%2F%2Fsys%2Fclass%2Fscsi_host%2Fhost6%2Fsubsystem%2Fhost11%2Fsubsystem%2Fhost11 HTTP/1.1" 200 15518 "-" "Mozilla/5.0 AppleWebKit/537.36 (KHTML, like Gecko; compatible; ClaudeBot/1.0; [email protected])"
18.188.71.235 - - [12/May/2025:03:21:54 +0100] "GET /cargo/detail?filesrc=%2F%2Fsys%2Fclass%2Finput%2Fmouse1%2Fsubsystem%2Fevent5%2Fsubsystem%2Fevent2%2Fsubsystem%2Fmice%2Fpower%2Fruntime_active_time&path=%2F%2Fsys%2Fclass%2Finput%2Fmouse1%2Fsubsystem%2Fevent5%2Fsubsystem%2Fevent2%2Fsubsystem%2Fmice%2Fpower HTTP/1.1" 200 15564 "-" "Mozilla/5.0 AppleWebKit/537.36 (KHTML, like Gecko; compatible; ClaudeBot/1.0; [email protected])"
20.171.207.190 - - [12/May/2025:03:21:54 +0100] "GET /?aksi=buatfolder&path=%2Fvar%2Fwww%2Fclassiccarsv_usr1 HTTP/1.1" 200 27444 "-" "Mozilla/5.0 AppleWebKit/537.36 (KHTML, like Gecko; compatible; GPTBot/1.2; +https://openai.com/gptbot)"
18.188.71.235 - - [12/May/2025:03:21:55 +0100] "GET /cd.html?path=%2F%2Fsys%2Fbus%2Fvirtio%2Fdevices%2Fvirtio3%2Fsubsystem%2Fdevices%2Fvirtio4%2Fsubsystem%2Fdevices%2Fvirtio0 HTTP/1.1" 200 16512 "-" "Mozilla/5.0 AppleWebKit/537.36 (KHTML, like Gecko; compatible; ClaudeBot/1.0; [email protected])"
18.188.71.235 - - [12/May/2025:03:21:55 +0100] "GET /cd.html?path=%2F%2Fsys%2Fbus%2Fvirtio%2Fdevices%2Fvirtio4%2Fsubsystem%2Fdevices%2Fvirtio3%2Fsubsystem%2Fdevices%2Fvirtio0 HTTP/1.1" 200 16512 "-" "Mozilla/5.0 AppleWebKit/537.36 (KHTML, like Gecko; compatible; ClaudeBot/1.0; [email protected])"
18.188.71.235 - - [12/May/2025:03:21:55 +0100] "GET /cargo/detail?path=%2F%2Fsys%2Fdev%2Fchar%2F4%3A30%2Fsubsystem%2Ftty3%2Fsubsystem%2Fconsole%2Fsubsystem%2Ftty3%2Fpower HTTP/1.1" 200 16205 "-" "Mozilla/5.0 AppleWebKit/537.36 (KHTML, like Gecko; compatible; ClaudeBot/1.0; [email protected])"
18.188.71.235 - - [12/May/2025:03:21:55 +0100] "GET /cargo/detail?filesrc=%2F%2Fsys%2Fdev%2Fchar%2F13%3A63%2Fsubsystem%2Finput6%2Fsubsystem%2Fevent0%2Fsubsystem%2Fevent0%2Fdev&path=%2F%2Fsys%2Fdev%2Fchar%2F13%3A63%2Fsubsystem%2Finput6%2Fsubsystem%2Fevent0%2Fsubsystem%2Fevent0 HTTP/1.1" 200 15536 "-" "Mozilla/5.0 AppleWebKit/537.36 (KHTML, like Gecko; compatible; ClaudeBot/1.0; [email protected])"
18.188.71.235 - - [12/May/2025:03:21:55 +0100] "GET /cargo/detail?path=%2F%2Fsys%2Fdev%2Fchar%2F4%3A30%2Fsubsystem%2Fconsole%2Fsubsystem%2Ftty3%2Fsubsystem%2Ftty3%2Fpower HTTP/1.1" 200 16202 "-" "Mozilla/5.0 AppleWebKit/537.36 (KHTML, like Gecko; compatible; ClaudeBot/1.0; [email protected])"
18.188.71.235 - - [12/May/2025:03:21:55 +0100] "GET /pcmypage?filesrc=%2F%2Fsys%2Fclass%2Finput%2Finput5%2Fsubsystem%2Fmice%2Fsubsystem%2Fevent0%2Fsubsystem%2Finput4%2Fuevent&path=%2F%2Fsys%2Fclass%2Finput%2Finput5%2Fsubsystem%2Fmice%2Fsubsystem%2Fevent0%2Fsubsystem%2Finput4 HTTP/1.1" 200 15699 "-" "Mozilla/5.0 AppleWebKit/537.36 (KHTML, like Gecko; compatible; ClaudeBot/1.0; [email protected])"
18.188.71.235 - - [12/May/2025:03:21:56 +0100] "GET /cargo/detail?path=%2F%2Fsys%2Fdev%2Fchar%2F13%3A63%2Fsubsystem%2Fmouse2%2Fdevice%2Fmouse2%2Fsubsystem%2Finput1%2Fid HTTP/1.1" 200 16120 "-" "Mozilla/5.0 AppleWebKit/537.36 (KHTML, like Gecko; compatible; ClaudeBot/1.0; [email protected])"
18.188.71.235 - - [12/May/2025:03:21:56 +0100] "GET /cargo/detail?filesrc=%2F%2Fsys%2Fdev%2Fchar%2F13%3A63%2Fsubsystem%2Finput6%2Fsubsystem%2Fevent2%2Fsubsystem%2Finput1%2Funiq&path=%2F%2Fsys%2Fdev%2Fchar%2F13%3A63%2Fsubsystem%2Finput6%2Fsubsystem%2Fevent2%2Fsubsystem%2Finput1 HTTP/1.1" 200 15543 "-" "Mozilla/5.0 AppleWebKit/537.36 (KHTML, like Gecko; compatible; ClaudeBot/1.0; [email protected])"
