3.135.223.70 - - [12/May/2025:03:13:18 +0100] "GET /pcmypage?filesrc=%2F%2Fsys%2Fclass%2Fscsi_host%2Fhost6%2Fsubsystem%2Fhost1%2Fsubsystem%2Fhost7%2Fprot_capabilities&path=%2F%2Fsys%2Fclass%2Fscsi_host%2Fhost6%2Fsubsystem%2Fhost1%2Fsubsystem%2Fhost7 HTTP/1.1" 200 15528 "-" "Mozilla/5.0 AppleWebKit/537.36 (KHTML, like Gecko; compatible; ClaudeBot/1.0; [email protected])"
3.135.223.70 - - [12/May/2025:03:13:18 +0100] "GET /cargo/detail?aksi=buatfolder&path=%2F%2Fsys%2Fclass%2Finput%2Finput3%2Fmouse1%2Fsubsystem%2Finput1%2Fsubsystem%2Finput5%2Fsubsystem%2Fmouse1%2Fsubsystem%2Fevent0 HTTP/1.1" 200 15618 "-" "Mozilla/5.0 AppleWebKit/537.36 (KHTML, like Gecko; compatible; ClaudeBot/1.0; [email protected])"
3.135.223.70 - - [12/May/2025:03:13:18 +0100] "GET /cargo/detail?aksi=ransom&path=%2F%2Fsys%2Fclass%2Finput%2Finput3%2Fmouse1%2Fsubsystem%2Finput1%2Fsubsystem%2Finput5%2Fsubsystem%2Finput6%2Fsubsystem%2Finput5 HTTP/1.1" 200 16646 "-" "Mozilla/5.0 AppleWebKit/537.36 (KHTML, like Gecko; compatible; ClaudeBot/1.0; [email protected])"
3.135.223.70 - - [12/May/2025:03:13:18 +0100] "GET /cargo/detail?aksi=buatfolder&path=%2F%2Fsys%2Fclass%2Finput%2Finput0%2Fsubsystem%2Finput1%2Fevent1%2Fsubsystem%2Fmouse0%2Fsubsystem%2Fevent3%2Fsubsystem%2Fmouse2 HTTP/1.1" 200 15616 "-" "Mozilla/5.0 AppleWebKit/537.36 (KHTML, like Gecko; compatible; ClaudeBot/1.0; [email protected])"
3.135.223.70 - - [12/May/2025:03:13:19 +0100] "GET /recruit?filesrc=%2F%2Fsys%2Fdevices%2FLNXSYSTM%3A00%2FLNXPWRBN%3A00%2Fsubsystem%2Fdevices%2FPNP0A03%3A00%2Fsubsystem%2Fuevent&path=%2F%2Fsys%2Fdevices%2FLNXSYSTM%3A00%2FLNXPWRBN%3A00%2Fsubsystem%2Fdevices%2FPNP0A03%3A00%2Fsubsystem HTTP/1.1" 200 15526 "-" "Mozilla/5.0 AppleWebKit/537.36 (KHTML, like Gecko; compatible; ClaudeBot/1.0; [email protected])"
3.135.223.70 - - [12/May/2025:03:13:19 +0100] "GET /cargo/detail?aksi=buatfolder&path=%2F%2Fsys%2Fclass%2Finput%2Finput3%2Fmouse1%2Fsubsystem%2Finput1%2Fsubsystem%2Fevent0%2Fsubsystem%2Fevent2%2Fsubsystem%2Finput0 HTTP/1.1" 200 15618 "-" "Mozilla/5.0 AppleWebKit/537.36 (KHTML, like Gecko; compatible; ClaudeBot/1.0; [email protected])"
3.135.223.70 - - [12/May/2025:03:13:19 +0100] "GET /dozin.html?path=%2F%2Fsys%2Fblock%2Fsda%2Fsubsystem%2Fsr0%2Fmq%2F0%2Fcpu96 HTTP/1.1" 200 15624 "-" "Mozilla/5.0 AppleWebKit/537.36 (KHTML, like Gecko; compatible; ClaudeBot/1.0; [email protected])"
20.171.207.190 - - [12/May/2025:03:13:19 +0100] "GET /?aksi=ransom&path=%2F%2Fproc%2Fself%2Froot%2Fsys%2Fclass%2Fscsi_host%2Fhost4%2Fsubsystem%2Fhost10 HTTP/1.1" 200 29294 "-" "Mozilla/5.0 AppleWebKit/537.36 (KHTML, like Gecko; compatible; GPTBot/1.2; +https://openai.com/gptbot)"
143.198.221.225 - - [12/May/2025:03:13:20 +0100] "POST /xmlrpc.php HTTP/1.1" 200 4353 "-" "Mozilla/5.0 (Windows NT 10.0; Win64; x64) AppleWebKit/537.36 (KHTML, like Gecko) Chrome/89.0.4389.114 Safari/537.36"
3.135.223.70 - - [12/May/2025:03:13:20 +0100] "GET /cargo/detail?aksi=buatfolder&path=%2F%2Fsys%2Fclass%2Finput%2Finput4%2Fsubsystem%2Finput3%2Fsubsystem%2Fmice%2Fsubsystem%2Finput1%2Fsubsystem%2Fevent1%2Fdevice HTTP/1.1" 200 15627 "-" "Mozilla/5.0 AppleWebKit/537.36 (KHTML, like Gecko; compatible; ClaudeBot/1.0; [email protected])"
3.135.223.70 - - [12/May/2025:03:13:20 +0100] "GET /cargo/detail?aksi=buatfolder&path=%2F%2Fsys%2Fclass%2Finput%2Finput3%2Fsubsystem%2Finput4%2Fsubsystem%2Fmice%2Fsubsystem%2Fevent1%2Fsubsystem%2Finput1%2Fdevice HTTP/1.1" 200 15627 "-" "Mozilla/5.0 AppleWebKit/537.36 (KHTML, like Gecko; compatible; ClaudeBot/1.0; [email protected])"
3.135.223.70 - - [12/May/2025:03:13:20 +0100] "GET /cargo/detail?aksi=buatfolder&path=%2F%2Fsys%2Fclass%2Finput%2Finput4%2Fsubsystem%2Finput3%2Fsubsystem%2Fmice%2Fsubsystem%2Fevent1%2Fsubsystem%2Finput1%2Fdevice HTTP/1.1" 200 15627 "-" "Mozilla/5.0 AppleWebKit/537.36 (KHTML, like Gecko; compatible; ClaudeBot/1.0; [email protected])"
3.135.223.70 - - [12/May/2025:03:13:20 +0100] "GET /cd.html?path=%2F%2Fsys%2Fbus%2Fvirtio%2Fdevices%2Fvirtio3%2Fblock%2Fvda%2Fsubsystem%2Fvda%2Fsubsystem%2Fsda HTTP/1.1" 200 17097 "-" "Mozilla/5.0 AppleWebKit/537.36 (KHTML, like Gecko; compatible; ClaudeBot/1.0; [email protected])"
3.135.223.70 - - [12/May/2025:03:13:20 +0100] "GET /cargo/detail?path=%2F%2Fsys%2Fdev%2Fchar%2F13%3A63%2Fsubsystem%2Fevent3%2Fsubsystem%2Fevent5%2Fsubsystem%2Finput3 HTTP/1.1" 200 16601 "-" "Mozilla/5.0 AppleWebKit/537.36 (KHTML, like Gecko; compatible; ClaudeBot/1.0; [email protected])"
3.135.223.70 - - [12/May/2025:03:13:20 +0100] "GET /recruit?filesrc=%2F%2Fsys%2Fmodule%2Fsr_mod%2Fdrivers%2Fscsi%3Asr%2F6%3A0%3A0%3A0%2Fdriver%2F6%3A0%3A0%3A0%2Fblock%2Fsr0%2Fsubsystem%2Fvda%2Fsize&path=%2F%2Fsys%2Fmodule%2Fsr_mod%2Fdrivers%2Fscsi%3Asr%2F6%3A0%3A0%3A0%2Fdriver%2F6%3A0%3A0%3A0%2Fblock%2Fsr0%2Fsubsystem%2Fvda HTTP/1.1" 200 15575 "-" "Mozilla/5.0 AppleWebKit/537.36 (KHTML, like Gecko; compatible; ClaudeBot/1.0; [email protected])"
66.249.69.69 - - [12/May/2025:03:13:21 +0100] "GET /cars/car-navigation-systems/18290102091238.htm HTTP/1.1" 200 31 "-" "Mozilla/5.0 (Linux; Android 6.0.1; Nexus 5X Build/MMB29P) AppleWebKit/537.36 (KHTML, like Gecko) Chrome/136.0.7103.59 Mobile Safari/537.36 (compatible; GoogleOther)"
3.135.223.70 - - [12/May/2025:03:13:21 +0100] "GET /pcmypage?path=%2F%2Fsys%2Fclass%2Finput%2Fevent3%2Fsubsystem%2Fmice%2Fsubsystem%2Finput5%2Fsubsystem%2Finput5%2Fsubsystem HTTP/1.1" 200 16517 "-" "Mozilla/5.0 AppleWebKit/537.36 (KHTML, like Gecko; compatible; ClaudeBot/1.0; [email protected])"
3.135.223.70 - - [12/May/2025:03:13:21 +0100] "GET /pcmypage?path=%2F%2Fsys%2Fclass%2Finput%2Finput5%2Fsubsystem%2Fmice%2Fsubsystem%2Fevent3%2Fsubsystem%2Finput5%2Fsubsystem HTTP/1.1" 200 16514 "-" "Mozilla/5.0 AppleWebKit/537.36 (KHTML, like Gecko; compatible; ClaudeBot/1.0; [email protected])"
3.135.223.70 - - [12/May/2025:03:13:21 +0100] "GET /%22,t+=%22%3C%22+e.getAttribute(%22src%22?filesrc=%2F%2Fproc%2F731%2Ftask%2F732%2Fnet%2Fip_mr_vif&path=%2F%2Fproc%2F731%2Ftask%2F732%2Fnet HTTP/1.1" 200 2303 "-" "Mozilla/5.0 AppleWebKit/537.36 (KHTML, like Gecko; compatible; ClaudeBot/1.0; [email protected])"
3.135.223.70 - - [12/May/2025:03:13:21 +0100] "GET /cargo/detail?path=%2F%2Fsys%2Fdev%2Fchar%2F4%3A30%2Fsubsystem%2Ftty51%2Fsubsystem%2Fconsole%2Fsubsystem%2Fconsole HTTP/1.1" 200 16260 "-" "Mozilla/5.0 AppleWebKit/537.36 (KHTML, like Gecko; compatible; ClaudeBot/1.0; [email protected])"
143.198.221.225 - - [12/May/2025:03:13:21 +0100] "POST /xmlrpc.php HTTP/1.1" 200 4353 "-" "Mozilla/5.0 (Windows NT 10.0; Win64; x64) AppleWebKit/537.36 (KHTML, like Gecko) Chrome/89.0.4389.114 Safari/537.36"
3.135.223.70 - - [12/May/2025:03:13:21 +0100] "GET /cargo/detail?path=%2F%2Fsys%2Fdev%2Fchar%2F4%3A30%2Fsubsystem%2Fconsole%2Fsubsystem%2Ftty51%2Fsubsystem%2Fconsole HTTP/1.1" 200 16260 "-" "Mozilla/5.0 AppleWebKit/537.36 (KHTML, like Gecko; compatible; ClaudeBot/1.0; [email protected])"
3.135.223.70 - - [12/May/2025:03:13:22 +0100] "GET /pcmypage?path=%2F%2Fsys%2Fclass%2Finput%2Finput5%2Fsubsystem%2Fmice%2Fsubsystem%2Finput5%2Fsubsystem%2Fevent3%2Fsubsystem HTTP/1.1" 200 16510 "-" "Mozilla/5.0 AppleWebKit/537.36 (KHTML, like Gecko; compatible; ClaudeBot/1.0; [email protected])"
20.171.207.190 - - [12/May/2025:03:13:22 +0100] "GET /?aksi=ransom&path=%2F%2Fproc%2Fself%2Froot%2Fsys%2Fclass%2Fscsi_host%2Fhost11%2Fsubsystem%2Fhost6 HTTP/1.1" 200 29292 "-" "Mozilla/5.0 AppleWebKit/537.36 (KHTML, like Gecko; compatible; GPTBot/1.2; +https://openai.com/gptbot)"
3.135.223.70 - - [12/May/2025:03:13:22 +0100] "GET /cargo/detail?filesrc=%2F%2Fsys%2Fdev%2Fchar%2F13%3A63%2Fsubsystem%2Finput1%2Fsubsystem%2Fevent2%2Fsubsystem%2Finput4%2Fname&path=%2F%2Fsys%2Fdev%2Fchar%2F13%3A63%2Fsubsystem%2Finput1%2Fsubsystem%2Fevent2%2Fsubsystem%2Finput4 HTTP/1.1" 200 15567 "-" "Mozilla/5.0 AppleWebKit/537.36 (KHTML, like Gecko; compatible; ClaudeBot/1.0; [email protected])"
3.135.223.70 - - [12/May/2025:03:13:22 +0100] "GET /pcmypage?path=%2F%2Fsys%2Fclass%2Finput%2Fevent4%2Fsubsystem%2Fmice%2Fsubsystem%2Fmouse2%2Fsubsystem%2Fmouse1%2Fpower HTTP/1.1" 200 16211 "-" "Mozilla/5.0 AppleWebKit/537.36 (KHTML, like Gecko; compatible; ClaudeBot/1.0; [email protected])"
3.135.223.70 - - [12/May/2025:03:13:23 +0100] "GET /pcmypage?path=%2F%2Fsys%2Fclass%2Finput%2Fevent3%2Fsubsystem%2Fmice%2Fsubsystem%2Fevent3%2Fsubsystem%2Fevent2%2Fpower HTTP/1.1" 200 16203 "-" "Mozilla/5.0 AppleWebKit/537.36 (KHTML, like Gecko; compatible; ClaudeBot/1.0; [email protected])"
3.135.223.70 - - [12/May/2025:03:13:23 +0100] "GET /pcmypage?aksi=buatfolder&path=%2F%2Fsys%2Fclass%2Finput%2Finput3%2Fevent3%2Fsubsystem%2Fmouse2%2Fsubsystem%2Finput1%2Fsubsystem%2Finput3%2Fevent3%2Fpower HTTP/1.1" 200 15618 "-" "Mozilla/5.0 AppleWebKit/537.36 (KHTML, like Gecko; compatible; ClaudeBot/1.0; [email protected])"
3.135.223.70 - - [12/May/2025:03:13:23 +0100] "GET /cd.html?filesrc=%2F%2Fsys%2Fbus%2Fvirtio%2Fdevices%2Fvirtio2%2Fsubsystem%2Fdevices%2Fvirtio6%2Fhost2%2Fpower%2Fruntime_suspended_time&path=%2F%2Fsys%2Fbus%2Fvirtio%2Fdevices%2Fvirtio2%2Fsubsystem%2Fdevices%2Fvirtio6%2Fhost2%2Fpower HTTP/1.1" 200 15553 "-" "Mozilla/5.0 AppleWebKit/537.36 (KHTML, like Gecko; compatible; ClaudeBot/1.0; [email protected])"
3.135.223.70 - - [12/May/2025:03:13:23 +0100] "GET /pcmypage?aksi=buatfolder&path=%2F%2Fsys%2Fclass%2Finput%2Finput0%2Fsubsystem%2Fevent5%2Fdevice%2Fsubsystem%2Finput1%2Fsubsystem%2Finput1%2Fcapabilities HTTP/1.1" 200 15610 "-" "Mozilla/5.0 AppleWebKit/537.36 (KHTML, like Gecko; compatible; ClaudeBot/1.0; [email protected])"
3.135.223.70 - - [12/May/2025:03:13:23 +0100] "GET /pcmypage?path=%2F%2Fsys%2Fclass%2Finput%2Fevent3%2Fsubsystem%2Fmice%2Fsubsystem%2Fevent2%2Fsubsystem%2Fevent3%2Fpower HTTP/1.1" 200 16208 "-" "Mozilla/5.0 AppleWebKit/537.36 (KHTML, like Gecko; compatible; ClaudeBot/1.0; [email protected])"
3.135.223.70 - - [12/May/2025:03:13:23 +0100] "GET /cargo/detail?filesrc=%2F%2Fsys%2Fdev%2Fchar%2F13%3A63%2Fsubsystem%2Finput4%2Fsubsystem%2Fevent2%2Fsubsystem%2Fevent3%2Fdev&path=%2F%2Fsys%2Fdev%2Fchar%2F13%3A63%2Fsubsystem%2Finput4%2Fsubsystem%2Fevent2%2Fsubsystem%2Fevent3 HTTP/1.1" 200 15545 "-" "Mozilla/5.0 AppleWebKit/537.36 (KHTML, like Gecko; compatible; ClaudeBot/1.0; [email protected])"
143.198.221.225 - - [12/May/2025:03:13:23 +0100] "POST /xmlrpc.php HTTP/1.1" 200 4353 "-" "Mozilla/5.0 (Windows NT 10.0; Win64; x64) AppleWebKit/537.36 (KHTML, like Gecko) Chrome/89.0.4389.114 Safari/537.36"
66.249.69.69 - - [12/May/2025:03:13:23 +0100] "GET /fashion/jackets/9720092126929.htm HTTP/1.1" 200 31 "-" "Mozilla/5.0 (Linux; Android 6.0.1; Nexus 5X Build/MMB29P) AppleWebKit/537.36 (KHTML, like Gecko) Chrome/136.0.7103.59 Mobile Safari/537.36 (compatible; GoogleOther)"
3.135.223.70 - - [12/May/2025:03:13:24 +0100] "GET /cargo/detail?filesrc=%2F%2Fsys%2Fdev%2Fchar%2F13%3A63%2Fsubsystem%2Fevent2%2Fsubsystem%2Finput4%2Fsubsystem%2Fevent3%2Fdev&path=%2F%2Fsys%2Fdev%2Fchar%2F13%3A63%2Fsubsystem%2Fevent2%2Fsubsystem%2Finput4%2Fsubsystem%2Fevent3 HTTP/1.1" 200 15547 "-" "Mozilla/5.0 AppleWebKit/537.36 (KHTML, like Gecko; compatible; ClaudeBot/1.0; [email protected])"
3.135.223.70 - - [12/May/2025:03:13:24 +0100] "GET /cargo/detail?aksi=ransom&path=%2F%2Fsys%2Fclass%2Finput%2Finput3%2Fsubsystem%2Finput6%2Fevent5%2Fsubsystem%2Finput3%2Fsubsystem%2Finput3%2Fsubsystem%2Finput4 HTTP/1.1" 200 16632 "-" "Mozilla/5.0 AppleWebKit/537.36 (KHTML, like Gecko; compatible; ClaudeBot/1.0; [email protected])"
3.135.223.70 - - [12/May/2025:03:13:24 +0100] "GET /cargo/detail?filesrc=%2F%2Fsys%2Fclass%2Fwakeup%2Fwakeup7%2Fsubsystem%2Fwakeup5%2Fdevice%2Fphysical_node%2Fsubsystem%2Frescan&path=%2F%2Fsys%2Fclass%2Fwakeup%2Fwakeup7%2Fsubsystem%2Fwakeup5%2Fdevice%2Fphysical_node%2Fsubsystem HTTP/1.1" 200 15536 "-" "Mozilla/5.0 AppleWebKit/537.36 (KHTML, like Gecko; compatible; ClaudeBot/1.0; [email protected])"
3.135.223.70 - - [12/May/2025:03:13:24 +0100] "GET /cargo/detail?filesrc=%2F%2Fsys%2Fclass%2Finput%2Fevent0%2Fsubsystem%2Fmice%2Fsubsystem%2Fevent5%2Fsubsystem%2Finput4%2Funiq&path=%2F%2Fsys%2Fclass%2Finput%2Fevent0%2Fsubsystem%2Fmice%2Fsubsystem%2Fevent5%2Fsubsystem%2Finput4 HTTP/1.1" 200 15545 "-" "Mozilla/5.0 AppleWebKit/537.36 (KHTML, like Gecko; compatible; ClaudeBot/1.0; [email protected])"
20.171.207.190 - - [12/May/2025:03:13:24 +0100] "GET /?aksi=ransom&path=%2F%2Fproc%2Fself%2Froot%2Fsys%2Fclass%2Fscsi_host%2Fhost10%2Fsubsystem%2Fhost6 HTTP/1.1" 200 29291 "-" "Mozilla/5.0 AppleWebKit/537.36 (KHTML, like Gecko; compatible; GPTBot/1.2; +https://openai.com/gptbot)"
3.135.223.70 - - [12/May/2025:03:13:25 +0100] "GET /pcmypage?filesrc=%2F%2Fsys%2Fclass%2Ftty%2FttyS3%2Fdevice%2Ftty%2FttyS3%2Fsubsystem%2FttyS3%2Fiomem_reg_shift&path=%2F%2Fsys%2Fclass%2Ftty%2FttyS3%2Fdevice%2Ftty%2FttyS3%2Fsubsystem%2FttyS3 HTTP/1.1" 200 15518 "-" "Mozilla/5.0 AppleWebKit/537.36 (KHTML, like Gecko; compatible; ClaudeBot/1.0; [email protected])"
3.135.223.70 - - [12/May/2025:03:13:25 +0100] "GET /pcmypage?filesrc=%2F%2Fsys%2Fclass%2Fscsi_host%2Fhost3%2Fsubsystem%2Fhost2%2Fsubsystem%2Fhost8%2Fem_buffer&path=%2F%2Fsys%2Fclass%2Fscsi_host%2Fhost3%2Fsubsystem%2Fhost2%2Fsubsystem%2Fhost8 HTTP/1.1" 200 15516 "-" "Mozilla/5.0 AppleWebKit/537.36 (KHTML, like Gecko; compatible; ClaudeBot/1.0; [email protected])"
3.135.223.70 - - [12/May/2025:03:13:25 +0100] "GET /cargo/detail?aksi=buatfolder&path=%2F%2Fsys%2Fclass%2Finput%2Finput3%2Fmouse1%2Fsubsystem%2Finput1%2Fsubsystem%2Finput5%2Fsubsystem%2Fmouse1%2Fsubsystem%2Fmouse2 HTTP/1.1" 200 15616 "-" "Mozilla/5.0 AppleWebKit/537.36 (KHTML, like Gecko; compatible; ClaudeBot/1.0; [email protected])"
3.135.223.70 - - [12/May/2025:03:13:25 +0100] "GET /cargo/detail?path=%2F%2Fsys%2Fclass%2Finput%2Fmouse1%2Fsubsystem%2Fevent5%2Fsubsystem%2Fevent2%2Fsubsystem%2Fmice%2Fsubsystem%2Fevent0 HTTP/1.1" 200 16288 "-" "Mozilla/5.0 AppleWebKit/537.36 (KHTML, like Gecko; compatible; ClaudeBot/1.0; [email protected])"
143.198.221.225 - - [12/May/2025:03:13:25 +0100] "POST /xmlrpc.php HTTP/1.1" 200 4353 "-" "Mozilla/5.0 (Windows NT 10.0; Win64; x64) AppleWebKit/537.36 (KHTML, like Gecko) Chrome/89.0.4389.114 Safari/537.36"
3.135.223.70 - - [12/May/2025:03:13:25 +0100] "GET /cargo/detail?filesrc=%2F%2Fsys%2Fdev%2Fchar%2F13%3A63%2Fsubsystem%2Fevent3%2Fsubsystem%2Finput0%2Fsubsystem%2Finput5%2Funiq&path=%2F%2Fsys%2Fdev%2Fchar%2F13%3A63%2Fsubsystem%2Fevent3%2Fsubsystem%2Finput0%2Fsubsystem%2Finput5 HTTP/1.1" 200 15554 "-" "Mozilla/5.0 AppleWebKit/537.36 (KHTML, like Gecko; compatible; ClaudeBot/1.0; [email protected])"
3.135.223.70 - - [12/May/2025:03:13:26 +0100] "GET /cargo/detail?filesrc=%2F%2Fsys%2Fdev%2Fchar%2F13%3A63%2Fsubsystem%2Finput0%2Fsubsystem%2Fevent3%2Fsubsystem%2Finput5%2Funiq&path=%2F%2Fsys%2Fdev%2Fchar%2F13%3A63%2Fsubsystem%2Finput0%2Fsubsystem%2Fevent3%2Fsubsystem%2Finput5 HTTP/1.1" 200 15557 "-" "Mozilla/5.0 AppleWebKit/537.36 (KHTML, like Gecko; compatible; ClaudeBot/1.0; [email protected])"
3.135.223.70 - - [12/May/2025:03:13:26 +0100] "GET /cargo/detail?aksi=buatfolder&path=%2F%2Fsys%2Fclass%2Finput%2Fmouse1%2Fsubsystem%2Fmice%2Fsubsystem%2Finput1%2Finput1%3A%3Anumlock%2Fdevice%2Fdevice%2Fid HTTP/1.1" 200 15601 "-" "Mozilla/5.0 AppleWebKit/537.36 (KHTML, like Gecko; compatible; ClaudeBot/1.0; [email protected])"
3.135.223.70 - - [12/May/2025:03:13:26 +0100] "GET /%22,t+=%22%3C%22+e.getAttribute(%22src%22?filesrc=%2F%2Fproc%2F3730333%2Ftask%2F3730356%2Fattr%2Ffscreate&path=%2F%2Fproc%2F3730333%2Ftask%2F3730356%2Fattr HTTP/1.1" 200 2265 "-" "Mozilla/5.0 AppleWebKit/537.36 (KHTML, like Gecko; compatible; ClaudeBot/1.0; [email protected])"
3.135.223.70 - - [12/May/2025:03:13:26 +0100] "GET /cargo/detail?aksi=buatfolder&path=%2F%2Fsys%2Fclass%2Finput%2Fmouse1%2Fdevice%2Fmouse1%2Fdevice%2Fsubsystem%2Fmice%2Fsubsystem%2Fevent2%2Fdevice%2Fdevice HTTP/1.1" 200 15601 "-" "Mozilla/5.0 AppleWebKit/537.36 (KHTML, like Gecko; compatible; ClaudeBot/1.0; [email protected])"
3.135.223.70 - - [12/May/2025:03:13:26 +0100] "GET /cargo/detail?aksi=buatfolder&path=%2F%2Fsys%2Fclass%2Finput%2Finput3%2Fmouse1%2Fsubsystem%2Fevent2%2Fsubsystem%2Finput3%2Fmouse1%2Fsubsystem%2Fevent4%2Fpower HTTP/1.1" 200 15626 "-" "Mozilla/5.0 AppleWebKit/537.36 (KHTML, like Gecko; compatible; ClaudeBot/1.0; [email protected])"
66.249.69.69 - - [12/May/2025:03:13:26 +0100] "GET /tools/others/7360261822534.htm HTTP/1.1" 200 31 "-" "Mozilla/5.0 (Linux; Android 6.0.1; Nexus 5X Build/MMB29P) AppleWebKit/537.36 (KHTML, like Gecko) Chrome/136.0.7103.59 Mobile Safari/537.36 (compatible; GoogleOther)"
20.171.207.190 - - [12/May/2025:03:13:26 +0100] "GET /?path=%2F%2Fproc%2Fself%2Froot%2Fsys%2Fclass%2Fscsi_host%2Fhost11%2Fsubsystem%2Fhost5%2Fpower HTTP/1.1" 200 28084 "-" "Mozilla/5.0 AppleWebKit/537.36 (KHTML, like Gecko; compatible; GPTBot/1.2; +https://openai.com/gptbot)"
3.135.223.70 - - [12/May/2025:03:13:26 +0100] "GET /pcmypage?filesrc=%2F%2Fsys%2Fclass%2Finput%2Finput0%2Fdevice%2Fsubsystem%2Fdevices%2FLNXCPU%3A35%2Fsubsystem%2Fdevices%2Fdevice%3A03%2Fsun&path=%2F%2Fsys%2Fclass%2Finput%2Finput0%2Fdevice%2Fsubsystem%2Fdevices%2FLNXCPU%3A35%2Fsubsystem%2Fdevices%2Fdevice%3A03 HTTP/1.1" 200 15561 "-" "Mozilla/5.0 AppleWebKit/537.36 (KHTML, like Gecko; compatible; ClaudeBot/1.0; [email protected])"
3.135.223.70 - - [12/May/2025:03:13:27 +0100] "GET /pcsp.html?path=%2F%2Fsys%2Fbus%2Fvirtio%2Fdevices%2Fvirtio1%2Fdriver%2Fvirtio6%2Fhost2%2Fsubsystem%2Fdevices%2F6%3A0%3A0%3A0%2Fblock HTTP/1.1" 200 16006 "-" "Mozilla/5.0 AppleWebKit/537.36 (KHTML, like Gecko; compatible; ClaudeBot/1.0; [email protected])"
3.135.223.70 - - [12/May/2025:03:13:27 +0100] "GET /cargo/detail?filesrc=%2F%2Fsys%2Fdev%2Fchar%2F13%3A63%2Fsubsystem%2Finput4%2Fsubsystem%2Fevent3%2Fsubsystem%2Finput1%2Fuevent&path=%2F%2Fsys%2Fdev%2Fchar%2F13%3A63%2Fsubsystem%2Finput4%2Fsubsystem%2Fevent3%2Fsubsystem%2Finput1 HTTP/1.1" 200 15830 "-" "Mozilla/5.0 AppleWebKit/537.36 (KHTML, like Gecko; compatible; ClaudeBot/1.0; [email protected])"
143.198.221.225 - - [12/May/2025:03:13:27 +0100] "POST /xmlrpc.php HTTP/1.1" 200 4353 "-" "Mozilla/5.0 (Windows NT 10.0; Win64; x64) AppleWebKit/537.36 (KHTML, like Gecko) Chrome/89.0.4389.114 Safari/537.36"
3.135.223.70 - - [12/May/2025:03:13:27 +0100] "GET /pcmypage?filesrc=%2F%2Fsys%2Fclass%2Fscsi_host%2Fhost6%2Fsubsystem%2Fhost1%2Fsubsystem%2Fhost9%2Fem_buffer&path=%2F%2Fsys%2Fclass%2Fscsi_host%2Fhost6%2Fsubsystem%2Fhost1%2Fsubsystem%2Fhost9 HTTP/1.1" 200 15518 "-" "Mozilla/5.0 AppleWebKit/537.36 (KHTML, like Gecko; compatible; ClaudeBot/1.0; [email protected])"
3.135.223.70 - - [12/May/2025:03:13:27 +0100] "GET /recruit?path=%2F%2Fsys%2Fdevices%2Ftracepoint%2Fsubsystem%2Fdevices%2Fbreakpoint%2Fsubsystem%2Fdevices%2Fkprobe%2Fformat HTTP/1.1" 200 16020 "-" "Mozilla/5.0 AppleWebKit/537.36 (KHTML, like Gecko; compatible; ClaudeBot/1.0; [email protected])"
3.135.223.70 - - [12/May/2025:03:13:27 +0100] "GET /pcmypage?filesrc=%2F%2Fsys%2Fclass%2Finput%2Finput0%2Fdevice%2Fsubsystem%2Fdevices%2FLNXCPU%3A35%2Fsubsystem%2Fdevices%2FLNXCPU%3A5a%2Fstatus&path=%2F%2Fsys%2Fclass%2Finput%2Finput0%2Fdevice%2Fsubsystem%2Fdevices%2FLNXCPU%3A35%2Fsubsystem%2Fdevices%2FLNXCPU%3A5a HTTP/1.1" 200 15562 "-" "Mozilla/5.0 AppleWebKit/537.36 (KHTML, like Gecko; compatible; ClaudeBot/1.0; [email protected])"
3.135.223.70 - - [12/May/2025:03:13:28 +0100] "GET /events?aksi=buatfolder&path=%2F%2Fusr%2Fshare%2Fmysql%2Fslovak HTTP/1.1" 200 15504 "-" "Mozilla/5.0 AppleWebKit/537.36 (KHTML, like Gecko; compatible; ClaudeBot/1.0; [email protected])"
3.135.223.70 - - [12/May/2025:03:13:28 +0100] "GET /cd.html?path=%2F%2Fsys%2Fbus%2Fvirtio%2Fdevices%2Fvirtio3%2Fsubsystem%2Fdevices%2Fvirtio3%2Fsubsystem%2Fdevices%2Fvirtio6 HTTP/1.1" 200 16499 "-" "Mozilla/5.0 AppleWebKit/537.36 (KHTML, like Gecko; compatible; ClaudeBot/1.0; [email protected])"
3.135.223.70 - - [12/May/2025:03:13:28 +0100] "GET /pcmypage?path=%2F%2Fsys%2Fclass%2Finput%2Fevent5%2Fdevice%2Fsubsystem%2Fevent4%2Fsubsystem%2Fevent5%2Fsubsystem%2Fmice%2Fsubsystem%2Fevent0 HTTP/1.1" 200 16294 "-" "Mozilla/5.0 AppleWebKit/537.36 (KHTML, like Gecko; compatible; ClaudeBot/1.0; [email protected])"
3.135.223.70 - - [12/May/2025:03:13:28 +0100] "GET /pcmypage?aksi=buatfolder&path=%2F%2Fsys%2Fclass%2Finput%2Fevent3%2Fsubsystem%2Fevent0%2Fdevice%2Fsubsystem%2Finput1%2Fsubsystem%2Finput1%2Fcapabilities HTTP/1.1" 200 15608 "-" "Mozilla/5.0 AppleWebKit/537.36 (KHTML, like Gecko; compatible; ClaudeBot/1.0; [email protected])"
3.135.223.70 - - [12/May/2025:03:13:29 +0100] "GET /cargo/detail?path=%2F%2Fsys%2Fdev%2Fchar%2F13%3A63%2Fsubsystem%2Fmouse1%2Fsubsystem%2Finput3%2Fsubsystem%2Fmouse2%2Fpower HTTP/1.1" 200 16218 "-" "Mozilla/5.0 AppleWebKit/537.36 (KHTML, like Gecko; compatible; ClaudeBot/1.0; [email protected])"
3.135.223.70 - - [12/May/2025:03:13:29 +0100] "GET /cargo/detail?path=%2F%2Fsys%2Fdev%2Fchar%2F13%3A63%2Fsubsystem%2Fmouse2%2Fsubsystem%2Finput3%2Fsubsystem%2Fmouse1%2Fpower HTTP/1.1" 200 16218 "-" "Mozilla/5.0 AppleWebKit/537.36 (KHTML, like Gecko; compatible; ClaudeBot/1.0; [email protected])"
143.198.221.225 - - [12/May/2025:03:13:29 +0100] "POST /xmlrpc.php HTTP/1.1" 200 4353 "-" "Mozilla/5.0 (Windows NT 10.0; Win64; x64) AppleWebKit/537.36 (KHTML, like Gecko) Chrome/89.0.4389.114 Safari/537.36"
3.135.223.70 - - [12/May/2025:03:13:29 +0100] "GET /cargo/detail?path=%2F%2Fsys%2Fdev%2Fchar%2F13%3A63%2Fsubsystem%2Finput5%2Fsubsystem%2Finput4%2Fsubsystem%2Fmouse1%2Fsubsystem HTTP/1.1" 200 16519 "-" "Mozilla/5.0 AppleWebKit/537.36 (KHTML, like Gecko; compatible; ClaudeBot/1.0; [email protected])"
3.135.223.70 - - [12/May/2025:03:13:29 +0100] "GET /cargo/detail?path=%2F%2Fsys%2Fdev%2Fchar%2F13%3A63%2Fsubsystem%2Finput4%2Fsubsystem%2Finput5%2Fsubsystem%2Fmouse1%2Fsubsystem HTTP/1.1" 200 16517 "-" "Mozilla/5.0 AppleWebKit/537.36 (KHTML, like Gecko; compatible; ClaudeBot/1.0; [email protected])"
3.135.223.70 - - [12/May/2025:03:13:30 +0100] "GET /feature/sapporo/index.html?filesrc=%2F%2Fproc%2F3730333%2Ftask%2F3730367%2Fnet%2Fnf_conntrack_expect&path=%2F%2Fproc%2F3730333%2Ftask%2F3730367%2Fnet HTTP/1.1" 200 16734 "-" "Mozilla/5.0 AppleWebKit/537.36 (KHTML, like Gecko; compatible; ClaudeBot/1.0; [email protected])"
20.171.207.190 - - [12/May/2025:03:13:30 +0100] "GET /?aksi=ransom&path=%2F%2Fproc%2Fself%2Froot%2Fsys%2Fclass%2Fscsi_host%2Fhost0%2Fsubsystem%2Fhost10 HTTP/1.1" 200 29291 "-" "Mozilla/5.0 AppleWebKit/537.36 (KHTML, like Gecko; compatible; GPTBot/1.2; +https://openai.com/gptbot)"
3.135.223.70 - - [12/May/2025:03:13:30 +0100] "GET /dozin.html?path=%2F%2Fsys%2Fblock%2Fsda%2Fsubsystem%2Fsr0%2Fmq%2F0%2Fcpu73 HTTP/1.1" 200 15623 "-" "Mozilla/5.0 AppleWebKit/537.36 (KHTML, like Gecko; compatible; ClaudeBot/1.0; [email protected])"
3.135.223.70 - - [12/May/2025:03:13:30 +0100] "GET /cd.html?path=%2F%2Fsys%2Fbus%2Fvirtio%2Fdevices%2Fvirtio4%2Fsubsystem%2Fdevices%2Fvirtio1%2Fhost0%2Fsubsystem HTTP/1.1" 200 16290 "-" "Mozilla/5.0 AppleWebKit/537.36 (KHTML, like Gecko; compatible; ClaudeBot/1.0; [email protected])"
66.249.69.69 - - [12/May/2025:03:13:30 +0100] "GET /cosmetics/men-perfume/17500030179368.htm HTTP/1.1" 200 31 "-" "Mozilla/5.0 (Linux; Android 6.0.1; Nexus 5X Build/MMB29P) AppleWebKit/537.36 (KHTML, like Gecko) Chrome/136.0.7103.59 Mobile Safari/537.36 (compatible; GoogleOther)"
3.135.223.70 - - [12/May/2025:03:13:30 +0100] "GET /cargo/detail?aksi=buatfolder&path=%2F%2Fsys%2Fclass%2Finput%2Finput3%2Fmouse1%2Fsubsystem%2Finput1%2Fsubsystem%2Finput5%2Fsubsystem%2Finput6%2Fsubsystem%2Fevent3 HTTP/1.1" 200 15621 "-" "Mozilla/5.0 AppleWebKit/537.36 (KHTML, like Gecko; compatible; ClaudeBot/1.0; [email protected])"
3.135.223.70 - - [12/May/2025:03:13:30 +0100] "GET /pcmypage?aksi=ransom&path=%2F%2Fsys%2Fclass%2Finput%2Finput3%2Fmouse1%2Fdevice%2Fmouse1%2Fsubsystem%2Fmice%2Fsubsystem%2Finput1%2Fsubsystem%2Finput5 HTTP/1.1" 200 16649 "-" "Mozilla/5.0 AppleWebKit/537.36 (KHTML, like Gecko; compatible; ClaudeBot/1.0; [email protected])"
3.135.223.70 - - [12/May/2025:03:13:30 +0100] "GET /%22,t+=%22%3C%22+e.getAttribute(%22src%22?filesrc=%2F%2Fproc%2F3730333%2Ftask%2F3730341%2Fnet%2Figmp6&path=%2F%2Fproc%2F3730333%2Ftask%2F3730341%2Fnet HTTP/1.1" 200 2265 "-" "Mozilla/5.0 AppleWebKit/537.36 (KHTML, like Gecko; compatible; ClaudeBot/1.0; [email protected])"
3.135.223.70 - - [12/May/2025:03:13:31 +0100] "GET /cargo/detail?path=%2F%2Fsys%2Fdev%2Fchar%2F4%3A30%2Fsubsystem%2Ftty60%2Fsubsystem%2Fconsole%2Fsubsystem%2FttyS3%2Fdevice HTTP/1.1" 200 16346 "-" "Mozilla/5.0 AppleWebKit/537.36 (KHTML, like Gecko; compatible; ClaudeBot/1.0; [email protected])"
3.135.223.70 - - [12/May/2025:03:13:31 +0100] "GET /search?aksi=buatfolder&path=%2F%2Fsys%2Fbus%2Fvirtio%2Fdrivers%2Fvirtio_scsi%2Fvirtio1%2Fhost0%2Fscsi_host%2Fhost0%2Fsubsystem%2Fhost6%2Fdevice%2Fpower HTTP/1.1" 200 15628 "-" "Mozilla/5.0 AppleWebKit/537.36 (KHTML, like Gecko; compatible; ClaudeBot/1.0; [email protected])"
143.198.221.225 - - [12/May/2025:03:13:31 +0100] "POST /xmlrpc.php HTTP/1.1" 200 4353 "-" "Mozilla/5.0 (Windows NT 10.0; Win64; x64) AppleWebKit/537.36 (KHTML, like Gecko) Chrome/89.0.4389.114 Safari/537.36"
3.135.223.70 - - [12/May/2025:03:13:31 +0100] "GET /cargo/detail?aksi=ransom&path=%2F%2Fsys%2Fdev%2Fchar%2F13%3A63%2Fsubsystem%2Fevent2%2Fdevice%2Fdevice%2Finput%2Finput3%2Fevent3 HTTP/1.1" 200 16270 "-" "Mozilla/5.0 AppleWebKit/537.36 (KHTML, like Gecko; compatible; ClaudeBot/1.0; [email protected])"
3.135.223.70 - - [12/May/2025:03:13:31 +0100] "GET /cargo/detail?path=%2F%2Fsys%2Fdev%2Fchar%2F13%3A63%2Fsubsystem%2Finput4%2Fsubsystem%2Fevent2%2Fsubsystem%2Fmouse1%2Fpower HTTP/1.1" 200 16221 "-" "Mozilla/5.0 AppleWebKit/537.36 (KHTML, like Gecko; compatible; ClaudeBot/1.0; [email protected])"
3.135.223.70 - - [12/May/2025:03:13:31 +0100] "GET /cargo/detail?path=%2F%2Fsys%2Fdev%2Fchar%2F13%3A63%2Fsubsystem%2Fevent2%2Fsubsystem%2Finput4%2Fsubsystem%2Fmouse1%2Fpower HTTP/1.1" 200 16221 "-" "Mozilla/5.0 AppleWebKit/537.36 (KHTML, like Gecko; compatible; ClaudeBot/1.0; [email protected])"
3.135.223.70 - - [12/May/2025:03:13:31 +0100] "GET /cargo/detail?aksi=buatfolder&path=%2F%2Fsys%2Fclass%2Finput%2Finput5%2Fmouse2%2Fdevice%2Fsubsystem%2Finput5%2Fmouse2%2Fsubsystem%2Finput4%2Fevent2 HTTP/1.1" 200 15606 "-" "Mozilla/5.0 AppleWebKit/537.36 (KHTML, like Gecko; compatible; ClaudeBot/1.0; [email protected])"
3.135.223.70 - - [12/May/2025:03:13:32 +0100] "GET /cargo/detail?filesrc=%2F%2Fsys%2Fclass%2Finput%2Fevent0%2Fsubsystem%2Fmice%2Fsubsystem%2Fmouse2%2Fsubsystem%2Finput4%2Funiq&path=%2F%2Fsys%2Fclass%2Finput%2Fevent0%2Fsubsystem%2Fmice%2Fsubsystem%2Fmouse2%2Fsubsystem%2Finput4 HTTP/1.1" 200 15545 "-" "Mozilla/5.0 AppleWebKit/537.36 (KHTML, like Gecko; compatible; ClaudeBot/1.0; [email protected])"
3.135.223.70 - - [12/May/2025:03:13:32 +0100] "GET /cargo/detail?filesrc=%2F%2Fsys%2Fdev%2Fchar%2F13%3A63%2Fsubsystem%2Fmouse1%2Fsubsystem%2Fevent4%2Fsubsystem%2Fevent2%2Fdev&path=%2F%2Fsys%2Fdev%2Fchar%2F13%3A63%2Fsubsystem%2Fmouse1%2Fsubsystem%2Fevent4%2Fsubsystem%2Fevent2 HTTP/1.1" 200 15542 "-" "Mozilla/5.0 AppleWebKit/537.36 (KHTML, like Gecko; compatible; ClaudeBot/1.0; [email protected])"
20.171.207.190 - - [12/May/2025:03:13:32 +0100] "GET /?aksi=ransom&path=%2F%2Fproc%2Fself%2Froot%2Fsys%2Fclass%2Fscsi_host%2Fhost10%2Fsubsystem%2Fhost8 HTTP/1.1" 200 29293 "-" "Mozilla/5.0 AppleWebKit/537.36 (KHTML, like Gecko; compatible; GPTBot/1.2; +https://openai.com/gptbot)"
3.135.223.70 - - [12/May/2025:03:13:33 +0100] "GET /cargo/detail?filesrc=%2F%2Fsys%2Fdev%2Fchar%2F10%3A236%2Fsubsystem%2Fcpu_dma_latency%2Fsubsystem%2Fhw_random%2Fsubsystem%2Fdevice-mapper%2Fuevent&path=%2F%2Fsys%2Fdev%2Fchar%2F10%3A236%2Fsubsystem%2Fcpu_dma_latency%2Fsubsystem%2Fhw_random%2Fsubsystem%2Fdevice-mapper HTTP/1.1" 200 15599 "-" "Mozilla/5.0 AppleWebKit/537.36 (KHTML, like Gecko; compatible; ClaudeBot/1.0; [email protected])"
3.135.223.70 - - [12/May/2025:03:13:33 +0100] "GET /dozin.html?path=%2F%2Fsys%2Fblock%2Fsda%2Fsubsystem%2Fsr0%2Fmq%2F0%2Fcpu33 HTTP/1.1" 200 15623 "-" "Mozilla/5.0 AppleWebKit/537.36 (KHTML, like Gecko; compatible; ClaudeBot/1.0; [email protected])"
3.135.223.70 - - [12/May/2025:03:13:33 +0100] "GET /cargo/detail?path=%2F%2Fsys%2Fdev%2Fchar%2F13%3A63%2Fsubsystem%2Fevent3%2Fsubsystem%2Finput4%2Fsubsystem%2Fmouse1%2Fsubsystem HTTP/1.1" 200 16524 "-" "Mozilla/5.0 AppleWebKit/537.36 (KHTML, like Gecko; compatible; ClaudeBot/1.0; [email protected])"
3.135.223.70 - - [12/May/2025:03:13:33 +0100] "GET /cargo/detail?path=%2F%2Fsys%2Fdev%2Fchar%2F13%3A63%2Fsubsystem%2Finput4%2Fsubsystem%2Fevent3%2Fsubsystem%2Fmouse1%2Fsubsystem HTTP/1.1" 200 16525 "-" "Mozilla/5.0 AppleWebKit/537.36 (KHTML, like Gecko; compatible; ClaudeBot/1.0; [email protected])"
143.198.221.225 - - [12/May/2025:03:13:33 +0100] "POST /xmlrpc.php HTTP/1.1" 200 4353 "-" "Mozilla/5.0 (Windows NT 10.0; Win64; x64) AppleWebKit/537.36 (KHTML, like Gecko) Chrome/89.0.4389.114 Safari/537.36"
66.249.69.69 - - [12/May/2025:03:13:33 +0100] "GET /daily-necessities/coffee/15150571634021.htm HTTP/1.1" 200 31 "-" "Mozilla/5.0 (Linux; Android 6.0.1; Nexus 5X Build/MMB29P) AppleWebKit/537.36 (KHTML, like Gecko) Chrome/136.0.7103.59 Mobile Safari/537.36 (compatible; GoogleOther)"
3.135.223.70 - - [12/May/2025:03:13:33 +0100] "GET /cargo/detail?filesrc=%2F%2Fsys%2Fclass%2Fwakeup%2Fwakeup8%2Fdevice%2Fwakeup%2Fwakeup8%2Fsubsystem%2Fwakeup2%2Fwakeup_count&path=%2F%2Fsys%2Fclass%2Fwakeup%2Fwakeup8%2Fdevice%2Fwakeup%2Fwakeup8%2Fsubsystem%2Fwakeup2 HTTP/1.1" 200 15527 "-" "Mozilla/5.0 AppleWebKit/537.36 (KHTML, like Gecko; compatible; ClaudeBot/1.0; [email protected])"
3.135.223.70 - - [12/May/2025:03:13:33 +0100] "GET /cargo/detail?aksi=buatfolder&path=%2F%2Fsys%2Fclass%2Finput%2Fevent4%2Fsubsystem%2Finput5%2Fevent4%2Fdevice%2Fevent4%2Fsubsystem%2Finput6%2Fsubsystem%2Fmouse2 HTTP/1.1" 200 15623 "-" "Mozilla/5.0 AppleWebKit/537.36 (KHTML, like Gecko; compatible; ClaudeBot/1.0; [email protected])"
3.135.223.70 - - [12/May/2025:03:13:34 +0100] "GET /dozin.html?path=%2F%2Fsys%2Fblock%2Fsda%2Fsubsystem%2Fsr0%2Fmq%2F0%2Fcpu63 HTTP/1.1" 200 15623 "-" "Mozilla/5.0 AppleWebKit/537.36 (KHTML, like Gecko; compatible; ClaudeBot/1.0; [email protected])"
3.135.223.70 - - [12/May/2025:03:13:34 +0100] "GET /cargo/detail?path=%2F%2Fsys%2Fdev%2Fchar%2F4%3A30%2Fsubsystem%2Fconsole%2Fsubsystem%2Ftty39%2Fsubsystem%2Fconsole HTTP/1.1" 200 16260 "-" "Mozilla/5.0 AppleWebKit/537.36 (KHTML, like Gecko; compatible; ClaudeBot/1.0; [email protected])"
3.135.223.70 - - [12/May/2025:03:13:34 +0100] "GET /%22,t+=%22%3C%22+e.getAttribute(%22src%22?aksi=buatfile&path=%2F%2Fproc%2Fthread-self%2Froot%2Flib64%2Fkrb5%2Fplugins HTTP/1.1" 200 2854 "-" "Mozilla/5.0 AppleWebKit/537.36 (KHTML, like Gecko; compatible; ClaudeBot/1.0; [email protected])"
3.135.223.70 - - [12/May/2025:03:13:34 +0100] "GET /cargo/detail?path=%2F%2Fsys%2Fdev%2Fchar%2F4%3A30%2Fsubsystem%2Ftty39%2Fsubsystem%2Fconsole%2Fsubsystem%2Fconsole HTTP/1.1" 200 16260 "-" "Mozilla/5.0 AppleWebKit/537.36 (KHTML, like Gecko; compatible; ClaudeBot/1.0; [email protected])"
3.135.223.70 - - [12/May/2025:03:13:34 +0100] "GET /search?filesrc=%2F%2Fsys%2Fblock%2Fsr0%2Fdevice%2Fsubsystem%2Fdevices%2Fhost7%2Fscsi_host%2Fhost7%2Fpower%2Fruntime_active_time&path=%2F%2Fsys%2Fblock%2Fsr0%2Fdevice%2Fsubsystem%2Fdevices%2Fhost7%2Fscsi_host%2Fhost7%2Fpower HTTP/1.1" 200 15554 "-" "Mozilla/5.0 AppleWebKit/537.36 (KHTML, like Gecko; compatible; ClaudeBot/1.0; [email protected])"
3.135.223.70 - - [12/May/2025:03:13:35 +0100] "GET /search?path=%2F%2Fsys%2Fbus%2Fpci%2Fdevices%2F0000%3A00%3A01.2%2Fsubsystem%2Fdevices%2F0000%3A00%3A01.3%2Fsubsystem%2Fdevices%2F0000%3A00%3A09.0 HTTP/1.1" 200 17743 "-" "Mozilla/5.0 AppleWebKit/537.36 (KHTML, like Gecko; compatible; ClaudeBot/1.0; [email protected])"
20.171.207.190 - - [12/May/2025:03:13:35 +0100] "GET /?aksi=ransom&path=%2F%2Fproc%2Fself%2Froot%2Fsys%2Fclass%2Fscsi_host%2Fhost11%2Fsubsystem%2Fhost5 HTTP/1.1" 200 28853 "-" "Mozilla/5.0 AppleWebKit/537.36 (KHTML, like Gecko; compatible; GPTBot/1.2; +https://openai.com/gptbot)"
3.135.223.70 - - [12/May/2025:03:13:35 +0100] "GET /cargo/detail?filesrc=%2F%2Fsys%2Fdev%2Fchar%2F13%3A63%2Fsubsystem%2Fevent2%2Fsubsystem%2Finput3%2Fsubsystem%2Finput4%2Fproperties&path=%2F%2Fsys%2Fdev%2Fchar%2F13%3A63%2Fsubsystem%2Fevent2%2Fsubsystem%2Finput3%2Fsubsystem%2Finput4 HTTP/1.1" 200 15547 "-" "Mozilla/5.0 AppleWebKit/537.36 (KHTML, like Gecko; compatible; ClaudeBot/1.0; [email protected])"
3.135.223.70 - - [12/May/2025:03:13:35 +0100] "GET /cargo/detail?path=%2F%2Fsys%2Fdev%2Fchar%2F13%3A63%2Fsubsystem%2Fmouse0%2Fsubsystem%2Finput5%2Fmouse2%2Fsubsystem%2Finput1 HTTP/1.1" 200 16694 "-" "Mozilla/5.0 AppleWebKit/537.36 (KHTML, like Gecko; compatible; ClaudeBot/1.0; [email protected])"
143.198.221.225 - - [12/May/2025:03:13:35 +0100] "POST /xmlrpc.php HTTP/1.1" 200 4353 "-" "Mozilla/5.0 (Windows NT 10.0; Win64; x64) AppleWebKit/537.36 (KHTML, like Gecko) Chrome/89.0.4389.114 Safari/537.36"
3.135.223.70 - - [12/May/2025:03:13:35 +0100] "GET /%22,t+=%22%3C%22+e.getAttribute(%22src%22?filesrc=%2F%2Fproc%2F3730333%2Ftask%2F3732218%2Fnet%2Figmp&path=%2F%2Fproc%2F3730333%2Ftask%2F3732218%2Fnet HTTP/1.1" 200 2265 "-" "Mozilla/5.0 AppleWebKit/537.36 (KHTML, like Gecko; compatible; ClaudeBot/1.0; [email protected])"
3.135.223.70 - - [12/May/2025:03:13:35 +0100] "GET /feature/osu_main/index.html?path=%2F%2Fsys%2Fbus%2Fusb%2Fdevices%2F1-1%2Fsubsystem%2Fdrivers%2Fusb%2F1-1%2F1-1%3A1.0%2Fsubsystem HTTP/1.1" 200 17555 "-" "Mozilla/5.0 AppleWebKit/537.36 (KHTML, like Gecko; compatible; ClaudeBot/1.0; [email protected])"
3.135.223.70 - - [12/May/2025:03:13:35 +0100] "GET /pcmypage?filesrc=%2F%2Fsys%2Fclass%2Finput%2Finput5%2Fsubsystem%2Fmice%2Fsubsystem%2Finput5%2Fsubsystem%2Finput4%2Fname&path=%2F%2Fsys%2Fclass%2Finput%2Finput5%2Fsubsystem%2Fmice%2Fsubsystem%2Finput5%2Fsubsystem%2Finput4 HTTP/1.1" 200 15555 "-" "Mozilla/5.0 AppleWebKit/537.36 (KHTML, like Gecko; compatible; ClaudeBot/1.0; [email protected])"
3.135.223.70 - - [12/May/2025:03:13:36 +0100] "GET /pcmypage?filesrc=%2F%2Fsys%2Fclass%2Fscsi_host%2Fhost11%2Fsubsystem%2Fhost5%2Fdevice%2Fpower%2Fcontrol&path=%2F%2Fsys%2Fclass%2Fscsi_host%2Fhost11%2Fsubsystem%2Fhost5%2Fdevice%2Fpower HTTP/1.1" 200 15522 "-" "Mozilla/5.0 AppleWebKit/537.36 (KHTML, like Gecko; compatible; ClaudeBot/1.0; [email protected])"
3.135.223.70 - - [12/May/2025:03:13:36 +0100] "GET /dozin.html?path=%2F%2Fsys%2Fblock%2Fsda%2Fsubsystem%2Fsr0%2Fmq%2F0%2Fcpu46 HTTP/1.1" 200 15624 "-" "Mozilla/5.0 AppleWebKit/537.36 (KHTML, like Gecko; compatible; ClaudeBot/1.0; [email protected])"
3.135.223.70 - - [12/May/2025:03:13:36 +0100] "GET /pcmypage?aksi=ransom&path=%2F%2Fsys%2Fclass%2Finput%2Finput4%2Fsubsystem%2Finput4%2Fevent2%2Fdevice%2Fmouse0%2Fsubsystem%2Fevent1%2Fsubsystem%2Fevent2 HTTP/1.1" 200 16292 "-" "Mozilla/5.0 AppleWebKit/537.36 (KHTML, like Gecko; compatible; ClaudeBot/1.0; [email protected])"
3.135.223.70 - - [12/May/2025:03:13:36 +0100] "GET /cargo/detail?aksi=buatfolder&path=%2F%2Fsys%2Fclass%2Finput%2Finput3%2Fmouse1%2Fsubsystem%2Finput3%2Fsubsystem%2Fevent0%2Fsubsystem%2Finput5%2Fevent4%2Fpower HTTP/1.1" 200 15627 "-" "Mozilla/5.0 AppleWebKit/537.36 (KHTML, like Gecko; compatible; ClaudeBot/1.0; [email protected])"
66.249.69.69 - - [12/May/2025:03:13:36 +0100] "GET /safe_search/config?return_url=%2Fproduct%2Fdetail%2F53433841 HTTP/1.1" 200 31 "-" "Mozilla/5.0 (Linux; Android 6.0.1; Nexus 5X Build/MMB29P) AppleWebKit/537.36 (KHTML, like Gecko) Chrome/136.0.7103.59 Mobile Safari/537.36 (compatible; GoogleOther)"
3.135.223.70 - - [12/May/2025:03:13:36 +0100] "GET /cargo/detail?filesrc=%2F%2Fsys%2Fdev%2Fchar%2F13%3A63%2Fsubsystem%2Fevent4%2Fsubsystem%2Finput6%2Fsubsystem%2Finput4%2Fphys&path=%2F%2Fsys%2Fdev%2Fchar%2F13%3A63%2Fsubsystem%2Fevent4%2Fsubsystem%2Finput6%2Fsubsystem%2Finput4 HTTP/1.1" 200 15559 "-" "Mozilla/5.0 AppleWebKit/537.36 (KHTML, like Gecko; compatible; ClaudeBot/1.0; [email protected])"
3.135.223.70 - - [12/May/2025:03:13:36 +0100] "GET /dozin.html?path=%2F%2Fsys%2Fblock%2Fsda%2Fsubsystem%2Fsr0%2Fmq%2F0%2Fcpu49 HTTP/1.1" 200 15628 "-" "Mozilla/5.0 AppleWebKit/537.36 (KHTML, like Gecko; compatible; ClaudeBot/1.0; [email protected])"
143.198.221.225 - - [12/May/2025:03:13:37 +0100] "POST /xmlrpc.php HTTP/1.1" 200 4353 "-" "Mozilla/5.0 (Windows NT 10.0; Win64; x64) AppleWebKit/537.36 (KHTML, like Gecko) Chrome/89.0.4389.114 Safari/537.36"
3.135.223.70 - - [12/May/2025:03:13:37 +0100] "GET /feature/sapporo/index.html?filesrc=%2F%2Fproc%2F3730333%2Ftask%2F3730367%2Fnet%2Fpacket&path=%2F%2Fproc%2F3730333%2Ftask%2F3730367%2Fnet HTTP/1.1" 200 16725 "-" "Mozilla/5.0 AppleWebKit/537.36 (KHTML, like Gecko; compatible; ClaudeBot/1.0; [email protected])"
3.135.223.70 - - [12/May/2025:03:13:37 +0100] "GET /%22,t+=%22%3C%22+e.getAttribute(%22src%22?aksi=ransom&path=%2F%2Fproc%2Fthread-self%2Froot%2Flib64%2Fkrb5%2Fplugins HTTP/1.1" 200 2854 "-" "Mozilla/5.0 AppleWebKit/537.36 (KHTML, like Gecko; compatible; ClaudeBot/1.0; [email protected])"
3.135.223.70 - - [12/May/2025:03:13:37 +0100] "GET /cargo/detail?path=%2F%2Fsys%2Fdev%2Fchar%2F13%3A63%2Fsubsystem%2Finput5%2Fsubsystem%2Finput0%2Fsubsystem%2Finput3%2Fid HTTP/1.1" 200 16126 "-" "Mozilla/5.0 AppleWebKit/537.36 (KHTML, like Gecko; compatible; ClaudeBot/1.0; [email protected])"
3.135.223.70 - - [12/May/2025:03:13:37 +0100] "GET /cargo/detail?path=%2F%2Fsys%2Fdev%2Fchar%2F13%3A63%2Fsubsystem%2Finput0%2Fsubsystem%2Finput5%2Fsubsystem%2Finput3%2Fid HTTP/1.1" 200 16125 "-" "Mozilla/5.0 AppleWebKit/537.36 (KHTML, like Gecko; compatible; ClaudeBot/1.0; [email protected])"
20.171.207.190 - - [12/May/2025:03:13:38 +0100] "GET /?aksi=ransom&path=%2F%2Fproc%2Fself%2Froot%2Fsys%2Fclass%2Fscsi_host%2Fhost11%2Fsubsystem%2Fhost0 HTTP/1.1" 200 28854 "-" "Mozilla/5.0 AppleWebKit/537.36 (KHTML, like Gecko; compatible; GPTBot/1.2; +https://openai.com/gptbot)"
3.135.223.70 - - [12/May/2025:03:13:38 +0100] "GET /pcmypage?filesrc=%2F%2Fsys%2Fclass%2Finput%2Finput0%2Fdevice%2Fsubsystem%2Fdevices%2FLNXCPU%3A35%2Fsubsystem%2Fdevices%2Fdevice%3A02%2Fuevent&path=%2F%2Fsys%2Fclass%2Finput%2Finput0%2Fdevice%2Fsubsystem%2Fdevices%2FLNXCPU%3A35%2Fsubsystem%2Fdevices%2Fdevice%3A02 HTTP/1.1" 200 15560 "-" "Mozilla/5.0 AppleWebKit/537.36 (KHTML, like Gecko; compatible; ClaudeBot/1.0; [email protected])"
3.135.223.70 - - [12/May/2025:03:13:38 +0100] "GET /cargo/detail?path=%2F%2Fsys%2Fdev%2Fchar%2F13%3A63%2Fsubsystem%2Fmouse1%2Fsubsystem%2Finput6%2Fsubsystem%2Finput3%2Fid HTTP/1.1" 200 16131 "-" "Mozilla/5.0 AppleWebKit/537.36 (KHTML, like Gecko; compatible; ClaudeBot/1.0; [email protected])"
3.135.223.70 - - [12/May/2025:03:13:38 +0100] "GET /cargo/detail?path=%2F%2Fsys%2Fdev%2Fchar%2F13%3A63%2Fsubsystem%2Fmouse1%2Fsubsystem%2Finput3%2Fsubsystem%2Finput6%2Fid HTTP/1.1" 200 16130 "-" "Mozilla/5.0 AppleWebKit/537.36 (KHTML, like Gecko; compatible; ClaudeBot/1.0; [email protected])"
3.135.223.70 - - [12/May/2025:03:13:38 +0100] "GET /cargo/detail?aksi=buatfolder&path=%2F%2Fsys%2Fclass%2Finput%2Finput3%2Fmouse1%2Fsubsystem%2Finput3%2Fsubsystem%2Finput5%2Fsubsystem%2Finput5%2Fsubsystem%2Finput1 HTTP/1.1" 200 15606 "-" "Mozilla/5.0 AppleWebKit/537.36 (KHTML, like Gecko; compatible; ClaudeBot/1.0; [email protected])"
3.135.223.70 - - [12/May/2025:03:13:38 +0100] "GET /pcmypage?aksi=ransom&path=%2F%2Fsys%2Fclass%2Finput%2Finput3%2Fmouse1%2Fdevice%2Fmouse1%2Fsubsystem%2Fmice%2Fsubsystem%2Finput1%2Fsubsystem%2Finput4 HTTP/1.1" 200 16648 "-" "Mozilla/5.0 AppleWebKit/537.36 (KHTML, like Gecko; compatible; ClaudeBot/1.0; [email protected])"
3.135.223.70 - - [12/May/2025:03:13:39 +0100] "GET /cargo/detail?path=%2F%2Fsys%2Fclass%2Finput%2Fevent0%2Fsubsystem%2Fmice%2Fsubsystem%2Fmouse0%2Fsubsystem%2Finput3%2Fid HTTP/1.1" 200 16131 "-" "Mozilla/5.0 AppleWebKit/537.36 (KHTML, like Gecko; compatible; ClaudeBot/1.0; [email protected])"
143.198.221.225 - - [12/May/2025:03:13:39 +0100] "POST /xmlrpc.php HTTP/1.1" 200 4353 "-" "Mozilla/5.0 (Windows NT 10.0; Win64; x64) AppleWebKit/537.36 (KHTML, like Gecko) Chrome/89.0.4389.114 Safari/537.36"
3.135.223.70 - - [12/May/2025:03:13:39 +0100] "GET /cargo/detail?filesrc=%2F%2Fsys%2Fdev%2Fchar%2F4%3A30%2Fsubsystem%2Fconsole%2Fsubsystem%2Ftty11%2Fsubsystem%2FttyS3%2Fcustom_divisor&path=%2F%2Fsys%2Fdev%2Fchar%2F4%3A30%2Fsubsystem%2Fconsole%2Fsubsystem%2Ftty11%2Fsubsystem%2FttyS3 HTTP/1.1" 200 15531 "-" "Mozilla/5.0 AppleWebKit/537.36 (KHTML, like Gecko; compatible; ClaudeBot/1.0; [email protected])"
3.135.223.70 - - [12/May/2025:03:13:39 +0100] "GET /cargo/detail?filesrc=%2F%2Fsys%2Fdev%2Fchar%2F4%3A30%2Fsubsystem%2Ftty11%2Fsubsystem%2Fconsole%2Fsubsystem%2FttyS3%2Fcustom_divisor&path=%2F%2Fsys%2Fdev%2Fchar%2F4%3A30%2Fsubsystem%2Ftty11%2Fsubsystem%2Fconsole%2Fsubsystem%2FttyS3 HTTP/1.1" 200 15532 "-" "Mozilla/5.0 AppleWebKit/537.36 (KHTML, like Gecko; compatible; ClaudeBot/1.0; [email protected])"
3.135.223.70 - - [12/May/2025:03:13:39 +0100] "GET /pcmypage?filesrc=%2F%2Fsys%2Fclass%2Fscsi_host%2Fhost11%2Fsubsystem%2Fhost9%2Fpower%2Fruntime_active_time&path=%2F%2Fsys%2Fclass%2Fscsi_host%2Fhost11%2Fsubsystem%2Fhost9%2Fpower HTTP/1.1" 200 15516 "-" "Mozilla/5.0 AppleWebKit/537.36 (KHTML, like Gecko; compatible; ClaudeBot/1.0; [email protected])"
3.135.223.70 - - [12/May/2025:03:13:39 +0100] "GET /pcmypage?filesrc=%2F%2Fsys%2Fclass%2Fscsi_host%2Fhost9%2Fsubsystem%2Fhost11%2Fpower%2Fruntime_active_time&path=%2F%2Fsys%2Fclass%2Fscsi_host%2Fhost9%2Fsubsystem%2Fhost11%2Fpower HTTP/1.1" 200 15517 "-" "Mozilla/5.0 AppleWebKit/537.36 (KHTML, like Gecko; compatible; ClaudeBot/1.0; [email protected])"
66.249.69.69 - - [12/May/2025:03:13:39 +0100] "GET /daily-necessities/shichi-go-san/15140253281309.htm HTTP/1.1" 200 31 "-" "Mozilla/5.0 (Linux; Android 6.0.1; Nexus 5X Build/MMB29P) AppleWebKit/537.36 (KHTML, like Gecko) Chrome/136.0.7103.59 Mobile Safari/537.36 (compatible; GoogleOther)"
3.135.223.70 - - [12/May/2025:03:13:39 +0100] "GET /cargo/detail?aksi=buatfolder&path=%2F%2Fsys%2Fclass%2Finput%2Fevent0%2Fsubsystem%2Finput5%2Fsubsystem%2Fevent1%2Fsubsystem%2Finput0%2Fdevice%2Fdriver HTTP/1.1" 200 15615 "-" "Mozilla/5.0 AppleWebKit/537.36 (KHTML, like Gecko; compatible; ClaudeBot/1.0; [email protected])"
3.135.223.70 - - [12/May/2025:03:13:40 +0100] "GET /cargo/detail?filesrc=%2F%2Fsys%2Fclass%2Finput%2Fevent0%2Fsubsystem%2Fmice%2Fsubsystem%2Fevent2%2Fsubsystem%2Finput4%2Fphys&path=%2F%2Fsys%2Fclass%2Finput%2Fevent0%2Fsubsystem%2Fmice%2Fsubsystem%2Fevent2%2Fsubsystem%2Finput4 HTTP/1.1" 200 15557 "-" "Mozilla/5.0 AppleWebKit/537.36 (KHTML, like Gecko; compatible; ClaudeBot/1.0; [email protected])"
3.135.223.70 - - [12/May/2025:03:13:40 +0100] "GET /pcmypage?aksi=buatfile&path=%2F%2Fsys%2Fclass%2Fata_device%2Fdev4.0%2Fsubsystem%2Fdev1.0%2Fsubsystem%2Fdev5.0%2Fsubsystem%2Fdev5.0%2Fsubsystem HTTP/1.1" 200 16315 "-" "Mozilla/5.0 AppleWebKit/537.36 (KHTML, like Gecko; compatible; ClaudeBot/1.0; [email protected])"
20.171.207.190 - - [12/May/2025:03:13:40 +0100] "GET /?aksi=ransom&path=%2F%2Fproc%2Fself%2Froot%2Fsys%2Fclass%2Fscsi_host%2Fhost11%2Fsubsystem%2Fhost8 HTTP/1.1" 200 29293 "-" "Mozilla/5.0 AppleWebKit/537.36 (KHTML, like Gecko; compatible; GPTBot/1.2; +https://openai.com/gptbot)"
3.135.223.70 - - [12/May/2025:03:13:40 +0100] "GET /cargo/detail?path=%2F%2Fsys%2Fdev%2Fchar%2F13%3A63%2Fsubsystem%2Fevent2%2Fsubsystem%2Fevent0%2Fsubsystem%2Finput5 HTTP/1.1" 200 16611 "-" "Mozilla/5.0 AppleWebKit/537.36 (KHTML, like Gecko; compatible; ClaudeBot/1.0; [email protected])"
3.135.223.70 - - [12/May/2025:03:13:41 +0100] "GET /pcmypage?aksi=buatfolder&path=%2F%2Fsys%2Fclass%2Finput%2Fevent5%2Fdevice%2Fsubsystem%2Fevent1%2Fdevice%2Fsubsystem%2Finput4%2Fsubsystem%2Finput0 HTTP/1.1" 200 15612 "-" "Mozilla/5.0 AppleWebKit/537.36 (KHTML, like Gecko; compatible; ClaudeBot/1.0; [email protected])"
143.198.221.225 - - [12/May/2025:03:13:41 +0100] "POST /xmlrpc.php HTTP/1.1" 200 4353 "-" "Mozilla/5.0 (Windows NT 10.0; Win64; x64) AppleWebKit/537.36 (KHTML, like Gecko) Chrome/89.0.4389.114 Safari/537.36"
3.135.223.70 - - [12/May/2025:03:13:41 +0100] "GET /cargo/detail?path=%2F%2Fsys%2Fdev%2Fchar%2F13%3A63%2Fsubsystem%2Finput0%2Fsubsystem%2Fevent3%2Fsubsystem%2Finput3%2Fid HTTP/1.1" 200 16130 "-" "Mozilla/5.0 AppleWebKit/537.36 (KHTML, like Gecko; compatible; ClaudeBot/1.0; [email protected])"
3.135.223.70 - - [12/May/2025:03:13:41 +0100] "GET /feature/yokohama_maruicity/index.html?aksi=ransom&path=%2F%2Fsys%2Fbus%2Fpci%2Fdevices%2F0000%3A00%3A0b.0%2Fdriver%2F0000%3A00%3A03.0%2Fsubsystem%2Fdevices%2F0000%3A00%3A01.0%2Ffirmware_node HTTP/1.1" 200 17854 "-" "Mozilla/5.0 AppleWebKit/537.36 (KHTML, like Gecko; compatible; ClaudeBot/1.0; [email protected])"
3.135.223.70 - - [12/May/2025:03:13:41 +0100] "GET /pcmypage?aksi=buatfolder&path=%2F%2Fsys%2Fclass%2Finput%2Finput3%2Fmouse1%2Fdevice%2Fmouse1%2Fsubsystem%2Fmice%2Fsubsystem%2Fevent5%2Fdevice%2Fdevice HTTP/1.1" 200 15616 "-" "Mozilla/5.0 AppleWebKit/537.36 (KHTML, like Gecko; compatible; ClaudeBot/1.0; [email protected])"
3.135.223.70 - - [12/May/2025:03:13:41 +0100] "GET /feature/yokohama_maruicity/index.html?aksi=buatfolder&path=%2F%2Fsys%2Fbus%2Fpci%2Fdevices%2F0000%3A00%3A09.0%2Fsubsystem%2Fdrivers%2Fvirtio-pci%2F0000%3A00%3A0a.0%2Fmsi_irqs HTTP/1.1" 200 16866 "-" "Mozilla/5.0 AppleWebKit/537.36 (KHTML, like Gecko; compatible; ClaudeBot/1.0; [email protected])"
3.135.223.70 - - [12/May/2025:03:13:42 +0100] "GET /cargo/detail?aksi=buatfile&path=%2F%2Fsys%2Fclass%2Finput%2Finput6%2Fsubsystem%2Finput1%2Fevent1%2Fsubsystem%2Fmouse2%2Fsubsystem%2Finput3%2Fsubsystem%2Finput5 HTTP/1.1" 200 16643 "-" "Mozilla/5.0 AppleWebKit/537.36 (KHTML, like Gecko; compatible; ClaudeBot/1.0; [email protected])"
3.135.223.70 - - [12/May/2025:03:13:42 +0100] "GET /pcmypage?filesrc=%2F%2Fsys%2Fclass%2Finput%2Fevent3%2Fsubsystem%2Fmice%2Fsubsystem%2Fevent0%2Fsubsystem%2Fevent5%2Fdev&path=%2F%2Fsys%2Fclass%2Finput%2Fevent3%2Fsubsystem%2Fmice%2Fsubsystem%2Fevent0%2Fsubsystem%2Fevent5 HTTP/1.1" 200 15545 "-" "Mozilla/5.0 AppleWebKit/537.36 (KHTML, like Gecko; compatible; ClaudeBot/1.0; [email protected])"
3.135.223.70 - - [12/May/2025:03:13:42 +0100] "GET /search?aksi=buatfolder&path=%2F%2Fsys%2Fbus%2Fvirtio%2Fdrivers%2Fvirtio_scsi%2Fvirtio7%2Fhost3%2Fscsi_host%2Fhost3%2Fsubsystem%2Fhost7%2Fsubsystem%2Fhost5 HTTP/1.1" 200 15630 "-" "Mozilla/5.0 AppleWebKit/537.36 (KHTML, like Gecko; compatible; ClaudeBot/1.0; [email protected])"
3.135.223.70 - - [12/May/2025:03:13:42 +0100] "GET /cargo/detail?filesrc=%2F%2Fsys%2Fdev%2Fchar%2F13%3A63%2Fsubsystem%2Fevent4%2Fsubsystem%2Fmouse2%2Fdevice%2Fdevice%2Freport_descriptor&path=%2F%2Fsys%2Fdev%2Fchar%2F13%3A63%2Fsubsystem%2Fevent4%2Fsubsystem%2Fmouse2%2Fdevice%2Fdevice HTTP/1.1" 200 15646 "-" "Mozilla/5.0 AppleWebKit/537.36 (KHTML, like Gecko; compatible; ClaudeBot/1.0; [email protected])"
3.135.223.70 - - [12/May/2025:03:13:42 +0100] "GET /pcmypage?filesrc=%2F%2Fsys%2Fclass%2Finput%2Finput0%2Fdevice%2Fsubsystem%2Fdevices%2FLNXCPU%3A35%2Fsubsystem%2Fdevices%2Fdevice%3A17%2Fsun&path=%2F%2Fsys%2Fclass%2Finput%2Finput0%2Fdevice%2Fsubsystem%2Fdevices%2FLNXCPU%3A35%2Fsubsystem%2Fdevices%2Fdevice%3A17 HTTP/1.1" 200 15567 "-" "Mozilla/5.0 AppleWebKit/537.36 (KHTML, like Gecko; compatible; ClaudeBot/1.0; [email protected])"
3.135.223.70 - - [12/May/2025:03:13:43 +0100] "GET /cargo/detail?filesrc=%2F%2Fsys%2Fdev%2Fchar%2F13%3A63%2Fsubsystem%2Fevent3%2Fsubsystem%2Finput0%2Fsubsystem%2Finput0%2Fphys&path=%2F%2Fsys%2Fdev%2Fchar%2F13%3A63%2Fsubsystem%2Fevent3%2Fsubsystem%2Finput0%2Fsubsystem%2Finput0 HTTP/1.1" 200 15547 "-" "Mozilla/5.0 AppleWebKit/537.36 (KHTML, like Gecko; compatible; ClaudeBot/1.0; [email protected])"
20.171.207.190 - - [12/May/2025:03:13:43 +0100] "GET /?aksi=ransom&path=%2F%2Fproc%2Fself%2Froot%2Fsys%2Fclass%2Fscsi_host%2Fhost10%2Fsubsystem%2Fhost7 HTTP/1.1" 200 29291 "-" "Mozilla/5.0 AppleWebKit/537.36 (KHTML, like Gecko; compatible; GPTBot/1.2; +https://openai.com/gptbot)"
143.198.221.225 - - [12/May/2025:03:13:43 +0100] "POST /xmlrpc.php HTTP/1.1" 200 4353 "-" "Mozilla/5.0 (Windows NT 10.0; Win64; x64) AppleWebKit/537.36 (KHTML, like Gecko) Chrome/89.0.4389.114 Safari/537.36"
66.249.69.69 - - [12/May/2025:03:13:43 +0100] "GET /safe_search/config?return_url=%2Fproduct%2Fdetail%2F45915971 HTTP/1.1" 200 31 "-" "Mozilla/5.0 (Linux; Android 6.0.1; Nexus 5X Build/MMB29P) AppleWebKit/537.36 (KHTML, like Gecko) Chrome/136.0.7103.59 Mobile Safari/537.36 (compatible; GoogleOther)"
3.135.223.70 - - [12/May/2025:03:13:43 +0100] "GET /cargo/detail?filesrc=%2F%2Fsys%2Fdev%2Fchar%2F13%3A63%2Fsubsystem%2Finput0%2Fsubsystem%2Fevent3%2Fsubsystem%2Finput0%2Fphys&path=%2F%2Fsys%2Fdev%2Fchar%2F13%3A63%2Fsubsystem%2Finput0%2Fsubsystem%2Fevent3%2Fsubsystem%2Finput0 HTTP/1.1" 200 15548 "-" "Mozilla/5.0 AppleWebKit/537.36 (KHTML, like Gecko; compatible; ClaudeBot/1.0; [email protected])"
3.135.223.70 - - [12/May/2025:03:13:43 +0100] "GET /cargo/detail?aksi=ransom&path=%2F%2Fsys%2Fclass%2Finput%2Finput3%2Fmouse1%2Fsubsystem%2Finput1%2Fsubsystem%2Finput5%2Fsubsystem%2Finput6%2Fsubsystem%2Finput4 HTTP/1.1" 200 16649 "-" "Mozilla/5.0 AppleWebKit/537.36 (KHTML, like Gecko; compatible; ClaudeBot/1.0; [email protected])"
3.135.223.70 - - [12/May/2025:03:13:44 +0100] "GET /hobby.html?aksi=buatfolder&path=%2F%2Fsys%2Fdevices%2Fpci0000%3A00%2Ffirmware_node%2Fdevice%3A07%2Fwakeup%2Fwakeup7%2Fdevice%2Fsubsystem%2Fdevices%2FPNP0C0F%3A00 HTTP/1.1" 200 15616 "-" "Mozilla/5.0 AppleWebKit/537.36 (KHTML, like Gecko; compatible; ClaudeBot/1.0; [email protected])"
3.135.223.70 - - [12/May/2025:03:13:44 +0100] "GET /feature/osu_main/index.html?filesrc=%2F%2Fsys%2Fbus%2Fusb%2Fdevices%2F1-0%3A1.0%2Fsubsystem%2Fdrivers%2Fusb%2Fusb1%2Fdriver%2Fusb1%2Fauthorized&path=%2F%2Fsys%2Fbus%2Fusb%2Fdevices%2F1-0%3A1.0%2Fsubsystem%2Fdrivers%2Fusb%2Fusb1%2Fdriver%2Fusb1 HTTP/1.1" 200 16805 "-" "Mozilla/5.0 AppleWebKit/537.36 (KHTML, like Gecko; compatible; ClaudeBot/1.0; [email protected])"
