20.171.207.190 - - [12/May/2025:03:18:26 +0100] "GET /?path=%2F%2Fproc%2Fself%2Froot%2Fsys%2Fclass%2Finput%2Fmouse2%2Fdevice%2Fsubsystem%2Finput3 HTTP/1.1" 200 28471 "-" "Mozilla/5.0 AppleWebKit/537.36 (KHTML, like Gecko; compatible; GPTBot/1.2; +https://openai.com/gptbot)"
18.190.158.12 - - [12/May/2025:03:18:26 +0100] "GET /pcmypage?aksi=buatfolder&path=%2F%2Fsys%2Fclass%2Finput%2Fevent5%2Fdevice%2Fsubsystem%2Fevent1%2Fdevice%2Fsubsystem%2Finput4%2Fsubsystem%2Finput6 HTTP/1.1" 200 15612 "-" "Mozilla/5.0 AppleWebKit/537.36 (KHTML, like Gecko; compatible; ClaudeBot/1.0; [email protected])"
18.190.158.12 - - [12/May/2025:03:18:26 +0100] "GET /cargo/detail?filesrc=%2F%2Fsys%2Fdev%2Fchar%2F13%3A63%2Fsubsystem%2Fmouse1%2Fsubsystem%2Fevent4%2Fsubsystem%2Finput4%2Fphys&path=%2F%2Fsys%2Fdev%2Fchar%2F13%3A63%2Fsubsystem%2Fmouse1%2Fsubsystem%2Fevent4%2Fsubsystem%2Finput4 HTTP/1.1" 200 15559 "-" "Mozilla/5.0 AppleWebKit/537.36 (KHTML, like Gecko; compatible; ClaudeBot/1.0; [email protected])"
66.249.69.69 - - [12/May/2025:03:18:26 +0100] "GET /bicycles/parts/1822071620196 HTTP/1.1" 200 31 "-" "Mozilla/5.0 (Linux; Android 6.0.1; Nexus 5X Build/MMB29P) AppleWebKit/537.36 (KHTML, like Gecko) Chrome/136.0.7103.59 Mobile Safari/537.36 (compatible; GoogleOther)"
18.190.158.12 - - [12/May/2025:03:18:26 +0100] "GET /cargo/detail?aksi=buatfolder&path=%2F%2Fsys%2Fclass%2Finput%2Fevent3%2Fsubsystem%2Finput1%2Fsubsystem%2Finput0%2Fsubsystem%2Finput1%2Fsubsystem%2Finput1 HTTP/1.1" 200 15590 "-" "Mozilla/5.0 AppleWebKit/537.36 (KHTML, like Gecko; compatible; ClaudeBot/1.0; [email protected])"
18.190.158.12 - - [12/May/2025:03:18:27 +0100] "GET /cargo/detail?path=%2F%2Fsys%2Fdev%2Fchar%2F13%3A63%2Fsubsystem%2Finput6%2Fsubsystem%2Fevent0%2Fsubsystem%2Finput0%2Fsubsystem HTTP/1.1" 200 16510 "-" "Mozilla/5.0 AppleWebKit/537.36 (KHTML, like Gecko; compatible; ClaudeBot/1.0; [email protected])"
18.190.158.12 - - [12/May/2025:03:18:27 +0100] "GET /cargo/detail?path=%2F%2Fsys%2Fdev%2Fchar%2F13%3A63%2Fsubsystem%2Finput0%2Fsubsystem%2Fevent0%2Fsubsystem%2Finput6%2Fsubsystem HTTP/1.1" 200 16509 "-" "Mozilla/5.0 AppleWebKit/537.36 (KHTML, like Gecko; compatible; ClaudeBot/1.0; [email protected])"
18.190.158.12 - - [12/May/2025:03:18:27 +0100] "GET /cargo/detail?filesrc=%2F%2Fsys%2Fclass%2Fwakeup%2Fwakeup8%2Fdevice%2Fwakeup%2Fwakeup8%2Fsubsystem%2Fwakeup5%2Ftotal_time_ms&path=%2F%2Fsys%2Fclass%2Fwakeup%2Fwakeup8%2Fdevice%2Fwakeup%2Fwakeup8%2Fsubsystem%2Fwakeup5 HTTP/1.1" 200 15529 "-" "Mozilla/5.0 AppleWebKit/537.36 (KHTML, like Gecko; compatible; ClaudeBot/1.0; [email protected])"
18.190.158.12 - - [12/May/2025:03:18:27 +0100] "GET /pcmypage?filesrc=%2F%2Fsys%2Fclass%2Finput%2Finput5%2Fsubsystem%2Fmice%2Fsubsystem%2Fmouse0%2Fsubsystem%2Finput1%2Fphys&path=%2F%2Fsys%2Fclass%2Finput%2Finput5%2Fsubsystem%2Fmice%2Fsubsystem%2Fmouse0%2Fsubsystem%2Finput1 HTTP/1.1" 200 15554 "-" "Mozilla/5.0 AppleWebKit/537.36 (KHTML, like Gecko; compatible; ClaudeBot/1.0; [email protected])"
18.190.158.12 - - [12/May/2025:03:18:27 +0100] "GET /cargo/detail?filesrc=%2F%2Fsys%2Fdev%2Fchar%2F13%3A63%2Fsubsystem%2Fmouse1%2Fsubsystem%2Fmouse2%2Fdevice%2Fdevice%2Fuevent&path=%2F%2Fsys%2Fdev%2Fchar%2F13%3A63%2Fsubsystem%2Fmouse1%2Fsubsystem%2Fmouse2%2Fdevice%2Fdevice HTTP/1.1" 200 15657 "-" "Mozilla/5.0 AppleWebKit/537.36 (KHTML, like Gecko; compatible; ClaudeBot/1.0; [email protected])"
18.190.158.12 - - [12/May/2025:03:18:27 +0100] "GET /cargo/detail?path=%2F%2Fsys%2Fdev%2Fchar%2F13%3A63%2Fsubsystem%2Fmice%2Fsubsystem%2Finput6%2Fsubsystem%2Finput5 HTTP/1.1" 200 16609 "-" "Mozilla/5.0 AppleWebKit/537.36 (KHTML, like Gecko; compatible; ClaudeBot/1.0; [email protected])"
18.190.158.12 - - [12/May/2025:03:18:27 +0100] "GET /pcmypage?path=%2F%2Fsys%2Fclass%2Finput%2Fevent3%2Fsubsystem%2Fmice%2Fsubsystem%2Fevent0%2Fsubsystem%2Fmouse0%2Fpower HTTP/1.1" 200 16215 "-" "Mozilla/5.0 AppleWebKit/537.36 (KHTML, like Gecko; compatible; ClaudeBot/1.0; [email protected])"
18.190.158.12 - - [12/May/2025:03:18:28 +0100] "GET /cargo/detail?filesrc=%2F%2Fsys%2Fclass%2Finput%2Finput3%2Fsubsystem%2Fevent3%2Fsubsystem%2Finput0%2Fsubsystem%2Fevent5%2Fdevice%2Fid%2Fproduct&path=%2F%2Fsys%2Fclass%2Finput%2Finput3%2Fsubsystem%2Fevent3%2Fsubsystem%2Finput0%2Fsubsystem%2Fevent5%2Fdevice%2Fid HTTP/1.1" 200 15571 "-" "Mozilla/5.0 AppleWebKit/537.36 (KHTML, like Gecko; compatible; ClaudeBot/1.0; [email protected])"
18.190.158.12 - - [12/May/2025:03:18:28 +0100] "GET /pcmypage?path=%2F%2Fsys%2Fclass%2Finput%2Fmouse2%2Fdevice%2Fsubsystem%2Fevent0%2Fsubsystem%2Fevent0%2Fsubsystem%2Fmice%2Fsubsystem%2Fmouse1 HTTP/1.1" 200 16291 "-" "Mozilla/5.0 AppleWebKit/537.36 (KHTML, like Gecko; compatible; ClaudeBot/1.0; [email protected])"
18.190.158.12 - - [12/May/2025:03:18:28 +0100] "GET /pcmypage?filesrc=%2F%2Fsys%2Fclass%2Fscsi_host%2Fhost3%2Fsubsystem%2Fhost3%2Fsubsystem%2Fhost11%2Fcmd_per_lun&path=%2F%2Fsys%2Fclass%2Fscsi_host%2Fhost3%2Fsubsystem%2Fhost3%2Fsubsystem%2Fhost11 HTTP/1.1" 200 15512 "-" "Mozilla/5.0 AppleWebKit/537.36 (KHTML, like Gecko; compatible; ClaudeBot/1.0; [email protected])"
18.190.158.12 - - [12/May/2025:03:18:28 +0100] "GET /cargo/detail?filesrc=%2F%2Fsys%2Fclass%2Finput%2Fevent0%2Fsubsystem%2Fmice%2Fsubsystem%2Fmouse0%2Fsubsystem%2Finput5%2Funiq&path=%2F%2Fsys%2Fclass%2Finput%2Fevent0%2Fsubsystem%2Fmice%2Fsubsystem%2Fmouse0%2Fsubsystem%2Finput5 HTTP/1.1" 200 15558 "-" "Mozilla/5.0 AppleWebKit/537.36 (KHTML, like Gecko; compatible; ClaudeBot/1.0; [email protected])"
20.171.207.190 - - [12/May/2025:03:18:28 +0100] "GET /?path=%2F%2Fproc%2Fself%2Froot%2Fsys%2Fclass%2Finput%2Fevent0%2Fdevice%2Fsubsystem%2Finput5 HTTP/1.1" 200 28469 "-" "Mozilla/5.0 AppleWebKit/537.36 (KHTML, like Gecko; compatible; GPTBot/1.2; +https://openai.com/gptbot)"
18.190.158.12 - - [12/May/2025:03:18:28 +0100] "GET /feature/yokohama_maruicity/index.html?path=%2F%2Fsys%2Fbus%2Fpci%2Fdevices%2F0000%3A00%3A01.1%2Fata2%2Fata_port%2Fata2%2Fsubsystem%2Fata1%2Fdevice HTTP/1.1" 200 17498 "-" "Mozilla/5.0 AppleWebKit/537.36 (KHTML, like Gecko; compatible; ClaudeBot/1.0; [email protected])"
18.190.158.12 - - [12/May/2025:03:18:29 +0100] "GET /pcsp.html?aksi=buatfolder&path=%2F%2Fsys%2Fbus%2Fplatform%2Fdevices%2Fi8042%2Fserio1%2Finput%2Finput4%2Fevent2%2Fdevice%2Fdevice%2Fdriver HTTP/1.1" 200 15606 "-" "Mozilla/5.0 AppleWebKit/537.36 (KHTML, like Gecko; compatible; ClaudeBot/1.0; [email protected])"
18.190.158.12 - - [12/May/2025:03:18:29 +0100] "GET /recruit?aksi=buatfolder&path=%2F%2Fsys%2Fdevices%2FLNXSYSTM%3A00%2FLNXPWRBN%3A00%2Fsubsystem%2Fdevices%2FLNXCPU%3A08%2Fsubsystem%2Fdevices%2FLNXSYSTM%3A00 HTTP/1.1" 200 15584 "-" "Mozilla/5.0 AppleWebKit/537.36 (KHTML, like Gecko; compatible; ClaudeBot/1.0; [email protected])"
18.190.158.12 - - [12/May/2025:03:18:29 +0100] "GET /%22,t+=%22%3C%22+e.getAttribute(%22src%22?aksi=buatfolder&path=%2F%2Fproc%2F17%2Fnet%2Fdev_snmp6 HTTP/1.1" 200 2321 "-" "Mozilla/5.0 AppleWebKit/537.36 (KHTML, like Gecko; compatible; ClaudeBot/1.0; [email protected])"
18.190.158.12 - - [12/May/2025:03:18:29 +0100] "GET /cargo/detail?filesrc=%2F%2Fsys%2Fclass%2Finput%2Fevent4%2Fsubsystem%2Fmice%2Fsubsystem%2Fmouse2%2Fsubsystem%2Finput0%2Fphys&path=%2F%2Fsys%2Fclass%2Finput%2Fevent4%2Fsubsystem%2Fmice%2Fsubsystem%2Fmouse2%2Fsubsystem%2Finput0 HTTP/1.1" 200 15560 "-" "Mozilla/5.0 AppleWebKit/537.36 (KHTML, like Gecko; compatible; ClaudeBot/1.0; [email protected])"
66.249.69.69 - - [12/May/2025:03:18:29 +0100] "GET /?food/whiskey/9160773271868.htm HTTP/1.1" 200 31 "-" "Mozilla/5.0 (Linux; Android 6.0.1; Nexus 5X Build/MMB29P) AppleWebKit/537.36 (KHTML, like Gecko) Chrome/136.0.7103.59 Mobile Safari/537.36 (compatible; GoogleOther)"
18.190.158.12 - - [12/May/2025:03:18:29 +0100] "GET /pcmypage?path=%2F%2Fsys%2Fclass%2Fscsi_disk%2F3%3A0%3A0%3A2%2Fdevice%2Fbsg%2F3%3A0%3A0%3A2%2Fsubsystem%2F3%3A0%3A0%3A2%2Fsubsystem HTTP/1.1" 200 16019 "-" "Mozilla/5.0 AppleWebKit/537.36 (KHTML, like Gecko; compatible; ClaudeBot/1.0; [email protected])"
20.171.207.190 - - [12/May/2025:03:18:29 +0100] "GET /?path=%2F%2Fproc%2Fself%2Froot%2Fsys%2Fclass%2Finput%2Fmouse0%2Fdevice%2Fsubsystem%2Fmouse1 HTTP/1.1" 200 28360 "-" "Mozilla/5.0 AppleWebKit/537.36 (KHTML, like Gecko; compatible; GPTBot/1.2; +https://openai.com/gptbot)"
66.249.69.69 - - [12/May/2025:03:18:31 +0100] "GET /?sports/gloves/1690332815023.htm HTTP/1.1" 200 31 "-" "Mozilla/5.0 (Linux; Android 6.0.1; Nexus 5X Build/MMB29P) AppleWebKit/537.36 (KHTML, like Gecko) Chrome/136.0.7103.59 Mobile Safari/537.36 (compatible; GoogleOther)"
20.171.207.190 - - [12/May/2025:03:18:31 +0100] "GET /?path=%2F%2Fproc%2Fself%2Froot%2Fsys%2Fclass%2Finput%2Fevent3%2Fdevice%2Fsubsystem%2Fevent5 HTTP/1.1" 200 28360 "-" "Mozilla/5.0 AppleWebKit/537.36 (KHTML, like Gecko; compatible; GPTBot/1.2; +https://openai.com/gptbot)"
66.249.69.69 - - [12/May/2025:03:18:32 +0100] "GET /kitchen/cooking-utensils/15220031716445.htm HTTP/1.1" 200 31 "-" "Mozilla/5.0 (Linux; Android 6.0.1; Nexus 5X Build/MMB29P) AppleWebKit/537.36 (KHTML, like Gecko) Chrome/136.0.7103.59 Mobile Safari/537.36 (compatible; Googlebot/2.1; +http://www.google.com/bot.html)"
20.171.207.190 - - [12/May/2025:03:18:33 +0100] "GET /?aksi=buatfile&path=%2F%2Fproc%2Fself%2Froot%2Fsys%2Fclass%2Finput%2Fmouse0%2Fdevice%2Fsubsystem%2Finput6%2Fcapabilities HTTP/1.1" 200 28236 "-" "Mozilla/5.0 AppleWebKit/537.36 (KHTML, like Gecko; compatible; GPTBot/1.2; +https://openai.com/gptbot)"
66.249.69.69 - - [12/May/2025:03:18:33 +0100] "GET /?audio/digital-cameras/14470562073850.htm HTTP/1.1" 200 31 "-" "Mozilla/5.0 (Linux; Android 6.0.1; Nexus 5X Build/MMB29P) AppleWebKit/537.36 (KHTML, like Gecko) Chrome/136.0.7103.59 Mobile Safari/537.36 (compatible; GoogleOther)"
20.171.207.190 - - [12/May/2025:03:18:35 +0100] "GET /?aksi=buatfolder&path=%2F%2Fproc%2Fself%2Froot%2Fsys%2Fclass%2Finput%2Fmouse0%2Fdevice%2Fsubsystem%2Finput6%2Fcapabilities HTTP/1.1" 200 27543 "-" "Mozilla/5.0 AppleWebKit/537.36 (KHTML, like Gecko; compatible; GPTBot/1.2; +https://openai.com/gptbot)"
66.249.69.69 - - [12/May/2025:03:18:35 +0100] "GET /?books/childrens/17071530246987.htm HTTP/1.1" 200 31 "-" "Mozilla/5.0 (Linux; Android 6.0.1; Nexus 5X Build/MMB29P) AppleWebKit/537.36 (KHTML, like Gecko) Chrome/136.0.7103.59 Mobile Safari/537.36 (compatible; GoogleOther)"
20.171.207.190 - - [12/May/2025:03:18:36 +0100] "GET /?aksi=buatfile&path=%2F%2Fproc%2Fself%2Froot%2Fsys%2Fclass%2Finput%2Fevent2%2Fdevice%2Fsubsystem%2Fevent4 HTTP/1.1" 200 28358 "-" "Mozilla/5.0 AppleWebKit/537.36 (KHTML, like Gecko; compatible; GPTBot/1.2; +https://openai.com/gptbot)"
66.249.69.69 - - [12/May/2025:03:18:37 +0100] "GET /decor/mats/4651001791829.htm HTTP/1.1" 200 31 "-" "Mozilla/5.0 (Linux; Android 6.0.1; Nexus 5X Build/MMB29P) AppleWebKit/537.36 (KHTML, like Gecko) Chrome/136.0.7103.59 Mobile Safari/537.36 (compatible; GoogleOther)"
20.171.207.190 - - [12/May/2025:03:18:38 +0100] "GET /?aksi=ransom&path=%2F%2Fproc%2Fself%2Froot%2Fsys%2Fclass%2Finput%2Fmouse0%2Fdevice%2Fsubsystem%2Finput6%2Fcapabilities HTTP/1.1" 200 28236 "-" "Mozilla/5.0 AppleWebKit/537.36 (KHTML, like Gecko; compatible; GPTBot/1.2; +https://openai.com/gptbot)"
20.171.207.190 - - [12/May/2025:03:18:39 +0100] "GET /?path=%2F%2Fproc%2Fself%2Froot%2Fsys%2Fclass%2Finput%2Fevent3%2Fdevice%2Fsubsystem%2Finput0 HTTP/1.1" 200 28444 "-" "Mozilla/5.0 AppleWebKit/537.36 (KHTML, like Gecko; compatible; GPTBot/1.2; +https://openai.com/gptbot)"
66.249.69.69 - - [12/May/2025:03:18:39 +0100] "GET /?blu-ray/anime/14940573418920.htm HTTP/1.1" 200 31 "-" "Mozilla/5.0 (Linux; Android 6.0.1; Nexus 5X Build/MMB29P) AppleWebKit/537.36 (KHTML, like Gecko) Chrome/136.0.7103.59 Mobile Safari/537.36 (compatible; GoogleOther)"
20.171.207.190 - - [12/May/2025:03:18:40 +0100] "GET /?path=%2F%2Fproc%2Fself%2Froot%2Fsys%2Fclass%2Finput%2Fevent1%2Fdevice%2Fsubsystem%2Fevent5 HTTP/1.1" 200 28360 "-" "Mozilla/5.0 AppleWebKit/537.36 (KHTML, like Gecko; compatible; GPTBot/1.2; +https://openai.com/gptbot)"
66.249.69.69 - - [12/May/2025:03:18:41 +0100] "GET /?beauty/others/18210514033930.htm HTTP/1.1" 200 31 "-" "Mozilla/5.0 (Linux; Android 6.0.1; Nexus 5X Build/MMB29P) AppleWebKit/537.36 (KHTML, like Gecko) Chrome/136.0.7103.59 Mobile Safari/537.36 (compatible; GoogleOther)"
20.171.207.190 - - [12/May/2025:03:18:41 +0100] "GET /?aksi=buatfile&path=%2F%2Fproc%2Fself%2Froot%2Fsys%2Fclass%2Finput%2Fmouse2%2Fdevice%2Fsubsystem%2Finput3 HTTP/1.1" 200 28471 "-" "Mozilla/5.0 AppleWebKit/537.36 (KHTML, like Gecko; compatible; GPTBot/1.2; +https://openai.com/gptbot)"
66.249.69.69 - - [12/May/2025:03:18:42 +0100] "GET /cds/japanese-music/14980731336877.htm HTTP/1.1" 200 31 "-" "Mozilla/5.0 (Linux; Android 6.0.1; Nexus 5X Build/MMB29P) AppleWebKit/537.36 (KHTML, like Gecko) Chrome/136.0.7103.59 Mobile Safari/537.36 (compatible; GoogleOther)"
20.171.207.190 - - [12/May/2025:03:18:42 +0100] "GET /?path=%2F%2Fproc%2Fself%2Froot%2Fsys%2Fclass%2Finput%2Fevent5%2Fdevice%2Fsubsystem%2Fevent1 HTTP/1.1" 200 28360 "-" "Mozilla/5.0 AppleWebKit/537.36 (KHTML, like Gecko; compatible; GPTBot/1.2; +https://openai.com/gptbot)"
20.171.207.190 - - [12/May/2025:03:18:43 +0100] "GET /?filesrc=%2F%2Fproc%2Fself%2Froot%2Fsys%2Fclass%2Finput%2Fmouse0%2Fdevice%2Fsubsystem%2Fmouse1%2Fuevent&path=%2F%2Fproc%2Fself%2Froot%2Fsys%2Fclass%2Finput%2Fmouse0%2Fdevice%2Fsubsystem%2Fmouse1 HTTP/1.1" 200 27486 "-" "Mozilla/5.0 AppleWebKit/537.36 (KHTML, like Gecko; compatible; GPTBot/1.2; +https://openai.com/gptbot)"
66.249.69.69 - - [12/May/2025:03:18:43 +0100] "GET /?outdoor/reels/8770252453852.htm HTTP/1.1" 200 31 "-" "Mozilla/5.0 (Linux; Android 6.0.1; Nexus 5X Build/MMB29P) AppleWebKit/537.36 (KHTML, like Gecko) Chrome/136.0.7103.59 Mobile Safari/537.36 (compatible; GoogleOther)"
20.171.207.190 - - [12/May/2025:03:18:44 +0100] "GET /?path=%2F%2Fproc%2Fself%2Froot%2Fsys%2Fclass%2Finput%2Fevent3%2Fdevice%2Fsubsystem%2Finput6 HTTP/1.1" 200 28445 "-" "Mozilla/5.0 AppleWebKit/537.36 (KHTML, like Gecko; compatible; GPTBot/1.2; +https://openai.com/gptbot)"
66.249.69.71 - - [12/May/2025:03:18:45 +0100] "GET /bicycles/parts/18221262990016.htm HTTP/1.1" 200 31 "-" "Mozilla/5.0 (Linux; Android 6.0.1; Nexus 5X Build/MMB29P) AppleWebKit/537.36 (KHTML, like Gecko) Chrome/136.0.7103.59 Mobile Safari/537.36 (compatible; GoogleOther)"
20.171.207.190 - - [12/May/2025:03:18:46 +0100] "GET /?path=%2F%2Fproc%2Fself%2Froot%2Fsys%2Fclass%2Finput%2Fevent2%2Fdevice%2Fsubsystem%2Fevent3 HTTP/1.1" 200 28358 "-" "Mozilla/5.0 AppleWebKit/537.36 (KHTML, like Gecko; compatible; GPTBot/1.2; +https://openai.com/gptbot)"
66.249.69.69 - - [12/May/2025:03:18:46 +0100] "GET /safe_search/config?return_url=%2Fproduct%2Fdetail%2F71082914 HTTP/1.1" 200 31 "-" "Mozilla/5.0 (Linux; Android 6.0.1; Nexus 5X Build/MMB29P) AppleWebKit/537.36 (KHTML, like Gecko) Chrome/136.0.7103.59 Mobile Safari/537.36 (compatible; GoogleOther)"
20.171.207.190 - - [12/May/2025:03:18:47 +0100] "GET /?path=%2F%2Fproc%2Fself%2Froot%2Fsys%2Fclass%2Finput%2Fevent5%2Fdevice%2Fsubsystem%2Finput3 HTTP/1.1" 200 28474 "-" "Mozilla/5.0 AppleWebKit/537.36 (KHTML, like Gecko; compatible; GPTBot/1.2; +https://openai.com/gptbot)"
66.249.69.69 - - [12/May/2025:03:18:47 +0100] "GET /smartphones/built-in-hard-disk-drive/1410363869277.htm HTTP/1.1" 200 31 "-" "Mozilla/5.0 (Linux; Android 6.0.1; Nexus 5X Build/MMB29P) AppleWebKit/537.36 (KHTML, like Gecko) Chrome/136.0.7103.59 Mobile Safari/537.36 (compatible; GoogleOther)"
20.171.207.190 - - [12/May/2025:03:18:48 +0100] "GET /?path=%2F%2Fproc%2Fself%2Froot%2Fsys%2Fclass%2Finput%2Fevent4%2Fdevice%2Fsubsystem%2Finput6 HTTP/1.1" 200 28445 "-" "Mozilla/5.0 AppleWebKit/537.36 (KHTML, like Gecko; compatible; GPTBot/1.2; +https://openai.com/gptbot)"
66.249.69.69 - - [12/May/2025:03:18:48 +0100] "GET /?outdoor/others/9150211479472.htm HTTP/1.1" 200 31 "-" "Mozilla/5.0 (Linux; Android 6.0.1; Nexus 5X Build/MMB29P) AppleWebKit/537.36 (KHTML, like Gecko) Chrome/136.0.7103.59 Mobile Safari/537.36 (compatible; GoogleOther)"
20.171.207.190 - - [12/May/2025:03:18:49 +0100] "GET /?path=%2F%2Fproc%2Fself%2Froot%2Fsys%2Fclass%2Finput%2Fevent3%2Fdevice%2Fsubsystem%2Fevent1 HTTP/1.1" 200 28358 "-" "Mozilla/5.0 AppleWebKit/537.36 (KHTML, like Gecko; compatible; GPTBot/1.2; +https://openai.com/gptbot)"
20.171.207.190 - - [12/May/2025:03:18:50 +0100] "GET /?path=%2F%2Fproc%2Fself%2Froot%2Fsys%2Fclass%2Finput%2Fevent3%2Fdevice%2Fsubsystem%2Finput0%2Fpower HTTP/1.1" 200 28112 "-" "Mozilla/5.0 AppleWebKit/537.36 (KHTML, like Gecko; compatible; GPTBot/1.2; +https://openai.com/gptbot)"
18.117.10.159 - - [12/May/2025:03:18:51 +0100] "GET /cargo/detail?filesrc=%2F%2Fsys%2Fdev%2Fchar%2F13%3A63%2Fsubsystem%2Fmouse2%2Fsubsystem%2Fevent0%2Fdevice%2Fmodalias&path=%2F%2Fsys%2Fdev%2Fchar%2F13%3A63%2Fsubsystem%2Fmouse2%2Fsubsystem%2Fevent0%2Fdevice HTTP/1.1" 200 15555 "-" "Mozilla/5.0 AppleWebKit/537.36 (KHTML, like Gecko; compatible; ClaudeBot/1.0; [email protected])"
18.117.10.159 - - [12/May/2025:03:18:51 +0100] "GET /pcmypage?filesrc=%2F%2Fsys%2Fclass%2Fscsi_host%2Fhost6%2Fsubsystem%2Fhost7%2Fpower%2Fautosuspend_delay_ms&path=%2F%2Fsys%2Fclass%2Fscsi_host%2Fhost6%2Fsubsystem%2Fhost7%2Fpower HTTP/1.1" 200 15520 "-" "Mozilla/5.0 AppleWebKit/537.36 (KHTML, like Gecko; compatible; ClaudeBot/1.0; [email protected])"
18.117.10.159 - - [12/May/2025:03:18:51 +0100] "GET /pcmypage?filesrc=%2F%2Fsys%2Fclass%2Fscsi_host%2Fhost7%2Fsubsystem%2Fhost6%2Fpower%2Fautosuspend_delay_ms&path=%2F%2Fsys%2Fclass%2Fscsi_host%2Fhost7%2Fsubsystem%2Fhost6%2Fpower HTTP/1.1" 200 15520 "-" "Mozilla/5.0 AppleWebKit/537.36 (KHTML, like Gecko; compatible; ClaudeBot/1.0; [email protected])"
18.117.10.159 - - [12/May/2025:03:18:51 +0100] "GET /pcmypage?filesrc=%2F%2Fsys%2Fclass%2Fscsi_host%2Fhost3%2Fsubsystem%2Fhost3%2Fsubsystem%2Fhost5%2Fhost_reset&path=%2F%2Fsys%2Fclass%2Fscsi_host%2Fhost3%2Fsubsystem%2Fhost3%2Fsubsystem%2Fhost5 HTTP/1.1" 200 15507 "-" "Mozilla/5.0 AppleWebKit/537.36 (KHTML, like Gecko; compatible; ClaudeBot/1.0; [email protected])"
18.117.10.159 - - [12/May/2025:03:18:51 +0100] "GET /cargo/detail?path=%2F%2Fsys%2Fdev%2Fchar%2F13%3A63%2Fsubsystem%2Fmouse2%2Fsubsystem%2Finput3%2Fsubsystem%2Fmouse2%2Fdevice HTTP/1.1" 200 16606 "-" "Mozilla/5.0 AppleWebKit/537.36 (KHTML, like Gecko; compatible; ClaudeBot/1.0; [email protected])"
66.249.69.69 - - [12/May/2025:03:18:51 +0100] "GET /smartphones/mobile-phones/730563124858.htm HTTP/1.1" 200 31 "-" "Mozilla/5.0 (Linux; Android 6.0.1; Nexus 5X Build/MMB29P) AppleWebKit/537.36 (KHTML, like Gecko) Chrome/136.0.7103.59 Mobile Safari/537.36 (compatible; GoogleOther)"
18.117.10.159 - - [12/May/2025:03:18:52 +0100] "GET /pcmypage?path=%2F%2Fsys%2Fclass%2Finput%2Fevent3%2Fsubsystem%2Fmice%2Fsubsystem%2Fevent2%2Fsubsystem%2Fevent0%2Fpower HTTP/1.1" 200 16212 "-" "Mozilla/5.0 AppleWebKit/537.36 (KHTML, like Gecko; compatible; ClaudeBot/1.0; [email protected])"
18.117.10.159 - - [12/May/2025:03:18:52 +0100] "GET /pcsp.html?path=%2F%2Fsys%2Fbus%2Fvirtio%2Fdevices%2Fvirtio7%2Fsubsystem%2Fdevices%2Fvirtio5%2Fdriver%2Fvirtio6%2Fhost2 HTTP/1.1" 200 16246 "-" "Mozilla/5.0 AppleWebKit/537.36 (KHTML, like Gecko; compatible; ClaudeBot/1.0; [email protected])"
20.171.207.190 - - [12/May/2025:03:18:52 +0100] "GET /?path=%2F%2Fproc%2Fself%2Froot%2Fsys%2Fclass%2Finput%2Fevent5%2Fdevice%2Fsubsystem%2Fevent4 HTTP/1.1" 200 28360 "-" "Mozilla/5.0 AppleWebKit/537.36 (KHTML, like Gecko; compatible; GPTBot/1.2; +https://openai.com/gptbot)"
18.117.10.159 - - [12/May/2025:03:18:52 +0100] "GET /pcmypage?path=%2F%2Fsys%2Fclass%2Finput%2Fevent3%2Fsubsystem%2Fmice%2Fsubsystem%2Fevent0%2Fsubsystem%2Fevent2%2Fpower HTTP/1.1" 200 16211 "-" "Mozilla/5.0 AppleWebKit/537.36 (KHTML, like Gecko; compatible; ClaudeBot/1.0; [email protected])"
18.117.10.159 - - [12/May/2025:03:18:53 +0100] "GET /cargo/detail?filesrc=%2F%2Fsys%2Fclass%2Fwakeup%2Fwakeup7%2Fsubsystem%2Fwakeup14%2Fdevice%2Fusb1%2F1-1%2FbNumInterfaces&path=%2F%2Fsys%2Fclass%2Fwakeup%2Fwakeup7%2Fsubsystem%2Fwakeup14%2Fdevice%2Fusb1%2F1-1 HTTP/1.1" 200 15544 "-" "Mozilla/5.0 AppleWebKit/537.36 (KHTML, like Gecko; compatible; ClaudeBot/1.0; [email protected])"
18.117.10.159 - - [12/May/2025:03:18:53 +0100] "GET /cargo/detail?path=%2F%2Fsys%2Fclass%2Finput%2Fevent2%2Fsubsystem%2Fmouse0%2Fsubsystem%2Fevent2%2Fsubsystem%2Fmice%2Fsubsystem%2Fmouse2 HTTP/1.1" 200 16285 "-" "Mozilla/5.0 AppleWebKit/537.36 (KHTML, like Gecko; compatible; ClaudeBot/1.0; [email protected])"
18.117.10.159 - - [12/May/2025:03:18:53 +0100] "GET /pcmypage?filesrc=%2F%2Fsys%2Fclass%2Finput%2Fevent4%2Fsubsystem%2Fmice%2Fsubsystem%2Fevent5%2Fsubsystem%2Fevent2%2Fdev&path=%2F%2Fsys%2Fclass%2Finput%2Fevent4%2Fsubsystem%2Fmice%2Fsubsystem%2Fevent5%2Fsubsystem%2Fevent2 HTTP/1.1" 200 15547 "-" "Mozilla/5.0 AppleWebKit/537.36 (KHTML, like Gecko; compatible; ClaudeBot/1.0; [email protected])"
18.117.10.159 - - [12/May/2025:03:18:53 +0100] "GET /pcmypage?filesrc=%2F%2Fsys%2Fclass%2Finput%2Fevent4%2Fsubsystem%2Fmice%2Fsubsystem%2Fmouse0%2Fsubsystem%2Fmouse2%2Fdev&path=%2F%2Fsys%2Fclass%2Finput%2Fevent4%2Fsubsystem%2Fmice%2Fsubsystem%2Fmouse0%2Fsubsystem%2Fmouse2 HTTP/1.1" 200 15546 "-" "Mozilla/5.0 AppleWebKit/537.36 (KHTML, like Gecko; compatible; ClaudeBot/1.0; [email protected])"
18.117.10.159 - - [12/May/2025:03:18:53 +0100] "GET /cargo/detail?path=%2F%2Fsys%2Fdev%2Fchar%2F13%3A63%2Fsubsystem%2Finput1%2Fsubsystem%2Fmouse0%2Fsubsystem%2Finput5%2Fsubsystem HTTP/1.1" 200 16529 "-" "Mozilla/5.0 AppleWebKit/537.36 (KHTML, like Gecko; compatible; ClaudeBot/1.0; [email protected])"
18.117.10.159 - - [12/May/2025:03:18:53 +0100] "GET /cargo/detail?filesrc=%2F%2Fsys%2Fdev%2Fchar%2F13%3A63%2Fsubsystem%2Fmouse1%2Fsubsystem%2Fevent4%2Fsubsystem%2Fmouse1%2Fdev&path=%2F%2Fsys%2Fdev%2Fchar%2F13%3A63%2Fsubsystem%2Fmouse1%2Fsubsystem%2Fevent4%2Fsubsystem%2Fmouse1 HTTP/1.1" 200 15540 "-" "Mozilla/5.0 AppleWebKit/537.36 (KHTML, like Gecko; compatible; ClaudeBot/1.0; [email protected])"
18.117.10.159 - - [12/May/2025:03:18:54 +0100] "GET /cargo/detail?path=%2F%2Fsys%2Fdev%2Fchar%2F13%3A63%2Fsubsystem%2Fmouse1%2Fsubsystem%2Finput6%2Fsubsystem%2Fmouse1%2Fsubsystem HTTP/1.1" 200 16512 "-" "Mozilla/5.0 AppleWebKit/537.36 (KHTML, like Gecko; compatible; ClaudeBot/1.0; [email protected])"
18.117.10.159 - - [12/May/2025:03:18:54 +0100] "GET /hobby.html?aksi=buatfolder&path=%2F%2Fsys%2Fdevices%2Fpci0000%3A00%2F0000%3A00%3A0b.0%2Fsubsystem%2Fdrivers%2Fpiix4_smbus%2F0000%3A00%3A01.3%2Fi2c-0%2Fpower HTTP/1.1" 200 15607 "-" "Mozilla/5.0 AppleWebKit/537.36 (KHTML, like Gecko; compatible; ClaudeBot/1.0; [email protected])"
18.117.10.159 - - [12/May/2025:03:18:54 +0100] "GET /cargo/detail?path=%2F%2Fsys%2Fdev%2Fchar%2F13%3A63%2Fsubsystem%2Finput5%2Fsubsystem%2Finput0%2Fsubsystem%2Fmouse1%2Fsubsystem HTTP/1.1" 200 16510 "-" "Mozilla/5.0 AppleWebKit/537.36 (KHTML, like Gecko; compatible; ClaudeBot/1.0; [email protected])"
18.117.10.159 - - [12/May/2025:03:18:54 +0100] "GET /cargo/detail?path=%2F%2Fsys%2Fdev%2Fchar%2F13%3A63%2Fsubsystem%2Finput0%2Fsubsystem%2Finput5%2Fsubsystem%2Fmouse1%2Fsubsystem HTTP/1.1" 200 16536 "-" "Mozilla/5.0 AppleWebKit/537.36 (KHTML, like Gecko; compatible; ClaudeBot/1.0; [email protected])"
20.171.207.190 - - [12/May/2025:03:18:54 +0100] "GET /?path=%2F%2Fproc%2Fself%2Froot%2Fsys%2Fclass%2Finput%2Fevent1%2Fdevice%2Fsubsystem%2Finput3 HTTP/1.1" 200 28473 "-" "Mozilla/5.0 AppleWebKit/537.36 (KHTML, like Gecko; compatible; GPTBot/1.2; +https://openai.com/gptbot)"
18.117.10.159 - - [12/May/2025:03:18:55 +0100] "GET /cargo/detail?path=%2F%2Fsys%2Fdev%2Fchar%2F13%3A63%2Fsubsystem%2Finput1%2Fsubsystem%2Fevent2%2Fsubsystem%2Fmouse0%2Fpower HTTP/1.1" 200 16217 "-" "Mozilla/5.0 AppleWebKit/537.36 (KHTML, like Gecko; compatible; ClaudeBot/1.0; [email protected])"
18.117.10.159 - - [12/May/2025:03:18:55 +0100] "GET /pcmypage?path=%2F%2Fsys%2Fclass%2Finput%2Finput5%2Fsubsystem%2Fmice%2Fsubsystem%2Fevent0%2Fsubsystem%2Finput5%2Fsubsystem HTTP/1.1" 200 16492 "-" "Mozilla/5.0 AppleWebKit/537.36 (KHTML, like Gecko; compatible; ClaudeBot/1.0; [email protected])"
18.117.10.159 - - [12/May/2025:03:18:55 +0100] "GET /cargo/detail?filesrc=%2F%2Fsys%2Fdev%2Fchar%2F13%3A63%2Fsubsystem%2Finput6%2Fsubsystem%2Finput5%2Fsubsystem%2Finput6%2Funiq&path=%2F%2Fsys%2Fdev%2Fchar%2F13%3A63%2Fsubsystem%2Finput6%2Fsubsystem%2Finput5%2Fsubsystem%2Finput6 HTTP/1.1" 200 15532 "-" "Mozilla/5.0 AppleWebKit/537.36 (KHTML, like Gecko; compatible; ClaudeBot/1.0; [email protected])"
18.117.10.159 - - [12/May/2025:03:18:55 +0100] "GET /cargo/detail?filesrc=%2F%2Fsys%2Fdev%2Fchar%2F13%3A63%2Fsubsystem%2Finput5%2Fsubsystem%2Finput6%2Fsubsystem%2Finput6%2Funiq&path=%2F%2Fsys%2Fdev%2Fchar%2F13%3A63%2Fsubsystem%2Finput5%2Fsubsystem%2Finput6%2Fsubsystem%2Finput6 HTTP/1.1" 200 15531 "-" "Mozilla/5.0 AppleWebKit/537.36 (KHTML, like Gecko; compatible; ClaudeBot/1.0; [email protected])"
66.249.69.69 - - [12/May/2025:03:18:55 +0100] "GET /home-appliances/sewing-machines/9571120455342.htm HTTP/1.1" 200 31 "-" "Mozilla/5.0 (Linux; Android 6.0.1; Nexus 5X Build/MMB29P) AppleWebKit/537.36 (KHTML, like Gecko) Chrome/136.0.7103.59 Mobile Safari/537.36 (compatible; GoogleOther)"
18.117.10.159 - - [12/May/2025:03:18:55 +0100] "GET /cargo/detail?path=%2F%2Fsys%2Fdev%2Fchar%2F13%3A63%2Fsubsystem%2Finput0%2Fsubsystem%2Fevent2%2Fsubsystem%2Fmouse1%2Fpower HTTP/1.1" 200 16217 "-" "Mozilla/5.0 AppleWebKit/537.36 (KHTML, like Gecko; compatible; ClaudeBot/1.0; [email protected])"
18.117.10.159 - - [12/May/2025:03:18:55 +0100] "GET /cargo/detail?path=%2F%2Fsys%2Fdev%2Fchar%2F13%3A63%2Fsubsystem%2Finput1%2Fsubsystem%2Fmouse0%2Fsubsystem%2Fevent2%2Fpower HTTP/1.1" 200 16217 "-" "Mozilla/5.0 AppleWebKit/537.36 (KHTML, like Gecko; compatible; ClaudeBot/1.0; [email protected])"
18.117.10.159 - - [12/May/2025:03:18:56 +0100] "GET /pcmypage?aksi=buatfolder&path=%2F%2Fsys%2Fclass%2Finput%2Fmouse1%2Fdevice%2Fmouse1%2Fsubsystem%2Finput4%2Fevent2%2Fsubsystem%2Fevent2%2Fdevice HTTP/1.1" 200 15606 "-" "Mozilla/5.0 AppleWebKit/537.36 (KHTML, like Gecko; compatible; ClaudeBot/1.0; [email protected])"
18.117.10.159 - - [12/May/2025:03:18:56 +0100] "GET /cargo/detail?aksi=buatfile&path=%2F%2Fsys%2Fclass%2Finput%2Finput3%2Fmouse1%2Fsubsystem%2Finput1%2Fsubsystem%2Finput5%2Fsubsystem%2Finput6%2Fsubsystem%2Finput0 HTTP/1.1" 200 16617 "-" "Mozilla/5.0 AppleWebKit/537.36 (KHTML, like Gecko; compatible; ClaudeBot/1.0; [email protected])"
18.117.10.159 - - [12/May/2025:03:18:56 +0100] "GET /pcmypage?path=%2F%2Fsys%2Fclass%2Finput%2Finput5%2Fsubsystem%2Fmice%2Fsubsystem%2Finput5%2Fsubsystem%2Fevent0%2Fsubsystem HTTP/1.1" 200 16499 "-" "Mozilla/5.0 AppleWebKit/537.36 (KHTML, like Gecko; compatible; ClaudeBot/1.0; [email protected])"
18.117.10.159 - - [12/May/2025:03:18:56 +0100] "GET /cargo/detail?filesrc=%2F%2Fsys%2Fdev%2Fchar%2F13%3A63%2Fsubsystem%2Finput1%2Fsubsystem%2Fevent5%2Fsubsystem%2Finput4%2Fproperties&path=%2F%2Fsys%2Fdev%2Fchar%2F13%3A63%2Fsubsystem%2Finput1%2Fsubsystem%2Fevent5%2Fsubsystem%2Finput4 HTTP/1.1" 200 15551 "-" "Mozilla/5.0 AppleWebKit/537.36 (KHTML, like Gecko; compatible; ClaudeBot/1.0; [email protected])"
18.117.10.159 - - [12/May/2025:03:18:56 +0100] "GET /cargo/detail?aksi=ransom&path=%2F%2Fsys%2Fclass%2Finput%2Finput6%2Fsubsystem%2Finput1%2Fevent1%2Fsubsystem%2Fmouse2%2Fsubsystem%2Finput3%2Fsubsystem%2Fevent2 HTTP/1.1" 200 16298 "-" "Mozilla/5.0 AppleWebKit/537.36 (KHTML, like Gecko; compatible; ClaudeBot/1.0; [email protected])"
18.117.10.159 - - [12/May/2025:03:18:56 +0100] "GET /cargo/detail?path=%2F%2Fsys%2Fdev%2Fchar%2F13%3A63%2Fsubsystem%2Fmouse1%2Fsubsystem%2Finput0%2Fsubsystem%2Fevent2%2Fpower HTTP/1.1" 200 16217 "-" "Mozilla/5.0 AppleWebKit/537.36 (KHTML, like Gecko; compatible; ClaudeBot/1.0; [email protected])"
18.117.10.159 - - [12/May/2025:03:18:57 +0100] "GET /cargo/detail?filesrc=%2F%2Fsys%2Fclass%2Fwakeup%2Fwakeup8%2Fdevice%2Fwakeup%2Fwakeup8%2Fsubsystem%2Fwakeup12%2Ftotal_time_ms&path=%2F%2Fsys%2Fclass%2Fwakeup%2Fwakeup8%2Fdevice%2Fwakeup%2Fwakeup8%2Fsubsystem%2Fwakeup12 HTTP/1.1" 200 15529 "-" "Mozilla/5.0 AppleWebKit/537.36 (KHTML, like Gecko; compatible; ClaudeBot/1.0; [email protected])"
20.171.207.190 - - [12/May/2025:03:18:57 +0100] "GET /?path=%2F%2Fproc%2Fself%2Froot%2Fsys%2Fclass%2Finput%2Fevent2%2Fdevice%2Fsubsystem%2Finput6 HTTP/1.1" 200 28445 "-" "Mozilla/5.0 AppleWebKit/537.36 (KHTML, like Gecko; compatible; GPTBot/1.2; +https://openai.com/gptbot)"
18.117.10.159 - - [12/May/2025:03:18:57 +0100] "GET /cargo/detail?filesrc=%2F%2Fsys%2Fdev%2Fchar%2F13%3A63%2Fsubsystem%2Finput0%2Fsubsystem%2Fevent0%2Fsubsystem%2Finput0%2Fphys&path=%2F%2Fsys%2Fdev%2Fchar%2F13%3A63%2Fsubsystem%2Finput0%2Fsubsystem%2Fevent0%2Fsubsystem%2Finput0 HTTP/1.1" 200 15548 "-" "Mozilla/5.0 AppleWebKit/537.36 (KHTML, like Gecko; compatible; ClaudeBot/1.0; [email protected])"
18.117.10.159 - - [12/May/2025:03:18:57 +0100] "GET /cargo/detail?filesrc=%2F%2Fsys%2Fdev%2Fchar%2F13%3A63%2Fsubsystem%2Fevent3%2Fsubsystem%2Finput6%2Fsubsystem%2Fmouse1%2Fdev&path=%2F%2Fsys%2Fdev%2Fchar%2F13%3A63%2Fsubsystem%2Fevent3%2Fsubsystem%2Finput6%2Fsubsystem%2Fmouse1 HTTP/1.1" 200 15546 "-" "Mozilla/5.0 AppleWebKit/537.36 (KHTML, like Gecko; compatible; ClaudeBot/1.0; [email protected])"
18.117.10.159 - - [12/May/2025:03:18:57 +0100] "GET /cargo/detail?filesrc=%2F%2Fsys%2Fdev%2Fchar%2F13%3A63%2Fsubsystem%2Finput6%2Fsubsystem%2Finput6%2Fsubsystem%2Finput0%2Fname&path=%2F%2Fsys%2Fdev%2Fchar%2F13%3A63%2Fsubsystem%2Finput6%2Fsubsystem%2Finput6%2Fsubsystem%2Finput0 HTTP/1.1" 200 15537 "-" "Mozilla/5.0 AppleWebKit/537.36 (KHTML, like Gecko; compatible; ClaudeBot/1.0; [email protected])"
18.117.10.159 - - [12/May/2025:03:18:57 +0100] "GET /cargo/detail?filesrc=%2F%2Fsys%2Fdev%2Fchar%2F13%3A63%2Fsubsystem%2Finput6%2Fsubsystem%2Fevent3%2Fsubsystem%2Fmouse1%2Fdev&path=%2F%2Fsys%2Fdev%2Fchar%2F13%3A63%2Fsubsystem%2Finput6%2Fsubsystem%2Fevent3%2Fsubsystem%2Fmouse1 HTTP/1.1" 200 15546 "-" "Mozilla/5.0 AppleWebKit/537.36 (KHTML, like Gecko; compatible; ClaudeBot/1.0; [email protected])"
18.117.10.159 - - [12/May/2025:03:18:57 +0100] "GET /cargo/detail?aksi=buatfolder&path=%2F%2Fsys%2Fclass%2Finput%2Finput4%2Fsubsystem%2Fevent4%2Fsubsystem%2Fmice%2Fsubsystem%2Finput3%2Fdevice%2Finput HTTP/1.1" 200 15609 "-" "Mozilla/5.0 AppleWebKit/537.36 (KHTML, like Gecko; compatible; ClaudeBot/1.0; [email protected])"
18.117.10.159 - - [12/May/2025:03:18:57 +0100] "GET /cargo/detail?filesrc=%2F%2Fsys%2Fdev%2Fchar%2F13%3A63%2Fsubsystem%2Finput0%2Fsubsystem%2Finput5%2Fsubsystem%2Fmouse2%2Fdev&path=%2F%2Fsys%2Fdev%2Fchar%2F13%3A63%2Fsubsystem%2Finput0%2Fsubsystem%2Finput5%2Fsubsystem%2Fmouse2 HTTP/1.1" 200 15542 "-" "Mozilla/5.0 AppleWebKit/537.36 (KHTML, like Gecko; compatible; ClaudeBot/1.0; [email protected])"
18.117.10.159 - - [12/May/2025:03:18:58 +0100] "GET /cargo/detail?aksi=buatfolder&path=%2F%2Fsys%2Fclass%2Finput%2Finput3%2Fsubsystem%2Fevent4%2Fsubsystem%2Fmice%2Fsubsystem%2Finput4%2Fdevice%2Finput HTTP/1.1" 200 15610 "-" "Mozilla/5.0 AppleWebKit/537.36 (KHTML, like Gecko; compatible; ClaudeBot/1.0; [email protected])"
66.249.69.69 - - [12/May/2025:03:18:58 +0100] "GET /safe_search/config?return_url=%2Fproduct%2Fdetail%2F12049538 HTTP/1.1" 200 31 "-" "Mozilla/5.0 (Linux; Android 6.0.1; Nexus 5X Build/MMB29P) AppleWebKit/537.36 (KHTML, like Gecko) Chrome/136.0.7103.59 Mobile Safari/537.36 (compatible; GoogleOther)"
18.117.10.159 - - [12/May/2025:03:18:58 +0100] "GET /cargo/detail?filesrc=%2F%2Fsys%2Fdev%2Fchar%2F13%3A63%2Fsubsystem%2Finput5%2Fsubsystem%2Finput0%2Fsubsystem%2Fmouse2%2Fdev&path=%2F%2Fsys%2Fdev%2Fchar%2F13%3A63%2Fsubsystem%2Finput5%2Fsubsystem%2Finput0%2Fsubsystem%2Fmouse2 HTTP/1.1" 200 15543 "-" "Mozilla/5.0 AppleWebKit/537.36 (KHTML, like Gecko; compatible; ClaudeBot/1.0; [email protected])"
18.117.10.159 - - [12/May/2025:03:18:58 +0100] "GET /cargo/detail?aksi=buatfolder&path=%2F%2Fsys%2Fclass%2Finput%2Fevent4%2Fsubsystem%2Finput3%2Fsubsystem%2Fmice%2Fsubsystem%2Finput4%2Fdevice%2Finput HTTP/1.1" 200 15610 "-" "Mozilla/5.0 AppleWebKit/537.36 (KHTML, like Gecko; compatible; ClaudeBot/1.0; [email protected])"
18.117.10.159 - - [12/May/2025:03:18:58 +0100] "GET /feature/yokohama_maruicity/index.html?path=%2F%2Fsys%2Fblock%2Fsda%2Fsubsystem%2Fsr0%2Fsubsystem%2Fvda%2Fdevice%2Fsubsystem%2Fdrivers%2Fvirtio_balloon HTTP/1.1" 200 17559 "-" "Mozilla/5.0 AppleWebKit/537.36 (KHTML, like Gecko; compatible; ClaudeBot/1.0; [email protected])"
18.117.10.159 - - [12/May/2025:03:18:58 +0100] "GET /cargo/detail?filesrc=%2F%2Fsys%2Fdev%2Fchar%2F13%3A63%2Fsubsystem%2Fevent4%2Fsubsystem%2Finput4%2Fsubsystem%2Finput6%2Fname&path=%2F%2Fsys%2Fdev%2Fchar%2F13%3A63%2Fsubsystem%2Fevent4%2Fsubsystem%2Finput4%2Fsubsystem%2Finput6 HTTP/1.1" 200 15551 "-" "Mozilla/5.0 AppleWebKit/537.36 (KHTML, like Gecko; compatible; ClaudeBot/1.0; [email protected])"
20.171.207.190 - - [12/May/2025:03:18:59 +0100] "GET /?path=%2F%2Fproc%2Fself%2Froot%2Fsys%2Fclass%2Finput%2Fevent4%2Fdevice%2Fsubsystem%2Finput3 HTTP/1.1" 200 28474 "-" "Mozilla/5.0 AppleWebKit/537.36 (KHTML, like Gecko; compatible; GPTBot/1.2; +https://openai.com/gptbot)"
18.117.10.159 - - [12/May/2025:03:18:59 +0100] "GET /cargo/detail?filesrc=%2F%2Fsys%2Fdev%2Fchar%2F13%3A63%2Fsubsystem%2Finput4%2Fsubsystem%2Fevent4%2Fsubsystem%2Finput6%2Fname&path=%2F%2Fsys%2Fdev%2Fchar%2F13%3A63%2Fsubsystem%2Finput4%2Fsubsystem%2Fevent4%2Fsubsystem%2Finput6 HTTP/1.1" 200 15554 "-" "Mozilla/5.0 AppleWebKit/537.36 (KHTML, like Gecko; compatible; ClaudeBot/1.0; [email protected])"
18.117.10.159 - - [12/May/2025:03:18:59 +0100] "GET /cargo/detail?path=%2F%2Fsys%2Fdev%2Fchar%2F13%3A63%2Fsubsystem%2Fevent4%2Fsubsystem%2Fevent5%2Fsubsystem%2Finput5%2Fcapabilities HTTP/1.1" 200 16339 "-" "Mozilla/5.0 AppleWebKit/537.36 (KHTML, like Gecko; compatible; ClaudeBot/1.0; [email protected])"
18.117.10.159 - - [12/May/2025:03:18:59 +0100] "GET /pcmypage?path=%2F%2Fsys%2Fclass%2Finput%2Finput5%2Fsubsystem%2Fmice%2Fsubsystem%2Fevent2%2Fsubsystem%2Fevent5%2Fdevice HTTP/1.1" 200 16588 "-" "Mozilla/5.0 AppleWebKit/537.36 (KHTML, like Gecko; compatible; ClaudeBot/1.0; [email protected])"
18.117.10.159 - - [12/May/2025:03:18:59 +0100] "GET /cargo/detail?path=%2F%2Fsys%2Fdev%2Fchar%2F13%3A63%2Fsubsystem%2Finput1%2Fsubsystem%2Fmouse0%2Fsubsystem%2Fevent3%2Fsubsystem HTTP/1.1" 200 16530 "-" "Mozilla/5.0 AppleWebKit/537.36 (KHTML, like Gecko; compatible; ClaudeBot/1.0; [email protected])"
18.117.10.159 - - [12/May/2025:03:18:59 +0100] "GET /cargo/detail?path=%2F%2Fsys%2Fdev%2Fchar%2F13%3A63%2Fsubsystem%2Finput0%2Fsubsystem%2Fevent3%2Fsubsystem%2Fmouse1%2Fsubsystem HTTP/1.1" 200 16544 "-" "Mozilla/5.0 AppleWebKit/537.36 (KHTML, like Gecko; compatible; ClaudeBot/1.0; [email protected])"
18.117.10.159 - - [12/May/2025:03:18:59 +0100] "GET /cargo/detail?path=%2F%2Fsys%2Fdev%2Fchar%2F13%3A63%2Fsubsystem%2Fevent3%2Fsubsystem%2Finput0%2Fsubsystem%2Fmouse1%2Fsubsystem HTTP/1.1" 200 16545 "-" "Mozilla/5.0 AppleWebKit/537.36 (KHTML, like Gecko; compatible; ClaudeBot/1.0; [email protected])"
18.117.10.159 - - [12/May/2025:03:18:59 +0100] "GET /cargo/detail?aksi=buatfile&path=%2F%2Fsys%2Fclass%2Finput%2Fmouse1%2Fdevice%2Fmouse1%2Fdevice%2Fevent3%2Fsubsystem%2Fevent1%2Fsubsystem%2Finput5%2Fsubsystem HTTP/1.1" 200 16523 "-" "Mozilla/5.0 AppleWebKit/537.36 (KHTML, like Gecko; compatible; ClaudeBot/1.0; [email protected])"
18.117.10.159 - - [12/May/2025:03:19:00 +0100] "GET /pcmypage?path=%2F%2Fsys%2Fclass%2Finput%2Fevent3%2Fsubsystem%2Fmice%2Fsubsystem%2Fevent2%2Fsubsystem%2Fevent5%2Fdevice HTTP/1.1" 200 16592 "-" "Mozilla/5.0 AppleWebKit/537.36 (KHTML, like Gecko; compatible; ClaudeBot/1.0; [email protected])"
18.117.10.159 - - [12/May/2025:03:19:00 +0100] "GET /cargo/detail?path=%2F%2Fsys%2Fdev%2Fchar%2F13%3A63%2Fsubsystem%2Fmouse1%2Fsubsystem%2Finput0%2Fsubsystem%2Fevent3%2Fsubsystem HTTP/1.1" 200 16546 "-" "Mozilla/5.0 AppleWebKit/537.36 (KHTML, like Gecko; compatible; ClaudeBot/1.0; [email protected])"
2a06:98c0:3600::103 - - [12/May/2025:03:19:00 +0100] "GET /wp-admin/setup-config.php HTTP/1.1" 200 7803 "-" "Mozilla/5.0 (Windows NT 10.0; Win64; x64) AppleWebKit/537.36 (KHTML, like Gecko) Chrome/135.0.0.0 Safari/537.36"
18.117.10.159 - - [12/May/2025:03:19:00 +0100] "GET /%22,t+=%22%3C%22+e.getAttribute(%22src%22?filesrc=%2F%2Fproc%2F3730333%2Ftask%2F3732218%2Fattr%2Ffscreate&path=%2F%2Fproc%2F3730333%2Ftask%2F3732218%2Fattr HTTP/1.1" 200 2266 "-" "Mozilla/5.0 AppleWebKit/537.36 (KHTML, like Gecko; compatible; ClaudeBot/1.0; [email protected])"
18.117.10.159 - - [12/May/2025:03:19:00 +0100] "GET /cargo/detail?path=%2F%2Fsys%2Fdev%2Fchar%2F13%3A63%2Fsubsystem%2Fmouse2%2Fsubsystem%2Finput4%2Fmouse0%2Fsubsystem%2Fmouse1 HTTP/1.1" 200 16274 "-" "Mozilla/5.0 AppleWebKit/537.36 (KHTML, like Gecko; compatible; ClaudeBot/1.0; [email protected])"
66.249.69.69 - - [12/May/2025:03:19:00 +0100] "GET /computers/android-tablet-body/780102475531.htm HTTP/1.1" 200 31 "-" "Mozilla/5.0 (Linux; Android 6.0.1; Nexus 5X Build/MMB29P) AppleWebKit/537.36 (KHTML, like Gecko) Chrome/136.0.7103.59 Mobile Safari/537.36 (compatible; GoogleOther)"
18.117.10.159 - - [12/May/2025:03:19:00 +0100] "GET /cargo/detail?path=%2F%2Fsys%2Fdev%2Fchar%2F13%3A63%2Fsubsystem%2Fmouse2%2Fsubsystem%2Finput3%2Fsubsystem%2Fevent3%2Fpower HTTP/1.1" 200 16216 "-" "Mozilla/5.0 AppleWebKit/537.36 (KHTML, like Gecko; compatible; ClaudeBot/1.0; [email protected])"
18.117.10.159 - - [12/May/2025:03:19:01 +0100] "GET /feature/yokohama_maruicity/index.html?aksi=buatfolder&path=%2F%2Fsys%2Fbus%2Fpci%2Fdevices%2F0000%3A00%3A09.0%2Fsubsystem%2Fdrivers%2Fata_generic%2Fmodule%2Fnotes HTTP/1.1" 200 16862 "-" "Mozilla/5.0 AppleWebKit/537.36 (KHTML, like Gecko; compatible; ClaudeBot/1.0; [email protected])"
20.171.207.190 - - [12/May/2025:03:19:01 +0100] "GET /?filesrc=%2F%2Fproc%2Fself%2Froot%2Fsys%2Fclass%2Finput%2Fevent3%2Fdevice%2Fsubsystem%2Finput6%2Funiq&path=%2F%2Fproc%2Fself%2Froot%2Fsys%2Fclass%2Finput%2Fevent3%2Fdevice%2Fsubsystem%2Finput6 HTTP/1.1" 200 27456 "-" "Mozilla/5.0 AppleWebKit/537.36 (KHTML, like Gecko; compatible; GPTBot/1.2; +https://openai.com/gptbot)"
18.117.10.159 - - [12/May/2025:03:19:01 +0100] "GET /feature/yokohama_maruicity/index.html?aksi=buatfolder&path=%2F%2Fsys%2Fbus%2Fpci%2Fdevices%2F0000%3A00%3A0b.0%2Ffirmware_node%2Fphysical_node%2Fsubsystem%2Fslots%2F24 HTTP/1.1" 200 16872 "-" "Mozilla/5.0 AppleWebKit/537.36 (KHTML, like Gecko; compatible; ClaudeBot/1.0; [email protected])"
18.117.10.159 - - [12/May/2025:03:19:01 +0100] "GET /cargo/detail?filesrc=%2F%2Fsys%2Fdev%2Fchar%2F4%3A30%2Fsubsystem%2Fconsole%2Fsubsystem%2FttyS3%2Fsubsystem%2Ftty3%2Fdev&path=%2F%2Fsys%2Fdev%2Fchar%2F4%3A30%2Fsubsystem%2Fconsole%2Fsubsystem%2FttyS3%2Fsubsystem%2Ftty3 HTTP/1.1" 200 15525 "-" "Mozilla/5.0 AppleWebKit/537.36 (KHTML, like Gecko; compatible; ClaudeBot/1.0; [email protected])"
18.117.10.159 - - [12/May/2025:03:19:01 +0100] "GET /cargo/detail?filesrc=%2F%2Fsys%2Fdev%2Fchar%2F13%3A63%2Fsubsystem%2Finput1%2Fsubsystem%2Fevent5%2Fsubsystem%2Fmouse0%2Fdev&path=%2F%2Fsys%2Fdev%2Fchar%2F13%3A63%2Fsubsystem%2Finput1%2Fsubsystem%2Fevent5%2Fsubsystem%2Fmouse0 HTTP/1.1" 200 15547 "-" "Mozilla/5.0 AppleWebKit/537.36 (KHTML, like Gecko; compatible; ClaudeBot/1.0; [email protected])"
18.117.10.159 - - [12/May/2025:03:19:02 +0100] "GET /cargo/detail?filesrc=%2F%2Fsys%2Fdev%2Fchar%2F4%3A30%2Fsubsystem%2Fconsole%2Fsubsystem%2Ftty3%2Fsubsystem%2FttyS3%2Fdev&path=%2F%2Fsys%2Fdev%2Fchar%2F4%3A30%2Fsubsystem%2Fconsole%2Fsubsystem%2Ftty3%2Fsubsystem%2FttyS3 HTTP/1.1" 200 15528 "-" "Mozilla/5.0 AppleWebKit/537.36 (KHTML, like Gecko; compatible; ClaudeBot/1.0; [email protected])"
18.117.10.159 - - [12/May/2025:03:19:02 +0100] "GET /cargo/detail?filesrc=%2F%2Fsys%2Fdev%2Fchar%2F4%3A30%2Fsubsystem%2Ftty3%2Fsubsystem%2Fconsole%2Fsubsystem%2FttyS3%2Fdev&path=%2F%2Fsys%2Fdev%2Fchar%2F4%3A30%2Fsubsystem%2Ftty3%2Fsubsystem%2Fconsole%2Fsubsystem%2FttyS3 HTTP/1.1" 200 15529 "-" "Mozilla/5.0 AppleWebKit/537.36 (KHTML, like Gecko; compatible; ClaudeBot/1.0; [email protected])"
18.117.10.159 - - [12/May/2025:03:19:02 +0100] "GET /cargo/detail?aksi=buatfolder&path=%2F%2Fsys%2Fclass%2Finput%2Finput6%2Fsubsystem%2Finput1%2Fevent1%2Fsubsystem%2Fmouse2%2Fsubsystem%2Fevent3%2Fsubsystem%2Fevent2 HTTP/1.1" 200 15618 "-" "Mozilla/5.0 AppleWebKit/537.36 (KHTML, like Gecko; compatible; ClaudeBot/1.0; [email protected])"
18.117.10.159 - - [12/May/2025:03:19:02 +0100] "GET /feature/omiya_marui/index.html?aksi=ransom&path=%2F%2Fsys%2Fmodule%2Flibata%2Fholders%2Fahci%2Fdrivers%2Fpci%3Aahci%2F0000%3A00%3A05.0%2Fata5%2Flink5%2Fata_link HTTP/1.1" 200 17254 "-" "Mozilla/5.0 AppleWebKit/537.36 (KHTML, like Gecko; compatible; ClaudeBot/1.0; [email protected])"
18.117.10.159 - - [12/May/2025:03:19:02 +0100] "GET /cargo/detail?aksi=buatfolder&path=%2F%2Fsys%2Fclass%2Finput%2Finput3%2Fsubsystem%2Fevent1%2Fdevice%2Fsubsystem%2Finput6%2Fsubsystem%2Fevent3%2Fsubsystem%2Fmouse0 HTTP/1.1" 200 15620 "-" "Mozilla/5.0 AppleWebKit/537.36 (KHTML, like Gecko; compatible; ClaudeBot/1.0; [email protected])"
18.117.10.159 - - [12/May/2025:03:19:02 +0100] "GET /cargo/detail?path=%2F%2Fsys%2Fdev%2Fchar%2F13%3A63%2Fsubsystem%2Finput5%2Fsubsystem%2Fmouse1%2Fsubsystem%2Fmouse0 HTTP/1.1" 200 16272 "-" "Mozilla/5.0 AppleWebKit/537.36 (KHTML, like Gecko; compatible; ClaudeBot/1.0; [email protected])"
18.117.10.159 - - [12/May/2025:03:19:03 +0100] "GET /pcmypage?aksi=buatfolder&path=%2F%2Fsys%2Fclass%2Finput%2Finput5%2Fevent4%2Fsubsystem%2Finput1%2Fsubsystem%2Fmouse2%2Fsubsystem%2Finput0%2Fdevice%2Fdriver HTTP/1.1" 200 15635 "-" "Mozilla/5.0 AppleWebKit/537.36 (KHTML, like Gecko; compatible; ClaudeBot/1.0; [email protected])"
18.117.10.159 - - [12/May/2025:03:19:03 +0100] "GET /cargo/detail?path=%2F%2Fsys%2Fdev%2Fchar%2F13%3A63%2Fsubsystem%2Finput4%2Fsubsystem%2Fevent3%2Fsubsystem%2Finput5%2Fsubsystem HTTP/1.1" 200 16535 "-" "Mozilla/5.0 AppleWebKit/537.36 (KHTML, like Gecko; compatible; ClaudeBot/1.0; [email protected])"
18.117.10.159 - - [12/May/2025:03:19:03 +0100] "GET /cargo/detail?path=%2F%2Fsys%2Fdev%2Fchar%2F13%3A63%2Fsubsystem%2Fevent3%2Fsubsystem%2Finput4%2Fsubsystem%2Finput5%2Fsubsystem HTTP/1.1" 200 16531 "-" "Mozilla/5.0 AppleWebKit/537.36 (KHTML, like Gecko; compatible; ClaudeBot/1.0; [email protected])"
20.171.207.190 - - [12/May/2025:03:19:03 +0100] "GET /?aksi=buatfile&path=%2F%2Fproc%2Fself%2Froot%2Fsys%2Fclass%2Finput%2Fevent2%2Fdevice%2Fsubsystem%2Fevent3 HTTP/1.1" 200 28358 "-" "Mozilla/5.0 AppleWebKit/537.36 (KHTML, like Gecko; compatible; GPTBot/1.2; +https://openai.com/gptbot)"
66.249.69.69 - - [12/May/2025:03:19:03 +0100] "GET /handmade/pants/11120581596398.htm HTTP/1.1" 200 31 "-" "Mozilla/5.0 (Linux; Android 6.0.1; Nexus 5X Build/MMB29P) AppleWebKit/537.36 (KHTML, like Gecko) Chrome/136.0.7103.59 Mobile Safari/537.36 (compatible; GoogleOther)"
18.117.10.159 - - [12/May/2025:03:19:03 +0100] "GET /cargo/detail?path=%2F%2Fsys%2Fdev%2Fchar%2F13%3A63%2Fsubsystem%2Fevent2%2Fsubsystem%2Finput4%2Fsubsystem%2Fevent3%2Fpower HTTP/1.1" 200 16222 "-" "Mozilla/5.0 AppleWebKit/537.36 (KHTML, like Gecko; compatible; ClaudeBot/1.0; [email protected])"
18.117.10.159 - - [12/May/2025:03:19:03 +0100] "GET /cargo/detail?path=%2F%2Fsys%2Fdev%2Fchar%2F13%3A63%2Fsubsystem%2Finput4%2Fsubsystem%2Fevent2%2Fsubsystem%2Fevent3%2Fpower HTTP/1.1" 200 16218 "-" "Mozilla/5.0 AppleWebKit/537.36 (KHTML, like Gecko; compatible; ClaudeBot/1.0; [email protected])"
18.117.10.159 - - [12/May/2025:03:19:04 +0100] "GET /cargo/detail?path=%2F%2Fsys%2Fdev%2Fchar%2F13%3A63%2Fsubsystem%2Fmouse1%2Fsubsystem%2Fmouse2%2Fdevice%2Fmouse2%2Fpower HTTP/1.1" 200 16199 "-" "Mozilla/5.0 AppleWebKit/537.36 (KHTML, like Gecko; compatible; ClaudeBot/1.0; [email protected])"
18.117.10.159 - - [12/May/2025:03:19:04 +0100] "GET /search?path=%2F%2Fsys%2Fbus%2Fpci%2Fdevices%2F0000%3A00%3A05.0%2Fata7%2Fata_port%2Fata7%2Fdevice%2Fhost10%2Fsubsystem HTTP/1.1" 200 16308 "-" "Mozilla/5.0 AppleWebKit/537.36 (KHTML, like Gecko; compatible; ClaudeBot/1.0; [email protected])"
18.117.10.159 - - [12/May/2025:03:19:04 +0100] "GET /pcsp.html?path=%2F%2Fsys%2Fbus%2Fvirtio%2Fdevices%2Fvirtio3%2Fsubsystem%2Fdevices%2Fvirtio3%2Fsubsystem%2Fdevices%2Fvirtio4 HTTP/1.1" 200 16448 "-" "Mozilla/5.0 AppleWebKit/537.36 (KHTML, like Gecko; compatible; ClaudeBot/1.0; [email protected])"
18.117.10.159 - - [12/May/2025:03:19:04 +0100] "GET /cargo/detail?path=%2F%2Fsys%2Fdev%2Fchar%2F13%3A63%2Fsubsystem%2Fmouse2%2Fdevice%2Fmouse2%2Fsubsystem%2Fmouse1%2Fpower HTTP/1.1" 200 16200 "-" "Mozilla/5.0 AppleWebKit/537.36 (KHTML, like Gecko; compatible; ClaudeBot/1.0; [email protected])"
18.117.10.159 - - [12/May/2025:03:19:04 +0100] "GET /pcmypage?filesrc=%2F%2Fsys%2Fclass%2Finput%2Finput0%2Fdevice%2Fsubsystem%2Fdevices%2FLNXCPU%3A35%2Fsubsystem%2Fdevices%2Fdevice%3A01%2Fuevent&path=%2F%2Fsys%2Fclass%2Finput%2Finput0%2Fdevice%2Fsubsystem%2Fdevices%2FLNXCPU%3A35%2Fsubsystem%2Fdevices%2Fdevice%3A01 HTTP/1.1" 200 15560 "-" "Mozilla/5.0 AppleWebKit/537.36 (KHTML, like Gecko; compatible; ClaudeBot/1.0; [email protected])"
18.117.10.159 - - [12/May/2025:03:19:04 +0100] "GET /cargo/detail?path=%2F%2Fsys%2Fdev%2Fchar%2F13%3A63%2Fsubsystem%2Fevent3%2Fsubsystem%2Finput4%2Fsubsystem%2Fevent2%2Fpower HTTP/1.1" 200 16220 "-" "Mozilla/5.0 AppleWebKit/537.36 (KHTML, like Gecko; compatible; ClaudeBot/1.0; [email protected])"
18.117.10.159 - - [12/May/2025:03:19:05 +0100] "GET /cargo/detail?path=%2F%2Fsys%2Fdev%2Fchar%2F13%3A63%2Fsubsystem%2Finput4%2Fsubsystem%2Fevent3%2Fsubsystem%2Fevent2%2Fpower HTTP/1.1" 200 16216 "-" "Mozilla/5.0 AppleWebKit/537.36 (KHTML, like Gecko; compatible; ClaudeBot/1.0; [email protected])"
18.117.10.159 - - [12/May/2025:03:19:05 +0100] "GET /cargo/detail?path=%2F%2Fsys%2Fdev%2Fchar%2F13%3A63%2Fsubsystem%2Finput5%2Fsubsystem%2Finput4%2Fsubsystem%2Fevent3%2Fsubsystem HTTP/1.1" 200 16531 "-" "Mozilla/5.0 AppleWebKit/537.36 (KHTML, like Gecko; compatible; ClaudeBot/1.0; [email protected])"
18.117.10.159 - - [12/May/2025:03:19:05 +0100] "GET /cargo/detail?path=%2F%2Fsys%2Fdev%2Fchar%2F13%3A63%2Fsubsystem%2Finput4%2Fsubsystem%2Finput5%2Fsubsystem%2Fevent3%2Fsubsystem HTTP/1.1" 200 16531 "-" "Mozilla/5.0 AppleWebKit/537.36 (KHTML, like Gecko; compatible; ClaudeBot/1.0; [email protected])"
18.117.10.159 - - [12/May/2025:03:19:05 +0100] "GET /pcmypage?filesrc=%2F%2Fsys%2Fclass%2Finput%2Fevent4%2Fsubsystem%2Fmice%2Fsubsystem%2Fmouse0%2Fsubsystem%2Fevent1%2Fuevent&path=%2F%2Fsys%2Fclass%2Finput%2Fevent4%2Fsubsystem%2Fmice%2Fsubsystem%2Fmouse0%2Fsubsystem%2Fevent1 HTTP/1.1" 200 15577 "-" "Mozilla/5.0 AppleWebKit/537.36 (KHTML, like Gecko; compatible; ClaudeBot/1.0; [email protected])"
20.171.207.190 - - [12/May/2025:03:19:05 +0100] "GET /?path=%2F%2Fproc%2Fself%2Froot%2Fsys%2Fclass%2Finput%2Fevent5%2Fdevice%2Fsubsystem%2Finput5 HTTP/1.1" 200 28471 "-" "Mozilla/5.0 AppleWebKit/537.36 (KHTML, like Gecko; compatible; GPTBot/1.2; +https://openai.com/gptbot)"
18.117.10.159 - - [12/May/2025:03:19:05 +0100] "GET /search?aksi=buatfolder&path=%2F%2Fsys%2Fbus%2Fvirtio%2Fdrivers%2Fvirtio_scsi%2Fvirtio1%2Fhost0%2Fscsi_host%2Fhost0%2Fsubsystem%2Fhost6%2Fdevice%2Fsubsystem HTTP/1.1" 200 15625 "-" "Mozilla/5.0 AppleWebKit/537.36 (KHTML, like Gecko; compatible; ClaudeBot/1.0; [email protected])"
18.117.10.159 - - [12/May/2025:03:19:06 +0100] "GET /cargo/detail?path=%2F%2Fsys%2Fdev%2Fchar%2F13%3A63%2Fsubsystem%2Finput5%2Fsubsystem%2Finput4%2Fsubsystem%2Finput5%2Fsubsystem HTTP/1.1" 200 16511 "-" "Mozilla/5.0 AppleWebKit/537.36 (KHTML, like Gecko; compatible; ClaudeBot/1.0; [email protected])"
66.249.69.69 - - [12/May/2025:03:19:06 +0100] "GET /sports/shuttlecocks/1870273115092 HTTP/1.1" 200 31 "-" "Mozilla/5.0 (Linux; Android 6.0.1; Nexus 5X Build/MMB29P) AppleWebKit/537.36 (KHTML, like Gecko) Chrome/136.0.7103.59 Mobile Safari/537.36 (compatible; GoogleOther)"
18.117.10.159 - - [12/May/2025:03:19:06 +0100] "GET /cargo/detail?filesrc=%2F%2Fsys%2Fdev%2Fchar%2F13%3A63%2Fsubsystem%2Fmouse1%2Fsubsystem%2Finput0%2Fsubsystem%2Finput6%2Fproperties&path=%2F%2Fsys%2Fdev%2Fchar%2F13%3A63%2Fsubsystem%2Fmouse1%2Fsubsystem%2Finput0%2Fsubsystem%2Finput6 HTTP/1.1" 200 15545 "-" "Mozilla/5.0 AppleWebKit/537.36 (KHTML, like Gecko; compatible; ClaudeBot/1.0; [email protected])"
18.117.10.159 - - [12/May/2025:03:19:06 +0100] "GET /cargo/detail?filesrc=%2F%2Fsys%2Fdev%2Fchar%2F13%3A63%2Fsubsystem%2Fmouse0%2Fsubsystem%2Finput4%2Fsubsystem%2Fmouse1%2Fdev&path=%2F%2Fsys%2Fdev%2Fchar%2F13%3A63%2Fsubsystem%2Fmouse0%2Fsubsystem%2Finput4%2Fsubsystem%2Fmouse1 HTTP/1.1" 200 15547 "-" "Mozilla/5.0 AppleWebKit/537.36 (KHTML, like Gecko; compatible; ClaudeBot/1.0; [email protected])"
18.117.10.159 - - [12/May/2025:03:19:06 +0100] "GET /cargo/detail?filesrc=%2F%2Fsys%2Fdev%2Fchar%2F13%3A63%2Fsubsystem%2Finput4%2Fsubsystem%2Fmouse0%2Fsubsystem%2Fmouse1%2Fdev&path=%2F%2Fsys%2Fdev%2Fchar%2F13%3A63%2Fsubsystem%2Finput4%2Fsubsystem%2Fmouse0%2Fsubsystem%2Fmouse1 HTTP/1.1" 200 15544 "-" "Mozilla/5.0 AppleWebKit/537.36 (KHTML, like Gecko; compatible; ClaudeBot/1.0; [email protected])"
18.117.10.159 - - [12/May/2025:03:19:06 +0100] "GET /pcmypage?filesrc=%2F%2Fsys%2Fclass%2Finput%2Finput0%2Fdevice%2Fsubsystem%2Fdevices%2FLNXCPU%3A35%2Fsubsystem%2Fdevices%2Fdevice%3A03%2Fuevent&path=%2F%2Fsys%2Fclass%2Finput%2Finput0%2Fdevice%2Fsubsystem%2Fdevices%2FLNXCPU%3A35%2Fsubsystem%2Fdevices%2Fdevice%3A03 HTTP/1.1" 200 15560 "-" "Mozilla/5.0 AppleWebKit/537.36 (KHTML, like Gecko; compatible; ClaudeBot/1.0; [email protected])"
18.117.10.159 - - [12/May/2025:03:19:06 +0100] "GET /cargo/detail?filesrc=%2F%2Fsys%2Fclass%2Finput%2Fevent0%2Fsubsystem%2Fmice%2Fsubsystem%2Fevent0%2Fsubsystem%2Finput5%2Fphys&path=%2F%2Fsys%2Fclass%2Finput%2Fevent0%2Fsubsystem%2Fmice%2Fsubsystem%2Fevent0%2Fsubsystem%2Finput5 HTTP/1.1" 200 15552 "-" "Mozilla/5.0 AppleWebKit/537.36 (KHTML, like Gecko; compatible; ClaudeBot/1.0; [email protected])"
