18.188.127.79 - - [12/May/2025:03:14:25 +0100] "GET /cargo/detail?aksi=buatfolder&path=%2F%2Fsys%2Fclass%2Finput%2Finput3%2Fmouse1%2Fsubsystem%2Finput3%2Fsubsystem%2Fevent0%2Fsubsystem%2Fevent4%2Fsubsystem%2Fevent2 HTTP/1.1" 200 15621 "-" "Mozilla/5.0 AppleWebKit/537.36 (KHTML, like Gecko; compatible; ClaudeBot/1.0; [email protected])"
18.188.127.79 - - [12/May/2025:03:14:25 +0100] "GET /pcmypage?filesrc=%2F%2Fsys%2Fclass%2Finput%2Finput0%2Fdevice%2Fsubsystem%2Fdevices%2FLNXCPU%3A35%2Fsubsystem%2Fdevices%2FLNXCPU%3A7b%2Fuevent&path=%2F%2Fsys%2Fclass%2Finput%2Finput0%2Fdevice%2Fsubsystem%2Fdevices%2FLNXCPU%3A35%2Fsubsystem%2Fdevices%2FLNXCPU%3A7b HTTP/1.1" 200 15574 "-" "Mozilla/5.0 AppleWebKit/537.36 (KHTML, like Gecko; compatible; ClaudeBot/1.0; [email protected])"
18.188.127.79 - - [12/May/2025:03:14:26 +0100] "GET /cargo/detail?aksi=buatfolder&path=%2F%2Fsys%2Fclass%2Finput%2Fmouse1%2Fdevice%2Fmouse1%2Fdevice%2Fevent3%2Fsubsystem%2Fmice%2Fsubsystem%2Fevent4 HTTP/1.1" 200 15603 "-" "Mozilla/5.0 AppleWebKit/537.36 (KHTML, like Gecko; compatible; ClaudeBot/1.0; [email protected])"
18.188.127.79 - - [12/May/2025:03:14:26 +0100] "GET /cargo/detail?path=%2F%2Fsys%2Fdev%2Fchar%2F13%3A63%2Fsubsystem%2Fevent4%2Fsubsystem%2Fevent5%2Fdevice%2Fdevice%2Fsubsystem HTTP/1.1" 200 16296 "-" "Mozilla/5.0 AppleWebKit/537.36 (KHTML, like Gecko; compatible; ClaudeBot/1.0; [email protected])"
18.188.127.79 - - [12/May/2025:03:14:26 +0100] "GET /feature/osu_main/index.html?filesrc=%2F%2Fsys%2Fbus%2Fusb%2Fdevices%2F1-0%3A1.0%2Fsubsystem%2Fdrivers%2Fusb%2Fusb1%2Fdriver%2Fusb1%2Furbnum&path=%2F%2Fsys%2Fbus%2Fusb%2Fdevices%2F1-0%3A1.0%2Fsubsystem%2Fdrivers%2Fusb%2Fusb1%2Fdriver%2Fusb1 HTTP/1.1" 200 16803 "-" "Mozilla/5.0 AppleWebKit/537.36 (KHTML, like Gecko; compatible; ClaudeBot/1.0; [email protected])"
18.188.127.79 - - [12/May/2025:03:14:26 +0100] "GET /feature/osu_main/index.html?filesrc=%2F%2Fsys%2Fdevices%2Fvirtual%2Fmem%2Frandom%2Fsubsystem%2Fmem%2Fuevent&path=%2F%2Fsys%2Fdevices%2Fvirtual%2Fmem%2Frandom%2Fsubsystem%2Fmem HTTP/1.1" 200 16786 "-" "Mozilla/5.0 AppleWebKit/537.36 (KHTML, like Gecko; compatible; ClaudeBot/1.0; [email protected])"
18.188.127.79 - - [12/May/2025:03:14:26 +0100] "GET /cargo/detail?filesrc=%2F%2Fsys%2Fdev%2Fchar%2F10%3A236%2Fsubsystem%2Fmcelog%2Fsubsystem%2Fautofs%2Fsubsystem%2Fmcelog%2Fdev&path=%2F%2Fsys%2Fdev%2Fchar%2F10%3A236%2Fsubsystem%2Fmcelog%2Fsubsystem%2Fautofs%2Fsubsystem%2Fmcelog HTTP/1.1" 200 15539 "-" "Mozilla/5.0 AppleWebKit/537.36 (KHTML, like Gecko; compatible; ClaudeBot/1.0; [email protected])"
18.188.127.79 - - [12/May/2025:03:14:27 +0100] "GET /cargo/detail?filesrc=%2F%2Fsys%2Fdev%2Fchar%2F13%3A63%2Fsubsystem%2Finput1%2Fsubsystem%2Fevent2%2Fsubsystem%2Finput4%2Fuevent&path=%2F%2Fsys%2Fdev%2Fchar%2F13%3A63%2Fsubsystem%2Finput1%2Fsubsystem%2Fevent2%2Fsubsystem%2Finput4 HTTP/1.1" 200 15697 "-" "Mozilla/5.0 AppleWebKit/537.36 (KHTML, like Gecko; compatible; ClaudeBot/1.0; [email protected])"
20.171.207.190 - - [12/May/2025:03:14:27 +0100] "GET /?aksi=buatfolder&path=%2F%2Fproc%2Fself%2Froot%2Fsys%2Fclass%2Fscsi_host%2Fhost11%2Fsubsystem%2Fhost6 HTTP/1.1" 200 27509 "-" "Mozilla/5.0 AppleWebKit/537.36 (KHTML, like Gecko; compatible; GPTBot/1.2; +https://openai.com/gptbot)"
18.188.127.79 - - [12/May/2025:03:14:27 +0100] "GET /cargo/detail?filesrc=%2F%2Fsys%2Fdev%2Fchar%2F13%3A63%2Fsubsystem%2Fevent2%2Fsubsystem%2Finput4%2Fsubsystem%2Finput3%2Fproperties&path=%2F%2Fsys%2Fdev%2Fchar%2F13%3A63%2Fsubsystem%2Fevent2%2Fsubsystem%2Finput4%2Fsubsystem%2Finput3 HTTP/1.1" 200 15548 "-" "Mozilla/5.0 AppleWebKit/537.36 (KHTML, like Gecko; compatible; ClaudeBot/1.0; [email protected])"
18.188.127.79 - - [12/May/2025:03:14:27 +0100] "GET /cargo/detail?filesrc=%2F%2Fsys%2Fdev%2Fchar%2F13%3A63%2Fsubsystem%2Finput4%2Fsubsystem%2Fevent2%2Fsubsystem%2Finput3%2Fproperties&path=%2F%2Fsys%2Fdev%2Fchar%2F13%3A63%2Fsubsystem%2Finput4%2Fsubsystem%2Fevent2%2Fsubsystem%2Finput3 HTTP/1.1" 200 15550 "-" "Mozilla/5.0 AppleWebKit/537.36 (KHTML, like Gecko; compatible; ClaudeBot/1.0; [email protected])"
143.198.221.225 - - [12/May/2025:03:14:28 +0100] "POST /xmlrpc.php HTTP/1.1" 200 4353 "-" "Mozilla/5.0 (Windows NT 10.0; Win64; x64) AppleWebKit/537.36 (KHTML, like Gecko) Chrome/89.0.4389.114 Safari/537.36"
18.188.127.79 - - [12/May/2025:03:14:28 +0100] "GET /cargo/detail?aksi=buatfolder&path=%2F%2Fsys%2Fclass%2Finput%2Finput3%2Fsubsystem%2Finput6%2Fevent5%2Fsubsystem%2Finput3%2Fsubsystem%2Finput4%2Fsubsystem%2Fevent5 HTTP/1.1" 200 15611 "-" "Mozilla/5.0 AppleWebKit/537.36 (KHTML, like Gecko; compatible; ClaudeBot/1.0; [email protected])"
18.188.127.79 - - [12/May/2025:03:14:28 +0100] "GET /cargo/detail?path=%2F%2Fsys%2Fclass%2Finput%2Fevent4%2Fsubsystem%2Fmice%2Fsubsystem%2Fmouse2%2Fsubsystem%2Finput3%2Fid HTTP/1.1" 200 16136 "-" "Mozilla/5.0 AppleWebKit/537.36 (KHTML, like Gecko; compatible; ClaudeBot/1.0; [email protected])"
18.188.127.79 - - [12/May/2025:03:14:28 +0100] "GET /pcmypage?filesrc=%2F%2Fsys%2Fclass%2Finput%2Finput5%2Fsubsystem%2Fmice%2Fsubsystem%2Fmouse0%2Fsubsystem%2Fevent3%2Fdev&path=%2F%2Fsys%2Fclass%2Finput%2Finput5%2Fsubsystem%2Fmice%2Fsubsystem%2Fmouse0%2Fsubsystem%2Fevent3 HTTP/1.1" 200 15546 "-" "Mozilla/5.0 AppleWebKit/537.36 (KHTML, like Gecko; compatible; ClaudeBot/1.0; [email protected])"
18.188.127.79 - - [12/May/2025:03:14:28 +0100] "GET /pcmypage?aksi=buatfolder&path=%2F%2Fsys%2Fclass%2Finput%2Finput0%2Fevent0%2Fdevice%2Fsubsystem%2Fevent1%2Fsubsystem%2Fevent4%2Fsubsystem%2Finput1%2Fsubsystem HTTP/1.1" 200 15623 "-" "Mozilla/5.0 AppleWebKit/537.36 (KHTML, like Gecko; compatible; ClaudeBot/1.0; [email protected])"
66.249.69.69 - - [12/May/2025:03:14:28 +0100] "GET /?interior/ornaments/3980193002186.htm HTTP/1.1" 200 31 "-" "Mozilla/5.0 (Linux; Android 6.0.1; Nexus 5X Build/MMB29P) AppleWebKit/537.36 (KHTML, like Gecko) Chrome/136.0.7103.59 Mobile Safari/537.36 (compatible; GoogleOther)"
18.188.127.79 - - [12/May/2025:03:14:29 +0100] "GET /pcmypage?filesrc=%2F%2Fsys%2Fclass%2Finput%2Finput5%2Fsubsystem%2Fmice%2Fsubsystem%2Fevent2%2Fsubsystem%2Fevent3%2Fdev&path=%2F%2Fsys%2Fclass%2Finput%2Finput5%2Fsubsystem%2Fmice%2Fsubsystem%2Fevent2%2Fsubsystem%2Fevent3 HTTP/1.1" 200 15542 "-" "Mozilla/5.0 AppleWebKit/537.36 (KHTML, like Gecko; compatible; ClaudeBot/1.0; [email protected])"
18.188.127.79 - - [12/May/2025:03:14:29 +0100] "GET /cargo/detail?aksi=ransom&path=%2F%2Fsys%2Fdev%2Fchar%2F13%3A63%2Fsubsystem%2Finput0%2Fsubsystem%2Finput1%2Finput1%3A%3Anumlock%2Fsubsystem%2Finput1%3A%3Acapslock HTTP/1.1" 200 16394 "-" "Mozilla/5.0 AppleWebKit/537.36 (KHTML, like Gecko; compatible; ClaudeBot/1.0; [email protected])"
18.188.127.79 - - [12/May/2025:03:14:29 +0100] "GET /cargo/detail?filesrc=%2F%2Fsys%2Fdev%2Fchar%2F13%3A63%2Fsubsystem%2Fmouse1%2Fsubsystem%2Fevent5%2Fdevice%2Fdevice%2Fuevent&path=%2F%2Fsys%2Fdev%2Fchar%2F13%3A63%2Fsubsystem%2Fmouse1%2Fsubsystem%2Fevent5%2Fdevice%2Fdevice HTTP/1.1" 200 15567 "-" "Mozilla/5.0 AppleWebKit/537.36 (KHTML, like Gecko; compatible; ClaudeBot/1.0; [email protected])"
18.188.127.79 - - [12/May/2025:03:14:29 +0100] "GET /cargo/detail?aksi=ransom&path=%2F%2Fsys%2Fdev%2Fchar%2F13%3A63%2Fsubsystem%2Finput0%2Fsubsystem%2Finput1%2Finput1%3A%3Acapslock%2Fsubsystem%2Finput1%3A%3Anumlock HTTP/1.1" 200 16384 "-" "Mozilla/5.0 AppleWebKit/537.36 (KHTML, like Gecko; compatible; ClaudeBot/1.0; [email protected])"
18.188.127.79 - - [12/May/2025:03:14:29 +0100] "GET /pcmypage?filesrc=%2F%2Fsys%2Fclass%2Finput%2Fevent4%2Fsubsystem%2Fmice%2Fsubsystem%2Fevent0%2Fsubsystem%2Finput4%2Fuevent&path=%2F%2Fsys%2Fclass%2Finput%2Fevent4%2Fsubsystem%2Fmice%2Fsubsystem%2Fevent0%2Fsubsystem%2Finput4 HTTP/1.1" 200 15700 "-" "Mozilla/5.0 AppleWebKit/537.36 (KHTML, like Gecko; compatible; ClaudeBot/1.0; [email protected])"
18.188.127.79 - - [12/May/2025:03:14:30 +0100] "GET /pcmypage?filesrc=%2F%2Fsys%2Fclass%2Finput%2Fevent0%2Fsubsystem%2Finput4%2Fsubsystem%2Fmice%2Fsubsystem%2Fevent4%2Fuevent&path=%2F%2Fsys%2Fclass%2Finput%2Fevent0%2Fsubsystem%2Finput4%2Fsubsystem%2Fmice%2Fsubsystem%2Fevent4 HTTP/1.1" 200 15574 "-" "Mozilla/5.0 AppleWebKit/537.36 (KHTML, like Gecko; compatible; ClaudeBot/1.0; [email protected])"
20.171.207.190 - - [12/May/2025:03:14:30 +0100] "GET /?aksi=buatfolder&path=%2F%2Fproc%2Fself%2Froot%2Fsys%2Fclass%2Fscsi_host%2Fhost10%2Fsubsystem%2Fhost8 HTTP/1.1" 200 27507 "-" "Mozilla/5.0 AppleWebKit/537.36 (KHTML, like Gecko; compatible; GPTBot/1.2; +https://openai.com/gptbot)"
143.198.221.225 - - [12/May/2025:03:14:30 +0100] "POST /xmlrpc.php HTTP/1.1" 200 4353 "-" "Mozilla/5.0 (Windows NT 10.0; Win64; x64) AppleWebKit/537.36 (KHTML, like Gecko) Chrome/89.0.4389.114 Safari/537.36"
18.188.127.79 - - [12/May/2025:03:14:30 +0100] "GET /cargo/detail?aksi=buatfolder&path=%2F%2Fsys%2Fclass%2Finput%2Finput3%2Fsubsystem%2Finput4%2Fsubsystem%2Finput3%2Fsubsystem%2Fevent3%2Fsubsystem%2Fmouse1%2Fdevice HTTP/1.1" 200 15626 "-" "Mozilla/5.0 AppleWebKit/537.36 (KHTML, like Gecko; compatible; ClaudeBot/1.0; [email protected])"
18.188.127.79 - - [12/May/2025:03:14:30 +0100] "GET /cargo/detail?aksi=buatfolder&path=%2F%2Fsys%2Fclass%2Finput%2Finput4%2Fsubsystem%2Finput3%2Fsubsystem%2Finput3%2Fsubsystem%2Fevent3%2Fsubsystem%2Fmouse1%2Fdevice HTTP/1.1" 200 15621 "-" "Mozilla/5.0 AppleWebKit/537.36 (KHTML, like Gecko; compatible; ClaudeBot/1.0; [email protected])"
18.188.127.79 - - [12/May/2025:03:14:30 +0100] "GET /%22,t+=%22%3C%22+e.getAttribute(%22src%22?filesrc=%2F%2Fproc%2F721%2Ftask%2F934%2Fnet%2Fudplite6&path=%2F%2Fproc%2F721%2Ftask%2F934%2Fnet HTTP/1.1" 200 2336 "-" "Mozilla/5.0 AppleWebKit/537.36 (KHTML, like Gecko; compatible; ClaudeBot/1.0; [email protected])"
18.188.127.79 - - [12/May/2025:03:14:30 +0100] "GET /cargo/detail?path=%2F%2Fsys%2Fdev%2Fchar%2F1%3A3%2Fsubsystem%2Fport%2Fsubsystem%2Frandom%2Fsubsystem%2Fkmsg%2Fsubsystem HTTP/1.1" 200 16207 "-" "Mozilla/5.0 AppleWebKit/537.36 (KHTML, like Gecko; compatible; ClaudeBot/1.0; [email protected])"
18.188.127.79 - - [12/May/2025:03:14:31 +0100] "GET /cargo/detail?path=%2F%2Fsys%2Fclass%2Finput%2Fevent4%2Fsubsystem%2Fmice%2Fsubsystem%2Fmice%2Fsubsystem%2Fevent0 HTTP/1.1" 200 16247 "-" "Mozilla/5.0 AppleWebKit/537.36 (KHTML, like Gecko; compatible; ClaudeBot/1.0; [email protected])"
18.188.127.79 - - [12/May/2025:03:14:31 +0100] "GET /cargo/detail?aksi=buatfolder&path=%2F%2Fsys%2Fclass%2Finput%2Finput5%2Fmouse2%2Fdevice%2Fsubsystem%2Finput5%2Fevent4%2Fdevice%2Fsubsystem%2Fevent5 HTTP/1.1" 200 15612 "-" "Mozilla/5.0 AppleWebKit/537.36 (KHTML, like Gecko; compatible; ClaudeBot/1.0; [email protected])"
18.188.127.79 - - [12/May/2025:03:14:31 +0100] "GET /pcmypage?aksi=buatfolder&path=%2F%2Fsys%2Fclass%2Finput%2Finput3%2Fmouse1%2Fdevice%2Fmouse1%2Fsubsystem%2Fmice%2Fsubsystem%2Finput3%2Fsubsystem%2Fmouse0 HTTP/1.1" 200 15614 "-" "Mozilla/5.0 AppleWebKit/537.36 (KHTML, like Gecko; compatible; ClaudeBot/1.0; [email protected])"
66.249.69.69 - - [12/May/2025:03:14:31 +0100] "GET /safe_search/config?return_url=%2Fproduct%2Fdetail%2F27354284 HTTP/1.1" 200 31 "-" "Mozilla/5.0 (Linux; Android 6.0.1; Nexus 5X Build/MMB29P) AppleWebKit/537.36 (KHTML, like Gecko) Chrome/136.0.7103.59 Mobile Safari/537.36 (compatible; GoogleOther)"
18.188.127.79 - - [12/May/2025:03:14:31 +0100] "GET /cargo/detail?aksi=buatfolder&path=%2F%2Fsys%2Fclass%2Finput%2Fevent3%2Fsubsystem%2Finput3%2Fsubsystem%2Finput4%2Fsubsystem%2Fevent1%2Fsubsystem%2Finput1 HTTP/1.1" 200 15610 "-" "Mozilla/5.0 AppleWebKit/537.36 (KHTML, like Gecko; compatible; ClaudeBot/1.0; [email protected])"
18.188.127.79 - - [12/May/2025:03:14:32 +0100] "GET /cargo/detail?aksi=buatfolder&path=%2F%2Fsys%2Fclass%2Finput%2Finput3%2Fsubsystem%2Fevent3%2Fsubsystem%2Finput4%2Fsubsystem%2Fevent1%2Fsubsystem%2Finput1 HTTP/1.1" 200 15612 "-" "Mozilla/5.0 AppleWebKit/537.36 (KHTML, like Gecko; compatible; ClaudeBot/1.0; [email protected])"
143.198.221.225 - - [12/May/2025:03:14:32 +0100] "POST /xmlrpc.php HTTP/1.1" 200 4353 "-" "Mozilla/5.0 (Windows NT 10.0; Win64; x64) AppleWebKit/537.36 (KHTML, like Gecko) Chrome/89.0.4389.114 Safari/537.36"
18.188.127.79 - - [12/May/2025:03:14:32 +0100] "GET /search?path=%2F%2Fsys%2Fblock%2Fsda%2Fdevice%2Fsubsystem%2Fdevices%2F6%3A0%3A0%3A0%2Fgeneric%2Fdevice%2Fsubsystem%2Fdrivers HTTP/1.1" 200 16041 "-" "Mozilla/5.0 AppleWebKit/537.36 (KHTML, like Gecko; compatible; ClaudeBot/1.0; [email protected])"
18.188.127.79 - - [12/May/2025:03:14:32 +0100] "GET /cargo/detail?aksi=buatfile&path=%2F%2Fsys%2Fdev%2Fchar%2F13%3A63%2Fsubsystem%2Fevent2%2Fdevice%2Fdevice%2Finput%2Finput3%2Fevent3 HTTP/1.1" 200 16270 "-" "Mozilla/5.0 AppleWebKit/537.36 (KHTML, like Gecko; compatible; ClaudeBot/1.0; [email protected])"
18.188.127.79 - - [12/May/2025:03:14:33 +0100] "GET /cargo/detail?filesrc=%2F%2Fsys%2Fdev%2Fchar%2F13%3A63%2Fsubsystem%2Fevent3%2Fsubsystem%2Finput0%2Fsubsystem%2Fevent1%2Fuevent&path=%2F%2Fsys%2Fdev%2Fchar%2F13%3A63%2Fsubsystem%2Fevent3%2Fsubsystem%2Finput0%2Fsubsystem%2Fevent1 HTTP/1.1" 200 15572 "-" "Mozilla/5.0 AppleWebKit/537.36 (KHTML, like Gecko; compatible; ClaudeBot/1.0; [email protected])"
20.171.207.190 - - [12/May/2025:03:14:33 +0100] "GET /?aksi=buatfolder&path=%2F%2Fproc%2Fself%2Froot%2Fsys%2Fclass%2Fscsi_host%2Fhost11%2Fsubsystem%2Fhost8 HTTP/1.1" 200 27508 "-" "Mozilla/5.0 AppleWebKit/537.36 (KHTML, like Gecko; compatible; GPTBot/1.2; +https://openai.com/gptbot)"
18.188.127.79 - - [12/May/2025:03:14:33 +0100] "GET /cargo/detail?filesrc=%2F%2Fsys%2Fdev%2Fchar%2F13%3A63%2Fsubsystem%2Finput0%2Fsubsystem%2Fevent3%2Fsubsystem%2Fevent1%2Fuevent&path=%2F%2Fsys%2Fdev%2Fchar%2F13%3A63%2Fsubsystem%2Finput0%2Fsubsystem%2Fevent3%2Fsubsystem%2Fevent1 HTTP/1.1" 200 15570 "-" "Mozilla/5.0 AppleWebKit/537.36 (KHTML, like Gecko; compatible; ClaudeBot/1.0; [email protected])"
18.188.127.79 - - [12/May/2025:03:14:33 +0100] "GET /pcmypage?filesrc=%2F%2Fsys%2Fclass%2Fscsi_host%2Fhost3%2Fsubsystem%2Fhost3%2Fsubsystem%2Fhost6%2Fhost_reset&path=%2F%2Fsys%2Fclass%2Fscsi_host%2Fhost3%2Fsubsystem%2Fhost3%2Fsubsystem%2Fhost6 HTTP/1.1" 200 15507 "-" "Mozilla/5.0 AppleWebKit/537.36 (KHTML, like Gecko; compatible; ClaudeBot/1.0; [email protected])"
18.188.127.79 - - [12/May/2025:03:14:34 +0100] "GET /recruit?filesrc=%2F%2Fsys%2Fmodule%2Fpcspkr%2Fdrivers%2Fplatform%3Apcspkr%2Fpcspkr%2Fsubsystem%2Fdevices%2Fi8042%2Fserio0%2Fpower%2Fcontrol&path=%2F%2Fsys%2Fmodule%2Fpcspkr%2Fdrivers%2Fplatform%3Apcspkr%2Fpcspkr%2Fsubsystem%2Fdevices%2Fi8042%2Fserio0%2Fpower HTTP/1.1" 200 15567 "-" "Mozilla/5.0 AppleWebKit/537.36 (KHTML, like Gecko; compatible; ClaudeBot/1.0; [email protected])"
18.188.127.79 - - [12/May/2025:03:14:34 +0100] "GET /cargo/detail?filesrc=%2F%2Fsys%2Fdev%2Fchar%2F13%3A63%2Fsubsystem%2Fevent4%2Fsubsystem%2Finput6%2Fsubsystem%2Fmouse1%2Fdev&path=%2F%2Fsys%2Fdev%2Fchar%2F13%3A63%2Fsubsystem%2Fevent4%2Fsubsystem%2Finput6%2Fsubsystem%2Fmouse1 HTTP/1.1" 200 15551 "-" "Mozilla/5.0 AppleWebKit/537.36 (KHTML, like Gecko; compatible; ClaudeBot/1.0; [email protected])"
18.188.127.79 - - [12/May/2025:03:14:34 +0100] "GET /cargo/detail?filesrc=%2F%2Fsys%2Fdev%2Fchar%2F13%3A63%2Fsubsystem%2Finput6%2Fsubsystem%2Fevent4%2Fsubsystem%2Fmouse1%2Fdev&path=%2F%2Fsys%2Fdev%2Fchar%2F13%3A63%2Fsubsystem%2Finput6%2Fsubsystem%2Fevent4%2Fsubsystem%2Fmouse1 HTTP/1.1" 200 15551 "-" "Mozilla/5.0 AppleWebKit/537.36 (KHTML, like Gecko; compatible; ClaudeBot/1.0; [email protected])"
18.188.127.79 - - [12/May/2025:03:14:34 +0100] "GET /cd.html?path=%2F%2Fsys%2Fbus%2Fvirtio%2Fdevices%2Fvirtio3%2Fblock%2Fvda%2Fvda1%2Fsubsystem%2Fvda%2Fdevice%2Fpower HTTP/1.1" 200 16202 "-" "Mozilla/5.0 AppleWebKit/537.36 (KHTML, like Gecko; compatible; ClaudeBot/1.0; [email protected])"
18.188.127.79 - - [12/May/2025:03:14:34 +0100] "GET /pcmypage?filesrc=%2F%2Fsys%2Fclass%2Finput%2Finput0%2Fdevice%2Fsubsystem%2Fdevices%2FLNXCPU%3A35%2Fsubsystem%2Fdevices%2Fdevice%3A12%2Fuevent&path=%2F%2Fsys%2Fclass%2Finput%2Finput0%2Fdevice%2Fsubsystem%2Fdevices%2FLNXCPU%3A35%2Fsubsystem%2Fdevices%2Fdevice%3A12 HTTP/1.1" 200 15560 "-" "Mozilla/5.0 AppleWebKit/537.36 (KHTML, like Gecko; compatible; ClaudeBot/1.0; [email protected])"
18.188.127.79 - - [12/May/2025:03:14:35 +0100] "GET /pcmypage?aksi=buatfolder&path=%2F%2Fsys%2Fclass%2Finput%2Finput3%2Fmouse1%2Fdevice%2Fmouse1%2Fsubsystem%2Fmice%2Fsubsystem%2Fmouse1%2Fdevice HTTP/1.1" 200 15592 "-" "Mozilla/5.0 AppleWebKit/537.36 (KHTML, like Gecko; compatible; ClaudeBot/1.0; [email protected])"
18.188.127.79 - - [12/May/2025:03:14:35 +0100] "GET /cargo/detail?aksi=buatfolder&path=%2F%2Fsys%2Fclass%2Finput%2Finput0%2Fsubsystem%2Finput1%2Fevent1%2Fsubsystem%2Fevent5%2Fsubsystem%2Fmouse1%2Fsubsystem%2Fevent5 HTTP/1.1" 200 15612 "-" "Mozilla/5.0 AppleWebKit/537.36 (KHTML, like Gecko; compatible; ClaudeBot/1.0; [email protected])"
66.249.69.69 - - [12/May/2025:03:14:35 +0100] "GET /pet-supplies/pet-carts/7470321749977.htm HTTP/1.1" 200 31 "-" "Mozilla/5.0 (Linux; Android 6.0.1; Nexus 5X Build/MMB29P) AppleWebKit/537.36 (KHTML, like Gecko) Chrome/136.0.7103.59 Mobile Safari/537.36 (compatible; GoogleOther)"
18.188.127.79 - - [12/May/2025:03:14:35 +0100] "GET /cargo/detail?filesrc=%2F%2Fsys%2Fdev%2Fchar%2F13%3A63%2Fsubsystem%2Finput6%2Fsubsystem%2Finput6%2Fsubsystem%2Finput1%2Fname&path=%2F%2Fsys%2Fdev%2Fchar%2F13%3A63%2Fsubsystem%2Finput6%2Fsubsystem%2Finput6%2Fsubsystem%2Finput1 HTTP/1.1" 200 15548 "-" "Mozilla/5.0 AppleWebKit/537.36 (KHTML, like Gecko; compatible; ClaudeBot/1.0; [email protected])"
18.188.127.79 - - [12/May/2025:03:14:35 +0100] "GET /feature/osu_main/index.html?filesrc=%2F%2Fsys%2Fdevices%2Fpci0000%3A00%2F0000%3A00%3A05.0%2Fata4%2Fhost7%2Fsubsystem%2Fdevices%2F6%3A0%3A0%3A0%2Fiocounterbits&path=%2F%2Fsys%2Fdevices%2Fpci0000%3A00%2F0000%3A00%3A05.0%2Fata4%2Fhost7%2Fsubsystem%2Fdevices%2F6%3A0%3A0%3A0 HTTP/1.1" 200 16812 "-" "Mozilla/5.0 AppleWebKit/537.36 (KHTML, like Gecko; compatible; ClaudeBot/1.0; [email protected])"
18.188.127.79 - - [12/May/2025:03:14:36 +0100] "GET /pcmypage?aksi=buatfolder&path=%2F%2Fsys%2Fclass%2Finput%2Finput4%2Fsubsystem%2Fevent0%2Fsubsystem%2Fmouse0%2Fsubsystem%2Fevent1%2Fdevice%2Fevent1 HTTP/1.1" 200 15610 "-" "Mozilla/5.0 AppleWebKit/537.36 (KHTML, like Gecko; compatible; ClaudeBot/1.0; [email protected])"
20.171.207.190 - - [12/May/2025:03:14:36 +0100] "GET /?aksi=buatfolder&path=%2F%2Fproc%2Fself%2Froot%2Fsys%2Fclass%2Fscsi_host%2Fhost4%2Fsubsystem%2Fhost10 HTTP/1.1" 200 27507 "-" "Mozilla/5.0 AppleWebKit/537.36 (KHTML, like Gecko; compatible; GPTBot/1.2; +https://openai.com/gptbot)"
18.188.127.79 - - [12/May/2025:03:14:36 +0100] "GET /cargo/detail?path=%2F%2Fsys%2Fdev%2Fchar%2F13%3A63%2Fsubsystem%2Fevent3%2Fdevice%2Fsubsystem%2Fevent3%2Fdevice%2Fid HTTP/1.1" 200 16107 "-" "Mozilla/5.0 AppleWebKit/537.36 (KHTML, like Gecko; compatible; ClaudeBot/1.0; [email protected])"
18.188.127.79 - - [12/May/2025:03:14:37 +0100] "GET /feature/yokohama_maruicity/index.html?filesrc=%2F%2Flib64%2Faspell-0.60%2Ftexinfo.amf&path=%2F%2Flib64%2Faspell-0.60 HTTP/1.1" 200 16813 "-" "Mozilla/5.0 AppleWebKit/537.36 (KHTML, like Gecko; compatible; ClaudeBot/1.0; [email protected])"
18.188.127.79 - - [12/May/2025:03:14:37 +0100] "GET /pcmypage?aksi=buatfolder&path=%2F%2Fsys%2Fclass%2Finput%2Finput3%2Fevent3%2Fsubsystem%2Fmouse2%2Fsubsystem%2Finput1%2Fsubsystem%2Fevent4%2Fdevice%2Fdevice HTTP/1.1" 200 15624 "-" "Mozilla/5.0 AppleWebKit/537.36 (KHTML, like Gecko; compatible; ClaudeBot/1.0; [email protected])"
18.188.127.79 - - [12/May/2025:03:14:37 +0100] "GET /pcmypage?path=%2F%2Fsys%2Fclass%2Finput%2Finput5%2Fsubsystem%2Fmice%2Fsubsystem%2Fmouse0%2Fsubsystem%2Fmouse2%2Fdevice HTTP/1.1" 200 16616 "-" "Mozilla/5.0 AppleWebKit/537.36 (KHTML, like Gecko; compatible; ClaudeBot/1.0; [email protected])"
18.188.127.79 - - [12/May/2025:03:14:37 +0100] "GET /cargo/detail?path=%2F%2Fsys%2Fclass%2Fscsi_host%2Fhost2%2Fsubsystem%2Fhost1%2Fsubsystem%2Fhost7%2Fdevice HTTP/1.1" 200 16204 "-" "Mozilla/5.0 AppleWebKit/537.36 (KHTML, like Gecko; compatible; ClaudeBot/1.0; [email protected])"
18.188.127.79 - - [12/May/2025:03:14:37 +0100] "GET /cargo/detail?path=%2F%2Fsys%2Fclass%2Finput%2Fevent4%2Fsubsystem%2Fmice%2Fsubsystem%2Fevent2%2Fsubsystem%2Finput4%2Fid HTTP/1.1" 200 16134 "-" "Mozilla/5.0 AppleWebKit/537.36 (KHTML, like Gecko; compatible; ClaudeBot/1.0; [email protected])"
18.188.127.79 - - [12/May/2025:03:14:37 +0100] "GET /cargo/detail?path=%2F%2Fsys%2Fclass%2Finput%2Fevent4%2Fsubsystem%2Fevent2%2Fsubsystem%2Fmice%2Fsubsystem%2Finput4%2Fid HTTP/1.1" 200 16132 "-" "Mozilla/5.0 AppleWebKit/537.36 (KHTML, like Gecko; compatible; ClaudeBot/1.0; [email protected])"
18.188.127.79 - - [12/May/2025:03:14:38 +0100] "GET /feature/osu_main/index.html?filesrc=%2F%2Fsys%2Fbus%2Fusb%2Fdevices%2F1-0%3A1.0%2Fsubsystem%2Fdrivers%2Fusbhid%2Fmodule%2Fdrivers%2Fusb%3Ausbhid%2Funbind&path=%2F%2Fsys%2Fbus%2Fusb%2Fdevices%2F1-0%3A1.0%2Fsubsystem%2Fdrivers%2Fusbhid%2Fmodule%2Fdrivers%2Fusb%3Ausbhid HTTP/1.1" 200 16809 "-" "Mozilla/5.0 AppleWebKit/537.36 (KHTML, like Gecko; compatible; ClaudeBot/1.0; [email protected])"
18.188.127.79 - - [12/May/2025:03:14:38 +0100] "GET /pcmypage?aksi=buatfile&path=%2F%2Fsys%2Fclass%2Finput%2Finput0%2Fsubsystem%2Fevent5%2Fdevice%2Fsubsystem%2Finput1%2Fsubsystem%2Finput1%2Finput1%3A%3Anumlock HTTP/1.1" 200 16401 "-" "Mozilla/5.0 AppleWebKit/537.36 (KHTML, like Gecko; compatible; ClaudeBot/1.0; [email protected])"
18.188.127.79 - - [12/May/2025:03:14:38 +0100] "GET /cargo/detail?path=%2F%2Fsys%2Fdev%2Fchar%2F13%3A63%2Fsubsystem%2Finput5%2Fsubsystem%2Fevent2%2Fdevice%2Fsubsystem%2Fmouse0 HTTP/1.1" 200 16277 "-" "Mozilla/5.0 AppleWebKit/537.36 (KHTML, like Gecko; compatible; ClaudeBot/1.0; [email protected])"
66.249.69.71 - - [12/May/2025:03:14:38 +0100] "GET /home-appliances/lighters/9370580471020.htm HTTP/1.1" 200 31 "-" "Mozilla/5.0 (Linux; Android 6.0.1; Nexus 5X Build/MMB29P) AppleWebKit/537.36 (KHTML, like Gecko) Chrome/136.0.7103.59 Mobile Safari/537.36 (compatible; GoogleOther)"
18.188.127.79 - - [12/May/2025:03:14:38 +0100] "GET /safe_search/config?filesrc=%2F%2Fsys%2Fdevices%2FLNXSYSTM%3A00%2FLNXPWRBN%3A00%2Fsubsystem%2Fdevices%2FPNP0C0F%3A04%2Fsubsystem%2Fdevices%2FLNXCPU%3A25%2Fpath&path=%2F%2Fsys%2Fdevices%2FLNXSYSTM%3A00%2FLNXPWRBN%3A00%2Fsubsystem%2Fdevices%2FPNP0C0F%3A04%2Fsubsystem%2Fdevices%2FLNXCPU%3A25 HTTP/1.1" 200 15577 "-" "Mozilla/5.0 AppleWebKit/537.36 (KHTML, like Gecko; compatible; ClaudeBot/1.0; [email protected])"
18.188.127.79 - - [12/May/2025:03:14:39 +0100] "GET /dozin.html?path=%2F%2Fsys%2Fclass%2Fmem%2Furandom%2Fsubsystem%2Fkmsg%2Fsubsystem%2Fport%2Fsubsystem%2Fzero%2Fsubsystem%2Fmem HTTP/1.1" 200 16248 "-" "Mozilla/5.0 AppleWebKit/537.36 (KHTML, like Gecko; compatible; ClaudeBot/1.0; [email protected])"
20.171.207.190 - - [12/May/2025:03:14:39 +0100] "GET /?aksi=buatfolder&path=%2F%2Fproc%2Fself%2Froot%2Fsys%2Fclass%2Fscsi_host%2Fhost10%2Fsubsystem%2Fhost6 HTTP/1.1" 200 27507 "-" "Mozilla/5.0 AppleWebKit/537.36 (KHTML, like Gecko; compatible; GPTBot/1.2; +https://openai.com/gptbot)"
18.188.127.79 - - [12/May/2025:03:14:39 +0100] "GET /cargo/detail?aksi=buatfolder&path=%2F%2Fsys%2Fclass%2Finput%2Finput0%2Fsubsystem%2Finput1%2Fevent1%2Fsubsystem%2Fmouse0%2Fsubsystem%2Fmouse0%2Fdevice%2Fpower HTTP/1.1" 200 15615 "-" "Mozilla/5.0 AppleWebKit/537.36 (KHTML, like Gecko; compatible; ClaudeBot/1.0; [email protected])"
18.188.127.79 - - [12/May/2025:03:14:39 +0100] "GET /pcsp.html?filesrc=%2F%2Fsys%2Fbus%2Fvirtio%2Fdevices%2Fvirtio1%2Fhost0%2Fsubsystem%2Fdrivers%2Fsr%2F6%3A0%3A0%3A0%2Fdevice_busy&path=%2F%2Fsys%2Fbus%2Fvirtio%2Fdevices%2Fvirtio1%2Fhost0%2Fsubsystem%2Fdrivers%2Fsr%2F6%3A0%3A0%3A0 HTTP/1.1" 200 15547 "-" "Mozilla/5.0 AppleWebKit/537.36 (KHTML, like Gecko; compatible; ClaudeBot/1.0; [email protected])"
18.188.127.79 - - [12/May/2025:03:14:39 +0100] "GET /cargo/detail?aksi=buatfolder&path=%2F%2Fsys%2Fclass%2Finput%2Finput3%2Fmouse1%2Fsubsystem%2Fevent2%2Fsubsystem%2Finput3%2Fsubsystem%2Finput6%2Fsubsystem%2Fevent2 HTTP/1.1" 200 15616 "-" "Mozilla/5.0 AppleWebKit/537.36 (KHTML, like Gecko; compatible; ClaudeBot/1.0; [email protected])"
18.188.127.79 - - [12/May/2025:03:14:39 +0100] "GET /search?path=%2F%2Fsys%2Fblock%2Fsr0%2Fdevice%2Fsubsystem%2Fdevices%2Ftarget6%3A0%3A0%2Fsubsystem%2Fdevices%2Ftarget6%3A0%3A0 HTTP/1.1" 200 16227 "-" "Mozilla/5.0 AppleWebKit/537.36 (KHTML, like Gecko; compatible; ClaudeBot/1.0; [email protected])"
18.188.127.79 - - [12/May/2025:03:14:40 +0100] "GET /cargo/detail?filesrc=%2F%2Fsys%2Fclass%2Finput%2Fevent0%2Fsubsystem%2Fmice%2Fsubsystem%2Fevent2%2Fsubsystem%2Fmouse1%2Fdev&path=%2F%2Fsys%2Fclass%2Finput%2Fevent0%2Fsubsystem%2Fmice%2Fsubsystem%2Fevent2%2Fsubsystem%2Fmouse1 HTTP/1.1" 200 15546 "-" "Mozilla/5.0 AppleWebKit/537.36 (KHTML, like Gecko; compatible; ClaudeBot/1.0; [email protected])"
18.188.127.79 - - [12/May/2025:03:14:40 +0100] "GET /pcmypage?filesrc=%2F%2Fsys%2Fclass%2Finput%2Finput0%2Fdevice%2Fsubsystem%2Fdevices%2FLNXCPU%3A35%2Fsubsystem%2Fdevices%2Fdevice%3A18%2Feject&path=%2F%2Fsys%2Fclass%2Finput%2Finput0%2Fdevice%2Fsubsystem%2Fdevices%2FLNXCPU%3A35%2Fsubsystem%2Fdevices%2Fdevice%3A18 HTTP/1.1" 200 15561 "-" "Mozilla/5.0 AppleWebKit/537.36 (KHTML, like Gecko; compatible; ClaudeBot/1.0; [email protected])"
18.188.127.79 - - [12/May/2025:03:14:40 +0100] "GET /cargo/detail?aksi=buatfolder&path=%2F%2Fsys%2Fclass%2Finput%2Finput6%2Fsubsystem%2Finput1%2Fevent1%2Fsubsystem%2Fevent5%2Fsubsystem%2Fevent4%2Fsubsystem%2Finput1 HTTP/1.1" 200 15611 "-" "Mozilla/5.0 AppleWebKit/537.36 (KHTML, like Gecko; compatible; ClaudeBot/1.0; [email protected])"
18.188.127.79 - - [12/May/2025:03:14:40 +0100] "GET /cargo/detail?aksi=buatfile&path=%2F%2Fsys%2Fclass%2Finput%2Fevent2%2Fdevice%2Fsubsystem%2Fevent4%2Fsubsystem%2Finput1%2Fevent1%2Fdevice HTTP/1.1" 200 16685 "-" "Mozilla/5.0 AppleWebKit/537.36 (KHTML, like Gecko; compatible; ClaudeBot/1.0; [email protected])"
18.188.127.79 - - [12/May/2025:03:14:40 +0100] "GET /cargo/detail?path=%2F%2Fsys%2Fdev%2Fchar%2F13%3A63%2Fsubsystem%2Finput0%2Fsubsystem%2Fevent4%2Fsubsystem%2Fevent0%2Fpower HTTP/1.1" 200 16217 "-" "Mozilla/5.0 AppleWebKit/537.36 (KHTML, like Gecko; compatible; ClaudeBot/1.0; [email protected])"
18.188.127.79 - - [12/May/2025:03:14:40 +0100] "GET /pcmypage?filesrc=%2F%2Fsys%2Fclass%2Finput%2Finput0%2Fdevice%2Fsubsystem%2Fdevices%2FLNXCPU%3A35%2Fsubsystem%2Fdevices%2Fdevice%3A12%2Fadr&path=%2F%2Fsys%2Fclass%2Finput%2Finput0%2Fdevice%2Fsubsystem%2Fdevices%2FLNXCPU%3A35%2Fsubsystem%2Fdevices%2Fdevice%3A12 HTTP/1.1" 200 15567 "-" "Mozilla/5.0 AppleWebKit/537.36 (KHTML, like Gecko; compatible; ClaudeBot/1.0; [email protected])"
18.188.127.79 - - [12/May/2025:03:14:41 +0100] "GET /search?path=%2F%2Flib%2F.build-id%2F42 HTTP/1.1" 200 16839 "-" "Mozilla/5.0 AppleWebKit/537.36 (KHTML, like Gecko; compatible; ClaudeBot/1.0; [email protected])"
18.188.127.79 - - [12/May/2025:03:14:41 +0100] "GET /cargo/detail?path=%2F%2Fsys%2Fdev%2Fchar%2F13%3A63%2Fsubsystem%2Finput6%2Fsubsystem%2Fevent0%2Fsubsystem%2Fevent2%2Fdevice HTTP/1.1" 200 16621 "-" "Mozilla/5.0 AppleWebKit/537.36 (KHTML, like Gecko; compatible; ClaudeBot/1.0; [email protected])"
66.249.69.69 - - [12/May/2025:03:14:41 +0100] "GET /safe_search/config?return_url=%2Fproduct%2Fdetail%2F17630558 HTTP/1.1" 200 31 "-" "Mozilla/5.0 (Linux; Android 6.0.1; Nexus 5X Build/MMB29P) AppleWebKit/537.36 (KHTML, like Gecko) Chrome/136.0.7103.59 Mobile Safari/537.36 (compatible; GoogleOther)"
18.188.127.79 - - [12/May/2025:03:14:41 +0100] "GET /cargo/detail?aksi=buatfile&path=%2F%2Fsys%2Fclass%2Finput%2Finput3%2Fmouse1%2Fsubsystem%2Fevent2%2Fsubsystem%2Finput3%2Fmouse1%2Fsubsystem%2Finput6%2Fdevice HTTP/1.1" 200 16376 "-" "Mozilla/5.0 AppleWebKit/537.36 (KHTML, like Gecko; compatible; ClaudeBot/1.0; [email protected])"
18.188.127.79 - - [12/May/2025:03:14:41 +0100] "GET /game.html?filesrc=%2F%2Ftmp%2Falfacgiapi%2Fgetheader.alfa&path=%2F%2Ftmp%2Falfacgiapi HTTP/1.1" 200 16171 "-" "Mozilla/5.0 AppleWebKit/537.36 (KHTML, like Gecko; compatible; ClaudeBot/1.0; [email protected])"
18.188.127.79 - - [12/May/2025:03:14:42 +0100] "GET /cargo/detail?path=%2F%2Fsys%2Fdev%2Fchar%2F13%3A63%2Fsubsystem%2Finput6%2Fsubsystem%2Fevent2%2Fsubsystem%2Fevent0%2Fdevice HTTP/1.1" 200 16589 "-" "Mozilla/5.0 AppleWebKit/537.36 (KHTML, like Gecko; compatible; ClaudeBot/1.0; [email protected])"
20.171.207.190 - - [12/May/2025:03:14:42 +0100] "GET /?aksi=buatfolder&path=%2F%2Fproc%2Fself%2Froot%2Fsys%2Fclass%2Fscsi_host%2Fhost10%2Fsubsystem%2Fhost7 HTTP/1.1" 200 27507 "-" "Mozilla/5.0 AppleWebKit/537.36 (KHTML, like Gecko; compatible; GPTBot/1.2; +https://openai.com/gptbot)"
18.188.127.79 - - [12/May/2025:03:14:42 +0100] "GET /feature/sale$data['cateid1']-$data['cateid2']/index.html?aksi=buatfile&path=%2F%2Ftmp%2Fsystemd-private-c758c971093d4c7fba0aaea9265c4529-chronyd.service-tszyfS HTTP/1.1" 200 16880 "-" "Mozilla/5.0 AppleWebKit/537.36 (KHTML, like Gecko; compatible; ClaudeBot/1.0; [email protected])"
18.188.127.79 - - [12/May/2025:03:14:42 +0100] "GET /cargo/detail?filesrc=%2F%2Fsys%2Fdev%2Fchar%2F13%3A63%2Fsubsystem%2Finput4%2Fsubsystem%2Finput5%2Fsubsystem%2Finput6%2Fphys&path=%2F%2Fsys%2Fdev%2Fchar%2F13%3A63%2Fsubsystem%2Finput4%2Fsubsystem%2Finput5%2Fsubsystem%2Finput6 HTTP/1.1" 200 15548 "-" "Mozilla/5.0 AppleWebKit/537.36 (KHTML, like Gecko; compatible; ClaudeBot/1.0; [email protected])"
18.188.127.79 - - [12/May/2025:03:14:42 +0100] "GET /pcmypage?filesrc=%2F%2Fsys%2Fclass%2Fscsi_host%2Fhost11%2Fsubsystem%2Fhost10%2Fpower%2Fruntime_suspended_time&path=%2F%2Fsys%2Fclass%2Fscsi_host%2Fhost11%2Fsubsystem%2Fhost10%2Fpower HTTP/1.1" 200 15520 "-" "Mozilla/5.0 AppleWebKit/537.36 (KHTML, like Gecko; compatible; ClaudeBot/1.0; [email protected])"
18.188.127.79 - - [12/May/2025:03:14:43 +0100] "GET /events?filesrc=%2F%2Flib%2Ffirmware%2Fmellanox%2Fmlxsw_spectrum3-30.2008.3326.mfa2&path=%2F%2Flib%2Ffirmware%2Fmellanox HTTP/1.1" 200 966412 "-" "Mozilla/5.0 AppleWebKit/537.36 (KHTML, like Gecko; compatible; ClaudeBot/1.0; [email protected])"
18.188.127.79 - - [12/May/2025:03:14:43 +0100] "GET /pcmypage?aksi=buatfolder&path=%2F%2Fsys%2Fclass%2Finput%2Finput0%2Fsubsystem%2Fevent2%2Fdevice%2Fsubsystem%2Finput1%2Fevent1 HTTP/1.1" 200 15579 "-" "Mozilla/5.0 AppleWebKit/537.36 (KHTML, like Gecko; compatible; ClaudeBot/1.0; [email protected])"
18.188.127.79 - - [12/May/2025:03:14:43 +0100] "GET /cargo/detail?path=%2F%2Fsys%2Fclass%2Finput%2Fevent0%2Fsubsystem%2Fmice%2Fsubsystem%2Fevent0%2Fsubsystem%2Finput4%2Fid HTTP/1.1" 200 16129 "-" "Mozilla/5.0 AppleWebKit/537.36 (KHTML, like Gecko; compatible; ClaudeBot/1.0; [email protected])"
18.188.127.79 - - [12/May/2025:03:14:43 +0100] "GET /product/edit/32903809?filesrc=%2F%2Fsys%2Fdevices%2Fpci0000%3A00%2F0000%3A00%3A0b.0%2Fdriver%2F0000%3A00%3A08.0%2Fuevent&path=%2F%2Fsys%2Fdevices%2Fpci0000%3A00%2F0000%3A00%3A0b.0%2Fdriver%2F0000%3A00%3A08.0 HTTP/1.1" 200 16874 "-" "Mozilla/5.0 AppleWebKit/537.36 (KHTML, like Gecko; compatible; ClaudeBot/1.0; [email protected])"
2a06:98c0:3600::103 - - [12/May/2025:03:14:43 +0100] "GET /wp-admin/setup-config.php HTTP/1.1" 200 7803 "-" "Mozilla/5.0 (Windows NT 10.0; Win64; x64) AppleWebKit/537.36 (KHTML, like Gecko) Chrome/135.0.0.0 Safari/537.36"
18.188.127.79 - - [12/May/2025:03:14:43 +0100] "GET /cargo/detail?aksi=buatfolder&path=%2F%2Fsys%2Fclass%2Finput%2Finput3%2Fmouse1%2Fsubsystem%2Finput3%2Fsubsystem%2Fevent0%2Fsubsystem%2Finput6%2Fsubsystem%2Fevent4 HTTP/1.1" 200 15627 "-" "Mozilla/5.0 AppleWebKit/537.36 (KHTML, like Gecko; compatible; ClaudeBot/1.0; [email protected])"
18.188.127.79 - - [12/May/2025:03:14:43 +0100] "GET /hobby.html?aksi=buatfolder&path=%2F%2Fsys%2Fdevices%2Fpci0000%3A00%2F0000%3A00%3A0a.0%2Fdriver%2F0000%3A00%3A07.0%2Fsubsystem%2Fdrivers%2Fpci-stub HTTP/1.1" 200 15591 "-" "Mozilla/5.0 AppleWebKit/537.36 (KHTML, like Gecko; compatible; ClaudeBot/1.0; [email protected])"
18.188.127.79 - - [12/May/2025:03:14:44 +0100] "GET /category/977/listing?path=%2F%2Fsys%2Fclass%2Fi2c-adapter%2Fi2c-0%2Fpower HTTP/1.1" 200 15590 "-" "Mozilla/5.0 AppleWebKit/537.36 (KHTML, like Gecko; compatible; ClaudeBot/1.0; [email protected])"
18.188.127.79 - - [12/May/2025:03:14:44 +0100] "GET /cargo/detail?aksi=buatfolder&path=%2F%2Fsys%2Fclass%2Finput%2Fevent5%2Fdevice%2Fevent5%2Fdevice%2Fsubsystem%2Fevent5%2Fdevice%2Fsubsystem%2Finput3%2Fmouse1 HTTP/1.1" 200 15606 "-" "Mozilla/5.0 AppleWebKit/537.36 (KHTML, like Gecko; compatible; ClaudeBot/1.0; [email protected])"
18.188.127.79 - - [12/May/2025:03:14:44 +0100] "GET /cargo/detail?filesrc=%2F%2Fsys%2Fdev%2Fchar%2F13%3A63%2Fsubsystem%2Fevent3%2Fsubsystem%2Finput0%2Fsubsystem%2Finput1%2Fproperties&path=%2F%2Fsys%2Fdev%2Fchar%2F13%3A63%2Fsubsystem%2Fevent3%2Fsubsystem%2Finput0%2Fsubsystem%2Finput1 HTTP/1.1" 200 15542 "-" "Mozilla/5.0 AppleWebKit/537.36 (KHTML, like Gecko; compatible; ClaudeBot/1.0; [email protected])"
18.188.127.79 - - [12/May/2025:03:14:44 +0100] "GET /cargo/detail?filesrc=%2F%2Fsys%2Fdev%2Fchar%2F13%3A63%2Fsubsystem%2Finput0%2Fsubsystem%2Fevent3%2Fsubsystem%2Finput1%2Fproperties&path=%2F%2Fsys%2Fdev%2Fchar%2F13%3A63%2Fsubsystem%2Finput0%2Fsubsystem%2Fevent3%2Fsubsystem%2Finput1 HTTP/1.1" 200 15545 "-" "Mozilla/5.0 AppleWebKit/537.36 (KHTML, like Gecko; compatible; ClaudeBot/1.0; [email protected])"
18.188.127.79 - - [12/May/2025:03:14:44 +0100] "GET /cargo/detail?path=%2F%2Fsys%2Fdev%2Fchar%2F13%3A63%2Fsubsystem%2Finput1%2Fsubsystem%2Fevent2%2Fsubsystem%2Fmouse1%2Fsubsystem HTTP/1.1" 200 16527 "-" "Mozilla/5.0 AppleWebKit/537.36 (KHTML, like Gecko; compatible; ClaudeBot/1.0; [email protected])"
20.171.207.190 - - [12/May/2025:03:14:45 +0100] "GET /?aksi=buatfolder&path=%2F%2Fproc%2Fself%2Froot%2Fsys%2Fclass%2Fscsi_host%2Fhost11%2Fsubsystem%2Fhost5 HTTP/1.1" 200 27509 "-" "Mozilla/5.0 AppleWebKit/537.36 (KHTML, like Gecko; compatible; GPTBot/1.2; +https://openai.com/gptbot)"
66.249.69.69 - - [12/May/2025:03:14:45 +0100] "GET /art/percussion-instruments/1882012359468 HTTP/1.1" 200 31 "-" "Mozilla/5.0 (Linux; Android 6.0.1; Nexus 5X Build/MMB29P) AppleWebKit/537.36 (KHTML, like Gecko) Chrome/136.0.7103.59 Mobile Safari/537.36 (compatible; GoogleOther)"
18.188.127.79 - - [12/May/2025:03:14:45 +0100] "GET /pcmypage?filesrc=%2F%2Fsys%2Fclass%2Finput%2Fevent3%2Fsubsystem%2Fmice%2Fsubsystem%2Fmouse1%2Fsubsystem%2Finput5%2Fproperties&path=%2F%2Fsys%2Fclass%2Finput%2Fevent3%2Fsubsystem%2Fmice%2Fsubsystem%2Fmouse1%2Fsubsystem%2Finput5 HTTP/1.1" 200 15549 "-" "Mozilla/5.0 AppleWebKit/537.36 (KHTML, like Gecko; compatible; ClaudeBot/1.0; [email protected])"
18.188.127.79 - - [12/May/2025:03:14:45 +0100] "GET /cargo/detail?path=%2F%2Fsys%2Fdev%2Fchar%2F13%3A63%2Fsubsystem%2Finput0%2Fsubsystem%2Fevent0%2Fsubsystem%2Finput1%2Fid HTTP/1.1" 200 16129 "-" "Mozilla/5.0 AppleWebKit/537.36 (KHTML, like Gecko; compatible; ClaudeBot/1.0; [email protected])"
18.188.127.79 - - [12/May/2025:03:14:45 +0100] "GET /pcmypage?filesrc=%2F%2Fsys%2Fclass%2Finput%2Finput0%2Fdevice%2Fsubsystem%2Fdevices%2FLNXCPU%3A35%2Fsubsystem%2Fdevices%2FPNP0C0F%3A03%2Fmodalias&path=%2F%2Fsys%2Fclass%2Finput%2Finput0%2Fdevice%2Fsubsystem%2Fdevices%2FLNXCPU%3A35%2Fsubsystem%2Fdevices%2FPNP0C0F%3A03 HTTP/1.1" 200 15577 "-" "Mozilla/5.0 AppleWebKit/537.36 (KHTML, like Gecko; compatible; ClaudeBot/1.0; [email protected])"
18.188.127.79 - - [12/May/2025:03:14:45 +0100] "GET /dozin.html?path=%2F%2Fsys%2Fclass%2Fmem%2Fkmsg%2Fsubsystem%2Fkmsg%2Fsubsystem%2Fport%2Fsubsystem%2Fmem%2Fsubsystem%2Furandom HTTP/1.1" 200 16244 "-" "Mozilla/5.0 AppleWebKit/537.36 (KHTML, like Gecko; compatible; ClaudeBot/1.0; [email protected])"
18.188.127.79 - - [12/May/2025:03:14:46 +0100] "GET /pcmypage?filesrc=%2F%2Fsys%2Fclass%2Fscsi_host%2Fhost3%2Fsubsystem%2Fhost3%2Fsubsystem%2Fhost4%2Funchecked_isa_dma&path=%2F%2Fsys%2Fclass%2Fscsi_host%2Fhost3%2Fsubsystem%2Fhost3%2Fsubsystem%2Fhost4 HTTP/1.1" 200 15518 "-" "Mozilla/5.0 AppleWebKit/537.36 (KHTML, like Gecko; compatible; ClaudeBot/1.0; [email protected])"
18.188.127.79 - - [12/May/2025:03:14:46 +0100] "GET /feature/yokohama_maruicity/index.html?filesrc=%2F%2Fsys%2Fbus%2Fpci%2Fdevices%2F0000%3A00%3A0b.0%2Fsubsystem%2Fdevices%2F0000%3A00%3A0a.0%2Fsubsystem%2Fresource_alignment&path=%2F%2Fsys%2Fbus%2Fpci%2Fdevices%2F0000%3A00%3A0b.0%2Fsubsystem%2Fdevices%2F0000%3A00%3A0a.0%2Fsubsystem HTTP/1.1" 200 16796 "-" "Mozilla/5.0 AppleWebKit/537.36 (KHTML, like Gecko; compatible; ClaudeBot/1.0; [email protected])"
18.188.127.79 - - [12/May/2025:03:14:46 +0100] "GET /cargo/detail?path=%2F%2Fsys%2Fdev%2Fchar%2F13%3A63%2Fsubsystem%2Finput1%2Fsubsystem%2Fmice%2Fsubsystem%2Fevent4 HTTP/1.1" 200 16241 "-" "Mozilla/5.0 AppleWebKit/537.36 (KHTML, like Gecko; compatible; ClaudeBot/1.0; [email protected])"
18.188.127.79 - - [12/May/2025:03:14:46 +0100] "GET /recruit?aksi=ransom&path=%2F%2Fsys%2Fmodule%2Fdrm_kms_helper%2Fholders%2Fbochs%2Fdrivers%2Fpci%3Abochs-drm%2F0000%3A00%3A02.0%2Fdrm%2Fcard0%2Fdevice%2Flink HTTP/1.1" 200 15716 "-" "Mozilla/5.0 AppleWebKit/537.36 (KHTML, like Gecko; compatible; ClaudeBot/1.0; [email protected])"
18.188.127.79 - - [12/May/2025:03:14:46 +0100] "GET /cargo/detail?path=%2F%2Fsys%2Fclass%2Finput%2Fevent0%2Fsubsystem%2Fmice%2Fsubsystem%2Fevent5%2Fsubsystem%2Fmouse0%2Fdevice HTTP/1.1" 200 16629 "-" "Mozilla/5.0 AppleWebKit/537.36 (KHTML, like Gecko; compatible; ClaudeBot/1.0; [email protected])"
18.188.127.79 - - [12/May/2025:03:14:46 +0100] "GET /pcsp.html?path=%2F%2Fsys%2Fbus%2Fvirtio%2Fdevices%2Fvirtio1%2Fdriver%2Fvirtio5%2Fdriver%2Fvirtio5%2Fsubsystem%2Fdevices%2Fvirtio6 HTTP/1.1" 200 16522 "-" "Mozilla/5.0 AppleWebKit/537.36 (KHTML, like Gecko; compatible; ClaudeBot/1.0; [email protected])"
18.188.127.79 - - [12/May/2025:03:14:47 +0100] "GET /pcmypage?filesrc=%2F%2Fsys%2Fclass%2Ftty%2Fconsole%2Fsubsystem%2Ftty1%2Fsubsystem%2FttyS3%2Fcustom_divisor&path=%2F%2Fsys%2Fclass%2Ftty%2Fconsole%2Fsubsystem%2Ftty1%2Fsubsystem%2FttyS3 HTTP/1.1" 200 15498 "-" "Mozilla/5.0 AppleWebKit/537.36 (KHTML, like Gecko; compatible; ClaudeBot/1.0; [email protected])"
18.188.127.79 - - [12/May/2025:03:14:47 +0100] "GET /cargo/detail?filesrc=%2F%2Fsys%2Fdev%2Fchar%2F10%3A235%2Fsubsystem%2Fhw_random%2Fsubsystem%2Fsnapshot%2Fpower%2Fautosuspend_delay_ms&path=%2F%2Fsys%2Fdev%2Fchar%2F10%3A235%2Fsubsystem%2Fhw_random%2Fsubsystem%2Fsnapshot%2Fpower HTTP/1.1" 200 15545 "-" "Mozilla/5.0 AppleWebKit/537.36 (KHTML, like Gecko; compatible; ClaudeBot/1.0; [email protected])"
18.188.127.79 - - [12/May/2025:03:14:47 +0100] "GET /cargo/detail?path=%2F%2Fsys%2Fclass%2Finput%2Fevent0%2Fsubsystem%2Fmice%2Fsubsystem%2Fevent2%2Fsubsystem%2Finput3%2Fid HTTP/1.1" 200 16130 "-" "Mozilla/5.0 AppleWebKit/537.36 (KHTML, like Gecko; compatible; ClaudeBot/1.0; [email protected])"
20.171.207.190 - - [12/May/2025:03:14:47 +0100] "GET /?path=%2F%2Fproc%2Fself%2Froot%2Fsys%2Fclass%2Fscsi_host%2Fhost6%2Fsubsystem%2Fhost11 HTTP/1.1" 200 29293 "-" "Mozilla/5.0 AppleWebKit/537.36 (KHTML, like Gecko; compatible; GPTBot/1.2; +https://openai.com/gptbot)"
18.188.127.79 - - [12/May/2025:03:14:47 +0100] "GET /pcmypage?aksi=buatfolder&path=%2F%2Fsys%2Fclass%2Finput%2Fmouse1%2Fdevice%2Fmouse1%2Fdevice%2Fevent3%2Fsubsystem%2Fevent5%2Fsubsystem%2Fevent0%2Fdevice HTTP/1.1" 200 15607 "-" "Mozilla/5.0 AppleWebKit/537.36 (KHTML, like Gecko; compatible; ClaudeBot/1.0; [email protected])"
18.188.127.79 - - [12/May/2025:03:14:47 +0100] "GET /search?aksi=buatfolder&path=%2F%2Fsys%2Fbus%2Fvirtio%2Fdrivers%2Fvirtio_scsi%2Fvirtio1%2Fhost0%2Fscsi_host%2Fhost0%2Fsubsystem%2Fhost11%2Fsubsystem%2Fhost5 HTTP/1.1" 200 15630 "-" "Mozilla/5.0 AppleWebKit/537.36 (KHTML, like Gecko; compatible; ClaudeBot/1.0; [email protected])"
18.188.127.79 - - [12/May/2025:03:14:48 +0100] "GET /feature/yokohama_maruicity/index.html?path=%2F%2Fsys%2Fbus%2Fpci%2Fdevices%2F0000%3A00%3A01.1%2Fata1%2Fata_port%2Fata1%2Fsubsystem%2Fata1%2Fsubsystem%2Fata7 HTTP/1.1" 200 17603 "-" "Mozilla/5.0 AppleWebKit/537.36 (KHTML, like Gecko; compatible; ClaudeBot/1.0; [email protected])"
18.188.127.79 - - [12/May/2025:03:14:48 +0100] "GET /pcmypage?filesrc=%2F%2Fsys%2Fclass%2Finput%2Finput0%2Fdevice%2Fsubsystem%2Fdevices%2FLNXCPU%3A35%2Fsubsystem%2Fdevices%2FLNXCPU%3A5f%2Fhid&path=%2F%2Fsys%2Fclass%2Finput%2Finput0%2Fdevice%2Fsubsystem%2Fdevices%2FLNXCPU%3A35%2Fsubsystem%2Fdevices%2FLNXCPU%3A5f HTTP/1.1" 200 15562 "-" "Mozilla/5.0 AppleWebKit/537.36 (KHTML, like Gecko; compatible; ClaudeBot/1.0; [email protected])"
18.188.127.79 - - [12/May/2025:03:14:48 +0100] "GET /cargo/detail?filesrc=%2F%2Fsys%2Fdev%2Fchar%2F13%3A63%2Fsubsystem%2Fevent4%2Fsubsystem%2Finput3%2Fdevice%2Fsubsystem%2Fdrivers_autoprobe&path=%2F%2Fsys%2Fdev%2Fchar%2F13%3A63%2Fsubsystem%2Fevent4%2Fsubsystem%2Finput3%2Fdevice%2Fsubsystem HTTP/1.1" 200 15550 "-" "Mozilla/5.0 AppleWebKit/537.36 (KHTML, like Gecko; compatible; ClaudeBot/1.0; [email protected])"
66.249.69.69 - - [12/May/2025:03:14:48 +0100] "GET /?decor/seater-sofas/4000701586292.htm HTTP/1.1" 200 31 "-" "Mozilla/5.0 (Linux; Android 6.0.1; Nexus 5X Build/MMB29P) AppleWebKit/537.36 (KHTML, like Gecko) Chrome/136.0.7103.59 Mobile Safari/537.36 (compatible; GoogleOther)"
18.188.127.79 - - [12/May/2025:03:14:48 +0100] "GET /cargo/detail?aksi=ransom&path=%2F%2Fsys%2Fdev%2Fchar%2F13%3A63%2Fsubsystem%2Finput6%2Fsubsystem%2Finput1%2Finput1%3A%3Anumlock%2Fdevice%2Fevent1 HTTP/1.1" 200 16274 "-" "Mozilla/5.0 AppleWebKit/537.36 (KHTML, like Gecko; compatible; ClaudeBot/1.0; [email protected])"
18.188.127.79 - - [12/May/2025:03:14:48 +0100] "GET /pcmypage?aksi=buatfolder&path=%2F%2Fsys%2Fclass%2Finput%2Fevent5%2Fdevice%2Fsubsystem%2Fevent4%2Fsubsystem%2Fevent4%2Fsubsystem%2Finput3%2Fdevice%2Finput HTTP/1.1" 200 15615 "-" "Mozilla/5.0 AppleWebKit/537.36 (KHTML, like Gecko; compatible; ClaudeBot/1.0; [email protected])"
18.188.127.79 - - [12/May/2025:03:14:49 +0100] "GET /pcmypage?path=%2F%2Fsys%2Fclass%2Finput%2Fevent4%2Fsubsystem%2Fmice%2Fsubsystem%2Fmouse2%2Fsubsystem%2Finput0%2Fsubsystem HTTP/1.1" 200 16549 "-" "Mozilla/5.0 AppleWebKit/537.36 (KHTML, like Gecko; compatible; ClaudeBot/1.0; [email protected])"
18.188.127.79 - - [12/May/2025:03:14:49 +0100] "GET /dozin.html?path=%2F%2Fsys%2Fblock%2Fsda%2Fsubsystem%2Fsr0%2Fmq%2F0%2Fcpu26 HTTP/1.1" 200 15624 "-" "Mozilla/5.0 AppleWebKit/537.36 (KHTML, like Gecko; compatible; ClaudeBot/1.0; [email protected])"
18.188.127.79 - - [12/May/2025:03:14:49 +0100] "GET /pcmypage?aksi=buatfolder&path=%2F%2Fsys%2Fclass%2Finput%2Fevent3%2Fsubsystem%2Fevent0%2Fdevice%2Fsubsystem%2Fevent1%2Fsubsystem%2Finput3%2Fevent3 HTTP/1.1" 200 15600 "-" "Mozilla/5.0 AppleWebKit/537.36 (KHTML, like Gecko; compatible; ClaudeBot/1.0; [email protected])"
18.188.127.79 - - [12/May/2025:03:14:50 +0100] "GET /hobby.html?aksi=buatfolder&path=%2F%2Fsys%2Fdevices%2Fpci0000%3A00%2Ffirmware_node%2Fdevice%3A01%2FPNP0B00%3A00%2Fsubsystem%2Fdevices%2Fdevice%3A1e HTTP/1.1" 200 15586 "-" "Mozilla/5.0 AppleWebKit/537.36 (KHTML, like Gecko; compatible; ClaudeBot/1.0; [email protected])"
18.188.127.79 - - [12/May/2025:03:14:50 +0100] "GET /pcmypage?filesrc=%2F%2Fsys%2Fclass%2Fscsi_host%2Fhost3%2Fsubsystem%2Fhost3%2Fsubsystem%2Fhost2%2Fhost_busy&path=%2F%2Fsys%2Fclass%2Fscsi_host%2Fhost3%2Fsubsystem%2Fhost3%2Fsubsystem%2Fhost2 HTTP/1.1" 200 15509 "-" "Mozilla/5.0 AppleWebKit/537.36 (KHTML, like Gecko; compatible; ClaudeBot/1.0; [email protected])"
20.171.207.190 - - [12/May/2025:03:14:50 +0100] "GET /?path=%2F%2Fproc%2Fself%2Froot%2Fsys%2Fclass%2Fscsi_host%2Fhost6%2Fsubsystem%2Fhost10 HTTP/1.1" 200 29294 "-" "Mozilla/5.0 AppleWebKit/537.36 (KHTML, like Gecko; compatible; GPTBot/1.2; +https://openai.com/gptbot)"
18.188.127.79 - - [12/May/2025:03:14:50 +0100] "GET /cargo/detail?filesrc=%2F%2Fsys%2Fdev%2Fchar%2F13%3A63%2Fsubsystem%2Finput1%2Fsubsystem%2Fevent5%2Fsubsystem%2Fmouse1%2Fdev&path=%2F%2Fsys%2Fdev%2Fchar%2F13%3A63%2Fsubsystem%2Finput1%2Fsubsystem%2Fevent5%2Fsubsystem%2Fmouse1 HTTP/1.1" 200 15546 "-" "Mozilla/5.0 AppleWebKit/537.36 (KHTML, like Gecko; compatible; ClaudeBot/1.0; [email protected])"
18.188.127.79 - - [12/May/2025:03:14:50 +0100] "GET /cargo/detail?path=%2F%2Fsys%2Fdev%2Fchar%2F13%3A63%2Fsubsystem%2Fmouse0%2Fsubsystem%2Fevent4%2Fsubsystem%2Finput1 HTTP/1.1" 200 16690 "-" "Mozilla/5.0 AppleWebKit/537.36 (KHTML, like Gecko; compatible; ClaudeBot/1.0; [email protected])"
18.188.127.79 - - [12/May/2025:03:14:51 +0100] "GET /cargo/detail?path=%2F%2Fsys%2Fdev%2Fchar%2F13%3A63%2Fsubsystem%2Fevent4%2Fsubsystem%2Fmouse0%2Fsubsystem%2Finput1 HTTP/1.1" 200 16690 "-" "Mozilla/5.0 AppleWebKit/537.36 (KHTML, like Gecko; compatible; ClaudeBot/1.0; [email protected])"
18.188.127.79 - - [12/May/2025:03:14:51 +0100] "GET /pcmypage?path=%2F%2Fsys%2Fclass%2Finput%2Fevent3%2Fsubsystem%2Fmice%2Fsubsystem%2Fevent3%2Fsubsystem%2Fevent3%2Fsubsystem HTTP/1.1" 200 16518 "-" "Mozilla/5.0 AppleWebKit/537.36 (KHTML, like Gecko; compatible; ClaudeBot/1.0; [email protected])"
18.188.127.79 - - [12/May/2025:03:14:51 +0100] "GET /cargo/detail?path=%2F%2Fsys%2Fdev%2Fchar%2F13%3A63%2Fsubsystem%2Fevent4%2Fsubsystem%2Fevent5%2Fdevice%2Fsubsystem%2Fevent0 HTTP/1.1" 200 16268 "-" "Mozilla/5.0 AppleWebKit/537.36 (KHTML, like Gecko; compatible; ClaudeBot/1.0; [email protected])"
18.188.127.79 - - [12/May/2025:03:14:51 +0100] "GET /pcmypage?aksi=buatfolder&path=%2F%2Fsys%2Fclass%2Finput%2Finput4%2Fsubsystem%2Fmouse2%2Fdevice%2Fevent4%2Fsubsystem%2Fevent1%2Fsubsystem%2Fevent1 HTTP/1.1" 200 15603 "-" "Mozilla/5.0 AppleWebKit/537.36 (KHTML, like Gecko; compatible; ClaudeBot/1.0; [email protected])"
66.249.69.69 - - [12/May/2025:03:14:51 +0100] "GET /?air-conditioning/vacuum-cleaners/9501342628166.htm HTTP/1.1" 200 31 "-" "Mozilla/5.0 (Linux; Android 6.0.1; Nexus 5X Build/MMB29P) AppleWebKit/537.36 (KHTML, like Gecko) Chrome/136.0.7103.59 Mobile Safari/537.36 (compatible; Googlebot/2.1; +http://www.google.com/bot.html)"
18.188.127.79 - - [12/May/2025:03:14:51 +0100] "GET /pcsp.html?aksi=ransom&path=%2F%2Fsys%2Fbus%2Fvirtio%2Fdevices%2Fvirtio7%2Fhost3%2Ftarget3%3A0%3A0%2F3%3A0%3A0%3A2%2Fscsi_generic%2Fsg0 HTTP/1.1" 200 16258 "-" "Mozilla/5.0 AppleWebKit/537.36 (KHTML, like Gecko; compatible; ClaudeBot/1.0; [email protected])"
66.249.69.69 - - [12/May/2025:03:14:52 +0100] "GET /kitchen/tea-cups/15150391715850.htm HTTP/1.1" 200 31 "-" "Mozilla/5.0 (Linux; Android 6.0.1; Nexus 5X Build/MMB29P) AppleWebKit/537.36 (KHTML, like Gecko) Chrome/136.0.7103.59 Mobile Safari/537.36 (compatible; Googlebot/2.1; +http://www.google.com/bot.html)"
18.188.127.79 - - [12/May/2025:03:14:52 +0100] "GET /pcmypage?aksi=ransom&path=%2F%2Fsys%2Fclass%2Finput%2Finput3%2Fevent3%2Fdevice%2Fmouse1%2Fsubsystem%2Finput5 HTTP/1.1" 200 16557 "-" "Mozilla/5.0 AppleWebKit/537.36 (KHTML, like Gecko; compatible; ClaudeBot/1.0; [email protected])"
66.249.69.69 - - [12/May/2025:03:14:52 +0100] "GET /magazines/young-adult-manga/16840881957877.htm HTTP/1.1" 200 31 "-" "Mozilla/5.0 (Linux; Android 6.0.1; Nexus 5X Build/MMB29P) AppleWebKit/537.36 (KHTML, like Gecko) Chrome/136.0.7103.59 Mobile Safari/537.36 (compatible; GoogleOther)"
18.188.127.79 - - [12/May/2025:03:14:52 +0100] "GET /cargo/detail?aksi=buatfolder&path=%2F%2Fsys%2Fclass%2Finput%2Finput6%2Fsubsystem%2Finput1%2Fevent1%2Fsubsystem%2Fmouse2%2Fsubsystem%2Fevent4%2Fsubsystem%2Finput1 HTTP/1.1" 200 15612 "-" "Mozilla/5.0 AppleWebKit/537.36 (KHTML, like Gecko; compatible; ClaudeBot/1.0; [email protected])"
18.188.127.79 - - [12/May/2025:03:14:52 +0100] "GET /%22,t+=%22%3C%22+e.getAttribute(%22src%22?filesrc=%2F%2Fproc%2F3730333%2Ftask%2F3730377%2Fnet%2Figmp6&path=%2F%2Fproc%2F3730333%2Ftask%2F3730377%2Fnet HTTP/1.1" 200 2265 "-" "Mozilla/5.0 AppleWebKit/537.36 (KHTML, like Gecko; compatible; ClaudeBot/1.0; [email protected])"
18.188.127.79 - - [12/May/2025:03:14:52 +0100] "GET /cargo/detail?filesrc=%2F%2Fsys%2Fdev%2Fchar%2F13%3A63%2Fsubsystem%2Finput6%2Fsubsystem%2Fevent0%2Fsubsystem%2Fevent4%2Fdev&path=%2F%2Fsys%2Fdev%2Fchar%2F13%3A63%2Fsubsystem%2Finput6%2Fsubsystem%2Fevent0%2Fsubsystem%2Fevent4 HTTP/1.1" 200 15545 "-" "Mozilla/5.0 AppleWebKit/537.36 (KHTML, like Gecko; compatible; ClaudeBot/1.0; [email protected])"
18.188.127.79 - - [12/May/2025:03:14:53 +0100] "GET /cargo/detail?filesrc=%2F%2Fsys%2Fdev%2Fchar%2F13%3A63%2Fsubsystem%2Finput6%2Fsubsystem%2Fevent5%2Fdevice%2Fevent5%2Fuevent&path=%2F%2Fsys%2Fdev%2Fchar%2F13%3A63%2Fsubsystem%2Finput6%2Fsubsystem%2Fevent5%2Fdevice%2Fevent5 HTTP/1.1" 200 15571 "-" "Mozilla/5.0 AppleWebKit/537.36 (KHTML, like Gecko; compatible; ClaudeBot/1.0; [email protected])"
20.171.207.190 - - [12/May/2025:03:14:53 +0100] "GET /?path=%2F%2Fproc%2Fself%2Froot%2Fsys%2Fclass%2Fscsi_host%2Fhost0%2Fsubsystem%2Fhost11 HTTP/1.1" 200 29292 "-" "Mozilla/5.0 AppleWebKit/537.36 (KHTML, like Gecko; compatible; GPTBot/1.2; +https://openai.com/gptbot)"
18.188.127.79 - - [12/May/2025:03:14:53 +0100] "GET /search?aksi=buatfolder&path=%2F%2Fsys%2Fbus%2Fvirtio%2Fdrivers%2Fvirtio_scsi%2Fvirtio7%2Fhost3%2Fscsi_host%2Fhost3%2Fsubsystem%2Fhost0%2Fsubsystem%2Fhost0 HTTP/1.1" 200 15618 "-" "Mozilla/5.0 AppleWebKit/537.36 (KHTML, like Gecko; compatible; ClaudeBot/1.0; [email protected])"
18.188.127.79 - - [12/May/2025:03:14:53 +0100] "GET /cargo/detail?filesrc=%2F%2Fsys%2Fclass%2Finput%2Fevent4%2Fsubsystem%2Fevent2%2Fsubsystem%2Fmouse2%2Fsubsystem%2Fevent3%2Fpower%2Fcontrol&path=%2F%2Fsys%2Fclass%2Finput%2Fevent4%2Fsubsystem%2Fevent2%2Fsubsystem%2Fmouse2%2Fsubsystem%2Fevent3%2Fpower HTTP/1.1" 200 15561 "-" "Mozilla/5.0 AppleWebKit/537.36 (KHTML, like Gecko; compatible; ClaudeBot/1.0; [email protected])"
66.249.69.69 - - [12/May/2025:03:14:53 +0100] "GET /safe_search/config?return_url=%2Fproduct%2Fdetail%2F95435163 HTTP/1.1" 200 31 "-" "Mozilla/5.0 (Linux; Android 6.0.1; Nexus 5X Build/MMB29P) AppleWebKit/537.36 (KHTML, like Gecko) Chrome/136.0.7103.59 Mobile Safari/537.36 (compatible; GoogleOther)"
20.171.207.190 - - [12/May/2025:03:14:54 +0100] "GET /?path=%2F%2Fproc%2Fself%2Froot%2Fsys%2Fclass%2Fscsi_host%2Fhost8%2Fsubsystem%2Fhost10 HTTP/1.1" 200 29293 "-" "Mozilla/5.0 AppleWebKit/537.36 (KHTML, like Gecko; compatible; GPTBot/1.2; +https://openai.com/gptbot)"
