3.135.223.70 - - [12/May/2025:03:13:44 +0100] "GET /cargo/detail?path=%2F%2Fsys%2Fdev%2Fchar%2F13%3A63%2Fsubsystem%2Fmice%2Fsubsystem%2Fmouse1%2Fdevice%2Fmouse1 HTTP/1.1" 200 16240 "-" "Mozilla/5.0 AppleWebKit/537.36 (KHTML, like Gecko; compatible; ClaudeBot/1.0; [email protected])"
3.135.223.70 - - [12/May/2025:03:13:44 +0100] "GET /pcmypage?filesrc=%2F%2Fsys%2Fclass%2Finput%2Fevent3%2Fsubsystem%2Fmice%2Fsubsystem%2Fevent0%2Fsubsystem%2Fmouse0%2Fdev&path=%2F%2Fsys%2Fclass%2Finput%2Fevent3%2Fsubsystem%2Fmice%2Fsubsystem%2Fevent0%2Fsubsystem%2Fmouse0 HTTP/1.1" 200 15546 "-" "Mozilla/5.0 AppleWebKit/537.36 (KHTML, like Gecko; compatible; ClaudeBot/1.0; [email protected])"
3.135.223.70 - - [12/May/2025:03:13:44 +0100] "GET /pcmypage?filesrc=%2F%2Fsys%2Fclass%2Finput%2Fevent3%2Fsubsystem%2Fmice%2Fsubsystem%2Finput5%2Fsubsystem%2Finput1%2Fuevent&path=%2F%2Fsys%2Fclass%2Finput%2Fevent3%2Fsubsystem%2Fmice%2Fsubsystem%2Finput5%2Fsubsystem%2Finput1 HTTP/1.1" 200 15825 "-" "Mozilla/5.0 AppleWebKit/537.36 (KHTML, like Gecko; compatible; ClaudeBot/1.0; [email protected])"
3.135.223.70 - - [12/May/2025:03:13:45 +0100] "GET /pcmypage?filesrc=%2F%2Fsys%2Fclass%2Finput%2Finput5%2Fsubsystem%2Fmice%2Fsubsystem%2Fevent3%2Fsubsystem%2Finput1%2Fuevent&path=%2F%2Fsys%2Fclass%2Finput%2Finput5%2Fsubsystem%2Fmice%2Fsubsystem%2Fevent3%2Fsubsystem%2Finput1 HTTP/1.1" 200 15827 "-" "Mozilla/5.0 AppleWebKit/537.36 (KHTML, like Gecko; compatible; ClaudeBot/1.0; [email protected])"
3.135.223.70 - - [12/May/2025:03:13:45 +0100] "GET /dozin.html?path=%2F%2Fsys%2Fblock%2Fsda%2Fsubsystem%2Fsr0%2Fmq%2F0%2Fcpu47 HTTP/1.1" 200 15629 "-" "Mozilla/5.0 AppleWebKit/537.36 (KHTML, like Gecko; compatible; ClaudeBot/1.0; [email protected])"
3.135.223.70 - - [12/May/2025:03:13:45 +0100] "GET /pcsp.html?path=%2F%2Fsys%2Fbus%2Fvirtio%2Fdevices%2Fvirtio1%2Fdriver%2Fvirtio6%2Fhost2%2Fsubsystem%2Fdevices%2F6%3A0%3A0%3A0%2Fscsi_device HTTP/1.1" 200 16005 "-" "Mozilla/5.0 AppleWebKit/537.36 (KHTML, like Gecko; compatible; ClaudeBot/1.0; [email protected])"
143.198.221.225 - - [12/May/2025:03:13:45 +0100] "POST /xmlrpc.php HTTP/1.1" 200 4353 "-" "Mozilla/5.0 (Windows NT 10.0; Win64; x64) AppleWebKit/537.36 (KHTML, like Gecko) Chrome/89.0.4389.114 Safari/537.36"
3.135.223.70 - - [12/May/2025:03:13:45 +0100] "GET /%22,t+=%22%3C%22+e.getAttribute(%22src%22?filesrc=%2F%2Fproc%2F3730333%2Ftask%2F3730338%2Fnet%2Figmp&path=%2F%2Fproc%2F3730333%2Ftask%2F3730338%2Fnet HTTP/1.1" 200 2264 "-" "Mozilla/5.0 AppleWebKit/537.36 (KHTML, like Gecko; compatible; ClaudeBot/1.0; [email protected])"
3.135.223.70 - - [12/May/2025:03:13:45 +0100] "GET /cargo/detail?aksi=buatfolder&path=%2F%2Fsys%2Fclass%2Finput%2Finput3%2Fmouse1%2Fsubsystem%2Finput1%2Fsubsystem%2Fevent0%2Fsubsystem%2Fevent0%2Fdevice HTTP/1.1" 200 15603 "-" "Mozilla/5.0 AppleWebKit/537.36 (KHTML, like Gecko; compatible; ClaudeBot/1.0; [email protected])"
3.135.223.70 - - [12/May/2025:03:13:46 +0100] "GET /hobby.html?aksi=buatfile&path=%2F%2Fsys%2Fdevices%2Fpci0000%3A00%2F0000%3A00%3A03.0%2Fdriver%2F0000%3A00%3A08.0%2Fsubsystem%2Fdrivers%2Fata_piix%2Fmodule%2Fholders HTTP/1.1" 200 15692 "-" "Mozilla/5.0 AppleWebKit/537.36 (KHTML, like Gecko; compatible; ClaudeBot/1.0; [email protected])"
20.171.207.190 - - [12/May/2025:03:13:46 +0100] "GET /?aksi=buatfile&path=%2F%2Fproc%2Fself%2Froot%2Fsys%2Fclass%2Fscsi_host%2Fhost4%2Fsubsystem%2Fhost10 HTTP/1.1" 200 29294 "-" "Mozilla/5.0 AppleWebKit/537.36 (KHTML, like Gecko; compatible; GPTBot/1.2; +https://openai.com/gptbot)"
3.135.223.70 - - [12/May/2025:03:13:46 +0100] "GET /product/edit/32903809?filesrc=%2F%2Fsys%2Fdevices%2Fpci0000%3A00%2Fpci_bus%2F0000%3A00%2Fdevice%2F0000%3A00%3A02.0%2Fsubsystem%2Fdrivers_probe&path=%2F%2Fsys%2Fdevices%2Fpci0000%3A00%2Fpci_bus%2F0000%3A00%2Fdevice%2F0000%3A00%3A02.0%2Fsubsystem HTTP/1.1" 200 16793 "-" "Mozilla/5.0 AppleWebKit/537.36 (KHTML, like Gecko; compatible; ClaudeBot/1.0; [email protected])"
66.249.69.69 - - [12/May/2025:03:13:46 +0100] "GET /interior/sideboard/4120463264437.htm HTTP/1.1" 200 31 "-" "Mozilla/5.0 (Linux; Android 6.0.1; Nexus 5X Build/MMB29P) AppleWebKit/537.36 (KHTML, like Gecko) Chrome/136.0.7103.59 Mobile Safari/537.36 (compatible; GoogleOther)"
143.198.221.225 - - [12/May/2025:03:13:46 +0100] "POST /xmlrpc.php HTTP/1.1" 200 4353 "-" "Mozilla/5.0 (Windows NT 10.0; Win64; x64) AppleWebKit/537.36 (KHTML, like Gecko) Chrome/89.0.4389.114 Safari/537.36"
143.198.221.225 - - [12/May/2025:03:13:46 +0100] "POST /xmlrpc.php HTTP/1.1" 200 4353 "-" "Mozilla/5.0 (Windows NT 10.0; Win64; x64) AppleWebKit/537.36 (KHTML, like Gecko) Chrome/89.0.4389.114 Safari/537.36"
20.171.207.190 - - [12/May/2025:03:13:47 +0100] "GET /?aksi=buatfile&path=%2F%2Fproc%2Fself%2Froot%2Fsys%2Fclass%2Fscsi_host%2Fhost10%2Fsubsystem%2Fhost8 HTTP/1.1" 200 29293 "-" "Mozilla/5.0 AppleWebKit/537.36 (KHTML, like Gecko; compatible; GPTBot/1.2; +https://openai.com/gptbot)"
143.198.221.225 - - [12/May/2025:03:13:47 +0100] "POST /xmlrpc.php HTTP/1.1" 200 4353 "-" "Mozilla/5.0 (Windows NT 10.0; Win64; x64) AppleWebKit/537.36 (KHTML, like Gecko) Chrome/89.0.4389.114 Safari/537.36"
143.198.221.225 - - [12/May/2025:03:13:47 +0100] "POST /xmlrpc.php HTTP/1.1" 200 4353 "-" "Mozilla/5.0 (Windows NT 10.0; Win64; x64) AppleWebKit/537.36 (KHTML, like Gecko) Chrome/89.0.4389.114 Safari/537.36"
143.198.221.225 - - [12/May/2025:03:13:47 +0100] "POST /xmlrpc.php HTTP/1.1" 200 4353 "-" "Mozilla/5.0 (Windows NT 10.0; Win64; x64) AppleWebKit/537.36 (KHTML, like Gecko) Chrome/89.0.4389.114 Safari/537.36"
143.198.221.225 - - [12/May/2025:03:13:48 +0100] "POST /xmlrpc.php HTTP/1.1" 200 4353 "-" "Mozilla/5.0 (Windows NT 10.0; Win64; x64) AppleWebKit/537.36 (KHTML, like Gecko) Chrome/89.0.4389.114 Safari/537.36"
66.249.69.69 - - [12/May/2025:03:13:48 +0100] "GET /?fishing/others/9150100513902.htm HTTP/1.1" 200 31 "-" "Mozilla/5.0 (Linux; Android 6.0.1; Nexus 5X Build/MMB29P) AppleWebKit/537.36 (KHTML, like Gecko) Chrome/136.0.7103.59 Mobile Safari/537.36 (compatible; GoogleOther)"
143.198.221.225 - - [12/May/2025:03:13:48 +0100] "POST /xmlrpc.php HTTP/1.1" 200 4353 "-" "Mozilla/5.0 (Windows NT 10.0; Win64; x64) AppleWebKit/537.36 (KHTML, like Gecko) Chrome/89.0.4389.114 Safari/537.36"
143.198.221.225 - - [12/May/2025:03:13:48 +0100] "POST /xmlrpc.php HTTP/1.1" 200 4353 "-" "Mozilla/5.0 (Windows NT 10.0; Win64; x64) AppleWebKit/537.36 (KHTML, like Gecko) Chrome/89.0.4389.114 Safari/537.36"
143.198.221.225 - - [12/May/2025:03:13:49 +0100] "POST /xmlrpc.php HTTP/1.1" 200 4353 "-" "Mozilla/5.0 (Windows NT 10.0; Win64; x64) AppleWebKit/537.36 (KHTML, like Gecko) Chrome/89.0.4389.114 Safari/537.36"
143.198.221.225 - - [12/May/2025:03:13:49 +0100] "POST /xmlrpc.php HTTP/1.1" 200 4353 "-" "Mozilla/5.0 (Windows NT 10.0; Win64; x64) AppleWebKit/537.36 (KHTML, like Gecko) Chrome/89.0.4389.114 Safari/537.36"
143.198.221.225 - - [12/May/2025:03:13:50 +0100] "POST /xmlrpc.php HTTP/1.1" 200 4353 "-" "Mozilla/5.0 (Windows NT 10.0; Win64; x64) AppleWebKit/537.36 (KHTML, like Gecko) Chrome/89.0.4389.114 Safari/537.36"
20.171.207.190 - - [12/May/2025:03:13:50 +0100] "GET /?aksi=buatfile&path=%2F%2Fproc%2Fself%2Froot%2Fsys%2Fclass%2Fscsi_host%2Fhost10%2Fsubsystem%2Fhost7 HTTP/1.1" 200 29291 "-" "Mozilla/5.0 AppleWebKit/537.36 (KHTML, like Gecko; compatible; GPTBot/1.2; +https://openai.com/gptbot)"
143.198.221.225 - - [12/May/2025:03:13:50 +0100] "POST /xmlrpc.php HTTP/1.1" 200 4353 "-" "Mozilla/5.0 (Windows NT 10.0; Win64; x64) AppleWebKit/537.36 (KHTML, like Gecko) Chrome/89.0.4389.114 Safari/537.36"
143.198.221.225 - - [12/May/2025:03:13:50 +0100] "POST /xmlrpc.php HTTP/1.1" 200 4353 "-" "Mozilla/5.0 (Windows NT 10.0; Win64; x64) AppleWebKit/537.36 (KHTML, like Gecko) Chrome/89.0.4389.114 Safari/537.36"
143.198.221.225 - - [12/May/2025:03:13:51 +0100] "POST /xmlrpc.php HTTP/1.1" 200 4353 "-" "Mozilla/5.0 (Windows NT 10.0; Win64; x64) AppleWebKit/537.36 (KHTML, like Gecko) Chrome/89.0.4389.114 Safari/537.36"
66.249.69.69 - - [12/May/2025:03:13:51 +0100] "GET /handmade/pendants/11500432466868.htm HTTP/1.1" 200 31 "-" "Mozilla/5.0 (Linux; Android 6.0.1; Nexus 5X Build/MMB29P) AppleWebKit/537.36 (KHTML, like Gecko) Chrome/136.0.7103.59 Mobile Safari/537.36 (compatible; GoogleOther)"
143.198.221.225 - - [12/May/2025:03:13:51 +0100] "POST /xmlrpc.php HTTP/1.1" 200 4353 "-" "Mozilla/5.0 (Windows NT 10.0; Win64; x64) AppleWebKit/537.36 (KHTML, like Gecko) Chrome/89.0.4389.114 Safari/537.36"
143.198.221.225 - - [12/May/2025:03:13:51 +0100] "POST /xmlrpc.php HTTP/1.1" 200 4353 "-" "Mozilla/5.0 (Windows NT 10.0; Win64; x64) AppleWebKit/537.36 (KHTML, like Gecko) Chrome/89.0.4389.114 Safari/537.36"
143.198.221.225 - - [12/May/2025:03:13:52 +0100] "POST /xmlrpc.php HTTP/1.1" 200 4353 "-" "Mozilla/5.0 (Windows NT 10.0; Win64; x64) AppleWebKit/537.36 (KHTML, like Gecko) Chrome/89.0.4389.114 Safari/537.36"
143.198.221.225 - - [12/May/2025:03:13:52 +0100] "POST /xmlrpc.php HTTP/1.1" 200 4353 "-" "Mozilla/5.0 (Windows NT 10.0; Win64; x64) AppleWebKit/537.36 (KHTML, like Gecko) Chrome/89.0.4389.114 Safari/537.36"
20.171.207.190 - - [12/May/2025:03:13:53 +0100] "GET /?aksi=buatfile&path=%2F%2Fproc%2Fself%2Froot%2Fsys%2Fclass%2Fscsi_host%2Fhost10%2Fsubsystem%2Fhost6 HTTP/1.1" 200 29291 "-" "Mozilla/5.0 AppleWebKit/537.36 (KHTML, like Gecko; compatible; GPTBot/1.2; +https://openai.com/gptbot)"
143.198.221.225 - - [12/May/2025:03:13:53 +0100] "POST /xmlrpc.php HTTP/1.1" 200 4353 "-" "Mozilla/5.0 (Windows NT 10.0; Win64; x64) AppleWebKit/537.36 (KHTML, like Gecko) Chrome/89.0.4389.114 Safari/537.36"
143.198.221.225 - - [12/May/2025:03:13:53 +0100] "POST /xmlrpc.php HTTP/1.1" 200 4353 "-" "Mozilla/5.0 (Windows NT 10.0; Win64; x64) AppleWebKit/537.36 (KHTML, like Gecko) Chrome/89.0.4389.114 Safari/537.36"
143.198.221.225 - - [12/May/2025:03:13:53 +0100] "POST /xmlrpc.php HTTP/1.1" 200 4353 "-" "Mozilla/5.0 (Windows NT 10.0; Win64; x64) AppleWebKit/537.36 (KHTML, like Gecko) Chrome/89.0.4389.114 Safari/537.36"
66.249.69.69 - - [12/May/2025:03:13:54 +0100] "GET /decor/dining-chairs/4071801840223.htm HTTP/1.1" 200 31 "-" "Mozilla/5.0 (Linux; Android 6.0.1; Nexus 5X Build/MMB29P) AppleWebKit/537.36 (KHTML, like Gecko) Chrome/136.0.7103.59 Mobile Safari/537.36 (compatible; GoogleOther)"
143.198.221.225 - - [12/May/2025:03:13:54 +0100] "POST /xmlrpc.php HTTP/1.1" 200 4353 "-" "Mozilla/5.0 (Windows NT 10.0; Win64; x64) AppleWebKit/537.36 (KHTML, like Gecko) Chrome/89.0.4389.114 Safari/537.36"
143.198.221.225 - - [12/May/2025:03:13:54 +0100] "POST /xmlrpc.php HTTP/1.1" 200 4353 "-" "Mozilla/5.0 (Windows NT 10.0; Win64; x64) AppleWebKit/537.36 (KHTML, like Gecko) Chrome/89.0.4389.114 Safari/537.36"
143.198.221.225 - - [12/May/2025:03:13:55 +0100] "POST /xmlrpc.php HTTP/1.1" 200 4353 "-" "Mozilla/5.0 (Windows NT 10.0; Win64; x64) AppleWebKit/537.36 (KHTML, like Gecko) Chrome/89.0.4389.114 Safari/537.36"
20.171.207.190 - - [12/May/2025:03:13:55 +0100] "GET /?aksi=buatfile&path=%2F%2Fproc%2Fself%2Froot%2Fsys%2Fclass%2Fscsi_host%2Fhost11%2Fsubsystem%2Fhost5 HTTP/1.1" 200 28853 "-" "Mozilla/5.0 AppleWebKit/537.36 (KHTML, like Gecko; compatible; GPTBot/1.2; +https://openai.com/gptbot)"
143.198.221.225 - - [12/May/2025:03:13:55 +0100] "POST /xmlrpc.php HTTP/1.1" 200 4353 "-" "Mozilla/5.0 (Windows NT 10.0; Win64; x64) AppleWebKit/537.36 (KHTML, like Gecko) Chrome/89.0.4389.114 Safari/537.36"
143.198.221.225 - - [12/May/2025:03:13:55 +0100] "POST /xmlrpc.php HTTP/1.1" 200 4353 "-" "Mozilla/5.0 (Windows NT 10.0; Win64; x64) AppleWebKit/537.36 (KHTML, like Gecko) Chrome/89.0.4389.114 Safari/537.36"
143.198.221.225 - - [12/May/2025:03:13:56 +0100] "POST /xmlrpc.php HTTP/1.1" 200 4353 "-" "Mozilla/5.0 (Windows NT 10.0; Win64; x64) AppleWebKit/537.36 (KHTML, like Gecko) Chrome/89.0.4389.114 Safari/537.36"
143.198.221.225 - - [12/May/2025:03:13:56 +0100] "POST /xmlrpc.php HTTP/1.1" 200 4353 "-" "Mozilla/5.0 (Windows NT 10.0; Win64; x64) AppleWebKit/537.36 (KHTML, like Gecko) Chrome/89.0.4389.114 Safari/537.36"
66.249.69.69 - - [12/May/2025:03:13:56 +0100] "GET /?fashion/jackets/9720530784315.htm HTTP/1.1" 200 31 "-" "Mozilla/5.0 (Linux; Android 6.0.1; Nexus 5X Build/MMB29P) AppleWebKit/537.36 (KHTML, like Gecko) Chrome/136.0.7103.59 Mobile Safari/537.36 (compatible; GoogleOther)"
143.198.221.225 - - [12/May/2025:03:13:56 +0100] "POST /xmlrpc.php HTTP/1.1" 200 4353 "-" "Mozilla/5.0 (Windows NT 10.0; Win64; x64) AppleWebKit/537.36 (KHTML, like Gecko) Chrome/89.0.4389.114 Safari/537.36"
20.171.207.190 - - [12/May/2025:03:13:57 +0100] "GET /?aksi=buatfile&path=%2F%2Fproc%2Fself%2Froot%2Fsys%2Fclass%2Fscsi_host%2Fhost11%2Fsubsystem%2Fhost6 HTTP/1.1" 200 29292 "-" "Mozilla/5.0 AppleWebKit/537.36 (KHTML, like Gecko; compatible; GPTBot/1.2; +https://openai.com/gptbot)"
143.198.221.225 - - [12/May/2025:03:13:57 +0100] "POST /xmlrpc.php HTTP/1.1" 200 4353 "-" "Mozilla/5.0 (Windows NT 10.0; Win64; x64) AppleWebKit/537.36 (KHTML, like Gecko) Chrome/89.0.4389.114 Safari/537.36"
143.198.221.225 - - [12/May/2025:03:13:57 +0100] "POST /xmlrpc.php HTTP/1.1" 200 4353 "-" "Mozilla/5.0 (Windows NT 10.0; Win64; x64) AppleWebKit/537.36 (KHTML, like Gecko) Chrome/89.0.4389.114 Safari/537.36"
143.198.221.225 - - [12/May/2025:03:13:57 +0100] "POST /xmlrpc.php HTTP/1.1" 200 4353 "-" "Mozilla/5.0 (Windows NT 10.0; Win64; x64) AppleWebKit/537.36 (KHTML, like Gecko) Chrome/89.0.4389.114 Safari/537.36"
143.198.221.225 - - [12/May/2025:03:13:58 +0100] "POST /xmlrpc.php HTTP/1.1" 200 4353 "-" "Mozilla/5.0 (Windows NT 10.0; Win64; x64) AppleWebKit/537.36 (KHTML, like Gecko) Chrome/89.0.4389.114 Safari/537.36"
66.249.69.71 - - [12/May/2025:03:13:58 +0100] "GET /air-conditioning/vacuum-cleaners/9500262697068.htm HTTP/1.1" 200 31 "-" "Mozilla/5.0 (Linux; Android 6.0.1; Nexus 5X Build/MMB29P) AppleWebKit/537.36 (KHTML, like Gecko) Chrome/136.0.7103.59 Mobile Safari/537.36 (compatible; GoogleOther)"
143.198.221.225 - - [12/May/2025:03:13:58 +0100] "POST /xmlrpc.php HTTP/1.1" 200 4353 "-" "Mozilla/5.0 (Windows NT 10.0; Win64; x64) AppleWebKit/537.36 (KHTML, like Gecko) Chrome/89.0.4389.114 Safari/537.36"
143.198.221.225 - - [12/May/2025:03:13:59 +0100] "POST /xmlrpc.php HTTP/1.1" 200 4353 "-" "Mozilla/5.0 (Windows NT 10.0; Win64; x64) AppleWebKit/537.36 (KHTML, like Gecko) Chrome/89.0.4389.114 Safari/537.36"
20.171.207.190 - - [12/May/2025:03:13:59 +0100] "GET /?aksi=buatfile&path=%2F%2Fproc%2Fself%2Froot%2Fsys%2Fclass%2Fscsi_host%2Fhost0%2Fsubsystem%2Fhost10 HTTP/1.1" 200 29291 "-" "Mozilla/5.0 AppleWebKit/537.36 (KHTML, like Gecko; compatible; GPTBot/1.2; +https://openai.com/gptbot)"
143.198.221.225 - - [12/May/2025:03:13:59 +0100] "POST /xmlrpc.php HTTP/1.1" 200 4353 "-" "Mozilla/5.0 (Windows NT 10.0; Win64; x64) AppleWebKit/537.36 (KHTML, like Gecko) Chrome/89.0.4389.114 Safari/537.36"
66.249.69.69 - - [12/May/2025:03:13:59 +0100] "GET /?fashion/outerwear/9720150724552.htm HTTP/1.1" 200 31 "-" "Mozilla/5.0 (Linux; Android 6.0.1; Nexus 5X Build/MMB29P) AppleWebKit/537.36 (KHTML, like Gecko) Chrome/136.0.7103.59 Mobile Safari/537.36 (compatible; Googlebot/2.1; +http://www.google.com/bot.html)"
143.198.221.225 - - [12/May/2025:03:13:59 +0100] "POST /xmlrpc.php HTTP/1.1" 200 4353 "-" "Mozilla/5.0 (Windows NT 10.0; Win64; x64) AppleWebKit/537.36 (KHTML, like Gecko) Chrome/89.0.4389.114 Safari/537.36"
143.198.221.225 - - [12/May/2025:03:14:00 +0100] "POST /xmlrpc.php HTTP/1.1" 200 4353 "-" "Mozilla/5.0 (Windows NT 10.0; Win64; x64) AppleWebKit/537.36 (KHTML, like Gecko) Chrome/89.0.4389.114 Safari/537.36"
66.249.69.69 - - [12/May/2025:03:14:00 +0100] "GET /air-conditioning/smoking-accessories/9370051453981.htm HTTP/1.1" 200 31 "-" "Mozilla/5.0 (Linux; Android 6.0.1; Nexus 5X Build/MMB29P) AppleWebKit/537.36 (KHTML, like Gecko) Chrome/136.0.7103.59 Mobile Safari/537.36 (compatible; GoogleOther)"
20.171.207.190 - - [12/May/2025:03:14:00 +0100] "GET /?aksi=buatfile&path=%2F%2Fproc%2Fself%2Froot%2Fsys%2Fclass%2Fscsi_host%2Fhost11%2Fsubsystem%2Fhost0 HTTP/1.1" 200 28854 "-" "Mozilla/5.0 AppleWebKit/537.36 (KHTML, like Gecko; compatible; GPTBot/1.2; +https://openai.com/gptbot)"
143.198.221.225 - - [12/May/2025:03:14:00 +0100] "POST /xmlrpc.php HTTP/1.1" 200 4353 "-" "Mozilla/5.0 (Windows NT 10.0; Win64; x64) AppleWebKit/537.36 (KHTML, like Gecko) Chrome/89.0.4389.114 Safari/537.36"
143.198.221.225 - - [12/May/2025:03:14:01 +0100] "POST /xmlrpc.php HTTP/1.1" 200 4353 "-" "Mozilla/5.0 (Windows NT 10.0; Win64; x64) AppleWebKit/537.36 (KHTML, like Gecko) Chrome/89.0.4389.114 Safari/537.36"
143.198.221.225 - - [12/May/2025:03:14:01 +0100] "POST /xmlrpc.php HTTP/1.1" 200 4353 "-" "Mozilla/5.0 (Windows NT 10.0; Win64; x64) AppleWebKit/537.36 (KHTML, like Gecko) Chrome/89.0.4389.114 Safari/537.36"
143.198.221.225 - - [12/May/2025:03:14:02 +0100] "POST /xmlrpc.php HTTP/1.1" 200 4353 "-" "Mozilla/5.0 (Windows NT 10.0; Win64; x64) AppleWebKit/537.36 (KHTML, like Gecko) Chrome/89.0.4389.114 Safari/537.36"
66.249.69.69 - - [12/May/2025:03:14:02 +0100] "GET /home-appliances/lighters/9370052201849.htm HTTP/1.1" 200 31 "-" "Mozilla/5.0 (Linux; Android 6.0.1; Nexus 5X Build/MMB29P) AppleWebKit/537.36 (KHTML, like Gecko) Chrome/136.0.7103.59 Mobile Safari/537.36 (compatible; GoogleOther)"
143.198.221.225 - - [12/May/2025:03:14:02 +0100] "POST /xmlrpc.php HTTP/1.1" 200 4353 "-" "Mozilla/5.0 (Windows NT 10.0; Win64; x64) AppleWebKit/537.36 (KHTML, like Gecko) Chrome/89.0.4389.114 Safari/537.36"
20.171.207.190 - - [12/May/2025:03:14:03 +0100] "GET /?aksi=buatfile&path=%2F%2Fproc%2Fself%2Froot%2Fsys%2Fclass%2Fscsi_host%2Fhost11%2Fsubsystem%2Fhost8 HTTP/1.1" 200 29293 "-" "Mozilla/5.0 AppleWebKit/537.36 (KHTML, like Gecko; compatible; GPTBot/1.2; +https://openai.com/gptbot)"
143.198.221.225 - - [12/May/2025:03:14:03 +0100] "POST /xmlrpc.php HTTP/1.1" 200 4353 "-" "Mozilla/5.0 (Windows NT 10.0; Win64; x64) AppleWebKit/537.36 (KHTML, like Gecko) Chrome/89.0.4389.114 Safari/537.36"
66.249.69.69 - - [12/May/2025:03:14:03 +0100] "GET /sports/others/193056295958 HTTP/1.1" 200 31 "-" "Mozilla/5.0 (Linux; Android 6.0.1; Nexus 5X Build/MMB29P) AppleWebKit/537.36 (KHTML, like Gecko) Chrome/136.0.7103.59 Mobile Safari/537.36 (compatible; GoogleOther)"
143.198.221.225 - - [12/May/2025:03:14:03 +0100] "POST /xmlrpc.php HTTP/1.1" 200 4353 "-" "Mozilla/5.0 (Windows NT 10.0; Win64; x64) AppleWebKit/537.36 (KHTML, like Gecko) Chrome/89.0.4389.114 Safari/537.36"
143.198.221.225 - - [12/May/2025:03:14:04 +0100] "POST /xmlrpc.php HTTP/1.1" 200 4353 "-" "Mozilla/5.0 (Windows NT 10.0; Win64; x64) AppleWebKit/537.36 (KHTML, like Gecko) Chrome/89.0.4389.114 Safari/537.36"
20.171.207.190 - - [12/May/2025:03:14:04 +0100] "GET /?aksi=ransom&path=%2F%2Fproc%2Fself%2Froot%2Fsys%2Fclass%2Fscsi_host%2Fhost11%2Fsubsystem%2Fhost5%2Fpower HTTP/1.1" 200 28084 "-" "Mozilla/5.0 AppleWebKit/537.36 (KHTML, like Gecko; compatible; GPTBot/1.2; +https://openai.com/gptbot)"
143.198.221.225 - - [12/May/2025:03:14:04 +0100] "POST /xmlrpc.php HTTP/1.1" 200 4353 "-" "Mozilla/5.0 (Windows NT 10.0; Win64; x64) AppleWebKit/537.36 (KHTML, like Gecko) Chrome/89.0.4389.114 Safari/537.36"
66.249.69.69 - - [12/May/2025:03:14:05 +0100] "GET /smartphones/ipads/700090463135.htm HTTP/1.1" 200 31 "-" "Mozilla/5.0 (Linux; Android 6.0.1; Nexus 5X Build/MMB29P) AppleWebKit/537.36 (KHTML, like Gecko) Chrome/136.0.7103.59 Mobile Safari/537.36 (compatible; GoogleOther)"
143.198.221.225 - - [12/May/2025:03:14:05 +0100] "POST /xmlrpc.php HTTP/1.1" 200 4353 "-" "Mozilla/5.0 (Windows NT 10.0; Win64; x64) AppleWebKit/537.36 (KHTML, like Gecko) Chrome/89.0.4389.114 Safari/537.36"
143.198.221.225 - - [12/May/2025:03:14:06 +0100] "POST /xmlrpc.php HTTP/1.1" 200 4353 "-" "Mozilla/5.0 (Windows NT 10.0; Win64; x64) AppleWebKit/537.36 (KHTML, like Gecko) Chrome/89.0.4389.114 Safari/537.36"
66.249.69.69 - - [12/May/2025:03:14:06 +0100] "GET /?beauty/shampoo/17530402798577.htm HTTP/1.1" 200 31 "-" "Mozilla/5.0 (Linux; Android 6.0.1; Nexus 5X Build/MMB29P) AppleWebKit/537.36 (KHTML, like Gecko) Chrome/136.0.7103.59 Mobile Safari/537.36 (compatible; GoogleOther)"
20.171.207.190 - - [12/May/2025:03:14:06 +0100] "GET /?aksi=buatfile&path=%2F%2Fproc%2Fself%2Froot%2Fsys%2Fclass%2Fscsi_host%2Fhost11%2Fsubsystem%2Fhost4 HTTP/1.1" 200 28853 "-" "Mozilla/5.0 AppleWebKit/537.36 (KHTML, like Gecko; compatible; GPTBot/1.2; +https://openai.com/gptbot)"
143.198.221.225 - - [12/May/2025:03:14:07 +0100] "POST /xmlrpc.php HTTP/1.1" 200 4353 "-" "Mozilla/5.0 (Windows NT 10.0; Win64; x64) AppleWebKit/537.36 (KHTML, like Gecko) Chrome/89.0.4389.114 Safari/537.36"
143.198.221.225 - - [12/May/2025:03:14:07 +0100] "POST /xmlrpc.php HTTP/1.1" 200 4353 "-" "Mozilla/5.0 (Windows NT 10.0; Win64; x64) AppleWebKit/537.36 (KHTML, like Gecko) Chrome/89.0.4389.114 Safari/537.36"
66.249.69.69 - - [12/May/2025:03:14:07 +0100] "GET /?audio/earphones/14530261298956.htm HTTP/1.1" 200 31 "-" "Mozilla/5.0 (Linux; Android 6.0.1; Nexus 5X Build/MMB29P) AppleWebKit/537.36 (KHTML, like Gecko) Chrome/136.0.7103.59 Mobile Safari/537.36 (compatible; GoogleOther)"
143.198.221.225 - - [12/May/2025:03:14:08 +0100] "POST /xmlrpc.php HTTP/1.1" 200 4353 "-" "Mozilla/5.0 (Windows NT 10.0; Win64; x64) AppleWebKit/537.36 (KHTML, like Gecko) Chrome/89.0.4389.114 Safari/537.36"
20.171.207.190 - - [12/May/2025:03:14:08 +0100] "GET /?aksi=ransom&path=%2F%2Fproc%2Fself%2Froot%2Fsys%2Fclass%2Fblock%2Fvda1%2Fsubsystem%2Fvda%2Fvda1 HTTP/1.1" 200 28472 "-" "Mozilla/5.0 AppleWebKit/537.36 (KHTML, like Gecko; compatible; GPTBot/1.2; +https://openai.com/gptbot)"
143.198.221.225 - - [12/May/2025:03:14:08 +0100] "POST /xmlrpc.php HTTP/1.1" 200 4353 "-" "Mozilla/5.0 (Windows NT 10.0; Win64; x64) AppleWebKit/537.36 (KHTML, like Gecko) Chrome/89.0.4389.114 Safari/537.36"
66.249.69.69 - - [12/May/2025:03:14:09 +0100] "GET /cosmetics/unisex-perfumes/17290572862398.htm HTTP/1.1" 200 31 "-" "Mozilla/5.0 (Linux; Android 6.0.1; Nexus 5X Build/MMB29P) AppleWebKit/537.36 (KHTML, like Gecko) Chrome/136.0.7103.59 Mobile Safari/537.36 (compatible; GoogleOther)"
143.198.221.225 - - [12/May/2025:03:14:09 +0100] "POST /xmlrpc.php HTTP/1.1" 200 4353 "-" "Mozilla/5.0 (Windows NT 10.0; Win64; x64) AppleWebKit/537.36 (KHTML, like Gecko) Chrome/89.0.4389.114 Safari/537.36"
20.171.207.190 - - [12/May/2025:03:14:10 +0100] "GET /?aksi=buatfolder&path=%2F%2Fproc%2Fself%2Froot%2Fsys%2Fclass%2Fblock%2Fvda1%2Fsubsystem%2Fvda%2Fvda1 HTTP/1.1" 200 27504 "-" "Mozilla/5.0 AppleWebKit/537.36 (KHTML, like Gecko; compatible; GPTBot/1.2; +https://openai.com/gptbot)"
185.224.129.228 - - [12/May/2025:03:14:10 +0100] "GET / HTTP/1.1" 200 29397 "-" "Mozilla/5.0 (X11; Linux x86_64) AppleWebKit/537.36 (KHTML, like Gecko) Chrome/44.0.2403.157 Safari/537.36"
143.198.221.225 - - [12/May/2025:03:14:10 +0100] "POST /xmlrpc.php HTTP/1.1" 200 4353 "-" "Mozilla/5.0 (Windows NT 10.0; Win64; x64) AppleWebKit/537.36 (KHTML, like Gecko) Chrome/89.0.4389.114 Safari/537.36"
18.188.127.79 - - [12/May/2025:03:14:10 +0100] "GET /%22,t+=%22%3C%22+e.getAttribute(%22src%22?filesrc=%2F%2Fproc%2F3730333%2Ftask%2F3732236%2Fattr%2Fprev&path=%2F%2Fproc%2F3730333%2Ftask%2F3732236%2Fattr HTTP/1.1" 200 2262 "-" "Mozilla/5.0 AppleWebKit/537.36 (KHTML, like Gecko; compatible; ClaudeBot/1.0; [email protected])"
18.188.127.79 - - [12/May/2025:03:14:10 +0100] "GET /cargo/detail?filesrc=%2F%2Fsys%2Fclass%2Finput%2Fevent0%2Fsubsystem%2Fmice%2Fsubsystem%2Fevent0%2Fsubsystem%2Finput4%2Fname&path=%2F%2Fsys%2Fclass%2Finput%2Fevent0%2Fsubsystem%2Fmice%2Fsubsystem%2Fevent0%2Fsubsystem%2Finput4 HTTP/1.1" 200 15561 "-" "Mozilla/5.0 AppleWebKit/537.36 (KHTML, like Gecko; compatible; ClaudeBot/1.0; [email protected])"
18.188.127.79 - - [12/May/2025:03:14:11 +0100] "GET /cargo/detail?path=%2F%2Fsys%2Fdev%2Fchar%2F13%3A63%2Fsubsystem%2Fmouse0%2Fsubsystem%2Finput3%2Fsubsystem%2Fevent0%2Fpower HTTP/1.1" 200 16215 "-" "Mozilla/5.0 AppleWebKit/537.36 (KHTML, like Gecko; compatible; ClaudeBot/1.0; [email protected])"
66.249.69.69 - - [12/May/2025:03:14:11 +0100] "GET /motorcycles/accessories/18370262782263.htm HTTP/1.1" 200 31 "-" "Mozilla/5.0 (Linux; Android 6.0.1; Nexus 5X Build/MMB29P) AppleWebKit/537.36 (KHTML, like Gecko) Chrome/136.0.7103.59 Mobile Safari/537.36 (compatible; GoogleOther)"
18.188.127.79 - - [12/May/2025:03:14:11 +0100] "GET /cd.html?path=%2F%2Fsys%2Fbus%2Fvirtio%2Fdevices%2Fvirtio3%2Fblock%2Fvda%2Fdevice%2Fsubsystem%2Fdevices%2Fvirtio6%2Fpower HTTP/1.1" 200 16209 "-" "Mozilla/5.0 AppleWebKit/537.36 (KHTML, like Gecko; compatible; ClaudeBot/1.0; [email protected])"
18.188.127.79 - - [12/May/2025:03:14:11 +0100] "GET /cargo/detail?path=%2F%2Fsys%2Fdev%2Fchar%2F4%3A30%2Fsubsystem%2Fconsole%2Fsubsystem%2Ftty20%2Fsubsystem%2Fconsole%2Fsubsystem HTTP/1.1" 200 17996 "-" "Mozilla/5.0 AppleWebKit/537.36 (KHTML, like Gecko; compatible; ClaudeBot/1.0; [email protected])"
18.188.127.79 - - [12/May/2025:03:14:11 +0100] "GET /dozin.html?path=%2F%2Fsys%2Fblock%2Fsda%2Fsubsystem%2Fsr0%2Fmq%2F0%2Fcpu122 HTTP/1.1" 200 15623 "-" "Mozilla/5.0 AppleWebKit/537.36 (KHTML, like Gecko; compatible; ClaudeBot/1.0; [email protected])"
18.188.127.79 - - [12/May/2025:03:14:11 +0100] "GET /recruit?aksi=buatfile&path=%2F%2Fsys%2Fmodule%2Fsr_mod%2Fdrivers%2Fscsi%3Asr%2F6%3A0%3A0%3A0%2Fsubsystem%2Fdrivers%2Fsd%2Fmodule%2Fsections HTTP/1.1" 200 16735 "-" "Mozilla/5.0 AppleWebKit/537.36 (KHTML, like Gecko; compatible; ClaudeBot/1.0; [email protected])"
18.188.127.79 - - [12/May/2025:03:14:12 +0100] "GET /cargo/detail?aksi=buatfolder&path=%2F%2Fsys%2Fclass%2Finput%2Finput0%2Fsubsystem%2Finput1%2Fevent1%2Fsubsystem%2Fevent5%2Fsubsystem%2Fmouse1%2Fsubsystem%2Fevent4 HTTP/1.1" 200 15624 "-" "Mozilla/5.0 AppleWebKit/537.36 (KHTML, like Gecko; compatible; ClaudeBot/1.0; [email protected])"
18.188.127.79 - - [12/May/2025:03:14:12 +0100] "GET /cargo/detail?path=%2F%2Fproc%2Fself%2Froot%2Fsys%2Fbus%2Facpi%2Fdevices%2FLNXSYSTM%3A00%2Fpower HTTP/1.1" 200 16174 "-" "Mozilla/5.0 AppleWebKit/537.36 (KHTML, like Gecko; compatible; ClaudeBot/1.0; [email protected])"
18.188.127.79 - - [12/May/2025:03:14:12 +0100] "GET /cargo/detail?filesrc=%2F%2Fsys%2Fdev%2Fchar%2F13%3A63%2Fsubsystem%2Finput6%2Fsubsystem%2Finput6%2Fsubsystem%2Finput0%2Fproperties&path=%2F%2Fsys%2Fdev%2Fchar%2F13%3A63%2Fsubsystem%2Finput6%2Fsubsystem%2Finput6%2Fsubsystem%2Finput0 HTTP/1.1" 200 15534 "-" "Mozilla/5.0 AppleWebKit/537.36 (KHTML, like Gecko; compatible; ClaudeBot/1.0; [email protected])"
143.198.221.225 - - [12/May/2025:03:14:12 +0100] "POST /xmlrpc.php HTTP/1.1" 200 4353 "-" "Mozilla/5.0 (Windows NT 10.0; Win64; x64) AppleWebKit/537.36 (KHTML, like Gecko) Chrome/89.0.4389.114 Safari/537.36"
18.188.127.79 - - [12/May/2025:03:14:12 +0100] "GET /cargo/detail?aksi=buatfolder&path=%2F%2Fsys%2Fclass%2Finput%2Finput6%2Fsubsystem%2Finput1%2Fevent1%2Fsubsystem%2Fmouse2%2Fsubsystem%2Finput4%2Fevent2%2Fsubsystem HTTP/1.1" 200 15621 "-" "Mozilla/5.0 AppleWebKit/537.36 (KHTML, like Gecko; compatible; ClaudeBot/1.0; [email protected])"
18.188.127.79 - - [12/May/2025:03:14:12 +0100] "GET /cargo/detail?filesrc=%2F%2Fsys%2Fdev%2Fchar%2F13%3A63%2Fsubsystem%2Fevent4%2Fsubsystem%2Fevent0%2Fdevice%2Fpower%2Fcontrol&path=%2F%2Fsys%2Fdev%2Fchar%2F13%3A63%2Fsubsystem%2Fevent4%2Fsubsystem%2Fevent0%2Fdevice%2Fpower HTTP/1.1" 200 15540 "-" "Mozilla/5.0 AppleWebKit/537.36 (KHTML, like Gecko; compatible; ClaudeBot/1.0; [email protected])"
66.249.69.69 - - [12/May/2025:03:14:13 +0100] "GET /audio/earphones/14530112747460.htm HTTP/1.1" 200 31 "-" "Mozilla/5.0 (Linux; Android 6.0.1; Nexus 5X Build/MMB29P) AppleWebKit/537.36 (KHTML, like Gecko) Chrome/136.0.7103.59 Mobile Safari/537.36 (compatible; GoogleOther)"
18.188.127.79 - - [12/May/2025:03:14:13 +0100] "GET /cargo/detail?aksi=buatfolder&path=%2F%2Fsys%2Fclass%2Finput%2Finput3%2Fmouse1%2Fsubsystem%2Finput3%2Fsubsystem%2Fevent0%2Fsubsystem%2Fevent0%2Fsubsystem%2Finput6 HTTP/1.1" 200 15611 "-" "Mozilla/5.0 AppleWebKit/537.36 (KHTML, like Gecko; compatible; ClaudeBot/1.0; [email protected])"
20.171.207.190 - - [12/May/2025:03:14:13 +0100] "GET /?aksi=buatfile&path=%2F%2Fproc%2Fself%2Froot%2Fsys%2Fclass%2Fscsi_host%2Fhost11%2Fsubsystem%2Fhost5%2Fpower HTTP/1.1" 200 28084 "-" "Mozilla/5.0 AppleWebKit/537.36 (KHTML, like Gecko; compatible; GPTBot/1.2; +https://openai.com/gptbot)"
18.188.127.79 - - [12/May/2025:03:14:13 +0100] "GET /pcmypage?filesrc=%2F%2Fsys%2Fclass%2Finput%2Fevent4%2Fsubsystem%2Fmice%2Fsubsystem%2Fmouse2%2Fsubsystem%2Finput3%2Fphys&path=%2F%2Fsys%2Fclass%2Finput%2Fevent4%2Fsubsystem%2Fmice%2Fsubsystem%2Fmouse2%2Fsubsystem%2Finput3 HTTP/1.1" 200 15559 "-" "Mozilla/5.0 AppleWebKit/537.36 (KHTML, like Gecko; compatible; ClaudeBot/1.0; [email protected])"
18.188.127.79 - - [12/May/2025:03:14:14 +0100] "GET /cargo/detail?aksi=buatfile&path=%2F%2Fsys%2Fclass%2Finput%2Fmouse2%2Fdevice%2Fmouse2%2Fsubsystem%2Finput3%2Fmouse1%2Fdevice%2Fevent3 HTTP/1.1" 200 16253 "-" "Mozilla/5.0 AppleWebKit/537.36 (KHTML, like Gecko; compatible; ClaudeBot/1.0; [email protected])"
18.188.127.79 - - [12/May/2025:03:14:14 +0100] "GET /pcmypage?path=%2F%2Fsys%2Fclass%2Fscsi_host%2Fhost11%2Fsubsystem%2Fhost1%2Fsubsystem%2Fhost9 HTTP/1.1" 200 17341 "-" "Mozilla/5.0 AppleWebKit/537.36 (KHTML, like Gecko; compatible; ClaudeBot/1.0; [email protected])"
18.188.127.79 - - [12/May/2025:03:14:14 +0100] "GET /pcmypage?filesrc=%2F%2Fsys%2Fclass%2Finput%2Finput5%2Fsubsystem%2Fmice%2Fsubsystem%2Fevent0%2Fsubsystem%2Finput4%2Fproperties&path=%2F%2Fsys%2Fclass%2Finput%2Finput5%2Fsubsystem%2Fmice%2Fsubsystem%2Fevent0%2Fsubsystem%2Finput4 HTTP/1.1" 200 15548 "-" "Mozilla/5.0 AppleWebKit/537.36 (KHTML, like Gecko; compatible; ClaudeBot/1.0; [email protected])"
18.188.127.79 - - [12/May/2025:03:14:14 +0100] "GET /feature/sapporo/index.html?filesrc=%2F%2Fproc%2F3730333%2Ftask%2F3730377%2Fnet%2Fdev_mcast&path=%2F%2Fproc%2F3730333%2Ftask%2F3730377%2Fnet HTTP/1.1" 200 16727 "-" "Mozilla/5.0 AppleWebKit/537.36 (KHTML, like Gecko; compatible; ClaudeBot/1.0; [email protected])"
18.188.127.79 - - [12/May/2025:03:14:14 +0100] "GET /cargo/detail?path=%2F%2Fsys%2Fdev%2Fchar%2F13%3A63%2Fsubsystem%2Fevent4%2Fsubsystem%2Finput6%2Fsubsystem%2Fmouse2%2Fdevice HTTP/1.1" 200 16612 "-" "Mozilla/5.0 AppleWebKit/537.36 (KHTML, like Gecko; compatible; ClaudeBot/1.0; [email protected])"
143.198.221.225 - - [12/May/2025:03:14:15 +0100] "POST /xmlrpc.php HTTP/1.1" 200 4353 "-" "Mozilla/5.0 (Windows NT 10.0; Win64; x64) AppleWebKit/537.36 (KHTML, like Gecko) Chrome/89.0.4389.114 Safari/537.36"
18.188.127.79 - - [12/May/2025:03:14:15 +0100] "GET /cargo/detail?filesrc=%2F%2Fsys%2Fdev%2Fchar%2F4%3A33%2Fsubsystem%2FttyS3%2Fdevice%2Ftty%2FttyS1%2Fiomem_base&path=%2F%2Fsys%2Fdev%2Fchar%2F4%3A33%2Fsubsystem%2FttyS3%2Fdevice%2Ftty%2FttyS1 HTTP/1.1" 200 15522 "-" "Mozilla/5.0 AppleWebKit/537.36 (KHTML, like Gecko; compatible; ClaudeBot/1.0; [email protected])"
18.188.127.79 - - [12/May/2025:03:14:15 +0100] "GET /cargo/detail?path=%2F%2Fsys%2Fdev%2Fchar%2F13%3A63%2Fsubsystem%2Finput6%2Fsubsystem%2Fevent4%2Fsubsystem%2Fmouse2%2Fdevice HTTP/1.1" 200 16613 "-" "Mozilla/5.0 AppleWebKit/537.36 (KHTML, like Gecko; compatible; ClaudeBot/1.0; [email protected])"
18.188.127.79 - - [12/May/2025:03:14:15 +0100] "GET /cargo/detail?path=%2F%2Fsys%2Fdev%2Fchar%2F4%3A30%2Fsubsystem%2Ftty26%2Fsubsystem%2FttyS1%2Fdevice%2Fdriver HTTP/1.1" 200 16239 "-" "Mozilla/5.0 AppleWebKit/537.36 (KHTML, like Gecko; compatible; ClaudeBot/1.0; [email protected])"
66.249.69.69 - - [12/May/2025:03:14:15 +0100] "GET /daily-necessities/bulk-sales/15210210594307.htm HTTP/1.1" 200 31 "-" "Mozilla/5.0 (Linux; Android 6.0.1; Nexus 5X Build/MMB29P) AppleWebKit/537.36 (KHTML, like Gecko) Chrome/136.0.7103.59 Mobile Safari/537.36 (compatible; GoogleOther)"
18.188.127.79 - - [12/May/2025:03:14:15 +0100] "GET /cargo/detail?aksi=buatfolder&path=%2F%2Fsys%2Fclass%2Finput%2Finput0%2Fsubsystem%2Finput1%2Fevent1%2Fsubsystem%2Fmouse0%2Fsubsystem%2Fmouse0%2Fsubsystem%2Finput1 HTTP/1.1" 200 15597 "-" "Mozilla/5.0 AppleWebKit/537.36 (KHTML, like Gecko; compatible; ClaudeBot/1.0; [email protected])"
18.188.127.79 - - [12/May/2025:03:14:16 +0100] "GET /dozin.html?path=%2F%2Fsys%2Fblock%2Fsda%2Fsubsystem%2Fsr0%2Fmq%2F0%2Fcpu97 HTTP/1.1" 200 15629 "-" "Mozilla/5.0 AppleWebKit/537.36 (KHTML, like Gecko; compatible; ClaudeBot/1.0; [email protected])"
18.188.127.79 - - [12/May/2025:03:14:16 +0100] "GET /cargo/detail?path=%2F%2Fsys%2Fdev%2Fchar%2F13%3A63%2Fsubsystem%2Fevent4%2Fsubsystem%2Finput6%2Fsubsystem%2Fevent3%2Fpower HTTP/1.1" 200 16224 "-" "Mozilla/5.0 AppleWebKit/537.36 (KHTML, like Gecko; compatible; ClaudeBot/1.0; [email protected])"
20.171.207.190 - - [12/May/2025:03:14:16 +0100] "GET /?aksi=buatfile&path=%2F%2Fproc%2Fself%2Froot%2Fsys%2Fclass%2Fblock%2Fvda1%2Fsubsystem%2Fvda%2Fvda1 HTTP/1.1" 200 28472 "-" "Mozilla/5.0 AppleWebKit/537.36 (KHTML, like Gecko; compatible; GPTBot/1.2; +https://openai.com/gptbot)"
18.188.127.79 - - [12/May/2025:03:14:16 +0100] "GET /cargo/detail?path=%2F%2Fsys%2Fdev%2Fchar%2F13%3A63%2Fsubsystem%2Finput6%2Fsubsystem%2Fevent4%2Fsubsystem%2Fevent3%2Fpower HTTP/1.1" 200 16220 "-" "Mozilla/5.0 AppleWebKit/537.36 (KHTML, like Gecko; compatible; ClaudeBot/1.0; [email protected])"
18.188.127.79 - - [12/May/2025:03:14:16 +0100] "GET /cargo/detail?path=%2F%2Fsys%2Fdev%2Fchar%2F13%3A63%2Fsubsystem%2Fevent3%2Fsubsystem%2Finput6%2Fsubsystem%2Fevent4%2Fpower HTTP/1.1" 200 16222 "-" "Mozilla/5.0 AppleWebKit/537.36 (KHTML, like Gecko; compatible; ClaudeBot/1.0; [email protected])"
143.198.221.225 - - [12/May/2025:03:14:17 +0100] "POST /xmlrpc.php HTTP/1.1" 200 4353 "-" "Mozilla/5.0 (Windows NT 10.0; Win64; x64) AppleWebKit/537.36 (KHTML, like Gecko) Chrome/89.0.4389.114 Safari/537.36"
18.188.127.79 - - [12/May/2025:03:14:17 +0100] "GET /cargo/detail?path=%2F%2Fsys%2Fdev%2Fchar%2F13%3A63%2Fsubsystem%2Finput6%2Fsubsystem%2Fevent3%2Fsubsystem%2Fevent4%2Fpower HTTP/1.1" 200 16218 "-" "Mozilla/5.0 AppleWebKit/537.36 (KHTML, like Gecko; compatible; ClaudeBot/1.0; [email protected])"
18.188.127.79 - - [12/May/2025:03:14:17 +0100] "GET /%22,t+=%22%3C%22+e.getAttribute(%22src%22?filesrc=%2F%2Fproc%2F3730333%2Ftask%2F3730341%2Fnet%2Fip6_mr_vif&path=%2F%2Fproc%2F3730333%2Ftask%2F3730341%2Fnet HTTP/1.1" 200 2271 "-" "Mozilla/5.0 AppleWebKit/537.36 (KHTML, like Gecko; compatible; ClaudeBot/1.0; [email protected])"
18.188.127.79 - - [12/May/2025:03:14:17 +0100] "GET /cargo/detail?path=%2F%2Fsys%2Fclass%2Fwakeup%2Fwakeup8%2Fdevice%2Fsubsystem%2Fdevices%2Fdevice%3A05%2Fwakeup HTTP/1.1" 200 15940 "-" "Mozilla/5.0 AppleWebKit/537.36 (KHTML, like Gecko; compatible; ClaudeBot/1.0; [email protected])"
66.249.69.69 - - [12/May/2025:03:14:17 +0100] "GET /?fashion/shoes/9740382606209.htm HTTP/1.1" 200 31 "-" "Mozilla/5.0 (Linux; Android 6.0.1; Nexus 5X Build/MMB29P) AppleWebKit/537.36 (KHTML, like Gecko) Chrome/136.0.7103.59 Mobile Safari/537.36 (compatible; GoogleOther)"
18.188.127.79 - - [12/May/2025:03:14:17 +0100] "GET /pcmypage?filesrc=%2F%2Fsys%2Fclass%2Finput%2Fevent4%2Fsubsystem%2Fmice%2Fsubsystem%2Fmouse2%2Fsubsystem%2Finput0%2Funiq&path=%2F%2Fsys%2Fclass%2Finput%2Fevent4%2Fsubsystem%2Fmice%2Fsubsystem%2Fmouse2%2Fsubsystem%2Finput0 HTTP/1.1" 200 15546 "-" "Mozilla/5.0 AppleWebKit/537.36 (KHTML, like Gecko; compatible; ClaudeBot/1.0; [email protected])"
18.188.127.79 - - [12/May/2025:03:14:17 +0100] "GET /%22,t+=%22%3C%22+e.getAttribute(%22src%22?filesrc=%2F%2Fproc%2F3730333%2Ftask%2F3730569%2Fnet%2Fanycast6&path=%2F%2Fproc%2F3730333%2Ftask%2F3730569%2Fnet HTTP/1.1" 200 2268 "-" "Mozilla/5.0 AppleWebKit/537.36 (KHTML, like Gecko; compatible; ClaudeBot/1.0; [email protected])"
18.188.127.79 - - [12/May/2025:03:14:17 +0100] "GET /cargo/detail?filesrc=%2F%2Fsys%2Fclass%2Finput%2Fevent0%2Fsubsystem%2Fmice%2Fsubsystem%2Fmouse2%2Fsubsystem%2Fevent4%2Fdev&path=%2F%2Fsys%2Fclass%2Finput%2Fevent0%2Fsubsystem%2Fmice%2Fsubsystem%2Fmouse2%2Fsubsystem%2Fevent4 HTTP/1.1" 200 15549 "-" "Mozilla/5.0 AppleWebKit/537.36 (KHTML, like Gecko; compatible; ClaudeBot/1.0; [email protected])"
18.188.127.79 - - [12/May/2025:03:14:18 +0100] "GET /feature/yokohama_maruicity/index.html?aksi=buatfolder&path=%2F%2Fsys%2Fbus%2Fpci%2Fdevices%2F0000%3A00%3A0b.0%2Fdriver%2F0000%3A00%3A03.0%2Fsubsystem%2Fdrivers%2Fahci%2F0000%3A00%3A05.0%2Fata4 HTTP/1.1" 200 16891 "-" "Mozilla/5.0 AppleWebKit/537.36 (KHTML, like Gecko; compatible; ClaudeBot/1.0; [email protected])"
18.188.127.79 - - [12/May/2025:03:14:18 +0100] "GET /pcmypage?filesrc=%2F%2Fsys%2Fclass%2Finput%2Fevent3%2Fsubsystem%2Fmice%2Fsubsystem%2Fevent2%2Fsubsystem%2Finput6%2Funiq&path=%2F%2Fsys%2Fclass%2Finput%2Fevent3%2Fsubsystem%2Fmice%2Fsubsystem%2Fevent2%2Fsubsystem%2Finput6 HTTP/1.1" 200 15542 "-" "Mozilla/5.0 AppleWebKit/537.36 (KHTML, like Gecko; compatible; ClaudeBot/1.0; [email protected])"
18.188.127.79 - - [12/May/2025:03:14:18 +0100] "GET /pcmypage?filesrc=%2F%2Fsys%2Fclass%2Finput%2Finput5%2Fsubsystem%2Fmice%2Fsubsystem%2Fevent0%2Fsubsystem%2Fmouse0%2Fdev&path=%2F%2Fsys%2Fclass%2Finput%2Finput5%2Fsubsystem%2Fmice%2Fsubsystem%2Fevent0%2Fsubsystem%2Fmouse0 HTTP/1.1" 200 15545 "-" "Mozilla/5.0 AppleWebKit/537.36 (KHTML, like Gecko; compatible; ClaudeBot/1.0; [email protected])"
18.188.127.79 - - [12/May/2025:03:14:19 +0100] "GET /pcmypage?filesrc=%2F%2Fsys%2Fclass%2Finput%2Finput5%2Fsubsystem%2Fmice%2Fsubsystem%2Fmouse0%2Fsubsystem%2Fevent0%2Fdev&path=%2F%2Fsys%2Fclass%2Finput%2Finput5%2Fsubsystem%2Fmice%2Fsubsystem%2Fmouse0%2Fsubsystem%2Fevent0 HTTP/1.1" 200 15545 "-" "Mozilla/5.0 AppleWebKit/537.36 (KHTML, like Gecko; compatible; ClaudeBot/1.0; [email protected])"
20.171.207.190 - - [12/May/2025:03:14:19 +0100] "GET /?aksi=buatfolder&path=%2F%2Fproc%2Fself%2Froot%2Fsys%2Fclass%2Fscsi_host%2Fhost0%2Fsubsystem%2Fhost10 HTTP/1.1" 200 27505 "-" "Mozilla/5.0 AppleWebKit/537.36 (KHTML, like Gecko; compatible; GPTBot/1.2; +https://openai.com/gptbot)"
143.198.221.225 - - [12/May/2025:03:14:19 +0100] "POST /xmlrpc.php HTTP/1.1" 200 4353 "-" "Mozilla/5.0 (Windows NT 10.0; Win64; x64) AppleWebKit/537.36 (KHTML, like Gecko) Chrome/89.0.4389.114 Safari/537.36"
18.188.127.79 - - [12/May/2025:03:14:19 +0100] "GET /pcmypage?path=%2F%2Fsys%2Fclass%2Finput%2Finput5%2Fsubsystem%2Fmice%2Fsubsystem%2Fmouse1%2Fsubsystem%2Fmouse2%2Fpower HTTP/1.1" 200 16211 "-" "Mozilla/5.0 AppleWebKit/537.36 (KHTML, like Gecko; compatible; ClaudeBot/1.0; [email protected])"
18.188.127.79 - - [12/May/2025:03:14:19 +0100] "GET /cargo/detail?aksi=buatfolder&path=%2F%2Fsys%2Fclass%2Finput%2Finput3%2Fmouse1%2Fsubsystem%2Finput1%2Fsubsystem%2Fevent0%2Fsubsystem%2Fevent0%2Fsubsystem%2Fevent1 HTTP/1.1" 200 15608 "-" "Mozilla/5.0 AppleWebKit/537.36 (KHTML, like Gecko; compatible; ClaudeBot/1.0; [email protected])"
18.188.127.79 - - [12/May/2025:03:14:19 +0100] "GET /feature/sapporo/index.html?filesrc=%2F%2Fproc%2F3730333%2Ftask%2F3730367%2Fnet%2Fdev&path=%2F%2Fproc%2F3730333%2Ftask%2F3730367%2Fnet HTTP/1.1" 200 16723 "-" "Mozilla/5.0 AppleWebKit/537.36 (KHTML, like Gecko; compatible; ClaudeBot/1.0; [email protected])"
18.188.127.79 - - [12/May/2025:03:14:19 +0100] "GET /pcmypage?filesrc=%2F%2Fsys%2Fclass%2Finput%2Finput0%2Fdevice%2Fsubsystem%2Fdevices%2FLNXCPU%3A35%2Fsubsystem%2Fdevices%2FPNP0A03%3A00%2Fhid&path=%2F%2Fsys%2Fclass%2Finput%2Finput0%2Fdevice%2Fsubsystem%2Fdevices%2FLNXCPU%3A35%2Fsubsystem%2Fdevices%2FPNP0A03%3A00 HTTP/1.1" 200 15568 "-" "Mozilla/5.0 AppleWebKit/537.36 (KHTML, like Gecko; compatible; ClaudeBot/1.0; [email protected])"
18.188.127.79 - - [12/May/2025:03:14:19 +0100] "GET /pcmypage?filesrc=%2F%2Fsys%2Fclass%2Fscsi_host%2Fhost3%2Fsubsystem%2Fhost2%2Fsubsystem%2Fhost9%2Fuse_blk_mq&path=%2F%2Fsys%2Fclass%2Fscsi_host%2Fhost3%2Fsubsystem%2Fhost2%2Fsubsystem%2Fhost9 HTTP/1.1" 200 15518 "-" "Mozilla/5.0 AppleWebKit/537.36 (KHTML, like Gecko; compatible; ClaudeBot/1.0; [email protected])"
66.249.69.69 - - [12/May/2025:03:14:20 +0100] "GET /?diy/electrical-materials/5460552017898.htm HTTP/1.1" 200 31 "-" "Mozilla/5.0 (Linux; Android 6.0.1; Nexus 5X Build/MMB29P) AppleWebKit/537.36 (KHTML, like Gecko) Chrome/136.0.7103.59 Mobile Safari/537.36 (compatible; GoogleOther)"
18.188.127.79 - - [12/May/2025:03:14:20 +0100] "GET /dozin.html?path=%2F%2Fsys%2Fblock%2Fsda%2Fsubsystem%2Fsr0%2Fmq%2F0%2Fcpu81 HTTP/1.1" 200 15623 "-" "Mozilla/5.0 AppleWebKit/537.36 (KHTML, like Gecko; compatible; ClaudeBot/1.0; [email protected])"
18.188.127.79 - - [12/May/2025:03:14:20 +0100] "GET /feature/sapporo/index.html?filesrc=%2F%2Fproc%2F3730333%2Ftask%2F3730334%2Fnet%2Fdev_mcast&path=%2F%2Fproc%2F3730333%2Ftask%2F3730334%2Fnet HTTP/1.1" 200 16725 "-" "Mozilla/5.0 AppleWebKit/537.36 (KHTML, like Gecko; compatible; ClaudeBot/1.0; [email protected])"
18.188.127.79 - - [12/May/2025:03:14:20 +0100] "GET /cargo/detail?filesrc=%2F%2Fsys%2Fdev%2Fchar%2F13%3A63%2Fsubsystem%2Finput5%2Fsubsystem%2Finput0%2Fsubsystem%2Finput3%2Fname&path=%2F%2Fsys%2Fdev%2Fchar%2F13%3A63%2Fsubsystem%2Finput5%2Fsubsystem%2Finput0%2Fsubsystem%2Finput3 HTTP/1.1" 200 15561 "-" "Mozilla/5.0 AppleWebKit/537.36 (KHTML, like Gecko; compatible; ClaudeBot/1.0; [email protected])"
18.188.127.79 - - [12/May/2025:03:14:20 +0100] "GET /cargo/detail?filesrc=%2F%2Fsys%2Fdev%2Fchar%2F13%3A63%2Fsubsystem%2Finput0%2Fsubsystem%2Finput5%2Fsubsystem%2Finput3%2Fname&path=%2F%2Fsys%2Fdev%2Fchar%2F13%3A63%2Fsubsystem%2Finput0%2Fsubsystem%2Finput5%2Fsubsystem%2Finput3 HTTP/1.1" 200 15559 "-" "Mozilla/5.0 AppleWebKit/537.36 (KHTML, like Gecko; compatible; ClaudeBot/1.0; [email protected])"
18.188.127.79 - - [12/May/2025:03:14:20 +0100] "GET /cargo/detail?filesrc=%2F%2Fsys%2Fdev%2Fchar%2F13%3A63%2Fsubsystem%2Fmouse2%2Fsubsystem%2Finput3%2Fsubsystem%2Fevent0%2Fdev&path=%2F%2Fsys%2Fdev%2Fchar%2F13%3A63%2Fsubsystem%2Fmouse2%2Fsubsystem%2Finput3%2Fsubsystem%2Fevent0 HTTP/1.1" 200 15543 "-" "Mozilla/5.0 AppleWebKit/537.36 (KHTML, like Gecko; compatible; ClaudeBot/1.0; [email protected])"
143.198.221.225 - - [12/May/2025:03:14:21 +0100] "POST /xmlrpc.php HTTP/1.1" 200 4353 "-" "Mozilla/5.0 (Windows NT 10.0; Win64; x64) AppleWebKit/537.36 (KHTML, like Gecko) Chrome/89.0.4389.114 Safari/537.36"
18.188.127.79 - - [12/May/2025:03:14:21 +0100] "GET /cargo/detail?aksi=buatfolder&path=%2F%2Fsys%2Fclass%2Finput%2Finput3%2Fsubsystem%2Finput6%2Fevent5%2Fsubsystem%2Finput3%2Fsubsystem%2Finput3%2Fsubsystem%2Fmouse0 HTTP/1.1" 200 15601 "-" "Mozilla/5.0 AppleWebKit/537.36 (KHTML, like Gecko; compatible; ClaudeBot/1.0; [email protected])"
18.188.127.79 - - [12/May/2025:03:14:21 +0100] "GET /cargo/detail?aksi=buatfolder&path=%2F%2Fsys%2Fclass%2Finput%2Fevent2%2Fsubsystem%2Fmouse0%2Fsubsystem%2Fevent1%2Fdevice%2Fsubsystem%2Fevent1%2Fdevice HTTP/1.1" 200 15599 "-" "Mozilla/5.0 AppleWebKit/537.36 (KHTML, like Gecko; compatible; ClaudeBot/1.0; [email protected])"
20.171.207.190 - - [12/May/2025:03:14:21 +0100] "GET /?aksi=buatfolder&path=%2F%2Fproc%2Fself%2Froot%2Fsys%2Fclass%2Fscsi_host%2Fhost11%2Fsubsystem%2Fhost4 HTTP/1.1" 200 27505 "-" "Mozilla/5.0 AppleWebKit/537.36 (KHTML, like Gecko; compatible; GPTBot/1.2; +https://openai.com/gptbot)"
18.188.127.79 - - [12/May/2025:03:14:22 +0100] "GET /cargo/detail?aksi=buatfolder&path=%2F%2Fsys%2Fclass%2Finput%2Fevent2%2Fsubsystem%2Fmouse0%2Fsubsystem%2Fevent1%2Fsubsystem%2Fevent1%2Fdevice%2Fdevice HTTP/1.1" 200 15601 "-" "Mozilla/5.0 AppleWebKit/537.36 (KHTML, like Gecko; compatible; ClaudeBot/1.0; [email protected])"
18.188.127.79 - - [12/May/2025:03:14:22 +0100] "GET /pcmypage?filesrc=%2F%2Fsys%2Fclass%2Finput%2Finput5%2Fsubsystem%2Fmice%2Fsubsystem%2Fevent2%2Fsubsystem%2Fevent0%2Fdev&path=%2F%2Fsys%2Fclass%2Finput%2Finput5%2Fsubsystem%2Fmice%2Fsubsystem%2Fevent2%2Fsubsystem%2Fevent0 HTTP/1.1" 200 15544 "-" "Mozilla/5.0 AppleWebKit/537.36 (KHTML, like Gecko; compatible; ClaudeBot/1.0; [email protected])"
18.188.127.79 - - [12/May/2025:03:14:22 +0100] "GET /cd.html?path=%2F%2Fsys%2Fbus%2Fvirtio%2Fdevices%2Fvirtio3%2Fblock%2Fvda%2Fsubsystem%2Fsr0%2Fsubsystem%2Fsr0%2Fmq HTTP/1.1" 200 15974 "-" "Mozilla/5.0 AppleWebKit/537.36 (KHTML, like Gecko; compatible; ClaudeBot/1.0; [email protected])"
18.188.127.79 - - [12/May/2025:03:14:22 +0100] "GET /pcmypage?aksi=buatfolder&path=%2F%2Fsys%2Fclass%2Finput%2Finput4%2Fsubsystem%2Finput4%2Fevent2%2Fdevice%2Fevent2%2Fsubsystem%2Fevent3%2Fsubsystem%2Finput1 HTTP/1.1" 200 15620 "-" "Mozilla/5.0 AppleWebKit/537.36 (KHTML, like Gecko; compatible; ClaudeBot/1.0; [email protected])"
66.249.69.69 - - [12/May/2025:03:14:22 +0100] "GET /pet-supplies/cat/7950520092302.htm HTTP/1.1" 200 31 "-" "Mozilla/5.0 (Linux; Android 6.0.1; Nexus 5X Build/MMB29P) AppleWebKit/537.36 (KHTML, like Gecko) Chrome/136.0.7103.59 Mobile Safari/537.36 (compatible; GoogleOther)"
18.188.127.79 - - [12/May/2025:03:14:23 +0100] "GET /cargo/detail?filesrc=%2F%2Fsys%2Fdev%2Fchar%2F13%3A63%2Fsubsystem%2Fmouse2%2Fsubsystem%2Finput3%2Fsubsystem%2Fevent3%2Fdev&path=%2F%2Fsys%2Fdev%2Fchar%2F13%3A63%2Fsubsystem%2Fmouse2%2Fsubsystem%2Finput3%2Fsubsystem%2Fevent3 HTTP/1.1" 200 15543 "-" "Mozilla/5.0 AppleWebKit/537.36 (KHTML, like Gecko; compatible; ClaudeBot/1.0; [email protected])"
18.188.127.79 - - [12/May/2025:03:14:23 +0100] "GET /cargo/detail?filesrc=%2F%2Fsys%2Fdev%2Fchar%2F10%3A236%2Fsubsystem%2Fhw_random%2Fsubsystem%2Fdevice-mapper%2Fsubsystem%2Fvga_arbiter%2Fdev&path=%2F%2Fsys%2Fdev%2Fchar%2F10%3A236%2Fsubsystem%2Fhw_random%2Fsubsystem%2Fdevice-mapper%2Fsubsystem%2Fvga_arbiter HTTP/1.1" 200 15565 "-" "Mozilla/5.0 AppleWebKit/537.36 (KHTML, like Gecko; compatible; ClaudeBot/1.0; [email protected])"
18.188.127.79 - - [12/May/2025:03:14:23 +0100] "GET /cargo/detail?path=%2F%2Fsys%2Fclass%2Finput%2Fevent0%2Fsubsystem%2Fmice%2Fsubsystem%2Fmouse2%2Fsubsystem%2Fmouse1%2Fpower HTTP/1.1" 200 16211 "-" "Mozilla/5.0 AppleWebKit/537.36 (KHTML, like Gecko; compatible; ClaudeBot/1.0; [email protected])"
18.188.127.79 - - [12/May/2025:03:14:23 +0100] "GET /search?aksi=buatfolder&path=%2F%2Fsys%2Fbus%2Fvirtio%2Fdrivers%2Fvirtio_scsi%2Fvirtio7%2Fhost3%2Fscsi_host%2Fhost3%2Fsubsystem%2Fhost10%2Fsubsystem%2Fhost0 HTTP/1.1" 200 15624 "-" "Mozilla/5.0 AppleWebKit/537.36 (KHTML, like Gecko; compatible; ClaudeBot/1.0; [email protected])"
143.198.221.225 - - [12/May/2025:03:14:23 +0100] "POST /xmlrpc.php HTTP/1.1" 200 4353 "-" "Mozilla/5.0 (Windows NT 10.0; Win64; x64) AppleWebKit/537.36 (KHTML, like Gecko) Chrome/89.0.4389.114 Safari/537.36"
18.188.127.79 - - [12/May/2025:03:14:24 +0100] "GET /feature/yokohama_maruicity/index.html?path=%2F%2Fsys%2Fblock%2Fsda%2Fsubsystem%2Fsr0%2Fsubsystem%2Fvda%2Fdevice%2Fsubsystem%2Fdevices%2Fvirtio4 HTTP/1.1" 200 17710 "-" "Mozilla/5.0 AppleWebKit/537.36 (KHTML, like Gecko; compatible; ClaudeBot/1.0; [email protected])"
18.188.127.79 - - [12/May/2025:03:14:24 +0100] "GET /cd.html?filesrc=%2F%2Fsys%2Fbus%2Fvirtio%2Fdevices%2Fvirtio4%2Fsubsystem%2Fdrivers%2Fvirtio_scsi%2Fvirtio6%2Fsubsystem%2Fuevent&path=%2F%2Fsys%2Fbus%2Fvirtio%2Fdevices%2Fvirtio4%2Fsubsystem%2Fdrivers%2Fvirtio_scsi%2Fvirtio6%2Fsubsystem HTTP/1.1" 200 15543 "-" "Mozilla/5.0 AppleWebKit/537.36 (KHTML, like Gecko; compatible; ClaudeBot/1.0; [email protected])"
18.188.127.79 - - [12/May/2025:03:14:24 +0100] "GET /pcmypage?aksi=buatfolder&path=%2F%2Fsys%2Fclass%2Finput%2Finput0%2Fsubsystem%2Fevent5%2Fdevice%2Fsubsystem%2Fmouse1%2Fdevice%2Fdevice%2Fdriver HTTP/1.1" 200 15603 "-" "Mozilla/5.0 AppleWebKit/537.36 (KHTML, like Gecko; compatible; ClaudeBot/1.0; [email protected])"
18.188.127.79 - - [12/May/2025:03:14:24 +0100] "GET /cargo/detail?path=%2F%2Fsys%2Fdev%2Fchar%2F13%3A63%2Fsubsystem%2Fevent4%2Fsubsystem%2Finput6%2Fsubsystem%2Finput5%2Fpower HTTP/1.1" 200 16220 "-" "Mozilla/5.0 AppleWebKit/537.36 (KHTML, like Gecko; compatible; ClaudeBot/1.0; [email protected])"
20.171.207.190 - - [12/May/2025:03:14:24 +0100] "GET /?aksi=buatfolder&path=%2F%2Fproc%2Fself%2Froot%2Fsys%2Fclass%2Fscsi_host%2Fhost11%2Fsubsystem%2Fhost0 HTTP/1.1" 200 27508 "-" "Mozilla/5.0 AppleWebKit/537.36 (KHTML, like Gecko; compatible; GPTBot/1.2; +https://openai.com/gptbot)"
18.188.127.79 - - [12/May/2025:03:14:24 +0100] "GET /%22,t+=%22%3C%22+e.getAttribute(%22src%22?aksi=buatfolder&path=%2F%2Fproc%2Fthread-self%2Fcwd%2Fwp-content%2Fthemes%2Fastra HTTP/1.1" 200 2348 "-" "Mozilla/5.0 AppleWebKit/537.36 (KHTML, like Gecko; compatible; ClaudeBot/1.0; [email protected])"
18.188.127.79 - - [12/May/2025:03:14:24 +0100] "GET /cargo/detail?path=%2F%2Fsys%2Fdev%2Fchar%2F13%3A63%2Fsubsystem%2Finput6%2Fsubsystem%2Fevent4%2Fsubsystem%2Finput5%2Fpower HTTP/1.1" 200 16225 "-" "Mozilla/5.0 AppleWebKit/537.36 (KHTML, like Gecko; compatible; ClaudeBot/1.0; [email protected])"
18.188.127.79 - - [12/May/2025:03:14:25 +0100] "GET /feature/osu_main/index.html?filesrc=%2F%2Fsys%2Fbus%2Fusb%2Fdevices%2F1-0%3A1.0%2Fsubsystem%2Fdrivers%2Fusb%2Fusb1%2Fdriver%2Fusb1%2Ftx_lanes&path=%2F%2Fsys%2Fbus%2Fusb%2Fdevices%2F1-0%3A1.0%2Fsubsystem%2Fdrivers%2Fusb%2Fusb1%2Fdriver%2Fusb1 HTTP/1.1" 200 16802 "-" "Mozilla/5.0 AppleWebKit/537.36 (KHTML, like Gecko; compatible; ClaudeBot/1.0; [email protected])"
18.188.127.79 - - [12/May/2025:03:14:25 +0100] "GET /cargo/detail?path=%2F%2Fsys%2Fdev%2Fchar%2F13%3A63%2Fsubsystem%2Finput6%2Fsubsystem%2Finput5%2Fsubsystem%2Fevent4%2Fpower HTTP/1.1" 200 16221 "-" "Mozilla/5.0 AppleWebKit/537.36 (KHTML, like Gecko; compatible; ClaudeBot/1.0; [email protected])"
18.188.127.79 - - [12/May/2025:03:14:25 +0100] "GET /cargo/detail?path=%2F%2Fsys%2Fdev%2Fchar%2F13%3A63%2Fsubsystem%2Finput5%2Fsubsystem%2Finput6%2Fsubsystem%2Fevent4%2Fpower HTTP/1.1" 200 16221 "-" "Mozilla/5.0 AppleWebKit/537.36 (KHTML, like Gecko; compatible; ClaudeBot/1.0; [email protected])"
66.249.69.69 - - [12/May/2025:03:14:25 +0100] "GET /?magazines/medicine/16830201892066.htm HTTP/1.1" 200 31 "-" "Mozilla/5.0 (Linux; Android 6.0.1; Nexus 5X Build/MMB29P) AppleWebKit/537.36 (KHTML, like Gecko) Chrome/136.0.7103.59 Mobile Safari/537.36 (compatible; GoogleOther)"
143.198.221.225 - - [12/May/2025:03:14:25 +0100] "POST /xmlrpc.php HTTP/1.1" 200 4353 "-" "Mozilla/5.0 (Windows NT 10.0; Win64; x64) AppleWebKit/537.36 (KHTML, like Gecko) Chrome/89.0.4389.114 Safari/537.36"
