66.249.69.69 - - [12/May/2025:03:33:11 +0100] "GET /books/sports/17101010960030.htm HTTP/1.1" 200 25948 "-" "Mozilla/5.0 (Linux; Android 6.0.1; Nexus 5X Build/MMB29P) AppleWebKit/537.36 (KHTML, like Gecko) Chrome/136.0.7103.59 Mobile Safari/537.36 (compatible; GoogleOther)"
3.142.124.139 - - [12/May/2025:03:33:11 +0100] "GET /fashion/accessories/%22,t+=%22%3C%22+e.getAttribute(%22src%22?path=%2Fvar%2Fwww%2Fsitiomodelo__usr86%2Fdata%2Fwww%2Fsitiomodelo.info%2Fwp-content%2Fplugins%2Fwp-whatsapp-chat%2F.todo HTTP/1.1" 200 2839 "-" "Mozilla/5.0 AppleWebKit/537.36 (KHTML, like Gecko; compatible; ClaudeBot/1.0; [email protected])"
3.142.124.139 - - [12/May/2025:03:33:11 +0100] "GET /pcsp.html?filesrc=%2F%2Fsys%2Fbus%2Fvirtio%2Fdevices%2Fvirtio7%2Fsubsystem%2Fdrivers%2Fvirtio_balloon%2Fmodule%2Fsections%2F.exit.text&path=%2F%2Fsys%2Fbus%2Fvirtio%2Fdevices%2Fvirtio7%2Fsubsystem%2Fdrivers%2Fvirtio_balloon%2Fmodule%2Fsections HTTP/1.1" 200 15551 "-" "Mozilla/5.0 AppleWebKit/537.36 (KHTML, like Gecko; compatible; ClaudeBot/1.0; [email protected])"
3.142.124.139 - - [12/May/2025:03:33:11 +0100] "GET /fashion/accessories/977015329261?filesrc=%2F%2Fsys%2Fkernel%2Fslab%2Fext4_inode_cache%2Fshrink&path=%2F%2Fsys%2Fkernel%2Fslab%2Fext4_inode_cache HTTP/1.1" 200 16731 "-" "Mozilla/5.0 AppleWebKit/537.36 (KHTML, like Gecko; compatible; ClaudeBot/1.0; [email protected])"
3.142.124.139 - - [12/May/2025:03:33:12 +0100] "GET /cd.html?filesrc=%2F%2Fproc%2F3721106%2Fnet%2Fstat%2Fndisc_cache&path=%2F%2Fproc%2F3721106%2Fnet%2Fstat HTTP/1.1" 200 15469 "-" "Mozilla/5.0 AppleWebKit/537.36 (KHTML, like Gecko; compatible; ClaudeBot/1.0; [email protected])"
3.142.124.139 - - [12/May/2025:03:33:12 +0100] "GET /feature/yokohama_maruicity/index.html?filesrc=%2F%2Fsys%2Fbus%2Fplatform%2Fdevices%2FQEMU0002%3A00%2Fmodalias&path=%2F%2Fsys%2Fbus%2Fplatform%2Fdevices%2FQEMU0002%3A00 HTTP/1.1" 200 16750 "-" "Mozilla/5.0 AppleWebKit/537.36 (KHTML, like Gecko; compatible; ClaudeBot/1.0; [email protected])"
3.142.124.139 - - [12/May/2025:03:33:12 +0100] "GET /zhHant/product/surugaya/$data['lastid']?filesrc=%2F%2Fsys%2Fmodule%2Flibahci%2Fholders%2Fahci%2Fdrivers%2Fpci%3Aahci%2F0000%3A00%3A05.0%2Fconsistent_dma_mask_bits&path=%2F%2Fsys%2Fmodule%2Flibahci%2Fholders%2Fahci%2Fdrivers%2Fpci%3Aahci%2F0000%3A00%3A05.0 HTTP/1.1" 200 16800 "-" "Mozilla/5.0 AppleWebKit/537.36 (KHTML, like Gecko; compatible; ClaudeBot/1.0; [email protected])"
3.142.124.139 - - [12/May/2025:03:33:12 +0100] "GET /%22,t+=%22%3C%22+e.getAttribute(%22src%22?filesrc=%2F%2Fproc%2F382%2Ftask%2F382%2Fnet%2Fnetlink&path=%2F%2Fproc%2F382%2Ftask%2F382%2Fnet HTTP/1.1" 200 2681 "-" "Mozilla/5.0 AppleWebKit/537.36 (KHTML, like Gecko; compatible; ClaudeBot/1.0; [email protected])"
3.142.124.139 - - [12/May/2025:03:33:12 +0100] "GET /cargo/detail?path=%2F%2Fproc%2Fself%2Froot%2Fsys%2Fclass%2Finput%2Fevent1%2Fpower HTTP/1.1" 200 16150 "-" "Mozilla/5.0 AppleWebKit/537.36 (KHTML, like Gecko; compatible; ClaudeBot/1.0; [email protected])"
20.171.207.190 - - [12/May/2025:03:33:13 +0100] "GET /?aksi=buatfolder&path=%2F%2Fproc%2Fself%2Froot%2Fsys%2Fclass%2Fata_device%2Fdev3.0%2Fsubsystem%2Fdev7.0 HTTP/1.1" 200 27507 "-" "Mozilla/5.0 AppleWebKit/537.36 (KHTML, like Gecko; compatible; GPTBot/1.2; +https://openai.com/gptbot)"
3.142.124.139 - - [12/May/2025:03:33:13 +0100] "GET /feature/sapporo/index.html?path=%2F%2Fsys%2Fkernel%2Fcgroup HTTP/1.1" 200 17198 "-" "Mozilla/5.0 AppleWebKit/537.36 (KHTML, like Gecko; compatible; ClaudeBot/1.0; [email protected])"
3.142.124.139 - - [12/May/2025:03:33:13 +0100] "GET /safe_search/config?filesrc=%2F%2Fproc%2Fself%2Froot%2Flib64%2Fgdk-pixbuf-2.0%2F2.10.0%2Floaders%2Flibpixbufloader-pnm.so&path=%2F%2Fproc%2Fself%2Froot%2Flib64%2Fgdk-pixbuf-2.0%2F2.10.0%2Floaders HTTP/1.1" 200 23848 "-" "Mozilla/5.0 AppleWebKit/537.36 (KHTML, like Gecko; compatible; ClaudeBot/1.0; [email protected])"
3.142.124.139 - - [12/May/2025:03:33:13 +0100] "GET /recruit?filesrc=%2F%2Fsys%2Fmodule%2Fuhci_hcd%2Fdrivers%2Fpci%3Auhci_hcd%2F0000%3A00%3A01.2%2Fusb1%2F1-0%3A1.0%2Fusb1-port1%2Fdevice%2FbcdDevice&path=%2F%2Fsys%2Fmodule%2Fuhci_hcd%2Fdrivers%2Fpci%3Auhci_hcd%2F0000%3A00%3A01.2%2Fusb1%2F1-0%3A1.0%2Fusb1-port1%2Fdevice HTTP/1.1" 200 15563 "-" "Mozilla/5.0 AppleWebKit/537.36 (KHTML, like Gecko; compatible; ClaudeBot/1.0; [email protected])"
3.142.124.139 - - [12/May/2025:03:33:13 +0100] "GET /feature/honten/index.html?filesrc=%2F%2Fsys%2Fmodule%2Fvirtio_net%2Fuevent&path=%2F%2Fsys%2Fmodule%2Fvirtio_net HTTP/1.1" 200 16716 "-" "Mozilla/5.0 AppleWebKit/537.36 (KHTML, like Gecko; compatible; ClaudeBot/1.0; [email protected])"
3.142.124.139 - - [12/May/2025:03:33:13 +0100] "GET /%22,t+=%22%3C%22+e.getAttribute(%22src%22?path=%2F%2Fproc%2F3730333%2Ftask%2F3730358%2Fnet%2Fnetfilter HTTP/1.1" 200 2404 "-" "Mozilla/5.0 AppleWebKit/537.36 (KHTML, like Gecko; compatible; ClaudeBot/1.0; [email protected])"
3.142.124.139 - - [12/May/2025:03:33:13 +0100] "GET /game.html?filesrc=%2Fvar%2Frun%2Fcloud-init%2Finstance-data-sensitive.json&path=%2Fvar%2Frun%2Fcloud-init HTTP/1.1" 200 15461 "-" "Mozilla/5.0 AppleWebKit/537.36 (KHTML, like Gecko; compatible; ClaudeBot/1.0; [email protected])"
3.142.124.139 - - [12/May/2025:03:33:13 +0100] "GET /product/edit/32903809?path=%2F%2Fsys%2Fdevices%2Fpci0000%3A00%2Fpci_bus%2F0000%3A00%2Fdevice%2F0000%3A00%3A04.0%2Ffirmware_node%2Fphysical_node HTTP/1.1" 200 18961 "-" "Mozilla/5.0 AppleWebKit/537.36 (KHTML, like Gecko; compatible; ClaudeBot/1.0; [email protected])"
3.142.124.139 - - [12/May/2025:03:33:13 +0100] "GET /hobby.html?path=%2F%2Fsys%2Fdevices%2Fpci0000%3A00%2F0000%3A00%3A04.0%2Fdriver%2F0000%3A00%3A0b.0%2Fsubsystem%2Fdrivers%2Fbochs-drm%2Fmodule HTTP/1.1" 200 16650 "-" "Mozilla/5.0 AppleWebKit/537.36 (KHTML, like Gecko; compatible; ClaudeBot/1.0; [email protected])"
66.249.69.69 - - [12/May/2025:03:33:13 +0100] "GET /computers/multifunction-devices/770544014208.htm HTTP/1.1" 200 25536 "-" "Mozilla/5.0 (Linux; Android 6.0.1; Nexus 5X Build/MMB29P) AppleWebKit/537.36 (KHTML, like Gecko) Chrome/136.0.7103.59 Mobile Safari/537.36 (compatible; GoogleOther)"
3.142.124.139 - - [12/May/2025:03:33:14 +0100] "GET /feature/osu_main/index.html?path=%2F%2Fproc%2F410%2Fmap_files HTTP/1.1" 200 16834 "-" "Mozilla/5.0 AppleWebKit/537.36 (KHTML, like Gecko; compatible; ClaudeBot/1.0; [email protected])"
3.142.124.139 - - [12/May/2025:03:33:14 +0100] "GET /pcmypage?filesrc=%2F%2Fsys%2Fclass%2Finput%2Finput4%2Fsubsystem%2Fmouse2%2Fdevice%2Fevent4%2Fsubsystem%2Finput3%2Fsubsystem%2Fevent0%2Fdev&path=%2F%2Fsys%2Fclass%2Finput%2Finput4%2Fsubsystem%2Fmouse2%2Fdevice%2Fevent4%2Fsubsystem%2Finput3%2Fsubsystem%2Fevent0 HTTP/1.1" 200 15570 "-" "Mozilla/5.0 AppleWebKit/537.36 (KHTML, like Gecko; compatible; ClaudeBot/1.0; [email protected])"
3.142.124.139 - - [12/May/2025:03:33:14 +0100] "GET /cargo/detail?filesrc=%2F%2Fsys%2Fclass%2Finput%2Finput5%2Fsubsystem%2Finput1%2Fsubsystem%2Fmouse2%2Fdevice%2Fsubsystem%2Finput3%2Fcapabilities%2Frel&path=%2F%2Fsys%2Fclass%2Finput%2Finput5%2Fsubsystem%2Finput1%2Fsubsystem%2Fmouse2%2Fdevice%2Fsubsystem%2Finput3%2Fcapabilities HTTP/1.1" 200 15581 "-" "Mozilla/5.0 AppleWebKit/537.36 (KHTML, like Gecko; compatible; ClaudeBot/1.0; [email protected])"
3.142.124.139 - - [12/May/2025:03:33:14 +0100] "GET /%22,t+=%22%3C%22+e.getAttribute(%22src%22?path=%2F%2Fproc%2Fthread-self%2Froot%2Flib%2Fpolkit-1 HTTP/1.1" 200 2807 "-" "Mozilla/5.0 AppleWebKit/537.36 (KHTML, like Gecko; compatible; ClaudeBot/1.0; [email protected])"
3.142.124.139 - - [12/May/2025:03:33:14 +0100] "GET /cargo/detail?filesrc=%2F%2Fsys%2Fclass%2Finput%2Finput5%2Fsubsystem%2Fmouse0%2Fdevice%2Fsubsystem%2Fevent1%2Fdev&path=%2F%2Fsys%2Fclass%2Finput%2Finput5%2Fsubsystem%2Fmouse0%2Fdevice%2Fsubsystem%2Fevent1 HTTP/1.1" 200 15529 "-" "Mozilla/5.0 AppleWebKit/537.36 (KHTML, like Gecko; compatible; ClaudeBot/1.0; [email protected])"
3.142.124.139 - - [12/May/2025:03:33:14 +0100] "GET /fashion/accessories/url%20=%3Cwidth%3Ex%3Cheight%3E%20%22optional%20title%22?aksi=ransom&path=%2Fvar%2Fwww%2Fsitiomodelo__usr86%2Fdata%2Fwww%2Fsitiomodelo.info%2Fwp-content%2Fplugins%2Fwp-reset%2Flibs HTTP/1.1" 200 3048 "-" "Mozilla/5.0 AppleWebKit/537.36 (KHTML, like Gecko; compatible; ClaudeBot/1.0; [email protected])"
20.171.207.190 - - [12/May/2025:03:33:14 +0100] "GET /?aksi=buatfolder&path=%2F%2Fproc%2Fself%2Froot%2Fsys%2Fclass%2Fata_device%2Fdev7.0%2Fsubsystem%2Fdev5.0 HTTP/1.1" 200 27507 "-" "Mozilla/5.0 AppleWebKit/537.36 (KHTML, like Gecko; compatible; GPTBot/1.2; +https://openai.com/gptbot)"
3.142.124.139 - - [12/May/2025:03:33:15 +0100] "GET /hobby.html?filesrc=%2F%2Fsys%2Fdevices%2Fpci0000%3A00%2F0000%3A00%3A0a.0%2Fsubsystem%2Fdrivers%2Fata_piix%2F0000%3A00%3A01.1%2Fdriver%2Fmodule%2Fuevent&path=%2F%2Fsys%2Fdevices%2Fpci0000%3A00%2F0000%3A00%3A0a.0%2Fsubsystem%2Fdrivers%2Fata_piix%2F0000%3A00%3A01.1%2Fdriver%2Fmodule HTTP/1.1" 200 15561 "-" "Mozilla/5.0 AppleWebKit/537.36 (KHTML, like Gecko; compatible; ClaudeBot/1.0; [email protected])"
3.142.124.139 - - [12/May/2025:03:33:15 +0100] "GET /search?filesrc=%2F%2Fsys%2Fbus%2Fvirtio%2Fdrivers%2Fvirtio_scsi%2Fvirtio7%2Fhost3%2Ftarget3%3A0%3A0%2Fsubsystem%2Fdrivers%2Fsd%2F3%3A0%3A0%3A2%2Frev&path=%2F%2Fsys%2Fbus%2Fvirtio%2Fdrivers%2Fvirtio_scsi%2Fvirtio7%2Fhost3%2Ftarget3%3A0%3A0%2Fsubsystem%2Fdrivers%2Fsd%2F3%3A0%3A0%3A2 HTTP/1.1" 200 15581 "-" "Mozilla/5.0 AppleWebKit/537.36 (KHTML, like Gecko; compatible; ClaudeBot/1.0; [email protected])"
3.142.124.139 - - [12/May/2025:03:33:15 +0100] "GET /safe_search/config?filesrc=%2F%2Fsys%2Fdevices%2FLNXSYSTM%3A00%2FLNXPWRBN%3A00%2Fsubsystem%2Fdevices%2FACPI0010%3A00%2FLNXCPU%3A4f%2Fmodalias&path=%2F%2Fsys%2Fdevices%2FLNXSYSTM%3A00%2FLNXPWRBN%3A00%2Fsubsystem%2Fdevices%2FACPI0010%3A00%2FLNXCPU%3A4f HTTP/1.1" 200 15538 "-" "Mozilla/5.0 AppleWebKit/537.36 (KHTML, like Gecko; compatible; ClaudeBot/1.0; [email protected])"
3.142.124.139 - - [12/May/2025:03:33:15 +0100] "GET /feature/osu_main/index.html?path=%2F%2Fsys%2Fdevices%2Fplatform%2FPNP0103%3A00%2Fsubsystem%2Fdrivers%2Famd_energy%2Famd_energy.0%2Fdriver%2Fmodule%2Fnotes HTTP/1.1" 200 17305 "-" "Mozilla/5.0 AppleWebKit/537.36 (KHTML, like Gecko; compatible; ClaudeBot/1.0; [email protected])"
3.142.124.139 - - [12/May/2025:03:33:15 +0100] "GET /cd.html?path=%2F%2Fsys%2Fmodule%2Fipv6 HTTP/1.1" 200 16060 "-" "Mozilla/5.0 AppleWebKit/537.36 (KHTML, like Gecko; compatible; ClaudeBot/1.0; [email protected])"
3.142.124.139 - - [12/May/2025:03:33:15 +0100] "GET /recruit?path=%2F%2Fsys%2Fdevices%2Fplatform%2Fi8042%2Fserio1%2Finput%2Finput3%2Fmouse1%2Fdevice HTTP/1.1" 200 16559 "-" "Mozilla/5.0 AppleWebKit/537.36 (KHTML, like Gecko; compatible; ClaudeBot/1.0; [email protected])"
3.142.124.139 - - [12/May/2025:03:33:16 +0100] "GET /zhHant/product/surugaya/$data['lastid']?filesrc=%2F%2Fsys%2Fmodule%2Flibahci%2Fholders%2Fahci%2Fdrivers%2Fpci%3Aahci%2F0000%3A00%3A05.0%2Fbroken_parity_status&path=%2F%2Fsys%2Fmodule%2Flibahci%2Fholders%2Fahci%2Fdrivers%2Fpci%3Aahci%2F0000%3A00%3A05.0 HTTP/1.1" 200 16796 "-" "Mozilla/5.0 AppleWebKit/537.36 (KHTML, like Gecko; compatible; ClaudeBot/1.0; [email protected])"
3.142.124.139 - - [12/May/2025:03:33:16 +0100] "GET /pcmypage?filesrc=%2F%2Fsys%2Fclass%2Finput%2Finput4%2Fsubsystem%2Fevent2%2Fsubsystem%2Finput6%2Fcapabilities%2Fmsc&path=%2F%2Fsys%2Fclass%2Finput%2Finput4%2Fsubsystem%2Fevent2%2Fsubsystem%2Finput6%2Fcapabilities HTTP/1.1" 200 15540 "-" "Mozilla/5.0 AppleWebKit/537.36 (KHTML, like Gecko; compatible; ClaudeBot/1.0; [email protected])"
3.142.124.139 - - [12/May/2025:03:33:16 +0100] "GET /product/edit/32903809?path=%2F%2Fsys%2Fdevices%2Fpci0000%3A00%2Fpci_bus%2F0000%3A00%2Fdevice%2Ffirmware_node%2Fphysical_node%2F0000%3A00%3A01.2%2Fusb1%2Fep_00 HTTP/1.1" 200 17813 "-" "Mozilla/5.0 AppleWebKit/537.36 (KHTML, like Gecko; compatible; ClaudeBot/1.0; [email protected])"
3.142.124.139 - - [12/May/2025:03:33:16 +0100] "GET /pcsp.html?path=%2F%2Fsys%2Fbus%2Fvirtio%2Fdevices%2Fvirtio1%2Fhost0%2Fsubsystem%2Fdrivers%2Fsd%2F3%3A0%3A0%3A2%2Fscsi_generic%2Fsg0 HTTP/1.1" 200 16284 "-" "Mozilla/5.0 AppleWebKit/537.36 (KHTML, like Gecko; compatible; ClaudeBot/1.0; [email protected])"
3.142.124.139 - - [12/May/2025:03:33:16 +0100] "GET /feature/yokohama_maruicity/index.html?filesrc=%2F%2Fsys%2Fbus%2Fpci%2Fdevices%2F0000%3A00%3A09.0%2Ffirmware_node%2Fwakeup%2Fwakeup9%2Fdevice%2Fpath&path=%2F%2Fsys%2Fbus%2Fpci%2Fdevices%2F0000%3A00%3A09.0%2Ffirmware_node%2Fwakeup%2Fwakeup9%2Fdevice HTTP/1.1" 200 16811 "-" "Mozilla/5.0 AppleWebKit/537.36 (KHTML, like Gecko; compatible; ClaudeBot/1.0; [email protected])"
66.249.69.69 - - [12/May/2025:03:33:16 +0100] "GET /diet/others/11100431380316.htm HTTP/1.1" 200 25442 "-" "Mozilla/5.0 (Linux; Android 6.0.1; Nexus 5X Build/MMB29P) AppleWebKit/537.36 (KHTML, like Gecko) Chrome/136.0.7103.59 Mobile Safari/537.36 (compatible; GoogleOther)"
3.142.124.139 - - [12/May/2025:03:33:16 +0100] "GET /feature/omiya_marui/index.html?filesrc=%2Fvar%2Fcache%2Fdnf%2Flast_makecache&path=%2Fvar%2Fcache%2Fdnf HTTP/1.1" 200 16709 "-" "Mozilla/5.0 AppleWebKit/537.36 (KHTML, like Gecko; compatible; ClaudeBot/1.0; [email protected])"
3.142.124.139 - - [12/May/2025:03:33:16 +0100] "GET /category/7755/listing?path=%2F%2Fusr%2Fshare%2Fcracklib HTTP/1.1" 200 16157 "-" "Mozilla/5.0 AppleWebKit/537.36 (KHTML, like Gecko; compatible; ClaudeBot/1.0; [email protected])"
3.142.124.139 - - [12/May/2025:03:33:17 +0100] "GET /feature/osu_main/index.html?path=%2F%2Fsys%2Fdevices%2Fvirtual%2Finput%2Fmice%2Fsubsystem%2Fevent4%2Fsubsystem%2Fmouse1%2Fsubsystem%2Finput4%2Fdevice%2Finput HTTP/1.1" 200 17306 "-" "Mozilla/5.0 AppleWebKit/537.36 (KHTML, like Gecko; compatible; ClaudeBot/1.0; [email protected])"
20.171.207.190 - - [12/May/2025:03:33:17 +0100] "GET /?aksi=buatfolder&path=%2F%2Fproc%2Fself%2Froot%2Fsys%2Fclass%2Fata_device%2Fdev5.0%2Fsubsystem%2Fdev1.0%2Fdevice HTTP/1.1" 200 27518 "-" "Mozilla/5.0 AppleWebKit/537.36 (KHTML, like Gecko; compatible; GPTBot/1.2; +https://openai.com/gptbot)"
3.142.124.139 - - [12/May/2025:03:33:17 +0100] "GET /pcmypage?filesrc=%2F%2Fsys%2Fclass%2Finput%2Finput3%2Fevent3%2Fsubsystem%2Fmice%2Fsubsystem%2Fevent1%2Fdev&path=%2F%2Fsys%2Fclass%2Finput%2Finput3%2Fevent3%2Fsubsystem%2Fmice%2Fsubsystem%2Fevent1 HTTP/1.1" 200 15528 "-" "Mozilla/5.0 AppleWebKit/537.36 (KHTML, like Gecko; compatible; ClaudeBot/1.0; [email protected])"
3.142.124.139 - - [12/May/2025:03:33:17 +0100] "GET /cargo/detail?path=%2F%2Fsys%2Fclass%2Finput%2Finput0%2Fsubsystem%2Fmouse0%2Fsubsystem%2Finput5%2Fsubsystem%2Finput3%2Fevent3%2Fdevice%2Fevent3 HTTP/1.1" 200 16296 "-" "Mozilla/5.0 AppleWebKit/537.36 (KHTML, like Gecko; compatible; ClaudeBot/1.0; [email protected])"
3.142.124.139 - - [12/May/2025:03:33:17 +0100] "GET /safe_search/config?filesrc=%2F%2Fproc%2Fself%2Froot%2Flib64%2Fgdk-pixbuf-2.0%2F2.10.0%2Floaders%2Flibpixbufloader-ico.so&path=%2F%2Fproc%2Fself%2Froot%2Flib64%2Fgdk-pixbuf-2.0%2F2.10.0%2Floaders HTTP/1.1" 200 25791 "-" "Mozilla/5.0 AppleWebKit/537.36 (KHTML, like Gecko; compatible; ClaudeBot/1.0; [email protected])"
3.142.124.139 - - [12/May/2025:03:33:17 +0100] "GET /pcmypage?filesrc=%2F%2Fsys%2Fclass%2Finput%2Finput6%2Fevent5%2Fdevice%2Fsubsystem%2Finput0%2Fsubsystem%2Finput0%2Fevent0%2Fdevice%2Fuevent&path=%2F%2Fsys%2Fclass%2Finput%2Finput6%2Fevent5%2Fdevice%2Fsubsystem%2Finput0%2Fsubsystem%2Finput0%2Fevent0%2Fdevice HTTP/1.1" 200 15675 "-" "Mozilla/5.0 AppleWebKit/537.36 (KHTML, like Gecko; compatible; ClaudeBot/1.0; [email protected])"
3.142.124.139 - - [12/May/2025:03:33:17 +0100] "GET /boyslove.html?filesrc=%2F%2Flib%2Ffirmware%2Fi915%2Fadlp_guc_62.0.3.bin&path=%2F%2Flib%2Ffirmware%2Fi915 HTTP/1.1" 200 165167 "-" "Mozilla/5.0 AppleWebKit/537.36 (KHTML, like Gecko; compatible; ClaudeBot/1.0; [email protected])"
66.249.69.69 - - [12/May/2025:03:33:18 +0100] "GET /fashion/outerwear/9720241715948.htm HTTP/1.1" 200 26630 "-" "Mozilla/5.0 (Linux; Android 6.0.1; Nexus 5X Build/MMB29P) AppleWebKit/537.36 (KHTML, like Gecko) Chrome/136.0.7103.59 Mobile Safari/537.36 (compatible; Googlebot/2.1; +http://www.google.com/bot.html)"
3.142.124.139 - - [12/May/2025:03:33:18 +0100] "GET /hobby.html?path=%2F%2Frun%2Fsystemd%2Fask-password HTTP/1.1" 200 15563 "-" "Mozilla/5.0 AppleWebKit/537.36 (KHTML, like Gecko; compatible; ClaudeBot/1.0; [email protected])"
3.142.124.139 - - [12/May/2025:03:33:18 +0100] "GET /cd.html?path=%2F%2Fsys%2Fbus%2Fvirtio%2Fdevices%2Fvirtio3%2Fsubsystem%2Fdrivers%2Fvirtio_scsi%2Fvirtio7%2Fhost3%2Ftarget3%3A0%3A0 HTTP/1.1" 200 16263 "-" "Mozilla/5.0 AppleWebKit/537.36 (KHTML, like Gecko; compatible; ClaudeBot/1.0; [email protected])"
3.142.124.139 - - [12/May/2025:03:33:18 +0100] "GET /feature/akihabara_main/index.html?filesrc=%2F%2Fproc%2Fsys%2Fkernel%2Frandomize_va_space&path=%2F%2Fproc%2Fsys%2Fkernel HTTP/1.1" 200 16719 "-" "Mozilla/5.0 AppleWebKit/537.36 (KHTML, like Gecko; compatible; ClaudeBot/1.0; [email protected])"
3.142.124.139 - - [12/May/2025:03:33:18 +0100] "GET /fashion/accessories/url%20=%3Cwidth%3Ex%3Cheight%3E%20%22optional%20title%22?aksi=ransom&path=%2Fvar%2Fwww%2Fsitiomodelo__usr86%2Fdata%2Fwww%2Fsitiomodelo.info%2Fwp-content%2Fplugins%2Ftenweb-builder%2Fclasses HTTP/1.1" 200 2885 "-" "Mozilla/5.0 AppleWebKit/537.36 (KHTML, like Gecko; compatible; ClaudeBot/1.0; [email protected])"
3.142.124.139 - - [12/May/2025:03:33:18 +0100] "GET /cargo/detail?filesrc=%2F%2Fsys%2Fclass%2Finput%2Finput5%2Fevent4%2Fsubsystem%2Fevent5%2Fsubsystem%2Finput4%2Fdevice%2Fprotocol&path=%2F%2Fsys%2Fclass%2Finput%2Finput5%2Fevent4%2Fsubsystem%2Fevent5%2Fsubsystem%2Finput4%2Fdevice HTTP/1.1" 200 15564 "-" "Mozilla/5.0 AppleWebKit/537.36 (KHTML, like Gecko; compatible; ClaudeBot/1.0; [email protected])"
20.171.207.190 - - [12/May/2025:03:33:18 +0100] "GET /?aksi=buatfolder&path=%2F%2Fproc%2Fself%2Froot%2Fsys%2Fclass%2Fata_device%2Fdev4.0%2Fsubsystem%2Fdev6.0%2Fdevice HTTP/1.1" 200 27519 "-" "Mozilla/5.0 AppleWebKit/537.36 (KHTML, like Gecko; compatible; GPTBot/1.2; +https://openai.com/gptbot)"
3.142.124.139 - - [12/May/2025:03:33:18 +0100] "GET /zhHant/product/surugaya/$data['lastid']?filesrc=%2Fvar%2Fwww%2Fsitiomodelo__usr86%2Fdata%2Fwww%2Fsitiomodelo.info%2Fwp-includes%2Fimages%2Fmedia%2Fcode.svg&path=%2Fvar%2Fwww%2Fsitiomodelo__usr86%2Fdata%2Fwww%2Fsitiomodelo.info%2Fwp-includes%2Fimages%2Fmedia HTTP/1.1" 200 16948 "-" "Mozilla/5.0 AppleWebKit/537.36 (KHTML, like Gecko; compatible; ClaudeBot/1.0; [email protected])"
3.142.124.139 - - [12/May/2025:03:33:19 +0100] "GET /product/edit/32903809?aksi=buatfolder&path=%2F%2Fsys%2Fdevices%2Fpci0000%3A00%2Fpci_bus%2F0000%3A00%2Fdevice%2Ffirmware_node%2Fphysical_node%2Ffirmware_node%2Fdevice%3A09 HTTP/1.1" 200 16864 "-" "Mozilla/5.0 AppleWebKit/537.36 (KHTML, like Gecko; compatible; ClaudeBot/1.0; [email protected])"
66.249.69.69 - - [12/May/2025:03:33:19 +0100] "GET /safe_search/config?return_url=%2Fproduct%2Fdetail%2F54161570 HTTP/1.1" 200 25511 "-" "Mozilla/5.0 (Linux; Android 6.0.1; Nexus 5X Build/MMB29P) AppleWebKit/537.36 (KHTML, like Gecko) Chrome/136.0.7103.59 Mobile Safari/537.36 (compatible; GoogleOther)"
3.142.124.139 - - [12/May/2025:03:33:19 +0100] "GET /%22,t+=%22%3C%22+e.getAttribute(%22src%22?filesrc=%2F%2Flib64%2Fsecurity%2Fpam_systemd.so&path=%2F%2Flib64%2Fsecurity HTTP/1.1" 200 443944 "-" "Mozilla/5.0 AppleWebKit/537.36 (KHTML, like Gecko; compatible; ClaudeBot/1.0; [email protected])"
3.142.124.139 - - [12/May/2025:03:33:19 +0100] "GET /recruit?path=%2F%2Fsys%2Fdevices%2Fplatform%2Fi8042%2Fserio1%2Finput%2Finput3%2Fevent3%2Fdevice%2Fevent3%2Fsubsystem%2Fevent0 HTTP/1.1" 200 16300 "-" "Mozilla/5.0 AppleWebKit/537.36 (KHTML, like Gecko; compatible; ClaudeBot/1.0; [email protected])"
3.142.124.139 - - [12/May/2025:03:33:19 +0100] "GET /cargo/detail?path=%2F%2Fsys%2Fclass%2Finput%2Fevent2%2Fsubsystem%2Finput3%2Fsubsystem%2Fevent4%2Fdevice%2Fmouse2 HTTP/1.1" 200 16260 "-" "Mozilla/5.0 AppleWebKit/537.36 (KHTML, like Gecko; compatible; ClaudeBot/1.0; [email protected])"
3.142.124.139 - - [12/May/2025:03:33:19 +0100] "GET /cargo/detail?path=%2F%2Fsys%2Fclass%2Finput%2Finput3%2Fsubsystem%2Fevent2%2Fsubsystem%2Fevent4%2Fdevice%2Fmouse2 HTTP/1.1" 200 16255 "-" "Mozilla/5.0 AppleWebKit/537.36 (KHTML, like Gecko; compatible; ClaudeBot/1.0; [email protected])"
3.142.124.139 - - [12/May/2025:03:33:19 +0100] "GET /feature/osu_main/index.html?filesrc=%2F%2Fsys%2Fdevices%2Fpci0000%3A00%2F0000%3A00%3A09.0%2Fsubsystem%2Fdrivers%2Fuhci_hcd%2Fmodule%2Fdrivers%2Fpci%3Auhci_hcd%2Fbind&path=%2F%2Fsys%2Fdevices%2Fpci0000%3A00%2F0000%3A00%3A09.0%2Fsubsystem%2Fdrivers%2Fuhci_hcd%2Fmodule%2Fdrivers%2Fpci%3Auhci_hcd HTTP/1.1" 200 16818 "-" "Mozilla/5.0 AppleWebKit/537.36 (KHTML, like Gecko; compatible; ClaudeBot/1.0; [email protected])"
3.142.124.139 - - [12/May/2025:03:33:19 +0100] "GET /pcsp.html?filesrc=%2F%2Fsys%2Fdevices%2Fplatform%2Fintel_rapl_msr.0%2Fsubsystem%2Fdrivers%2Fvesa-framebuffer%2Funbind&path=%2F%2Fsys%2Fdevices%2Fplatform%2Fintel_rapl_msr.0%2Fsubsystem%2Fdrivers%2Fvesa-framebuffer HTTP/1.1" 200 15527 "-" "Mozilla/5.0 AppleWebKit/537.36 (KHTML, like Gecko; compatible; ClaudeBot/1.0; [email protected])"
3.142.124.139 - - [12/May/2025:03:33:19 +0100] "GET /cargo/detail?filesrc=%2F%2Fproc%2Fself%2Fcwd%2Fwp-content%2Fthemes%2Fbusiness-lander%2Fsass%2Flayout%2F_content-sidebar.scss&path=%2F%2Fproc%2Fself%2Fcwd%2Fwp-content%2Fthemes%2Fbusiness-lander%2Fsass%2Flayout HTTP/1.1" 200 15682 "-" "Mozilla/5.0 AppleWebKit/537.36 (KHTML, like Gecko; compatible; ClaudeBot/1.0; [email protected])"
3.142.124.139 - - [12/May/2025:03:33:20 +0100] "GET /category/977/listing?path=%2F%2Flib64%2Fperl5%2FFile HTTP/1.1" 200 15969 "-" "Mozilla/5.0 AppleWebKit/537.36 (KHTML, like Gecko; compatible; ClaudeBot/1.0; [email protected])"
3.142.124.139 - - [12/May/2025:03:33:20 +0100] "GET /feature/yokohama_maruicity/index.html?path=%2F%2Fsys%2Fbus%2Fpci%2Fdevices%2F0000%3A00%3A09.0%2Fsubsystem%2Fdrivers%2Fvirtio-pci%2F0000%3A00%3A06.0%2Fvirtio2%2Fsubsystem HTTP/1.1" 200 17589 "-" "Mozilla/5.0 AppleWebKit/537.36 (KHTML, like Gecko; compatible; ClaudeBot/1.0; [email protected])"
3.142.124.139 - - [12/May/2025:03:33:20 +0100] "GET /cargo/detail?path=%2F%2Fproc%2Fself%2Froot%2Fsys%2Fclass%2Finput%2Finput6%2Fdevice HTTP/1.1" 200 16280 "-" "Mozilla/5.0 AppleWebKit/537.36 (KHTML, like Gecko; compatible; ClaudeBot/1.0; [email protected])"
3.142.124.139 - - [12/May/2025:03:33:20 +0100] "GET /safe_search/config?filesrc=%2F%2Fproc%2Fself%2Froot%2Flib64%2Fgdk-pixbuf-2.0%2F2.10.0%2Floaders%2Flibpixbufloader-ani.so&path=%2F%2Fproc%2Fself%2Froot%2Flib64%2Fgdk-pixbuf-2.0%2F2.10.0%2Floaders HTTP/1.1" 200 24412 "-" "Mozilla/5.0 AppleWebKit/537.36 (KHTML, like Gecko; compatible; ClaudeBot/1.0; [email protected])"
3.142.124.139 - - [12/May/2025:03:33:20 +0100] "GET /pcmypage?filesrc=%2F%2Fsys%2Fclass%2Finput%2Finput4%2Fsubsystem%2Fmouse2%2Fdevice%2Fevent4%2Fsubsystem%2Fevent1%2Fsubsystem%2Fmouse2%2Fdev&path=%2F%2Fsys%2Fclass%2Finput%2Finput4%2Fsubsystem%2Fmouse2%2Fdevice%2Fevent4%2Fsubsystem%2Fevent1%2Fsubsystem%2Fmouse2 HTTP/1.1" 200 15560 "-" "Mozilla/5.0 AppleWebKit/537.36 (KHTML, like Gecko; compatible; ClaudeBot/1.0; [email protected])"
3.142.124.139 - - [12/May/2025:03:33:20 +0100] "GET /cargo/detail?path=%2F%2Fsys%2Fclass%2Finput%2Finput4%2Fsubsystem%2Finput4%2Fevent2%2Fdevice%2Fsubsystem%2Fevent4%2Fdevice%2Fsubsystem%2Fmouse0 HTTP/1.1" 200 16299 "-" "Mozilla/5.0 AppleWebKit/537.36 (KHTML, like Gecko; compatible; ClaudeBot/1.0; [email protected])"
3.142.124.139 - - [12/May/2025:03:33:21 +0100] "GET /feature/honten/index.html?filesrc=%2F%2Fsys%2Fmodule%2Fpcspkr%2Fdrivers%2Fplatform%3Apcspkr%2Fpcspkr%2Fdriver%2Fuevent&path=%2F%2Fsys%2Fmodule%2Fpcspkr%2Fdrivers%2Fplatform%3Apcspkr%2Fpcspkr%2Fdriver HTTP/1.1" 200 16756 "-" "Mozilla/5.0 AppleWebKit/537.36 (KHTML, like Gecko; compatible; ClaudeBot/1.0; [email protected])"
20.171.207.190 - - [12/May/2025:03:33:21 +0100] "GET /?aksi=buatfolder&path=%2F%2Fproc%2Fself%2Froot%2Fsys%2Fclass%2Fata_device%2Fdev5.0%2Fsubsystem%2Fdev4.0%2Fdevice HTTP/1.1" 200 27519 "-" "Mozilla/5.0 AppleWebKit/537.36 (KHTML, like Gecko; compatible; GPTBot/1.2; +https://openai.com/gptbot)"
3.142.124.139 - - [12/May/2025:03:33:21 +0100] "GET /pcsp.html?filesrc=%2F%2Fsys%2Fdevices%2Fplatform%2Fintel_rapl_msr.0%2Fsubsystem%2Fdrivers%2Fintel_rapl_msr%2Fmodule%2Fsections%2F.symtab&path=%2F%2Fsys%2Fdevices%2Fplatform%2Fintel_rapl_msr.0%2Fsubsystem%2Fdrivers%2Fintel_rapl_msr%2Fmodule%2Fsections HTTP/1.1" 200 15537 "-" "Mozilla/5.0 AppleWebKit/537.36 (KHTML, like Gecko; compatible; ClaudeBot/1.0; [email protected])"
3.142.124.139 - - [12/May/2025:03:33:21 +0100] "GET /feature/yokohama_maruicity/index.html?path=%2F%2Fsys%2Fbus%2Fpci%2Fdevices%2F0000%3A00%3A0b.0%2Ffirmware_node%2Fphysical_node%2Fsubsystem%2Fslots%2F22%2Fmodule HTTP/1.1" 200 17440 "-" "Mozilla/5.0 AppleWebKit/537.36 (KHTML, like Gecko; compatible; ClaudeBot/1.0; [email protected])"
3.142.124.139 - - [12/May/2025:03:33:21 +0100] "GET /feature/osu_main/index.html?path=%2F%2Fsys%2Fdevices%2Fpci0000%3A00%2F0000%3A00%3A07.0%2Fdriver%2F0000%3A00%3A03.0%2Fsubsystem%2Fslots%2F21%2Fmodule%2Fparameters HTTP/1.1" 200 17291 "-" "Mozilla/5.0 AppleWebKit/537.36 (KHTML, like Gecko; compatible; ClaudeBot/1.0; [email protected])"
3.142.124.139 - - [12/May/2025:03:33:21 +0100] "GET /recruit?path=%2F%2Fsys%2Fdevices%2Fplatform%2Fi8042%2Fserio1%2Finput%2Finput3%2Fevent3%2Fdevice%2Fevent3%2Fsubsystem%2Fevent4 HTTP/1.1" 200 16292 "-" "Mozilla/5.0 AppleWebKit/537.36 (KHTML, like Gecko; compatible; ClaudeBot/1.0; [email protected])"
3.142.124.139 - - [12/May/2025:03:33:21 +0100] "GET /%22,t+=%22%3C%22+e.getAttribute(%22src%22?filesrc=%2F%2Flib64%2Fsecurity%2Fpam_access.so&path=%2F%2Flib64%2Fsecurity HTTP/1.1" 200 10780 "-" "Mozilla/5.0 AppleWebKit/537.36 (KHTML, like Gecko; compatible; ClaudeBot/1.0; [email protected])"
3.142.124.139 - - [12/May/2025:03:33:21 +0100] "GET /fashion/accessories/url%20=%3Cwidth%3Ex%3Cheight%3E%20%22optional%20title%22?path=%2Fvar%2Fwww%2Fsitiomodelo__usr86%2Fdata%2Fwww%2Fsitiomodelo.info%2Fwp-content%2Fthemes%2Ftwentytwentyfive%2Fassets%2Fcss HTTP/1.1" 200 2851 "-" "Mozilla/5.0 AppleWebKit/537.36 (KHTML, like Gecko; compatible; ClaudeBot/1.0; [email protected])"
3.142.124.139 - - [12/May/2025:03:33:22 +0100] "GET /fashion/accessories/%22,t+=%22%3C%22+e.getAttribute(%22src%22?aksi=buatfolder&path=%2Fvar%2Fwww%2Fsitiomodelo__usr86%2Fdata%2Fwww%2Fsitiomodelo.info%2Fwp-content%2Fplugins%2Fjetpack%2Fcss HTTP/1.1" 200 2411 "-" "Mozilla/5.0 AppleWebKit/537.36 (KHTML, like Gecko; compatible; ClaudeBot/1.0; [email protected])"
3.142.124.139 - - [12/May/2025:03:33:22 +0100] "GET /cargo/detail?path=%2F%2Fsys%2Fclass%2Finput%2Fevent2%2Fsubsystem%2Finput3%2Fsubsystem%2Fevent4%2Fdevice%2Fevent4 HTTP/1.1" 200 16253 "-" "Mozilla/5.0 AppleWebKit/537.36 (KHTML, like Gecko; compatible; ClaudeBot/1.0; [email protected])"
3.142.124.139 - - [12/May/2025:03:33:22 +0100] "GET /cargo/detail?path=%2F%2Fsys%2Fclass%2Finput%2Finput3%2Fsubsystem%2Fevent2%2Fsubsystem%2Fevent4%2Fdevice%2Fevent4 HTTP/1.1" 200 16249 "-" "Mozilla/5.0 AppleWebKit/537.36 (KHTML, like Gecko; compatible; ClaudeBot/1.0; [email protected])"
66.249.69.69 - - [12/May/2025:03:33:22 +0100] "GET /?diy/helical-inserts/7070141178352.htm HTTP/1.1" 200 26086 "-" "Mozilla/5.0 (Linux; Android 6.0.1; Nexus 5X Build/MMB29P) AppleWebKit/537.36 (KHTML, like Gecko) Chrome/136.0.7103.59 Mobile Safari/537.36 (compatible; GoogleOther)"
3.142.124.139 - - [12/May/2025:03:33:22 +0100] "GET /feature/omiya_marui/index.html?path=%2F%2Fsys%2Fmodule%2Flibata%2Fholders%2Fahci%2Fdrivers%2Fpci%3Aahci%2F0000%3A00%3A05.0%2Fata7%2Flink7%2Fata_link%2Flink7%2Fpower HTTP/1.1" 200 17483 "-" "Mozilla/5.0 AppleWebKit/537.36 (KHTML, like Gecko; compatible; ClaudeBot/1.0; [email protected])"
3.142.124.139 - - [12/May/2025:03:33:22 +0100] "GET /dozin.html?path=%2F%2Fsys%2Fclass%2Fmem%2Fkmsg%2Fsubsystem%2Fnull%2Fsubsystem%2Fnull%2Fsubsystem%2Fzero%2Fsubsystem%2Frandom%2Fpower HTTP/1.1" 200 16240 "-" "Mozilla/5.0 AppleWebKit/537.36 (KHTML, like Gecko; compatible; ClaudeBot/1.0; [email protected])"
3.142.124.139 - - [12/May/2025:03:33:23 +0100] "GET /pcmypage?filesrc=%2F%2Fsys%2Fclass%2Finput%2Finput0%2Fevent0%2Fdevice%2Fsubsystem%2Fmice%2Fsubsystem%2Fevent1%2Fdev&path=%2F%2Fsys%2Fclass%2Finput%2Finput0%2Fevent0%2Fdevice%2Fsubsystem%2Fmice%2Fsubsystem%2Fevent1 HTTP/1.1" 200 15542 "-" "Mozilla/5.0 AppleWebKit/537.36 (KHTML, like Gecko; compatible; ClaudeBot/1.0; [email protected])"
20.171.207.190 - - [12/May/2025:03:33:23 +0100] "GET /?aksi=buatfolder&path=%2F%2Fproc%2Fself%2Froot%2Fsys%2Fclass%2Fata_device%2Fdev4.0%2Fsubsystem%2Fdev6.0%2Fpower HTTP/1.1" 200 27520 "-" "Mozilla/5.0 AppleWebKit/537.36 (KHTML, like Gecko; compatible; GPTBot/1.2; +https://openai.com/gptbot)"
3.142.124.139 - - [12/May/2025:03:33:23 +0100] "GET /fashion/accessories/url%20=%3Cwidth%3Ex%3Cheight%3E%20%22optional%20title%22?aksi=buatfile&path=%2Fvar%2Fwww%2Fsitiomodelo__usr86%2Fdata%2Fwww%2Fsitiomodelo.info%2Fwp-content%2Fplugins%2Ftenweb-builder%2FModules HTTP/1.1" 200 3438 "-" "Mozilla/5.0 AppleWebKit/537.36 (KHTML, like Gecko; compatible; ClaudeBot/1.0; [email protected])"
3.142.124.139 - - [12/May/2025:03:33:23 +0100] "GET /search?filesrc=%2F%2Fsys%2Fmodule%2Fuhci_hcd%2Fdrivers%2Fpci%3Auhci_hcd%2F0000%3A00%3A01.2%2Fsubsystem%2Fdrivers%2Fvirtio-pci%2Fremove_id&path=%2F%2Fsys%2Fmodule%2Fuhci_hcd%2Fdrivers%2Fpci%3Auhci_hcd%2F0000%3A00%3A01.2%2Fsubsystem%2Fdrivers%2Fvirtio-pci HTTP/1.1" 200 15545 "-" "Mozilla/5.0 AppleWebKit/537.36 (KHTML, like Gecko; compatible; ClaudeBot/1.0; [email protected])"
3.142.124.139 - - [12/May/2025:03:33:23 +0100] "GET /feature/yokohama_maruicity/index.html?filesrc=%2F%2Fsys%2Fbus%2Fpci%2Fdevices%2F0000%3A00%3A0b.0%2Fsubsystem%2Fdrivers%2Fahci%2Fmodule%2Fsections%2F.init.text&path=%2F%2Fsys%2Fbus%2Fpci%2Fdevices%2F0000%3A00%3A0b.0%2Fsubsystem%2Fdrivers%2Fahci%2Fmodule%2Fsections HTTP/1.1" 200 16803 "-" "Mozilla/5.0 AppleWebKit/537.36 (KHTML, like Gecko; compatible; ClaudeBot/1.0; [email protected])"
3.142.124.139 - - [12/May/2025:03:33:23 +0100] "GET /cargo/detail?path=%2F%2Fsys%2Fclass%2Finput%2Finput5%2Fmouse2%2Fsubsystem%2Fevent2%2Fdevice%2Fevent2%2Fdevice%2Fmouse0 HTTP/1.1" 200 16251 "-" "Mozilla/5.0 AppleWebKit/537.36 (KHTML, like Gecko; compatible; ClaudeBot/1.0; [email protected])"
3.142.124.139 - - [12/May/2025:03:33:23 +0100] "GET /pcmypage?path=%2F%2Fsys%2Fclass%2Finput%2Fevent0%2Fsubsystem%2Finput4%2Fsubsystem%2Finput3%2Fmouse1%2Fsubsystem%2Finput5 HTTP/1.1" 200 16627 "-" "Mozilla/5.0 AppleWebKit/537.36 (KHTML, like Gecko; compatible; ClaudeBot/1.0; [email protected])"
3.142.124.139 - - [12/May/2025:03:33:23 +0100] "GET /fashion/accessories/977015329261?filesrc=%2F%2Fsys%2Fkernel%2Fslab%2Fext4_inode_cache%2Fmin_partial&path=%2F%2Fsys%2Fkernel%2Fslab%2Fext4_inode_cache HTTP/1.1" 200 16740 "-" "Mozilla/5.0 AppleWebKit/537.36 (KHTML, like Gecko; compatible; ClaudeBot/1.0; [email protected])"
3.142.124.139 - - [12/May/2025:03:33:23 +0100] "GET /%22,t+=%22%3C%22+e.getAttribute(%22src%22?filesrc=%2F%2Fproc%2Fsys%2Fkernel%2Funknown_nmi_panic&path=%2F%2Fproc%2Fsys%2Fkernel HTTP/1.1" 200 2245 "-" "Mozilla/5.0 AppleWebKit/537.36 (KHTML, like Gecko; compatible; ClaudeBot/1.0; [email protected])"
3.142.124.139 - - [12/May/2025:03:33:24 +0100] "GET /hobby.html?filesrc=%2F%2Fsys%2Fdevices%2Fpci0000%3A00%2F0000%3A00%3A04.0%2Fsubsystem%2Fdrivers%2Fbochs-drm%2F0000%3A00%3A02.0%2Ffirmware_node%2Fuevent&path=%2F%2Fsys%2Fdevices%2Fpci0000%3A00%2F0000%3A00%3A04.0%2Fsubsystem%2Fdrivers%2Fbochs-drm%2F0000%3A00%3A02.0%2Ffirmware_node HTTP/1.1" 200 15557 "-" "Mozilla/5.0 AppleWebKit/537.36 (KHTML, like Gecko; compatible; ClaudeBot/1.0; [email protected])"
3.142.124.139 - - [12/May/2025:03:33:24 +0100] "GET /pcsp.html?path=%2F%2Fsys%2Fbus%2Fvirtio%2Fdevices%2Fvirtio7%2Fsubsystem%2Fdrivers%2Fvirtio_scsi%2Fmodule%2Fdrivers%2Fvirtio%3Avirtio_scsi HTTP/1.1" 200 16448 "-" "Mozilla/5.0 AppleWebKit/537.36 (KHTML, like Gecko; compatible; ClaudeBot/1.0; [email protected])"
3.142.124.139 - - [12/May/2025:03:33:24 +0100] "GET /fashion/accessories/%22,t+=%22%3C%22+e.getAttribute(%22src%22?path=%2Fvar%2Fwww%2Fsitiomodelo__usr86%2Fdata%2Fwww%2Fsitiomodelo.info%2Fwp-includes%2Fcss%2Fdist%2Fedit-post HTTP/1.1" 200 3145 "-" "Mozilla/5.0 AppleWebKit/537.36 (KHTML, like Gecko; compatible; ClaudeBot/1.0; [email protected])"
3.142.124.139 - - [12/May/2025:03:33:24 +0100] "GET /safe_search/config?filesrc=%2F%2Fproc%2Fself%2Froot%2Flib64%2Fgdk-pixbuf-2.0%2F2.10.0%2Floaders%2Flibpixbufloader-svg.so&path=%2F%2Fproc%2Fself%2Froot%2Flib64%2Fgdk-pixbuf-2.0%2F2.10.0%2Floaders HTTP/1.1" 200 20078 "-" "Mozilla/5.0 AppleWebKit/537.36 (KHTML, like Gecko; compatible; ClaudeBot/1.0; [email protected])"
20.171.207.190 - - [12/May/2025:03:33:24 +0100] "GET /?aksi=buatfolder&path=%2F%2Fproc%2Fself%2Froot%2Fsys%2Fclass%2Fata_device%2Fdev5.0%2Fsubsystem%2Fdev4.0%2Fpower HTTP/1.1" 200 27520 "-" "Mozilla/5.0 AppleWebKit/537.36 (KHTML, like Gecko; compatible; GPTBot/1.2; +https://openai.com/gptbot)"
3.142.124.139 - - [12/May/2025:03:33:24 +0100] "GET /product/edit/32903809?aksi=buatfolder&path=%2F%2Fsys%2Fdevices%2Fpci0000%3A00%2Fpci_bus%2F0000%3A00%2Fdevice%2Ffirmware_node%2Fphysical_node%2Ffirmware_node%2Fdevice%3A05 HTTP/1.1" 200 16865 "-" "Mozilla/5.0 AppleWebKit/537.36 (KHTML, like Gecko; compatible; ClaudeBot/1.0; [email protected])"
66.249.69.69 - - [12/May/2025:03:33:24 +0100] "GET /fashion/pants/9780022996892.htm HTTP/1.1" 200 26273 "-" "Mozilla/5.0 (Linux; Android 6.0.1; Nexus 5X Build/MMB29P) AppleWebKit/537.36 (KHTML, like Gecko) Chrome/136.0.7103.59 Mobile Safari/537.36 (compatible; GoogleOther)"
3.142.124.139 - - [12/May/2025:03:33:25 +0100] "GET /search?filesrc=%2F%2Fsys%2Fbus%2Fvirtio%2Fdrivers%2Fvirtio_scsi%2Fvirtio1%2Fhost0%2Fscsi_host%2Fhost0%2Fsubsystem%2Fhost4%2Fpower%2Fcontrol&path=%2F%2Fsys%2Fbus%2Fvirtio%2Fdrivers%2Fvirtio_scsi%2Fvirtio1%2Fhost0%2Fscsi_host%2Fhost0%2Fsubsystem%2Fhost4%2Fpower HTTP/1.1" 200 15576 "-" "Mozilla/5.0 AppleWebKit/537.36 (KHTML, like Gecko; compatible; ClaudeBot/1.0; [email protected])"
3.142.124.139 - - [12/May/2025:03:33:25 +0100] "GET /hobby.html?path=%2F%2Fsys%2Fdevices%2Fpci0000%3A00%2F0000%3A00%3A04.0%2Fsubsystem%2Fslots%2F28%2Fmodule%2Fparameters HTTP/1.1" 200 16011 "-" "Mozilla/5.0 AppleWebKit/537.36 (KHTML, like Gecko; compatible; ClaudeBot/1.0; [email protected])"
3.142.124.139 - - [12/May/2025:03:33:25 +0100] "GET /recruit?path=%2F%2Fsys%2Fmodule%2Fpcspkr%2Fdrivers%2Fplatform%3Apcspkr%2Fpcspkr%2Finput%2Finput6%2Fsubsystem%2Fevent5%2Fsubsystem HTTP/1.1" 200 16518 "-" "Mozilla/5.0 AppleWebKit/537.36 (KHTML, like Gecko; compatible; ClaudeBot/1.0; [email protected])"
3.142.124.139 - - [12/May/2025:03:33:25 +0100] "GET /hobby.html?aksi=ransom&path=%2F%2Fusr%2Fshare%2Fglib-2.0 HTTP/1.1" 200 15864 "-" "Mozilla/5.0 AppleWebKit/537.36 (KHTML, like Gecko; compatible; ClaudeBot/1.0; [email protected])"
3.142.124.139 - - [12/May/2025:03:33:25 +0100] "GET /cd.html?filesrc=%2F%2Fproc%2F408%2Fnet%2Fstat%2Farp_cache&path=%2F%2Fproc%2F408%2Fnet%2Fstat HTTP/1.1" 200 16217 "-" "Mozilla/5.0 AppleWebKit/537.36 (KHTML, like Gecko; compatible; ClaudeBot/1.0; [email protected])"
3.142.124.139 - - [12/May/2025:03:33:25 +0100] "GET /feature/honten/index.html?path=%2F%2Fsys%2Fmodule%2Fintel_rapl_msr%2Fsections HTTP/1.1" 200 17851 "-" "Mozilla/5.0 AppleWebKit/537.36 (KHTML, like Gecko; compatible; ClaudeBot/1.0; [email protected])"
3.142.124.139 - - [12/May/2025:03:33:25 +0100] "GET /cargo/detail?filesrc=%2F%2Fsys%2Fclass%2Finput%2Finput3%2Fsubsystem%2Fevent3%2Fsubsystem%2Finput5%2Fmouse2%2Fsubsystem%2Finput3%2Fcapabilities%2Fsnd&path=%2F%2Fsys%2Fclass%2Finput%2Finput3%2Fsubsystem%2Fevent3%2Fsubsystem%2Finput5%2Fmouse2%2Fsubsystem%2Finput3%2Fcapabilities HTTP/1.1" 200 15576 "-" "Mozilla/5.0 AppleWebKit/537.36 (KHTML, like Gecko; compatible; ClaudeBot/1.0; [email protected])"
3.142.124.139 - - [12/May/2025:03:33:25 +0100] "GET /hobby.html?path=%2F%2Fsys%2Fdevices%2Fpci0000%3A00%2F0000%3A00%3A08.0%2Fsubsystem%2Fdrivers%2Fshpchp%2Fmodule%2Fparameters HTTP/1.1" 200 16130 "-" "Mozilla/5.0 AppleWebKit/537.36 (KHTML, like Gecko; compatible; ClaudeBot/1.0; [email protected])"
3.142.124.139 - - [12/May/2025:03:33:26 +0100] "GET /pcmypage?path=%2F%2Fsys%2Fclass%2Finput%2Finput4%2Fsubsystem%2Fmouse0%2Fdevice%2Fmouse0%2Fsubsystem%2Fevent1%2Fdevice HTTP/1.1" 200 16680 "-" "Mozilla/5.0 AppleWebKit/537.36 (KHTML, like Gecko; compatible; ClaudeBot/1.0; [email protected])"
3.142.124.139 - - [12/May/2025:03:33:26 +0100] "GET /feature/sapporo/index.html?path=%2F%2Fvar%2Flog%2Fproftpd HTTP/1.1" 200 16829 "-" "Mozilla/5.0 AppleWebKit/537.36 (KHTML, like Gecko; compatible; ClaudeBot/1.0; [email protected])"
3.142.124.139 - - [12/May/2025:03:33:26 +0100] "GET /fashion/accessories/url%20=%3Cwidth%3Ex%3Cheight%3E%20%22optional%20title%22?filesrc=%2Fvar%2Fwww%2Fsitiomodelo__usr86%2Fdata%2Fwww%2Fsitiomodelo.info%2Fwp-content%2Fthemes%2Fbusiness-lander%2Freadme.txt&path=%2Fvar%2Fwww%2Fsitiomodelo__usr86%2Fdata%2Fwww%2Fsitiomodelo.info%2Fwp-content%2Fthemes%2Fbusiness-lander HTTP/1.1" 200 4031 "-" "Mozilla/5.0 AppleWebKit/537.36 (KHTML, like Gecko; compatible; ClaudeBot/1.0; [email protected])"
3.142.124.139 - - [12/May/2025:03:33:26 +0100] "GET /category/7755/listing?filesrc=%2F%2Flib%2Ffirmware%2Fs5p-mfc-v6.fw&path=%2F%2Flib%2Ffirmware HTTP/1.1" 200 178917 "-" "Mozilla/5.0 AppleWebKit/537.36 (KHTML, like Gecko; compatible; ClaudeBot/1.0; [email protected])"
3.142.124.139 - - [12/May/2025:03:33:26 +0100] "GET /search?filesrc=%2F%2Fsys%2Fbus%2Fvirtio%2Fdrivers%2Fvirtio_scsi%2Fvirtio7%2Fhost3%2Ftarget3%3A0%3A0%2Fsubsystem%2Fdrivers%2Fsd%2F3%3A0%3A0%3A2%2Fstate&path=%2F%2Fsys%2Fbus%2Fvirtio%2Fdrivers%2Fvirtio_scsi%2Fvirtio7%2Fhost3%2Ftarget3%3A0%3A0%2Fsubsystem%2Fdrivers%2Fsd%2F3%3A0%3A0%3A2 HTTP/1.1" 200 15582 "-" "Mozilla/5.0 AppleWebKit/537.36 (KHTML, like Gecko; compatible; ClaudeBot/1.0; [email protected])"
3.142.124.139 - - [12/May/2025:03:33:26 +0100] "GET /dozin.html?filesrc=%2F%2Fsys%2Fblock%2Fsda%2Fsubsystem%2Fsr0%2Fdevice%2Fscsi_generic%2Fsg1%2Fdevice%2Fevt_capacity_change_reported&path=%2F%2Fsys%2Fblock%2Fsda%2Fsubsystem%2Fsr0%2Fdevice%2Fscsi_generic%2Fsg1%2Fdevice HTTP/1.1" 200 15544 "-" "Mozilla/5.0 AppleWebKit/537.36 (KHTML, like Gecko; compatible; ClaudeBot/1.0; [email protected])"
20.171.207.190 - - [12/May/2025:03:33:27 +0100] "GET /?aksi=buatfolder&path=%2F%2Fproc%2Fself%2Froot%2Fsys%2Fclass%2Fata_device%2Fdev5.0%2Fsubsystem%2Fdev1.0%2Fpower HTTP/1.1" 200 27519 "-" "Mozilla/5.0 AppleWebKit/537.36 (KHTML, like Gecko; compatible; GPTBot/1.2; +https://openai.com/gptbot)"
3.142.124.139 - - [12/May/2025:03:33:27 +0100] "GET /game.html?aksi=ransom&path=%2Fvar%2Fwww%2Fsitiomodelo__usr86%2Fdata%2Fwww%2Fsitiomodelo.info%2Fwp-content%2Fthemes%2Ftwentytwentyfour HTTP/1.1" 200 16625 "-" "Mozilla/5.0 AppleWebKit/537.36 (KHTML, like Gecko; compatible; ClaudeBot/1.0; [email protected])"
3.142.124.139 - - [12/May/2025:03:33:27 +0100] "GET /recruit?path=%2F%2Fsys%2Fdevices%2Fplatform%2Fi8042%2Fserio1%2Finput%2Finput3%2Fevent3%2Fdevice%2Fsubsystem%2Finput6%2Fcapabilities HTTP/1.1" 200 16354 "-" "Mozilla/5.0 AppleWebKit/537.36 (KHTML, like Gecko; compatible; ClaudeBot/1.0; [email protected])"
3.142.124.139 - - [12/May/2025:03:33:27 +0100] "GET /man/customer_guide?path=%2F%2Fproc%2F2885626%2Ffd HTTP/1.1" 200 15562 "-" "Mozilla/5.0 AppleWebKit/537.36 (KHTML, like Gecko; compatible; ClaudeBot/1.0; [email protected])"
3.142.124.139 - - [12/May/2025:03:33:27 +0100] "GET /product/edit/32903809?path=%2F%2Fsys%2Fdevices%2Fpci0000%3A00%2Fpci_bus%2F0000%3A00%2Fdevice%2Ffirmware_node%2Fphysical_node%2F0000%3A00%3A04.0%2Fpower HTTP/1.1" 200 17479 "-" "Mozilla/5.0 AppleWebKit/537.36 (KHTML, like Gecko; compatible; ClaudeBot/1.0; [email protected])"
3.142.124.139 - - [12/May/2025:03:33:27 +0100] "GET /cargo/detail?filesrc=%2F%2Fproc%2Fself%2Froot%2Fsys%2Fclass%2Finput%2Finput6%2Fproperties&path=%2F%2Fproc%2Fself%2Froot%2Fsys%2Fclass%2Finput%2Finput6 HTTP/1.1" 200 15500 "-" "Mozilla/5.0 AppleWebKit/537.36 (KHTML, like Gecko; compatible; ClaudeBot/1.0; [email protected])"
3.142.124.139 - - [12/May/2025:03:33:27 +0100] "GET /feature/yokohama_maruicity/index.html?filesrc=%2F%2Fsys%2Fbus%2Fpci%2Fdevices%2F0000%3A00%3A09.0%2Fsubsystem%2Fdrivers%2Fata_generic%2Fmodule%2Fnotes%2F.note.gnu.build-id&path=%2F%2Fsys%2Fbus%2Fpci%2Fdevices%2F0000%3A00%3A09.0%2Fsubsystem%2Fdrivers%2Fata_generic%2Fmodule%2Fnotes HTTP/1.1" 200 16881 "-" "Mozilla/5.0 AppleWebKit/537.36 (KHTML, like Gecko; compatible; ClaudeBot/1.0; [email protected])"
3.142.124.139 - - [12/May/2025:03:33:27 +0100] "GET /feature/osu_main/index.html?path=%2F%2Fsys%2Fdevices%2Fplatform%2FPNP0103%3A00%2Fsubsystem%2Fdevices%2Fi8042%2Fserio1%2Finput%2Finput4%2Fmouse0%2Fdevice%2Fevent2 HTTP/1.1" 200 17575 "-" "Mozilla/5.0 AppleWebKit/537.36 (KHTML, like Gecko; compatible; ClaudeBot/1.0; [email protected])"
3.142.124.139 - - [12/May/2025:03:33:27 +0100] "GET /%22,t+=%22%3C%22+e.getAttribute(%22src%22?path=%2F%2Fproc%2F3730333%2Ftask%2F3730355%2Fnet%2Fnetfilter HTTP/1.1" 200 2403 "-" "Mozilla/5.0 AppleWebKit/537.36 (KHTML, like Gecko; compatible; ClaudeBot/1.0; [email protected])"
2a06:98c0:3600::103 - - [12/May/2025:03:33:27 +0100] "GET /wordpress/wp-admin/setup-config.php HTTP/1.1" 404 47 "-" "Mozilla/5.0 (Windows NT 10.0; Win64; x64) AppleWebKit/537.36 (KHTML, like Gecko) Chrome/135.0.0.0 Safari/537.36"
3.142.124.139 - - [12/May/2025:03:33:27 +0100] "GET /fashion/accessories/%22,t+=%22%3C%22+e.getAttribute(%22src%22?aksi=buatfile&path=%2Fvar%2Fwww%2Fsitiomodelo__usr86%2Fdata%2Fwww%2Fsitiomodelo.info%2Fwp-content%2Fplugins%2Fwpforms-lite%2Fincludes HTTP/1.1" 200 3651 "-" "Mozilla/5.0 AppleWebKit/537.36 (KHTML, like Gecko; compatible; ClaudeBot/1.0; [email protected])"
3.142.124.139 - - [12/May/2025:03:33:28 +0100] "GET /zhHant/product/surugaya/$data['lastid']?filesrc=%2F%2Fsys%2Fmodule%2Flibahci%2Fholders%2Fahci%2Fdrivers%2Fpci%3Aahci%2Fmodule%2Fuevent&path=%2F%2Fsys%2Fmodule%2Flibahci%2Fholders%2Fahci%2Fdrivers%2Fpci%3Aahci%2Fmodule HTTP/1.1" 200 16771 "-" "Mozilla/5.0 AppleWebKit/537.36 (KHTML, like Gecko; compatible; ClaudeBot/1.0; [email protected])"
66.249.69.69 - - [12/May/2025:03:33:28 +0100] "GET /?beauty/foundation/17570580357361.htm HTTP/1.1" 200 26129 "-" "Mozilla/5.0 (Linux; Android 6.0.1; Nexus 5X Build/MMB29P) AppleWebKit/537.36 (KHTML, like Gecko) Chrome/136.0.7103.59 Mobile Safari/537.36 (compatible; GoogleOther)"
20.171.207.190 - - [12/May/2025:03:33:28 +0100] "GET /?path=%2F%2Fproc%2Fself%2Froot%2Fsys%2Fclass%2Fata_device%2Fdev7.0%2Fsubsystem%2Fdev5.0%2Fpower HTTP/1.1" 200 28094 "-" "Mozilla/5.0 AppleWebKit/537.36 (KHTML, like Gecko; compatible; GPTBot/1.2; +https://openai.com/gptbot)"
3.142.124.139 - - [12/May/2025:03:33:28 +0100] "GET /boyslove.html?aksi=buatfile&path=%2F%2Fusr%2Flib%2Flocale%2Fen_US%40ampm HTTP/1.1" 200 16508 "-" "Mozilla/5.0 AppleWebKit/537.36 (KHTML, like Gecko; compatible; ClaudeBot/1.0; [email protected])"
3.142.124.139 - - [12/May/2025:03:33:28 +0100] "GET /pcmypage?path=%2F%2Fsys%2Fclass%2Finput%2Finput5%2Fmouse2%2Fdevice%2Fsubsystem%2Fevent3%2Fsubsystem%2Finput1%2Finput1%3A%3Anumlock HTTP/1.1" 200 16382 "-" "Mozilla/5.0 AppleWebKit/537.36 (KHTML, like Gecko; compatible; ClaudeBot/1.0; [email protected])"
3.142.124.139 - - [12/May/2025:03:33:28 +0100] "GET /%22,t+=%22%3C%22+e.getAttribute(%22src%22?path=%2F%2Fproc%2Fthread-self%2Froot%2Fusr%2Fshare%2Ffonts%2Furw-base35 HTTP/1.1" 200 6534 "-" "Mozilla/5.0 AppleWebKit/537.36 (KHTML, like Gecko; compatible; ClaudeBot/1.0; [email protected])"
3.142.124.139 - - [12/May/2025:03:33:28 +0100] "GET /cargo/detail?filesrc=%2F%2Fsys%2Fdev%2Fchar%2F4%3A30%2Fsubsystem%2FttyS0%2Fdevice%2Ffirmware_node%2Fstatus&path=%2F%2Fsys%2Fdev%2Fchar%2F4%3A30%2Fsubsystem%2FttyS0%2Fdevice%2Ffirmware_node HTTP/1.1" 200 15522 "-" "Mozilla/5.0 AppleWebKit/537.36 (KHTML, like Gecko; compatible; ClaudeBot/1.0; [email protected])"
3.142.124.139 - - [12/May/2025:03:33:29 +0100] "GET /hobby.html?filesrc=%2F%2Fsys%2Fdevices%2Fpci0000%3A00%2F0000%3A00%3A0a.0%2Fdriver%2F0000%3A00%3A07.0%2Fsubsystem%2Fdrivers%2Fpci-stub%2Funbind&path=%2F%2Fsys%2Fdevices%2Fpci0000%3A00%2F0000%3A00%3A0a.0%2Fdriver%2F0000%3A00%3A07.0%2Fsubsystem%2Fdrivers%2Fpci-stub HTTP/1.1" 200 15553 "-" "Mozilla/5.0 AppleWebKit/537.36 (KHTML, like Gecko; compatible; ClaudeBot/1.0; [email protected])"
3.142.124.139 - - [12/May/2025:03:33:29 +0100] "GET /dozin.html?filesrc=%2F%2Fsys%2Fblock%2Fsda%2Fsubsystem%2Fsda%2Fdevice%2Fdriver%2Funbind&path=%2F%2Fsys%2Fblock%2Fsda%2Fsubsystem%2Fsda%2Fdevice%2Fdriver HTTP/1.1" 200 15497 "-" "Mozilla/5.0 AppleWebKit/537.36 (KHTML, like Gecko; compatible; ClaudeBot/1.0; [email protected])"
3.142.124.139 - - [12/May/2025:03:33:29 +0100] "GET /feature/yokohama_maruicity/index.html?path=%2F%2Fsys%2Fdev%2Fblock%2F8%3A0%2Fsubsystem%2Fsda%2Fdevice%2Fblock%2Fsda%2Fmq HTTP/1.1" 200 17196 "-" "Mozilla/5.0 AppleWebKit/537.36 (KHTML, like Gecko; compatible; ClaudeBot/1.0; [email protected])"
3.142.124.139 - - [12/May/2025:03:33:29 +0100] "GET /recruit?filesrc=%2F%2Fsys%2Fmodule%2Fsr_mod%2Fdrivers%2Fscsi%3Asr%2F6%3A0%3A0%3A0%2Fdriver%2F6%3A0%3A0%3A0%2Fgeneric%2Fdevice%2Fgeneric%2Fdevice%2Fqueue_type&path=%2F%2Fsys%2Fmodule%2Fsr_mod%2Fdrivers%2Fscsi%3Asr%2F6%3A0%3A0%3A0%2Fdriver%2F6%3A0%3A0%3A0%2Fgeneric%2Fdevice%2Fgeneric%2Fdevice HTTP/1.1" 200 15569 "-" "Mozilla/5.0 AppleWebKit/537.36 (KHTML, like Gecko; compatible; ClaudeBot/1.0; [email protected])"
3.142.124.139 - - [12/May/2025:03:33:29 +0100] "GET /safe_search/config?filesrc=%2F%2Fsys%2Fdevices%2FLNXSYSTM%3A00%2FLNXPWRBN%3A00%2Fsubsystem%2Fdevices%2FACPI0010%3A00%2FLNXCPU%3A09%2Fpath&path=%2F%2Fsys%2Fdevices%2FLNXSYSTM%3A00%2FLNXPWRBN%3A00%2Fsubsystem%2Fdevices%2FACPI0010%3A00%2FLNXCPU%3A09 HTTP/1.1" 200 15550 "-" "Mozilla/5.0 AppleWebKit/537.36 (KHTML, like Gecko; compatible; ClaudeBot/1.0; [email protected])"
3.142.124.139 - - [12/May/2025:03:33:29 +0100] "GET /hobby.html?filesrc=%2F%2Fsys%2Fdevices%2Fpci0000%3A00%2F0000%3A00%3A0b.0%2Fdriver%2F0000%3A00%3A0b.0%2Fsubsystem%2Fdrivers%2Fxen-platform-pci%2Fbind&path=%2F%2Fsys%2Fdevices%2Fpci0000%3A00%2F0000%3A00%3A0b.0%2Fdriver%2F0000%3A00%3A0b.0%2Fsubsystem%2Fdrivers%2Fxen-platform-pci HTTP/1.1" 200 15544 "-" "Mozilla/5.0 AppleWebKit/537.36 (KHTML, like Gecko; compatible; ClaudeBot/1.0; [email protected])"
3.142.124.139 - - [12/May/2025:03:33:29 +0100] "GET /pcmypage?path=%2F%2Fsys%2Fclass%2Finput%2Finput4%2Fsubsystem%2Fevent2%2Fsubsystem%2Finput6%2Fdevice%2Finput HTTP/1.1" 200 15948 "-" "Mozilla/5.0 AppleWebKit/537.36 (KHTML, like Gecko; compatible; ClaudeBot/1.0; [email protected])"
3.142.124.139 - - [12/May/2025:03:33:29 +0100] "GET /search?filesrc=%2F%2Fsys%2Fmodule%2Fuhci_hcd%2Fdrivers%2Fpci%3Auhci_hcd%2F0000%3A00%3A01.2%2Fsubsystem%2Fdrivers%2Fahci%2Fmodule%2Ftaint&path=%2F%2Fsys%2Fmodule%2Fuhci_hcd%2Fdrivers%2Fpci%3Auhci_hcd%2F0000%3A00%3A01.2%2Fsubsystem%2Fdrivers%2Fahci%2Fmodule HTTP/1.1" 200 15544 "-" "Mozilla/5.0 AppleWebKit/537.36 (KHTML, like Gecko; compatible; ClaudeBot/1.0; [email protected])"
3.142.124.139 - - [12/May/2025:03:33:30 +0100] "GET /zhHant/product/surugaya/$data['lastid']?path=%2F%2Fusr%2Flib%2Ftuned%2Faccelerator-performance HTTP/1.1" 200 17208 "-" "Mozilla/5.0 AppleWebKit/537.36 (KHTML, like Gecko; compatible; ClaudeBot/1.0; [email protected])"
3.142.124.139 - - [12/May/2025:03:33:30 +0100] "GET /feature/osu_main/index.html?path=%2F%2Fsys%2Fdevices%2Fpci0000%3A00%2Fpci_bus%2F0000%3A00%2Fsubsystem%2F0000%3A00%2Fsubsystem%2F0000%3A00%2Fdevice%2Ffirmware_node HTTP/1.1" 200 19061 "-" "Mozilla/5.0 AppleWebKit/537.36 (KHTML, like Gecko; compatible; ClaudeBot/1.0; [email protected])"
3.142.124.139 - - [12/May/2025:03:33:30 +0100] "GET /cd.html?filesrc=%2F%2Fsys%2Fbus%2Fusb%2Fdrivers%2Fusb%2Fusb1%2Fdriver%2Fusb1%2F1-0%3A1.0%2Fdriver%2Funbind&path=%2F%2Fsys%2Fbus%2Fusb%2Fdrivers%2Fusb%2Fusb1%2Fdriver%2Fusb1%2F1-0%3A1.0%2Fdriver HTTP/1.1" 200 15517 "-" "Mozilla/5.0 AppleWebKit/537.36 (KHTML, like Gecko; compatible; ClaudeBot/1.0; [email protected])"
3.142.124.139 - - [12/May/2025:03:33:30 +0100] "GET /pcsp.html?filesrc=%2F%2Fsys%2Fbus%2Fplatform%2Fdevices%2Fi8042%2Fserio1%2Finput%2Finput4%2Fevent2%2Fdevice%2Fdevice%2Fdriver%2Fbind&path=%2F%2Fsys%2Fbus%2Fplatform%2Fdevices%2Fi8042%2Fserio1%2Finput%2Finput4%2Fevent2%2Fdevice%2Fdevice%2Fdriver HTTP/1.1" 200 15562 "-" "Mozilla/5.0 AppleWebKit/537.36 (KHTML, like Gecko; compatible; ClaudeBot/1.0; [email protected])"
20.171.207.190 - - [12/May/2025:03:33:30 +0100] "GET /?path=%2F%2Fproc%2Fself%2Froot%2Fsys%2Fclass%2Fata_device%2Fdev3.0%2Fsubsystem%2Fdev7.0%2Fpower HTTP/1.1" 200 28093 "-" "Mozilla/5.0 AppleWebKit/537.36 (KHTML, like Gecko; compatible; GPTBot/1.2; +https://openai.com/gptbot)"
3.142.124.139 - - [12/May/2025:03:33:30 +0100] "GET /hobby.html?filesrc=%2F%2Fsys%2Fdevices%2Fpci0000%3A00%2F0000%3A00%3A04.0%2Fsubsystem%2Fdrivers%2Fbochs-drm%2F0000%3A00%3A02.0%2Ffirmware_node%2Fadr&path=%2F%2Fsys%2Fdevices%2Fpci0000%3A00%2F0000%3A00%3A04.0%2Fsubsystem%2Fdrivers%2Fbochs-drm%2F0000%3A00%3A02.0%2Ffirmware_node HTTP/1.1" 200 15563 "-" "Mozilla/5.0 AppleWebKit/537.36 (KHTML, like Gecko; compatible; ClaudeBot/1.0; [email protected])"
3.142.124.139 - - [12/May/2025:03:33:30 +0100] "GET /fashion/accessories/url%20=%3Cwidth%3Ex%3Cheight%3E%20%22optional%20title%22?path=%2Fvar%2Fwww%2Fsitiomodelo__usr86%2Fdata%2Fwww%2Fsitiomodelo.info%2Fwp-content%2Fplugins%2Felementor%2Fvendor HTTP/1.1" 200 2945 "-" "Mozilla/5.0 AppleWebKit/537.36 (KHTML, like Gecko; compatible; ClaudeBot/1.0; [email protected])"
