3.14.247.147 - - [12/May/2025:03:23:49 +0100] "GET /cargo/detail?filesrc=%2F%2Fsys%2Fdev%2Fchar%2F10%3A235%2Fsubsystem%2Fhw_random%2Fsubsystem%2Fcpu_dma_latency%2Fpower%2Fruntime_suspended_time&path=%2F%2Fsys%2Fdev%2Fchar%2F10%3A235%2Fsubsystem%2Fhw_random%2Fsubsystem%2Fcpu_dma_latency%2Fpower HTTP/1.1" 200 15555 "-" "Mozilla/5.0 AppleWebKit/537.36 (KHTML, like Gecko; compatible; ClaudeBot/1.0; [email protected])"
3.14.247.147 - - [12/May/2025:03:23:50 +0100] "GET /cargo/detail?path=%2F%2Fsys%2Fdev%2Fchar%2F10%3A236%2Fsubsystem%2Fnvram%2Fsubsystem%2Fdevice-mapper%2Fsubsystem%2Fdevice-mapper%2Fsubsystem HTTP/1.1" 200 16308 "-" "Mozilla/5.0 AppleWebKit/537.36 (KHTML, like Gecko; compatible; ClaudeBot/1.0; [email protected])"
3.14.247.147 - - [12/May/2025:03:23:50 +0100] "GET /cargo/detail?path=%2F%2Fsys%2Fdev%2Fchar%2F4%3A30%2Fsubsystem%2Fconsole%2Fsubsystem%2FttyS3%2Fsubsystem%2Fptmx%2Fpower HTTP/1.1" 200 16212 "-" "Mozilla/5.0 AppleWebKit/537.36 (KHTML, like Gecko; compatible; ClaudeBot/1.0; [email protected])"
3.14.247.147 - - [12/May/2025:03:23:50 +0100] "GET /cargo/detail?filesrc=%2F%2Fsys%2Fclass%2Finput%2Fevent0%2Fsubsystem%2Fmice%2Fsubsystem%2Fmouse0%2Fsubsystem%2Finput0%2Fproperties&path=%2F%2Fsys%2Fclass%2Finput%2Fevent0%2Fsubsystem%2Fmice%2Fsubsystem%2Fmouse0%2Fsubsystem%2Finput0 HTTP/1.1" 200 15546 "-" "Mozilla/5.0 AppleWebKit/537.36 (KHTML, like Gecko; compatible; ClaudeBot/1.0; [email protected])"
3.14.247.147 - - [12/May/2025:03:23:50 +0100] "GET /cargo/detail?aksi=buatfolder&path=%2F%2Fsys%2Fclass%2Finput%2Finput3%2Fsubsystem%2Fevent3%2Fsubsystem%2Finput5%2Fmouse2%2Fsubsystem%2Finput3%2Fcapabilities HTTP/1.1" 200 15617 "-" "Mozilla/5.0 AppleWebKit/537.36 (KHTML, like Gecko; compatible; ClaudeBot/1.0; [email protected])"
3.14.247.147 - - [12/May/2025:03:23:51 +0100] "GET /dozin.html?path=%2F%2Fsys%2Fclass%2Fmisc%2Fnvram%2Fsubsystem%2Fsnapshot%2Fsubsystem%2Fautofs%2Fsubsystem%2Fmcelog%2Fpower HTTP/1.1" 200 16228 "-" "Mozilla/5.0 AppleWebKit/537.36 (KHTML, like Gecko; compatible; ClaudeBot/1.0; [email protected])"
3.14.247.147 - - [12/May/2025:03:23:51 +0100] "GET /cargo/detail?aksi=buatfolder&path=%2F%2Fsys%2Fclass%2Finput%2Fevent3%2Fsubsystem%2Finput3%2Fsubsystem%2Finput5%2Fmouse2%2Fsubsystem%2Finput3%2Fcapabilities HTTP/1.1" 200 15615 "-" "Mozilla/5.0 AppleWebKit/537.36 (KHTML, like Gecko; compatible; ClaudeBot/1.0; [email protected])"
3.14.247.147 - - [12/May/2025:03:23:51 +0100] "GET /cargo/detail?filesrc=%2F%2Fsys%2Fdev%2Fchar%2F13%3A63%2Fsubsystem%2Fevent4%2Fsubsystem%2Finput4%2Fsubsystem%2Finput5%2Fname&path=%2F%2Fsys%2Fdev%2Fchar%2F13%3A63%2Fsubsystem%2Fevent4%2Fsubsystem%2Finput4%2Fsubsystem%2Finput5 HTTP/1.1" 200 15560 "-" "Mozilla/5.0 AppleWebKit/537.36 (KHTML, like Gecko; compatible; ClaudeBot/1.0; [email protected])"
3.14.247.147 - - [12/May/2025:03:23:51 +0100] "GET /product/edit/32903809?path=%2F%2Fsys%2Fdev%2Fchar%2F13%3A32%2Fdevice%2Fmouse0%2Fdevice%2Fdevice%2Fdriver HTTP/1.1" 200 17581 "-" "Mozilla/5.0 AppleWebKit/537.36 (KHTML, like Gecko; compatible; ClaudeBot/1.0; [email protected])"
3.14.247.147 - - [12/May/2025:03:23:52 +0100] "GET /dozin.html?path=%2F%2Fsys%2Fclass%2Fmisc%2Fnvram%2Fsubsystem%2Fsnapshot%2Fsubsystem%2Fmcelog%2Fsubsystem%2Fautofs%2Fpower HTTP/1.1" 200 16227 "-" "Mozilla/5.0 AppleWebKit/537.36 (KHTML, like Gecko; compatible; ClaudeBot/1.0; [email protected])"
3.14.247.147 - - [12/May/2025:03:23:52 +0100] "GET /cargo/detail?aksi=buatfolder&path=%2F%2Fsys%2Fdev%2Fchar%2F13%3A63%2Fsubsystem%2Fevent2%2Fdevice%2Fdevice%2Finput%2Finput3%2Fsubsystem HTTP/1.1" 200 15587 "-" "Mozilla/5.0 AppleWebKit/537.36 (KHTML, like Gecko; compatible; ClaudeBot/1.0; [email protected])"
3.14.247.147 - - [12/May/2025:03:23:52 +0100] "GET /cargo/detail?filesrc=%2F%2Fsys%2Fdev%2Fchar%2F13%3A63%2Fsubsystem%2Fmouse1%2Fsubsystem%2Fmouse0%2Fdevice%2Fpower%2Fcontrol&path=%2F%2Fsys%2Fdev%2Fchar%2F13%3A63%2Fsubsystem%2Fmouse1%2Fsubsystem%2Fmouse0%2Fdevice%2Fpower HTTP/1.1" 200 15537 "-" "Mozilla/5.0 AppleWebKit/537.36 (KHTML, like Gecko; compatible; ClaudeBot/1.0; [email protected])"
3.14.247.147 - - [12/May/2025:03:23:52 +0100] "GET /cargo/detail?aksi=buatfolder&path=%2F%2Fsys%2Fclass%2Finput%2Fevent5%2Fdevice%2Fevent5%2Fdevice%2Fsubsystem%2Finput6%2Fsubsystem%2Finput1%2Fdevice%2Fsubsystem HTTP/1.1" 200 15601 "-" "Mozilla/5.0 AppleWebKit/537.36 (KHTML, like Gecko; compatible; ClaudeBot/1.0; [email protected])"
3.14.247.147 - - [12/May/2025:03:23:52 +0100] "GET /feature/sapporo/index.html?filesrc=%2F%2Fproc%2F3730333%2Ftask%2F3730345%2Fnet%2Fnetstat&path=%2F%2Fproc%2F3730333%2Ftask%2F3730345%2Fnet HTTP/1.1" 200 16719 "-" "Mozilla/5.0 AppleWebKit/537.36 (KHTML, like Gecko; compatible; ClaudeBot/1.0; [email protected])"
3.14.247.147 - - [12/May/2025:03:23:52 +0100] "GET /pcmypage?aksi=buatfolder&path=%2F%2Fsys%2Fclass%2Finput%2Fevent3%2Fsubsystem%2Fevent0%2Fdevice%2Fsubsystem%2Finput4%2Fevent2%2Fdevice%2Fdevice HTTP/1.1" 200 15603 "-" "Mozilla/5.0 AppleWebKit/537.36 (KHTML, like Gecko; compatible; ClaudeBot/1.0; [email protected])"
3.14.247.147 - - [12/May/2025:03:23:53 +0100] "GET /cargo/detail?filesrc=%2F%2Fsys%2Fdev%2Fchar%2F13%3A63%2Fsubsystem%2Fevent4%2Fsubsystem%2Fevent4%2Fsubsystem%2Fevent1%2Fuevent&path=%2F%2Fsys%2Fdev%2Fchar%2F13%3A63%2Fsubsystem%2Fevent4%2Fsubsystem%2Fevent4%2Fsubsystem%2Fevent1 HTTP/1.1" 200 15560 "-" "Mozilla/5.0 AppleWebKit/537.36 (KHTML, like Gecko; compatible; ClaudeBot/1.0; [email protected])"
3.14.247.147 - - [12/May/2025:03:23:53 +0100] "GET /cargo/detail?aksi=buatfolder&path=%2F%2Fsys%2Fclass%2Finput%2Finput5%2Fmouse2%2Fdevice%2Fsubsystem%2Finput0%2Fsubsystem%2Fevent1%2Fsubsystem%2Fevent5 HTTP/1.1" 200 15611 "-" "Mozilla/5.0 AppleWebKit/537.36 (KHTML, like Gecko; compatible; ClaudeBot/1.0; [email protected])"
66.249.69.70 - - [12/May/2025:03:23:53 +0100] "GET /fashion/tops/9730380213114.htm HTTP/1.1" 200 26539 "-" "Mozilla/5.0 (Linux; Android 6.0.1; Nexus 5X Build/MMB29P) AppleWebKit/537.36 (KHTML, like Gecko) Chrome/136.0.7103.59 Mobile Safari/537.36 (compatible; GoogleOther)"
3.14.247.147 - - [12/May/2025:03:23:53 +0100] "GET /feature/yokohama_maruicity/index.html?aksi=buatfolder&path=%2F%2Fsys%2Fbus%2Fpci%2Fdevices%2F0000%3A00%3A0b.0%2Ffirmware_node%2Fphysical_node%2Fsubsystem%2Fslots%2F4 HTTP/1.1" 200 16870 "-" "Mozilla/5.0 AppleWebKit/537.36 (KHTML, like Gecko; compatible; ClaudeBot/1.0; [email protected])"
3.14.247.147 - - [12/May/2025:03:23:53 +0100] "GET /feature/omiya_marui/index.html?aksi=ransom&path=%2F%2Fsys%2Fmodule%2Flibata%2Fholders%2Fahci%2Fdrivers%2Fpci%3Aahci%2F0000%3A00%3A05.0%2Fata7%2Fata_port%2Fata7 HTTP/1.1" 200 17610 "-" "Mozilla/5.0 AppleWebKit/537.36 (KHTML, like Gecko; compatible; ClaudeBot/1.0; [email protected])"
3.14.247.147 - - [12/May/2025:03:23:54 +0100] "GET /cargo/detail?aksi=buatfolder&path=%2F%2Fsys%2Fclass%2Finput%2Finput3%2Fsubsystem%2Finput6%2Fevent5%2Fsubsystem%2Finput3%2Fsubsystem%2Fevent4%2Fsubsystem%2Finput1 HTTP/1.1" 200 15617 "-" "Mozilla/5.0 AppleWebKit/537.36 (KHTML, like Gecko; compatible; ClaudeBot/1.0; [email protected])"
3.14.247.147 - - [12/May/2025:03:23:54 +0100] "GET /cargo/detail?aksi=ransom&path=%2F%2Fsys%2Fclass%2Finput%2Finput0%2Fsubsystem%2Fmouse0%2Fsubsystem%2Finput5%2Fsubsystem%2Fevent1%2Fdevice%2Finput1%3A%3Anumlock HTTP/1.1" 200 16414 "-" "Mozilla/5.0 AppleWebKit/537.36 (KHTML, like Gecko; compatible; ClaudeBot/1.0; [email protected])"
3.14.247.147 - - [12/May/2025:03:23:54 +0100] "GET /cd.html?path=%2F%2Fsys%2Fbus%2Fvirtio%2Fdevices%2Fvirtio4%2Fsubsystem%2Fdevices%2Fvirtio5%2Fdriver%2Fvirtio1%2Fsubsystem HTTP/1.1" 200 16309 "-" "Mozilla/5.0 AppleWebKit/537.36 (KHTML, like Gecko; compatible; ClaudeBot/1.0; [email protected])"
3.14.247.147 - - [12/May/2025:03:23:54 +0100] "GET /pcmypage?path=%2F%2Fsys%2Fclass%2Fscsi_host%2Fhost0%2Fsubsystem%2Fhost1%2Fsubsystem%2Fhost9 HTTP/1.1" 200 17336 "-" "Mozilla/5.0 AppleWebKit/537.36 (KHTML, like Gecko; compatible; ClaudeBot/1.0; [email protected])"
3.14.247.147 - - [12/May/2025:03:23:55 +0100] "GET /cargo/detail?path=%2F%2Fsys%2Fdev%2Fchar%2F4%3A30%2Fsubsystem%2Fconsole%2Fsubsystem%2Ftty3%2Fsubsystem%2FttyS0%2Fdevice HTTP/1.1" 200 16445 "-" "Mozilla/5.0 AppleWebKit/537.36 (KHTML, like Gecko; compatible; ClaudeBot/1.0; [email protected])"
3.14.247.147 - - [12/May/2025:03:23:55 +0100] "GET /pcmypage?aksi=buatfolder&path=%2F%2Fsys%2Fclass%2Finput%2Finput4%2Fsubsystem%2Finput4%2Fevent2%2Fdevice%2Fevent2%2Fsubsystem%2Fevent3%2Fsubsystem%2Fevent4 HTTP/1.1" 200 15621 "-" "Mozilla/5.0 AppleWebKit/537.36 (KHTML, like Gecko; compatible; ClaudeBot/1.0; [email protected])"
3.14.247.147 - - [12/May/2025:03:23:55 +0100] "GET /cargo/detail?path=%2F%2Fsys%2Fdev%2Fchar%2F4%3A30%2Fsubsystem%2Ftty3%2Fsubsystem%2Fconsole%2Fsubsystem%2FttyS0%2Fdevice HTTP/1.1" 200 16446 "-" "Mozilla/5.0 AppleWebKit/537.36 (KHTML, like Gecko; compatible; ClaudeBot/1.0; [email protected])"
3.14.247.147 - - [12/May/2025:03:23:55 +0100] "GET /pcmypage?filesrc=%2F%2Fsys%2Fclass%2Finput%2Finput0%2Fdevice%2Fsubsystem%2Fdevices%2FLNXCPU%3A35%2Fsubsystem%2Fdevices%2FPNP0A03%3A00%2Fadr&path=%2F%2Fsys%2Fclass%2Finput%2Finput0%2Fdevice%2Fsubsystem%2Fdevices%2FLNXCPU%3A35%2Fsubsystem%2Fdevices%2FPNP0A03%3A00 HTTP/1.1" 200 15567 "-" "Mozilla/5.0 AppleWebKit/537.36 (KHTML, like Gecko; compatible; ClaudeBot/1.0; [email protected])"
3.14.247.147 - - [12/May/2025:03:23:55 +0100] "GET /cargo/detail?aksi=buatfile&path=%2F%2Fsys%2Fclass%2Finput%2Finput0%2Fsubsystem%2Finput1%2Fevent1%2Fsubsystem%2Fmouse0%2Fsubsystem%2Fevent3%2Fsubsystem%2Finput3 HTTP/1.1" 200 16651 "-" "Mozilla/5.0 AppleWebKit/537.36 (KHTML, like Gecko; compatible; ClaudeBot/1.0; [email protected])"
3.14.247.147 - - [12/May/2025:03:23:56 +0100] "GET /pcmypage?filesrc=%2F%2Fsys%2Fclass%2Fscsi_host%2Fhost3%2Fsubsystem%2Fhost3%2Fsubsystem%2Fhost9%2Fhost_reset&path=%2F%2Fsys%2Fclass%2Fscsi_host%2Fhost3%2Fsubsystem%2Fhost3%2Fsubsystem%2Fhost9 HTTP/1.1" 200 15507 "-" "Mozilla/5.0 AppleWebKit/537.36 (KHTML, like Gecko; compatible; ClaudeBot/1.0; [email protected])"
66.249.69.70 - - [12/May/2025:03:23:56 +0100] "GET /?health/amino-acids/10151471036990.htm HTTP/1.1" 200 25556 "-" "Mozilla/5.0 (Linux; Android 6.0.1; Nexus 5X Build/MMB29P) AppleWebKit/537.36 (KHTML, like Gecko) Chrome/136.0.7103.59 Mobile Safari/537.36 (compatible; GoogleOther)"
3.14.247.147 - - [12/May/2025:03:23:56 +0100] "GET /pcmypage?aksi=buatfolder&path=%2F%2Fsys%2Fclass%2Finput%2Finput4%2Fsubsystem%2Finput4%2Fevent2%2Fdevice%2Fevent2%2Fsubsystem%2Fmouse0%2Fsubsystem%2Fevent1 HTTP/1.1" 200 15622 "-" "Mozilla/5.0 AppleWebKit/537.36 (KHTML, like Gecko; compatible; ClaudeBot/1.0; [email protected])"
3.14.247.147 - - [12/May/2025:03:23:56 +0100] "GET /search?path=%2F%2Fsys%2Fbus%2Fpci%2Fdevices%2F0000%3A00%3A01.2%2Fsubsystem%2Fdevices%2F0000%3A00%3A01.3%2Fsubsystem%2Fdrivers%2Fserial HTTP/1.1" 200 16193 "-" "Mozilla/5.0 AppleWebKit/537.36 (KHTML, like Gecko; compatible; ClaudeBot/1.0; [email protected])"
3.14.247.147 - - [12/May/2025:03:23:56 +0100] "GET /cargo/detail?aksi=buatfolder&path=%2F%2Fsys%2Fclass%2Finput%2Finput0%2Fsubsystem%2Finput1%2Fevent1%2Fsubsystem%2Fmouse0%2Fsubsystem%2Fmouse0%2Fsubsystem%2Fevent4 HTTP/1.1" 200 15613 "-" "Mozilla/5.0 AppleWebKit/537.36 (KHTML, like Gecko; compatible; ClaudeBot/1.0; [email protected])"
3.14.247.147 - - [12/May/2025:03:23:57 +0100] "GET /dozin.html?path=%2F%2Fsys%2Fblock%2Fsda%2Fsubsystem%2Fsr0%2Fmq%2F0%2Fcpu123 HTTP/1.1" 200 15623 "-" "Mozilla/5.0 AppleWebKit/537.36 (KHTML, like Gecko; compatible; ClaudeBot/1.0; [email protected])"
3.14.247.147 - - [12/May/2025:03:23:57 +0100] "GET /recruit?aksi=buatfolder&path=%2F%2Fsys%2Fdevices%2FLNXSYSTM%3A00%2FLNXPWRBN%3A00%2Fsubsystem%2Fdevices%2FLNXCPU%3A08%2Fsubsystem%2Fdevices%2FLNXCPU%3A0c HTTP/1.1" 200 15589 "-" "Mozilla/5.0 AppleWebKit/537.36 (KHTML, like Gecko; compatible; ClaudeBot/1.0; [email protected])"
3.14.247.147 - - [12/May/2025:03:23:57 +0100] "GET /cargo/detail?aksi=buatfolder&path=%2F%2Fsys%2Fclass%2Finput%2Finput0%2Fsubsystem%2Finput1%2Fevent1%2Fsubsystem%2Fmouse0%2Fsubsystem%2Fmouse0%2Fsubsystem%2Fevent5 HTTP/1.1" 200 15607 "-" "Mozilla/5.0 AppleWebKit/537.36 (KHTML, like Gecko; compatible; ClaudeBot/1.0; [email protected])"
3.14.247.147 - - [12/May/2025:03:23:57 +0100] "GET /feature/yokohama_maruicity/index.html?aksi=buatfolder&path=%2F%2Fsys%2Fbus%2Fpci%2Fdevices%2F0000%3A00%3A0b.0%2Ffirmware_node%2Fphysical_node%2Fsubsystem%2Fslots%2F21 HTTP/1.1" 200 16866 "-" "Mozilla/5.0 AppleWebKit/537.36 (KHTML, like Gecko; compatible; ClaudeBot/1.0; [email protected])"
3.14.247.147 - - [12/May/2025:03:23:57 +0100] "GET /product/edit/32903809?path=%2F%2Fsys%2Fdevices%2Fpci0000%3A00%2Fpci_bus%2F0000%3A00%2Fdevice%2F0000%3A00%3A05.0%2Fata4%2Flink4 HTTP/1.1" 200 17447 "-" "Mozilla/5.0 AppleWebKit/537.36 (KHTML, like Gecko; compatible; ClaudeBot/1.0; [email protected])"
3.14.247.147 - - [12/May/2025:03:23:57 +0100] "GET /cargo/detail?filesrc=%2F%2Fsys%2Fdev%2Fchar%2F13%3A63%2Fsubsystem%2Finput1%2Fsubsystem%2Fmouse0%2Fsubsystem%2Finput5%2Fproperties&path=%2F%2Fsys%2Fdev%2Fchar%2F13%3A63%2Fsubsystem%2Finput1%2Fsubsystem%2Fmouse0%2Fsubsystem%2Finput5 HTTP/1.1" 200 15548 "-" "Mozilla/5.0 AppleWebKit/537.36 (KHTML, like Gecko; compatible; ClaudeBot/1.0; [email protected])"
3.14.247.147 - - [12/May/2025:03:23:58 +0100] "GET /cargo/detail?path=%2F%2Fsys%2Fdev%2Fchar%2F13%3A63%2Fsubsystem%2Finput1%2Fsubsystem%2Fevent5%2Fsubsystem%2Fevent0%2Fpower HTTP/1.1" 200 16217 "-" "Mozilla/5.0 AppleWebKit/537.36 (KHTML, like Gecko; compatible; ClaudeBot/1.0; [email protected])"
3.14.247.147 - - [12/May/2025:03:23:58 +0100] "GET /pcmypage?filesrc=%2F%2Fsys%2Fclass%2Finput%2Finput5%2Fsubsystem%2Fmice%2Fsubsystem%2Fevent2%2Fsubsystem%2Finput1%2Fproperties&path=%2F%2Fsys%2Fclass%2Finput%2Finput5%2Fsubsystem%2Fmice%2Fsubsystem%2Fevent2%2Fsubsystem%2Finput1 HTTP/1.1" 200 15546 "-" "Mozilla/5.0 AppleWebKit/537.36 (KHTML, like Gecko; compatible; ClaudeBot/1.0; [email protected])"
3.14.247.147 - - [12/May/2025:03:23:58 +0100] "GET /cargo/detail?filesrc=%2F%2Fsys%2Fdev%2Fchar%2F13%3A63%2Fsubsystem%2Fevent3%2Fsubsystem%2Finput4%2Fsubsystem%2Finput6%2Fname&path=%2F%2Fsys%2Fdev%2Fchar%2F13%3A63%2Fsubsystem%2Fevent3%2Fsubsystem%2Finput4%2Fsubsystem%2Finput6 HTTP/1.1" 200 15552 "-" "Mozilla/5.0 AppleWebKit/537.36 (KHTML, like Gecko; compatible; ClaudeBot/1.0; [email protected])"
3.14.247.147 - - [12/May/2025:03:23:58 +0100] "GET /cargo/detail?filesrc=%2F%2Fsys%2Fdev%2Fchar%2F13%3A63%2Fsubsystem%2Finput4%2Fsubsystem%2Fevent3%2Fsubsystem%2Finput6%2Fname&path=%2F%2Fsys%2Fdev%2Fchar%2F13%3A63%2Fsubsystem%2Finput4%2Fsubsystem%2Fevent3%2Fsubsystem%2Finput6 HTTP/1.1" 200 15554 "-" "Mozilla/5.0 AppleWebKit/537.36 (KHTML, like Gecko; compatible; ClaudeBot/1.0; [email protected])"
66.249.69.69 - - [12/May/2025:03:23:58 +0100] "GET /pcmypage?callback=product/review/97666066 HTTP/1.1" 200 27084 "-" "Mozilla/5.0 (Linux; Android 6.0.1; Nexus 5X Build/MMB29P) AppleWebKit/537.36 (KHTML, like Gecko) Chrome/136.0.7103.59 Mobile Safari/537.36 (compatible; GoogleOther)"
3.14.247.147 - - [12/May/2025:03:23:58 +0100] "GET /cargo/detail?path=%2F%2Fsys%2Fdev%2Fchar%2F13%3A63%2Fsubsystem%2Finput5%2Fsubsystem%2Fevent3%2Fsubsystem%2Fevent3 HTTP/1.1" 200 16263 "-" "Mozilla/5.0 AppleWebKit/537.36 (KHTML, like Gecko; compatible; ClaudeBot/1.0; [email protected])"
3.14.247.147 - - [12/May/2025:03:23:59 +0100] "GET /cargo/detail?aksi=buatfolder&path=%2F%2Fsys%2Fclass%2Finput%2Finput3%2Fsubsystem%2Finput4%2Fsubsystem%2Fmice%2Fsubsystem%2Fevent1%2Fdevice%2Fsubsystem%2Fevent2 HTTP/1.1" 200 15625 "-" "Mozilla/5.0 AppleWebKit/537.36 (KHTML, like Gecko; compatible; ClaudeBot/1.0; [email protected])"
3.14.247.147 - - [12/May/2025:03:23:59 +0100] "GET /%22,t+=%22%3C%22+e.getAttribute(%22src%22?filesrc=%2F%2Fproc%2F919%2Ftask%2F919%2Fnet%2Fip_mr_vif&path=%2F%2Fproc%2F919%2Ftask%2F919%2Fnet HTTP/1.1" 200 2297 "-" "Mozilla/5.0 AppleWebKit/537.36 (KHTML, like Gecko; compatible; ClaudeBot/1.0; [email protected])"
3.14.247.147 - - [12/May/2025:03:23:59 +0100] "GET /pcmypage?filesrc=%2F%2Fsys%2Fclass%2Finput%2Fevent3%2Fsubsystem%2Fmice%2Fsubsystem%2Fevent2%2Fsubsystem%2Fmouse2%2Fdev&path=%2F%2Fsys%2Fclass%2Finput%2Fevent3%2Fsubsystem%2Fmice%2Fsubsystem%2Fevent2%2Fsubsystem%2Fmouse2 HTTP/1.1" 200 15545 "-" "Mozilla/5.0 AppleWebKit/537.36 (KHTML, like Gecko; compatible; ClaudeBot/1.0; [email protected])"
3.14.247.147 - - [12/May/2025:03:23:59 +0100] "GET /pcmypage?aksi=buatfolder&path=%2F%2Fsys%2Fclass%2Finput%2Finput3%2Fmouse1%2Fdevice%2Fmouse1%2Fsubsystem%2Fmouse2%2Fsubsystem%2Fmouse0%2Fsubsystem%2Fevent1 HTTP/1.1" 200 15621 "-" "Mozilla/5.0 AppleWebKit/537.36 (KHTML, like Gecko; compatible; ClaudeBot/1.0; [email protected])"
3.14.247.147 - - [12/May/2025:03:23:59 +0100] "GET /cargo/detail?filesrc=%2F%2Fsys%2Fdev%2Fchar%2F13%3A63%2Fsubsystem%2Fevent2%2Fsubsystem%2Finput3%2Fsubsystem%2Finput6%2Fproperties&path=%2F%2Fsys%2Fdev%2Fchar%2F13%3A63%2Fsubsystem%2Fevent2%2Fsubsystem%2Finput3%2Fsubsystem%2Finput6 HTTP/1.1" 200 15545 "-" "Mozilla/5.0 AppleWebKit/537.36 (KHTML, like Gecko; compatible; ClaudeBot/1.0; [email protected])"
3.14.247.147 - - [12/May/2025:03:23:59 +0100] "GET /%22,t+=%22%3C%22+e.getAttribute(%22src%22?filesrc=%2F%2Fproc%2Fthread-self%2Froot%2Frun%2Fnamed%2Fnamed.pid&path=%2F%2Fproc%2Fthread-self%2Froot%2Frun%2Fnamed HTTP/1.1" 200 2266 "-" "Mozilla/5.0 AppleWebKit/537.36 (KHTML, like Gecko; compatible; ClaudeBot/1.0; [email protected])"
3.14.247.147 - - [12/May/2025:03:23:59 +0100] "GET /pcmypage?filesrc=%2F%2Fsys%2Fclass%2Finput%2Finput5%2Fsubsystem%2Fmice%2Fsubsystem%2Fmouse0%2Fsubsystem%2Finput1%2Fproperties&path=%2F%2Fsys%2Fclass%2Finput%2Finput5%2Fsubsystem%2Fmice%2Fsubsystem%2Fmouse0%2Fsubsystem%2Finput1 HTTP/1.1" 200 15545 "-" "Mozilla/5.0 AppleWebKit/537.36 (KHTML, like Gecko; compatible; ClaudeBot/1.0; [email protected])"
3.14.247.147 - - [12/May/2025:03:24:00 +0100] "GET /cargo/detail?path=%2F%2Fsys%2Fdev%2Fchar%2F4%3A30%2Fsubsystem%2Fconsole%2Fsubsystem%2Ftty3%2Fsubsystem%2Fptmx%2Fpower HTTP/1.1" 200 16211 "-" "Mozilla/5.0 AppleWebKit/537.36 (KHTML, like Gecko; compatible; ClaudeBot/1.0; [email protected])"
3.14.247.147 - - [12/May/2025:03:24:00 +0100] "GET /cargo/detail?path=%2F%2Fsys%2Fdev%2Fchar%2F4%3A30%2Fsubsystem%2Ftty3%2Fsubsystem%2Fconsole%2Fsubsystem%2Fptmx%2Fpower HTTP/1.1" 200 16213 "-" "Mozilla/5.0 AppleWebKit/537.36 (KHTML, like Gecko; compatible; ClaudeBot/1.0; [email protected])"
3.14.247.147 - - [12/May/2025:03:24:00 +0100] "GET /cargo/detail?aksi=buatfolder&path=%2F%2Fsys%2Fclass%2Finput%2Finput3%2Fmouse1%2Fsubsystem%2Finput6%2Fevent5%2Fsubsystem%2Fmouse0%2Fdevice%2Fsubsystem%2Fevent3 HTTP/1.1" 200 15623 "-" "Mozilla/5.0 AppleWebKit/537.36 (KHTML, like Gecko; compatible; ClaudeBot/1.0; [email protected])"
3.14.247.147 - - [12/May/2025:03:24:00 +0100] "GET /cargo/detail?filesrc=%2F%2Fsys%2Fdev%2Fchar%2F4%3A30%2Fsubsystem%2Ftty28%2Fsubsystem%2FttyS1%2Fpower%2Fruntime_active_time&path=%2F%2Fsys%2Fdev%2Fchar%2F4%3A30%2Fsubsystem%2Ftty28%2Fsubsystem%2FttyS1%2Fpower HTTP/1.1" 200 15533 "-" "Mozilla/5.0 AppleWebKit/537.36 (KHTML, like Gecko; compatible; ClaudeBot/1.0; [email protected])"
3.14.247.147 - - [12/May/2025:03:24:01 +0100] "GET /cargo/detail?filesrc=%2F%2Fsys%2Fdev%2Fchar%2F4%3A30%2Fsubsystem%2FttyS1%2Fsubsystem%2Ftty28%2Fpower%2Fruntime_active_time&path=%2F%2Fsys%2Fdev%2Fchar%2F4%3A30%2Fsubsystem%2FttyS1%2Fsubsystem%2Ftty28%2Fpower HTTP/1.1" 200 15533 "-" "Mozilla/5.0 AppleWebKit/537.36 (KHTML, like Gecko; compatible; ClaudeBot/1.0; [email protected])"
3.14.247.147 - - [12/May/2025:03:24:01 +0100] "GET /cargo/detail?aksi=buatfolder&path=%2F%2Fsys%2Fclass%2Finput%2Finput3%2Fmouse1%2Fsubsystem%2Finput3%2Fsubsystem%2Finput5%2Fsubsystem%2Finput5%2Fsubsystem%2Fevent0 HTTP/1.1" 200 15610 "-" "Mozilla/5.0 AppleWebKit/537.36 (KHTML, like Gecko; compatible; ClaudeBot/1.0; [email protected])"
3.14.247.147 - - [12/May/2025:03:24:01 +0100] "GET /cargo/detail?path=%2F%2Fsys%2Fclass%2Finput%2Fevent4%2Fsubsystem%2Fmice%2Fsubsystem%2Fmouse2%2Fsubsystem%2Finput4%2Fid HTTP/1.1" 200 16136 "-" "Mozilla/5.0 AppleWebKit/537.36 (KHTML, like Gecko; compatible; ClaudeBot/1.0; [email protected])"
3.14.247.147 - - [12/May/2025:03:24:01 +0100] "GET /feature/yokohama_maruicity/index.html?aksi=ransom&path=%2F%2Fsys%2Fbus%2Fplatform%2Fdevices%2Fplatform-framebuffer.0%2Fsubsystem%2Fdrivers%2Fpcspkr%2Fpcspkr%2Fdriver HTTP/1.1" 200 17543 "-" "Mozilla/5.0 AppleWebKit/537.36 (KHTML, like Gecko; compatible; ClaudeBot/1.0; [email protected])"
66.249.69.69 - - [12/May/2025:03:24:01 +0100] "GET /handmade/others/13180491770855.htm HTTP/1.1" 200 25560 "-" "Mozilla/5.0 (Linux; Android 6.0.1; Nexus 5X Build/MMB29P) AppleWebKit/537.36 (KHTML, like Gecko) Chrome/136.0.7103.59 Mobile Safari/537.36 (compatible; GoogleOther)"
3.14.247.147 - - [12/May/2025:03:24:02 +0100] "GET /cargo/detail?aksi=buatfolder&path=%2F%2Fsys%2Fdev%2Fchar%2F226%3A0%2Fdevice%2Fdriver%2F0000%3A00%3A02.0%2Fsubsystem%2Fdevices%2F0000%3A00%3A03.0%2Fdriver HTTP/1.1" 200 15596 "-" "Mozilla/5.0 AppleWebKit/537.36 (KHTML, like Gecko; compatible; ClaudeBot/1.0; [email protected])"
3.14.247.147 - - [12/May/2025:03:24:02 +0100] "GET /cargo/detail?filesrc=%2F%2Fsys%2Fdev%2Fchar%2F13%3A63%2Fsubsystem%2Fevent4%2Fsubsystem%2Finput6%2Fsubsystem%2Finput6%2Fphys&path=%2F%2Fsys%2Fdev%2Fchar%2F13%3A63%2Fsubsystem%2Fevent4%2Fsubsystem%2Finput6%2Fsubsystem%2Finput6 HTTP/1.1" 200 15547 "-" "Mozilla/5.0 AppleWebKit/537.36 (KHTML, like Gecko; compatible; ClaudeBot/1.0; [email protected])"
3.14.247.147 - - [12/May/2025:03:24:02 +0100] "GET /cargo/detail?filesrc=%2F%2Fsys%2Fdev%2Fchar%2F13%3A63%2Fsubsystem%2Finput6%2Fsubsystem%2Fevent4%2Fsubsystem%2Finput6%2Fphys&path=%2F%2Fsys%2Fdev%2Fchar%2F13%3A63%2Fsubsystem%2Finput6%2Fsubsystem%2Fevent4%2Fsubsystem%2Finput6 HTTP/1.1" 200 15549 "-" "Mozilla/5.0 AppleWebKit/537.36 (KHTML, like Gecko; compatible; ClaudeBot/1.0; [email protected])"
3.14.247.147 - - [12/May/2025:03:24:02 +0100] "GET /pcmypage?filesrc=%2F%2Fsys%2Fclass%2Ftty%2FttyS3%2Fdevice%2Ftty%2FttyS3%2Fsubsystem%2Ftty48%2Fdev&path=%2F%2Fsys%2Fclass%2Ftty%2FttyS3%2Fdevice%2Ftty%2FttyS3%2Fsubsystem%2Ftty48 HTTP/1.1" 200 15518 "-" "Mozilla/5.0 AppleWebKit/537.36 (KHTML, like Gecko; compatible; ClaudeBot/1.0; [email protected])"
3.14.247.147 - - [12/May/2025:03:24:02 +0100] "GET /fashion/accessories/%22,t+=%22%3C%22+e.getAttribute(%22src%22?aksi=ransom&path=%2Fvar%2Fwww%2Fsitiomodelo__usr86%2Fdata%2Fwww%2Fsitiomodelo.info%2Fwp-includes%2Fjs%2Fdist HTTP/1.1" 200 7968 "-" "Mozilla/5.0 AppleWebKit/537.36 (KHTML, like Gecko; compatible; ClaudeBot/1.0; [email protected])"
3.14.247.147 - - [12/May/2025:03:24:03 +0100] "GET /search?path=%2F%2Fsys%2Fbus%2Fpci%2Fdevices%2F0000%3A00%3A01.2%2Fsubsystem%2Fdevices%2F0000%3A00%3A09.0%2Fvirtio5%2Fsubsystem%2Fdevices%2Fvirtio3 HTTP/1.1" 200 16525 "-" "Mozilla/5.0 AppleWebKit/537.36 (KHTML, like Gecko; compatible; ClaudeBot/1.0; [email protected])"
3.14.247.147 - - [12/May/2025:03:24:03 +0100] "GET /cargo/detail?aksi=buatfolder&path=%2F%2Fsys%2Fclass%2Finput%2Finput3%2Fmouse1%2Fsubsystem%2Finput1%2Fsubsystem%2Fevent0%2Fsubsystem%2Fevent2%2Fsubsystem%2Finput1 HTTP/1.1" 200 15612 "-" "Mozilla/5.0 AppleWebKit/537.36 (KHTML, like Gecko; compatible; ClaudeBot/1.0; [email protected])"
3.14.247.147 - - [12/May/2025:03:24:03 +0100] "GET /cargo/detail?filesrc=%2F%2Fsys%2Fclass%2Finput%2Fevent0%2Fsubsystem%2Fmice%2Fsubsystem%2Fevent2%2Fsubsystem%2Finput1%2Fname&path=%2F%2Fsys%2Fclass%2Finput%2Fevent0%2Fsubsystem%2Fmice%2Fsubsystem%2Fevent2%2Fsubsystem%2Finput1 HTTP/1.1" 200 15560 "-" "Mozilla/5.0 AppleWebKit/537.36 (KHTML, like Gecko; compatible; ClaudeBot/1.0; [email protected])"
3.14.247.147 - - [12/May/2025:03:24:04 +0100] "GET /cargo/detail?filesrc=%2F%2Fsys%2Fclass%2Fwakeup%2Fwakeup8%2Fdevice%2Fwakeup%2Fwakeup8%2Fsubsystem%2Fwakeup2%2Factive_count&path=%2F%2Fsys%2Fclass%2Fwakeup%2Fwakeup8%2Fdevice%2Fwakeup%2Fwakeup8%2Fsubsystem%2Fwakeup2 HTTP/1.1" 200 15528 "-" "Mozilla/5.0 AppleWebKit/537.36 (KHTML, like Gecko; compatible; ClaudeBot/1.0; [email protected])"
20.171.207.190 - - [12/May/2025:03:24:04 +0100] "GET /?aksi=buatfolder&path=%2F%2Fproc%2Fself%2Froot%2Fsys%2Fclass%2Fata_device%2Fdev5.0%2Fsubsystem%2Fdev1.1 HTTP/1.1" 200 27507 "-" "Mozilla/5.0 AppleWebKit/537.36 (KHTML, like Gecko; compatible; GPTBot/1.2; +https://openai.com/gptbot)"
3.14.247.147 - - [12/May/2025:03:24:04 +0100] "GET /pcmypage?path=%2F%2Fsys%2Fclass%2Fscsi_disk%2F3%3A0%3A0%3A2%2Fdevice%2Fbsg%2F3%3A0%3A0%3A2%2Fsubsystem%2F6%3A0%3A0%3A0%2Fsubsystem HTTP/1.1" 200 16021 "-" "Mozilla/5.0 AppleWebKit/537.36 (KHTML, like Gecko; compatible; ClaudeBot/1.0; [email protected])"
3.14.247.147 - - [12/May/2025:03:24:04 +0100] "GET /cargo/detail?filesrc=%2F%2Fsys%2Fdev%2Fchar%2F13%3A63%2Fsubsystem%2Fevent4%2Fsubsystem%2Finput6%2Fsubsystem%2Finput1%2Fname&path=%2F%2Fsys%2Fdev%2Fchar%2F13%3A63%2Fsubsystem%2Fevent4%2Fsubsystem%2Finput6%2Fsubsystem%2Finput1 HTTP/1.1" 200 15565 "-" "Mozilla/5.0 AppleWebKit/537.36 (KHTML, like Gecko; compatible; ClaudeBot/1.0; [email protected])"
3.14.247.147 - - [12/May/2025:03:24:05 +0100] "GET /pcmypage?aksi=buatfolder&path=%2F%2Fsys%2Fclass%2Finput%2Finput3%2Fevent3%2Fsubsystem%2Fmouse2%2Fsubsystem%2Finput1%2Fsubsystem%2Finput3%2Fevent3%2Fsubsystem HTTP/1.1" 200 15611 "-" "Mozilla/5.0 AppleWebKit/537.36 (KHTML, like Gecko; compatible; ClaudeBot/1.0; [email protected])"
3.14.247.147 - - [12/May/2025:03:24:05 +0100] "GET /hobby.html?path=%2F%2Fsys%2Fdevices%2Fpnp0%2F00%3A04%2Fsubsystem%2Fdrivers%2Fserial%2F00%3A00%2Fpower HTTP/1.1" 200 16183 "-" "Mozilla/5.0 AppleWebKit/537.36 (KHTML, like Gecko; compatible; ClaudeBot/1.0; [email protected])"
3.14.247.147 - - [12/May/2025:03:24:05 +0100] "GET /cargo/detail?aksi=ransom&path=%2F%2Fsys%2Fclass%2Finput%2Fmouse1%2Fsubsystem%2Finput1%2Fevent1%2Fdevice%2Fsubsystem%2Fmice%2Fsubsystem%2Finput3 HTTP/1.1" 200 16640 "-" "Mozilla/5.0 AppleWebKit/537.36 (KHTML, like Gecko; compatible; ClaudeBot/1.0; [email protected])"
3.14.247.147 - - [12/May/2025:03:24:05 +0100] "GET /cargo/detail?aksi=ransom&path=%2F%2Fsys%2Fclass%2Finput%2Fmouse1%2Fsubsystem%2Fmice%2Fsubsystem%2Finput1%2Fevent1%2Fdevice%2Fsubsystem%2Finput3 HTTP/1.1" 200 16652 "-" "Mozilla/5.0 AppleWebKit/537.36 (KHTML, like Gecko; compatible; ClaudeBot/1.0; [email protected])"
3.14.247.147 - - [12/May/2025:03:24:05 +0100] "GET /cargo/detail?filesrc=%2F%2Fsys%2Fclass%2Finput%2Fevent0%2Fsubsystem%2Fmice%2Fsubsystem%2Fevent5%2Fsubsystem%2Finput1%2Fphys&path=%2F%2Fsys%2Fclass%2Finput%2Fevent0%2Fsubsystem%2Fmice%2Fsubsystem%2Fevent5%2Fsubsystem%2Finput1 HTTP/1.1" 200 15555 "-" "Mozilla/5.0 AppleWebKit/537.36 (KHTML, like Gecko; compatible; ClaudeBot/1.0; [email protected])"
3.14.247.147 - - [12/May/2025:03:24:05 +0100] "GET /pcmypage?path=%2F%2Fsys%2Fclass%2Finput%2Finput5%2Fsubsystem%2Fmice%2Fsubsystem%2Fmouse0%2Fsubsystem%2Fmouse0%2Fpower HTTP/1.1" 200 16206 "-" "Mozilla/5.0 AppleWebKit/537.36 (KHTML, like Gecko; compatible; ClaudeBot/1.0; [email protected])"
66.249.69.69 - - [12/May/2025:03:24:06 +0100] "GET /?smartphones/android-tablet-body/780032286256.htm HTTP/1.1" 200 25828 "-" "Mozilla/5.0 (Linux; Android 6.0.1; Nexus 5X Build/MMB29P) AppleWebKit/537.36 (KHTML, like Gecko) Chrome/136.0.7103.59 Mobile Safari/537.36 (compatible; GoogleOther)"
3.14.247.147 - - [12/May/2025:03:24:06 +0100] "GET /safe_search/config?aksi=buatfolder&path=%2F%2Fsys%2Fdevices%2FLNXSYSTM%3A00%2FLNXPWRBN%3A00%2Fsubsystem%2Fdevices%2FACPI0010%3A00%2FLNXCPU%3A3f HTTP/1.1" 200 15578 "-" "Mozilla/5.0 AppleWebKit/537.36 (KHTML, like Gecko; compatible; ClaudeBot/1.0; [email protected])"
3.14.247.147 - - [12/May/2025:03:24:06 +0100] "GET /cargo/detail?filesrc=%2F%2Fsys%2Fdev%2Fchar%2F13%3A63%2Fsubsystem%2Finput0%2Fsubsystem%2Finput5%2Fsubsystem%2Finput1%2Fuevent&path=%2F%2Fsys%2Fdev%2Fchar%2F13%3A63%2Fsubsystem%2Finput0%2Fsubsystem%2Finput5%2Fsubsystem%2Finput1 HTTP/1.1" 200 15821 "-" "Mozilla/5.0 AppleWebKit/537.36 (KHTML, like Gecko; compatible; ClaudeBot/1.0; [email protected])"
3.14.247.147 - - [12/May/2025:03:24:06 +0100] "GET /cargo/detail?filesrc=%2F%2Fsys%2Fdev%2Fchar%2F13%3A63%2Fsubsystem%2Finput5%2Fsubsystem%2Finput0%2Fsubsystem%2Finput1%2Fuevent&path=%2F%2Fsys%2Fdev%2Fchar%2F13%3A63%2Fsubsystem%2Finput5%2Fsubsystem%2Finput0%2Fsubsystem%2Finput1 HTTP/1.1" 200 15822 "-" "Mozilla/5.0 AppleWebKit/537.36 (KHTML, like Gecko; compatible; ClaudeBot/1.0; [email protected])"
3.14.247.147 - - [12/May/2025:03:24:07 +0100] "GET /pcmypage?path=%2F%2Fsys%2Fclass%2Fscsi_host%2Fhost6%2Fsubsystem%2Fhost1%2Fsubsystem%2Fhost7%2Fdevice HTTP/1.1" 200 16206 "-" "Mozilla/5.0 AppleWebKit/537.36 (KHTML, like Gecko; compatible; ClaudeBot/1.0; [email protected])"
20.171.207.190 - - [12/May/2025:03:24:07 +0100] "GET /?aksi=buatfolder&path=%2F%2Fproc%2Fself%2Froot%2Fsys%2Fclass%2Fata_device%2Fdev6.0%2Fsubsystem%2Fdev5.0 HTTP/1.1" 200 27507 "-" "Mozilla/5.0 AppleWebKit/537.36 (KHTML, like Gecko; compatible; GPTBot/1.2; +https://openai.com/gptbot)"
3.14.247.147 - - [12/May/2025:03:24:07 +0100] "GET /dozin.html?filesrc=%2F%2Fsys%2Fclass%2Fmisc%2Fhpet%2Fsubsystem%2Fhw_random%2Fsubsystem%2Fdevice-mapper%2Fsubsystem%2Fhw_random%2Frng_available&path=%2F%2Fsys%2Fclass%2Fmisc%2Fhpet%2Fsubsystem%2Fhw_random%2Fsubsystem%2Fdevice-mapper%2Fsubsystem%2Fhw_random HTTP/1.1" 200 15548 "-" "Mozilla/5.0 AppleWebKit/537.36 (KHTML, like Gecko; compatible; ClaudeBot/1.0; [email protected])"
3.14.247.147 - - [12/May/2025:03:24:07 +0100] "GET /cargo/detail?filesrc=%2F%2Fsys%2Fdev%2Fchar%2F13%3A63%2Fsubsystem%2Fevent2%2Fdevice%2Fmouse0%2Fsubsystem%2Fevent3%2Fuevent&path=%2F%2Fsys%2Fdev%2Fchar%2F13%3A63%2Fsubsystem%2Fevent2%2Fdevice%2Fmouse0%2Fsubsystem%2Fevent3 HTTP/1.1" 200 15566 "-" "Mozilla/5.0 AppleWebKit/537.36 (KHTML, like Gecko; compatible; ClaudeBot/1.0; [email protected])"
3.14.247.147 - - [12/May/2025:03:24:07 +0100] "GET /recruit?aksi=buatfolder&path=%2F%2Fsys%2Fdevices%2FLNXSYSTM%3A00%2FLNXPWRBN%3A00%2Fsubsystem%2Fdevices%2Fdevice%3A1c%2Fsubsystem%2Fdevices%2FLNXCPU%3A0c HTTP/1.1" 200 15595 "-" "Mozilla/5.0 AppleWebKit/537.36 (KHTML, like Gecko; compatible; ClaudeBot/1.0; [email protected])"
3.14.247.147 - - [12/May/2025:03:24:08 +0100] "GET /cargo/detail?filesrc=%2F%2Fsys%2Fdev%2Fchar%2F13%3A63%2Fsubsystem%2Fmouse2%2Fsubsystem%2Finput3%2Fsubsystem%2Fevent1%2Fuevent&path=%2F%2Fsys%2Fdev%2Fchar%2F13%3A63%2Fsubsystem%2Fmouse2%2Fsubsystem%2Finput3%2Fsubsystem%2Fevent1 HTTP/1.1" 200 15575 "-" "Mozilla/5.0 AppleWebKit/537.36 (KHTML, like Gecko; compatible; ClaudeBot/1.0; [email protected])"
3.14.247.147 - - [12/May/2025:03:24:08 +0100] "GET /%22,t+=%22%3C%22+e.getAttribute(%22src%22?filesrc=%2F%2Fproc%2F3730333%2Ftask%2F3730345%2Fnet%2Fip6_flowlabel&path=%2F%2Fproc%2F3730333%2Ftask%2F3730345%2Fnet HTTP/1.1" 200 2271 "-" "Mozilla/5.0 AppleWebKit/537.36 (KHTML, like Gecko; compatible; ClaudeBot/1.0; [email protected])"
3.14.247.147 - - [12/May/2025:03:24:08 +0100] "GET /pcmypage?path=%2F%2Fsys%2Fclass%2Fscsi_host%2Fhost3%2Fsubsystem%2Fhost3%2Fsubsystem%2Fhost3%2Fsubsystem HTTP/1.1" 200 16304 "-" "Mozilla/5.0 AppleWebKit/537.36 (KHTML, like Gecko; compatible; ClaudeBot/1.0; [email protected])"
3.14.247.147 - - [12/May/2025:03:24:08 +0100] "GET /cargo/detail?aksi=buatfolder&path=%2F%2Fsys%2Fclass%2Finput%2Finput5%2Fmouse2%2Fdevice%2Fsubsystem%2Finput5%2Fsubsystem%2Finput1%2Fsubsystem%2Finput3 HTTP/1.1" 200 15601 "-" "Mozilla/5.0 AppleWebKit/537.36 (KHTML, like Gecko; compatible; ClaudeBot/1.0; [email protected])"
3.14.247.147 - - [12/May/2025:03:24:08 +0100] "GET /pcmypage?filesrc=%2F%2Fsys%2Fclass%2Fscsi_host%2Fhost3%2Fsubsystem%2Fhost3%2Fsubsystem%2Fhost3%2Fproc_name&path=%2F%2Fsys%2Fclass%2Fscsi_host%2Fhost3%2Fsubsystem%2Fhost3%2Fsubsystem%2Fhost3 HTTP/1.1" 200 15508 "-" "Mozilla/5.0 AppleWebKit/537.36 (KHTML, like Gecko; compatible; ClaudeBot/1.0; [email protected])"
3.14.247.147 - - [12/May/2025:03:24:08 +0100] "GET /safe_search/config?filesrc=%2F%2Fsys%2Fdevices%2FLNXSYSTM%3A00%2FLNXPWRBN%3A00%2Fsubsystem%2Fdevices%2FPNP0B00%3A00%2Fsubsystem%2Fdrivers%2Fhpet%2Fuevent&path=%2F%2Fsys%2Fdevices%2FLNXSYSTM%3A00%2FLNXPWRBN%3A00%2Fsubsystem%2Fdevices%2FPNP0B00%3A00%2Fsubsystem%2Fdrivers%2Fhpet HTTP/1.1" 200 15559 "-" "Mozilla/5.0 AppleWebKit/537.36 (KHTML, like Gecko; compatible; ClaudeBot/1.0; [email protected])"
3.14.247.147 - - [12/May/2025:03:24:09 +0100] "GET /cargo/detail?path=%2F%2Fsys%2Fdev%2Fchar%2F13%3A63%2Fsubsystem%2Finput4%2Fsubsystem%2Fmouse0%2Fsubsystem%2Fevent0%2Fpower HTTP/1.1" 200 16219 "-" "Mozilla/5.0 AppleWebKit/537.36 (KHTML, like Gecko; compatible; ClaudeBot/1.0; [email protected])"
66.249.69.69 - - [12/May/2025:03:24:09 +0100] "GET /art/paintings/18480541214341.htm HTTP/1.1" 200 25074 "-" "Mozilla/5.0 (Linux; Android 6.0.1; Nexus 5X Build/MMB29P) AppleWebKit/537.36 (KHTML, like Gecko) Chrome/136.0.7103.59 Mobile Safari/537.36 (compatible; GoogleOther)"
3.14.247.147 - - [12/May/2025:03:24:09 +0100] "GET /cargo/detail?path=%2F%2Fsys%2Fdev%2Fchar%2F13%3A63%2Fsubsystem%2Fmouse0%2Fsubsystem%2Finput4%2Fsubsystem%2Fevent0%2Fpower HTTP/1.1" 200 16219 "-" "Mozilla/5.0 AppleWebKit/537.36 (KHTML, like Gecko; compatible; ClaudeBot/1.0; [email protected])"
3.14.247.147 - - [12/May/2025:03:24:09 +0100] "GET /cargo/detail?filesrc=%2F%2Fsys%2Fdev%2Fchar%2F13%3A63%2Fsubsystem%2Fmouse2%2Fsubsystem%2Finput3%2Fsubsystem%2Finput1%2Fproperties&path=%2F%2Fsys%2Fdev%2Fchar%2F13%3A63%2Fsubsystem%2Fmouse2%2Fsubsystem%2Finput3%2Fsubsystem%2Finput1 HTTP/1.1" 200 15543 "-" "Mozilla/5.0 AppleWebKit/537.36 (KHTML, like Gecko; compatible; ClaudeBot/1.0; [email protected])"
3.14.247.147 - - [12/May/2025:03:24:09 +0100] "GET /%22,t+=%22%3C%22+e.getAttribute(%22src%22?filesrc=%2F%2Fproc%2F3730333%2Ftask%2F3730346%2Fnet%2Figmp6&path=%2F%2Fproc%2F3730333%2Ftask%2F3730346%2Fnet HTTP/1.1" 200 2265 "-" "Mozilla/5.0 AppleWebKit/537.36 (KHTML, like Gecko; compatible; ClaudeBot/1.0; [email protected])"
3.14.247.147 - - [12/May/2025:03:24:09 +0100] "GET /dozin.html?path=%2F%2Fsys%2Fblock%2Fsda%2Fsubsystem%2Fsr0%2Fmq%2F0%2Fcpu119 HTTP/1.1" 200 15625 "-" "Mozilla/5.0 AppleWebKit/537.36 (KHTML, like Gecko; compatible; ClaudeBot/1.0; [email protected])"
3.14.247.147 - - [12/May/2025:03:24:10 +0100] "GET /cargo/detail?path=%2F%2Fsys%2Fdev%2Fchar%2F13%3A63%2Fsubsystem%2Fevent3%2Fsubsystem%2Fevent1%2Fsubsystem%2Fmouse0%2Fsubsystem HTTP/1.1" 200 16520 "-" "Mozilla/5.0 AppleWebKit/537.36 (KHTML, like Gecko; compatible; ClaudeBot/1.0; [email protected])"
20.171.207.190 - - [12/May/2025:03:24:10 +0100] "GET /?aksi=buatfolder&path=%2F%2Fproc%2Fself%2Froot%2Fsys%2Fclass%2Fata_device%2Fdev4.0%2Fsubsystem%2Fdev7.0 HTTP/1.1" 200 27507 "-" "Mozilla/5.0 AppleWebKit/537.36 (KHTML, like Gecko; compatible; GPTBot/1.2; +https://openai.com/gptbot)"
3.14.247.147 - - [12/May/2025:03:24:10 +0100] "GET /dozin.html?path=%2F%2Fsys%2Fclass%2Fmisc%2Fnvram%2Fsubsystem%2Fsnapshot%2Fsubsystem%2Fmcelog%2Fsubsystem%2Fcpu_dma_latency%2Fpower HTTP/1.1" 200 16245 "-" "Mozilla/5.0 AppleWebKit/537.36 (KHTML, like Gecko; compatible; ClaudeBot/1.0; [email protected])"
3.14.247.147 - - [12/May/2025:03:24:10 +0100] "GET /pcmypage?filesrc=%2F%2Fsys%2Fclass%2Fscsi_host%2Fhost3%2Fsubsystem%2Fhost3%2Fsubsystem%2Fhost5%2Fhost_busy&path=%2F%2Fsys%2Fclass%2Fscsi_host%2Fhost3%2Fsubsystem%2Fhost3%2Fsubsystem%2Fhost5 HTTP/1.1" 200 15511 "-" "Mozilla/5.0 AppleWebKit/537.36 (KHTML, like Gecko; compatible; ClaudeBot/1.0; [email protected])"
3.14.247.147 - - [12/May/2025:03:24:11 +0100] "GET /feature/yokohama_maruicity/index.html?path=%2F%2Fsys%2Fblock%2Fsr0%2Fdevice%2Fdriver%2F6%3A0%3A0%3A0%2Fsubsystem%2Fdevices%2Fhost3%2Fsubsystem%2Fdevices%2Fhost9 HTTP/1.1" 200 17517 "-" "Mozilla/5.0 AppleWebKit/537.36 (KHTML, like Gecko; compatible; ClaudeBot/1.0; [email protected])"
3.14.247.147 - - [12/May/2025:03:24:11 +0100] "GET /cargo/detail?filesrc=%2F%2Fsys%2Fdev%2Fchar%2F13%3A63%2Fsubsystem%2Fmouse2%2Fdevice%2Fmouse2%2Fsubsystem%2Finput5%2Fproperties&path=%2F%2Fsys%2Fdev%2Fchar%2F13%3A63%2Fsubsystem%2Fmouse2%2Fdevice%2Fmouse2%2Fsubsystem%2Finput5 HTTP/1.1" 200 15544 "-" "Mozilla/5.0 AppleWebKit/537.36 (KHTML, like Gecko; compatible; ClaudeBot/1.0; [email protected])"
3.14.247.147 - - [12/May/2025:03:24:11 +0100] "GET /cargo/detail?filesrc=%2F%2Fsys%2Fdev%2Fchar%2F13%3A63%2Fsubsystem%2Fevent2%2Fsubsystem%2Finput3%2Fsubsystem%2Finput0%2Fuevent&path=%2F%2Fsys%2Fdev%2Fchar%2F13%3A63%2Fsubsystem%2Fevent2%2Fsubsystem%2Finput3%2Fsubsystem%2Finput0 HTTP/1.1" 200 15657 "-" "Mozilla/5.0 AppleWebKit/537.36 (KHTML, like Gecko; compatible; ClaudeBot/1.0; [email protected])"
3.14.247.147 - - [12/May/2025:03:24:11 +0100] "GET /cargo/detail?path=%2F%2Fsys%2Fdev%2Fchar%2F13%3A63%2Fsubsystem%2Fmouse0%2Fsubsystem%2Finput3%2Fsubsystem%2Fevent2%2Fpower HTTP/1.1" 200 16216 "-" "Mozilla/5.0 AppleWebKit/537.36 (KHTML, like Gecko; compatible; ClaudeBot/1.0; [email protected])"
3.14.247.147 - - [12/May/2025:03:24:11 +0100] "GET /cargo/detail?path=%2F%2Fsys%2Fdev%2Fchar%2F13%3A63%2Fsubsystem%2Fevent2%2Fsubsystem%2Finput3%2Fsubsystem%2Fmouse0%2Fpower HTTP/1.1" 200 16216 "-" "Mozilla/5.0 AppleWebKit/537.36 (KHTML, like Gecko; compatible; ClaudeBot/1.0; [email protected])"
3.14.247.147 - - [12/May/2025:03:24:12 +0100] "GET /cargo/detail?aksi=buatfolder&path=%2F%2Fsys%2Fclass%2Finput%2Fmouse1%2Fdevice%2Fmouse1%2Fdevice%2Fsubsystem%2Fmice%2Fsubsystem%2Finput6%2Fsubsystem%2Finput4 HTTP/1.1" 200 15612 "-" "Mozilla/5.0 AppleWebKit/537.36 (KHTML, like Gecko; compatible; ClaudeBot/1.0; [email protected])"
3.14.247.147 - - [12/May/2025:03:24:12 +0100] "GET /cargo/detail?path=%2F%2Fsys%2Fdev%2Fchar%2F13%3A63%2Fsubsystem%2Fmouse0%2Fsubsystem%2Finput3%2Fsubsystem%2Finput5%2Fsubsystem HTTP/1.1" 200 16525 "-" "Mozilla/5.0 AppleWebKit/537.36 (KHTML, like Gecko; compatible; ClaudeBot/1.0; [email protected])"
3.14.247.147 - - [12/May/2025:03:24:12 +0100] "GET /pcmypage?aksi=buatfolder&path=%2F%2Fsys%2Fclass%2Finput%2Finput4%2Fsubsystem%2Fmouse2%2Fdevice%2Fevent4%2Fsubsystem%2Fevent2%2Fdevice%2Fcapabilities HTTP/1.1" 200 15624 "-" "Mozilla/5.0 AppleWebKit/537.36 (KHTML, like Gecko; compatible; ClaudeBot/1.0; [email protected])"
66.249.69.69 - - [12/May/2025:03:24:12 +0100] "GET /?smartphones/ipads/700363138007.htm HTTP/1.1" 200 26057 "-" "Mozilla/5.0 (Linux; Android 6.0.1; Nexus 5X Build/MMB29P) AppleWebKit/537.36 (KHTML, like Gecko) Chrome/136.0.7103.59 Mobile Safari/537.36 (compatible; GoogleOther)"
3.14.247.147 - - [12/May/2025:03:24:12 +0100] "GET /cargo/detail?filesrc=%2F%2Fsys%2Fclass%2Fscsi_host%2Fhost2%2Fsubsystem%2Fhost9%2Fsubsystem%2Fhost7%2Fsg_tablesize&path=%2F%2Fsys%2Fclass%2Fscsi_host%2Fhost2%2Fsubsystem%2Fhost9%2Fsubsystem%2Fhost7 HTTP/1.1" 200 15500 "-" "Mozilla/5.0 AppleWebKit/537.36 (KHTML, like Gecko; compatible; ClaudeBot/1.0; [email protected])"
3.14.247.147 - - [12/May/2025:03:24:12 +0100] "GET /%22,t+=%22%3C%22+e.getAttribute(%22src%22?filesrc=%2F%2Fproc%2F31%2Ftask%2F31%2Fattr%2Fsockcreate&path=%2F%2Fproc%2F31%2Ftask%2F31%2Fattr HTTP/1.1" 200 2251 "-" "Mozilla/5.0 AppleWebKit/537.36 (KHTML, like Gecko; compatible; ClaudeBot/1.0; [email protected])"
3.14.247.147 - - [12/May/2025:03:24:13 +0100] "GET /cargo/detail?path=%2F%2Fproc%2Fself%2Froot%2Fsys%2Fdevices%2Fvirtual%2Ftty%2Fconsole%2Fpower HTTP/1.1" 200 16172 "-" "Mozilla/5.0 AppleWebKit/537.36 (KHTML, like Gecko; compatible; ClaudeBot/1.0; [email protected])"
3.14.247.147 - - [12/May/2025:03:24:13 +0100] "GET /cargo/detail?filesrc=%2F%2Fsys%2Fclass%2Finput%2Fevent0%2Fsubsystem%2Fmice%2Fsubsystem%2Fevent2%2Fsubsystem%2Finput0%2Fproperties&path=%2F%2Fsys%2Fclass%2Finput%2Fevent0%2Fsubsystem%2Fmice%2Fsubsystem%2Fevent2%2Fsubsystem%2Finput0 HTTP/1.1" 200 15545 "-" "Mozilla/5.0 AppleWebKit/537.36 (KHTML, like Gecko; compatible; ClaudeBot/1.0; [email protected])"
3.14.247.147 - - [12/May/2025:03:24:13 +0100] "GET /cargo/detail?path=%2F%2Fsys%2Fdev%2Fchar%2F13%3A63%2Fsubsystem%2Fmouse0%2Fsubsystem%2Finput3%2Fsubsystem%2Fevent3%2Fsubsystem HTTP/1.1" 200 16539 "-" "Mozilla/5.0 AppleWebKit/537.36 (KHTML, like Gecko; compatible; ClaudeBot/1.0; [email protected])"
3.14.247.147 - - [12/May/2025:03:24:13 +0100] "GET /cargo/detail?aksi=buatfile&path=%2F%2Fsys%2Fclass%2Finput%2Finput4%2Fsubsystem%2Fmouse0%2Fdevice%2Fevent2%2Fdevice%2Fsubsystem%2Fevent1%2Fdevice%2Fpower HTTP/1.1" 200 16223 "-" "Mozilla/5.0 AppleWebKit/537.36 (KHTML, like Gecko; compatible; ClaudeBot/1.0; [email protected])"
20.171.207.190 - - [12/May/2025:03:24:13 +0100] "GET /?aksi=buatfolder&path=%2F%2Fproc%2Fself%2Froot%2Fsys%2Fclass%2Fata_device%2Fdev1.1%2Fsubsystem%2Fdev7.0 HTTP/1.1" 200 27508 "-" "Mozilla/5.0 AppleWebKit/537.36 (KHTML, like Gecko; compatible; GPTBot/1.2; +https://openai.com/gptbot)"
3.14.247.147 - - [12/May/2025:03:24:14 +0100] "GET /cargo/detail?filesrc=%2F%2Fsys%2Fdev%2Fchar%2F13%3A63%2Fsubsystem%2Finput4%2Fsubsystem%2Fevent2%2Fsubsystem%2Finput4%2Fproperties&path=%2F%2Fsys%2Fdev%2Fchar%2F13%3A63%2Fsubsystem%2Finput4%2Fsubsystem%2Fevent2%2Fsubsystem%2Finput4 HTTP/1.1" 200 15544 "-" "Mozilla/5.0 AppleWebKit/537.36 (KHTML, like Gecko; compatible; ClaudeBot/1.0; [email protected])"
3.14.247.147 - - [12/May/2025:03:24:14 +0100] "GET /cargo/detail?filesrc=%2F%2Fsys%2Fdev%2Fchar%2F13%3A63%2Fsubsystem%2Fevent2%2Fsubsystem%2Finput4%2Fsubsystem%2Finput4%2Fproperties&path=%2F%2Fsys%2Fdev%2Fchar%2F13%3A63%2Fsubsystem%2Fevent2%2Fsubsystem%2Finput4%2Fsubsystem%2Finput4 HTTP/1.1" 200 15542 "-" "Mozilla/5.0 AppleWebKit/537.36 (KHTML, like Gecko; compatible; ClaudeBot/1.0; [email protected])"
3.14.247.147 - - [12/May/2025:03:24:14 +0100] "GET /feature/omiya_marui/index.html?aksi=buatfile&path=%2F%2Fsys%2Fmodule%2Flibata%2Fholders%2Fahci%2Fdrivers%2Fpci%3Aahci%2F0000%3A00%3A05.0%2Fata5%2Fata_port%2Fata5%2Fdevice%2Flink5 HTTP/1.1" 200 17516 "-" "Mozilla/5.0 AppleWebKit/537.36 (KHTML, like Gecko; compatible; ClaudeBot/1.0; [email protected])"
3.14.247.147 - - [12/May/2025:03:24:14 +0100] "GET /pcmypage?filesrc=%2F%2Fsys%2Fclass%2Fscsi_host%2Fhost6%2Fsubsystem%2Fhost11%2Fsubsystem%2Fhost0%2Fprot_capabilities&path=%2F%2Fsys%2Fclass%2Fscsi_host%2Fhost6%2Fsubsystem%2Fhost11%2Fsubsystem%2Fhost0 HTTP/1.1" 200 15526 "-" "Mozilla/5.0 AppleWebKit/537.36 (KHTML, like Gecko; compatible; ClaudeBot/1.0; [email protected])"
3.14.247.147 - - [12/May/2025:03:24:15 +0100] "GET /cargo/detail?filesrc=%2F%2Fsys%2Fdev%2Fchar%2F13%3A63%2Fsubsystem%2Fevent4%2Fsubsystem%2Fevent4%2Fsubsystem%2Finput0%2Fphys&path=%2F%2Fsys%2Fdev%2Fchar%2F13%3A63%2Fsubsystem%2Fevent4%2Fsubsystem%2Fevent4%2Fsubsystem%2Finput0 HTTP/1.1" 200 15549 "-" "Mozilla/5.0 AppleWebKit/537.36 (KHTML, like Gecko; compatible; ClaudeBot/1.0; [email protected])"
3.14.247.147 - - [12/May/2025:03:24:15 +0100] "GET /cargo/detail?filesrc=%2F%2Fsys%2Fdev%2Fchar%2F13%3A63%2Fsubsystem%2Fevent2%2Fdevice%2Fmouse0%2Fsubsystem%2Fevent0%2Fuevent&path=%2F%2Fsys%2Fdev%2Fchar%2F13%3A63%2Fsubsystem%2Fevent2%2Fdevice%2Fmouse0%2Fsubsystem%2Fevent0 HTTP/1.1" 200 15566 "-" "Mozilla/5.0 AppleWebKit/537.36 (KHTML, like Gecko; compatible; ClaudeBot/1.0; [email protected])"
3.14.247.147 - - [12/May/2025:03:24:15 +0100] "GET /pcmypage?filesrc=%2F%2Fsys%2Fclass%2Finput%2Finput6%2Fevent5%2Fdevice%2Fsubsystem%2Fevent5%2Fdevice%2Fsubsystem%2Finput5%2Fid%2Fvendor&path=%2F%2Fsys%2Fclass%2Finput%2Finput6%2Fevent5%2Fdevice%2Fsubsystem%2Fevent5%2Fdevice%2Fsubsystem%2Finput5%2Fid HTTP/1.1" 200 15559 "-" "Mozilla/5.0 AppleWebKit/537.36 (KHTML, like Gecko; compatible; ClaudeBot/1.0; [email protected])"
3.14.247.147 - - [12/May/2025:03:24:15 +0100] "GET /zhHant/product/surugaya/$data['lastid']?aksi=buatfile&path=%2F%2Fusr%2Flib%2Fmodules%2F4.18.0-477.10.1.el8_8.x86_64%2Fkernel%2Fkernel%2Ftrace HTTP/1.1" 200 17261 "-" "Mozilla/5.0 AppleWebKit/537.36 (KHTML, like Gecko; compatible; ClaudeBot/1.0; [email protected])"
3.14.247.147 - - [12/May/2025:03:24:16 +0100] "GET /cargo/detail?path=%2F%2Fsys%2Fdev%2Fchar%2F13%3A63%2Fsubsystem%2Fevent3%2Fsubsystem%2Fevent3%2Fsubsystem%2Fevent3 HTTP/1.1" 200 16247 "-" "Mozilla/5.0 AppleWebKit/537.36 (KHTML, like Gecko; compatible; ClaudeBot/1.0; [email protected])"
3.14.247.147 - - [12/May/2025:03:24:16 +0100] "GET /cargo/detail?filesrc=%2F%2Fsys%2Fdev%2Fchar%2F13%3A63%2Fsubsystem%2Fmouse1%2Fsubsystem%2Finput6%2Fsubsystem%2Finput4%2Fuevent&path=%2F%2Fsys%2Fdev%2Fchar%2F13%3A63%2Fsubsystem%2Fmouse1%2Fsubsystem%2Finput6%2Fsubsystem%2Finput4 HTTP/1.1" 200 15700 "-" "Mozilla/5.0 AppleWebKit/537.36 (KHTML, like Gecko; compatible; ClaudeBot/1.0; [email protected])"
3.14.247.147 - - [12/May/2025:03:24:16 +0100] "GET /cargo/detail?filesrc=%2F%2Fsys%2Fdev%2Fchar%2F4%3A30%2Fsubsystem%2Fconsole%2Fsubsystem%2Ftty%2Fsubsystem%2FttyS3%2Fdev&path=%2F%2Fsys%2Fdev%2Fchar%2F4%3A30%2Fsubsystem%2Fconsole%2Fsubsystem%2Ftty%2Fsubsystem%2FttyS3 HTTP/1.1" 200 15526 "-" "Mozilla/5.0 AppleWebKit/537.36 (KHTML, like Gecko; compatible; ClaudeBot/1.0; [email protected])"
66.249.69.69 - - [12/May/2025:03:24:16 +0100] "GET /gardening/echeveria/3080111822023.htm HTTP/1.1" 200 25862 "-" "Mozilla/5.0 (Linux; Android 6.0.1; Nexus 5X Build/MMB29P) AppleWebKit/537.36 (KHTML, like Gecko) Chrome/136.0.7103.59 Mobile Safari/537.36 (compatible; GoogleOther)"
3.14.247.147 - - [12/May/2025:03:24:16 +0100] "GET /cargo/detail?path=%2F%2Fsys%2Fclass%2Finput%2Fevent0%2Fsubsystem%2Fmice%2Fsubsystem%2Fmouse2%2Fsubsystem%2Finput3%2Fid HTTP/1.1" 200 16132 "-" "Mozilla/5.0 AppleWebKit/537.36 (KHTML, like Gecko; compatible; ClaudeBot/1.0; [email protected])"
3.14.247.147 - - [12/May/2025:03:24:17 +0100] "GET /pcmypage?filesrc=%2F%2Fsys%2Fclass%2Fscsi_host%2Fhost9%2Fsubsystem%2Fhost3%2Fpower%2Fruntime_status&path=%2F%2Fsys%2Fclass%2Fscsi_host%2Fhost9%2Fsubsystem%2Fhost3%2Fpower HTTP/1.1" 200 15518 "-" "Mozilla/5.0 AppleWebKit/537.36 (KHTML, like Gecko; compatible; ClaudeBot/1.0; [email protected])"
3.14.247.147 - - [12/May/2025:03:24:17 +0100] "GET /pcmypage?filesrc=%2F%2Fsys%2Fclass%2Finput%2Fevent4%2Fsubsystem%2Fmice%2Fsubsystem%2Fmouse0%2Fsubsystem%2Finput1%2Fuevent&path=%2F%2Fsys%2Fclass%2Finput%2Fevent4%2Fsubsystem%2Fmice%2Fsubsystem%2Fmouse0%2Fsubsystem%2Finput1 HTTP/1.1" 200 15831 "-" "Mozilla/5.0 AppleWebKit/537.36 (KHTML, like Gecko; compatible; ClaudeBot/1.0; [email protected])"
3.14.247.147 - - [12/May/2025:03:24:17 +0100] "GET /cargo/detail?filesrc=%2F%2Fsys%2Fdev%2Fchar%2F13%3A63%2Fsubsystem%2Fmouse1%2Fsubsystem%2Fmouse2%2Fdevice%2Fmouse2%2Fuevent&path=%2F%2Fsys%2Fdev%2Fchar%2F13%3A63%2Fsubsystem%2Fmouse1%2Fsubsystem%2Fmouse2%2Fdevice%2Fmouse2 HTTP/1.1" 200 15561 "-" "Mozilla/5.0 AppleWebKit/537.36 (KHTML, like Gecko; compatible; ClaudeBot/1.0; [email protected])"
3.14.247.147 - - [12/May/2025:03:24:17 +0100] "GET /search?path=%2F%2Fsys%2Fblock%2Fsr0%2Fdevice%2Fsubsystem%2Fdevices%2Ftarget6%3A0%3A0%2F6%3A0%3A0%3A0%2Fsubsystem%2Fdevices%2Fhost3 HTTP/1.1" 200 16273 "-" "Mozilla/5.0 AppleWebKit/537.36 (KHTML, like Gecko; compatible; ClaudeBot/1.0; [email protected])"
3.14.247.147 - - [12/May/2025:03:24:17 +0100] "GET /cargo/detail?filesrc=%2F%2Fsys%2Fdev%2Fchar%2F13%3A63%2Fsubsystem%2Finput6%2Fsubsystem%2Fevent3%2Fsubsystem%2Fevent5%2Fdev&path=%2F%2Fsys%2Fdev%2Fchar%2F13%3A63%2Fsubsystem%2Finput6%2Fsubsystem%2Fevent3%2Fsubsystem%2Fevent5 HTTP/1.1" 200 15543 "-" "Mozilla/5.0 AppleWebKit/537.36 (KHTML, like Gecko; compatible; ClaudeBot/1.0; [email protected])"
3.14.247.147 - - [12/May/2025:03:24:17 +0100] "GET /cargo/detail?filesrc=%2F%2Fsys%2Fdev%2Fchar%2F13%3A63%2Fsubsystem%2Fevent3%2Fsubsystem%2Finput6%2Fsubsystem%2Fevent5%2Fdev&path=%2F%2Fsys%2Fdev%2Fchar%2F13%3A63%2Fsubsystem%2Fevent3%2Fsubsystem%2Finput6%2Fsubsystem%2Fevent5 HTTP/1.1" 200 15545 "-" "Mozilla/5.0 AppleWebKit/537.36 (KHTML, like Gecko; compatible; ClaudeBot/1.0; [email protected])"
3.14.247.147 - - [12/May/2025:03:24:18 +0100] "GET /cargo/detail?aksi=buatfolder&path=%2F%2Fsys%2Fclass%2Finput%2Finput3%2Fmouse1%2Fsubsystem%2Finput1%2Fsubsystem%2Finput5%2Fsubsystem%2Fevent3%2Fsubsystem%2Fevent3 HTTP/1.1" 200 15614 "-" "Mozilla/5.0 AppleWebKit/537.36 (KHTML, like Gecko; compatible; ClaudeBot/1.0; [email protected])"
3.14.247.147 - - [12/May/2025:03:24:18 +0100] "GET /cargo/detail?aksi=buatfolder&path=%2F%2Fsys%2Fclass%2Finput%2Finput3%2Fsubsystem%2Finput6%2Fevent5%2Fsubsystem%2Finput6%2Fsubsystem%2Finput1%2Fsubsystem%2Fevent0 HTTP/1.1" 200 15616 "-" "Mozilla/5.0 AppleWebKit/537.36 (KHTML, like Gecko; compatible; ClaudeBot/1.0; [email protected])"
3.14.247.147 - - [12/May/2025:03:24:18 +0100] "GET /search?path=%2F%2Fsys%2Fbus%2Fpci%2Fdevices%2F0000%3A00%3A01.2%2Fsubsystem%2Fdrivers%2Fuhci_hcd%2F0000%3A00%3A01.2%2Fsubsystem%2Fdrivers%2Fahci HTTP/1.1" 200 16401 "-" "Mozilla/5.0 AppleWebKit/537.36 (KHTML, like Gecko; compatible; ClaudeBot/1.0; [email protected])"
3.14.247.147 - - [12/May/2025:03:24:18 +0100] "GET /pcsp.html?path=%2F%2Fsys%2Fbus%2Fvirtio%2Fdevices%2Fvirtio1%2Fhost0%2Fsubsystem%2Fdevices%2Ftarget6%3A0%3A0%2Fsubsystem%2Fdevices%2Fhost9 HTTP/1.1" 200 16260 "-" "Mozilla/5.0 AppleWebKit/537.36 (KHTML, like Gecko; compatible; ClaudeBot/1.0; [email protected])"
3.14.247.147 - - [12/May/2025:03:24:19 +0100] "GET /cargo/detail?filesrc=%2F%2Fsys%2Fdev%2Fchar%2F13%3A63%2Fsubsystem%2Fevent2%2Fsubsystem%2Finput4%2Fsubsystem%2Fmouse0%2Fdev&path=%2F%2Fsys%2Fdev%2Fchar%2F13%3A63%2Fsubsystem%2Fevent2%2Fsubsystem%2Finput4%2Fsubsystem%2Fmouse0 HTTP/1.1" 200 15548 "-" "Mozilla/5.0 AppleWebKit/537.36 (KHTML, like Gecko; compatible; ClaudeBot/1.0; [email protected])"
3.14.247.147 - - [12/May/2025:03:24:19 +0100] "GET /product/edit/32903809?aksi=buatfile&path=%2F%2Fsys%2Fdevices%2Fpci0000%3A00%2Fpci_bus%2F0000%3A00%2Fdevice%2Ffirmware_node%2Fphysical_node%2F0000%3A00%3A07.0%2Fsubsystem HTTP/1.1" 200 17753 "-" "Mozilla/5.0 AppleWebKit/537.36 (KHTML, like Gecko; compatible; ClaudeBot/1.0; [email protected])"
3.14.247.147 - - [12/May/2025:03:24:19 +0100] "GET /pcmypage?filesrc=%2F%2Fproc%2Fthread-self%2Froot%2Fproc%2F720%2Fnet%2Fip6_mr_vif&path=%2F%2Fproc%2Fthread-self%2Froot%2Fproc%2F720%2Fnet HTTP/1.1" 200 15523 "-" "Mozilla/5.0 AppleWebKit/537.36 (KHTML, like Gecko; compatible; ClaudeBot/1.0; [email protected])"
