3.143.110.165 - - [12/May/2025:03:27:42 +0100] "GET /cargo/detail?aksi=buatfolder&path=%2F%2Fsys%2Fclass%2Finput%2Fmouse1%2Fdevice%2Fmouse1%2Fdevice%2Fsubsystem%2Fmice%2Fsubsystem%2Finput6%2Fsubsystem%2Finput6 HTTP/1.1" 200 15602 "-" "Mozilla/5.0 AppleWebKit/537.36 (KHTML, like Gecko; compatible; ClaudeBot/1.0; [email protected])"
3.143.110.165 - - [12/May/2025:03:27:42 +0100] "GET /cargo/detail?aksi=buatfolder&path=%2F%2Fsys%2Fclass%2Finput%2Fmouse1%2Fdevice%2Fmouse1%2Fdevice%2Fsubsystem%2Fmice%2Fsubsystem%2Finput6%2Fsubsystem%2Fevent1 HTTP/1.1" 200 15608 "-" "Mozilla/5.0 AppleWebKit/537.36 (KHTML, like Gecko; compatible; ClaudeBot/1.0; [email protected])"
3.143.110.165 - - [12/May/2025:03:27:42 +0100] "GET /feature/osu_main/index.html?aksi=ransom&path=%2F%2Fsys%2Fdevices%2Fpci0000%3A00%2F0000%3A00%3A06.0%2Fsubsystem%2Fdevices%2F0000%3A00%3A09.0%2Fdriver%2F0000%3A00%3A03.0%2Flink HTTP/1.1" 200 16938 "-" "Mozilla/5.0 AppleWebKit/537.36 (KHTML, like Gecko; compatible; ClaudeBot/1.0; [email protected])"
3.143.110.165 - - [12/May/2025:03:27:42 +0100] "GET /cargo/detail?filesrc=%2F%2Fsys%2Fdev%2Fchar%2F13%3A63%2Fsubsystem%2Fmouse1%2Fsubsystem%2Finput6%2Fsubsystem%2Finput0%2Fuevent&path=%2F%2Fsys%2Fdev%2Fchar%2F13%3A63%2Fsubsystem%2Fmouse1%2Fsubsystem%2Finput6%2Fsubsystem%2Finput0 HTTP/1.1" 200 15660 "-" "Mozilla/5.0 AppleWebKit/537.36 (KHTML, like Gecko; compatible; ClaudeBot/1.0; [email protected])"
3.143.110.165 - - [12/May/2025:03:27:43 +0100] "GET /pcmypage?filesrc=%2F%2Fsys%2Fclass%2Finput%2Fevent4%2Fsubsystem%2Fmice%2Fsubsystem%2Fevent5%2Fsubsystem%2Finput3%2Fname&path=%2F%2Fsys%2Fclass%2Finput%2Fevent4%2Fsubsystem%2Fmice%2Fsubsystem%2Fevent5%2Fsubsystem%2Finput3 HTTP/1.1" 200 15568 "-" "Mozilla/5.0 AppleWebKit/537.36 (KHTML, like Gecko; compatible; ClaudeBot/1.0; [email protected])"
3.143.110.165 - - [12/May/2025:03:27:43 +0100] "GET /pcmypage?filesrc=%2F%2Fsys%2Fclass%2Finput%2Finput0%2Fdevice%2Fsubsystem%2Fdevices%2Fdevice%3A18%2Fsubsystem%2Fdrivers%2Fbattery%2Fbind&path=%2F%2Fsys%2Fclass%2Finput%2Finput0%2Fdevice%2Fsubsystem%2Fdevices%2Fdevice%3A18%2Fsubsystem%2Fdrivers%2Fbattery HTTP/1.1" 200 15562 "-" "Mozilla/5.0 AppleWebKit/537.36 (KHTML, like Gecko; compatible; ClaudeBot/1.0; [email protected])"
66.249.69.69 - - [12/May/2025:03:27:43 +0100] "GET /safe_search/config?return_url=%2Fproduct%2Fdetail%2F65634521 HTTP/1.1" 200 26534 "-" "Mozilla/5.0 (Linux; Android 6.0.1; Nexus 5X Build/MMB29P) AppleWebKit/537.36 (KHTML, like Gecko) Chrome/136.0.7103.59 Mobile Safari/537.36 (compatible; GoogleOther)"
3.143.110.165 - - [12/May/2025:03:27:43 +0100] "GET /cargo/detail?filesrc=%2F%2Fsys%2Fclass%2Finput%2Fevent0%2Fsubsystem%2Fmice%2Fsubsystem%2Fevent5%2Fsubsystem%2Fmouse1%2Fdev&path=%2F%2Fsys%2Fclass%2Finput%2Fevent0%2Fsubsystem%2Fmice%2Fsubsystem%2Fevent5%2Fsubsystem%2Fmouse1 HTTP/1.1" 200 15547 "-" "Mozilla/5.0 AppleWebKit/537.36 (KHTML, like Gecko; compatible; ClaudeBot/1.0; [email protected])"
3.143.110.165 - - [12/May/2025:03:27:44 +0100] "GET /cargo/detail?aksi=ransom&path=%2F%2Fsys%2Fclass%2Finput%2Finput0%2Fsubsystem%2Finput1%2Fevent1%2Fsubsystem%2Fmouse0%2Fsubsystem%2Fevent3%2Fsubsystem%2Finput6 HTTP/1.1" 200 16617 "-" "Mozilla/5.0 AppleWebKit/537.36 (KHTML, like Gecko; compatible; ClaudeBot/1.0; [email protected])"
20.171.207.190 - - [12/May/2025:03:27:44 +0100] "GET /?aksi=ransom&path=%2F%2Fproc%2Fself%2Froot%2Fsys%2Fclass%2Fata_device%2Fdev7.0%2Fsubsystem%2Fdev1.0 HTTP/1.1" 200 28454 "-" "Mozilla/5.0 AppleWebKit/537.36 (KHTML, like Gecko; compatible; GPTBot/1.2; +https://openai.com/gptbot)"
3.143.110.165 - - [12/May/2025:03:27:44 +0100] "GET /search?path=%2F%2Fsys%2Fbus%2Fvirtio%2Fdevices%2Fvirtio0%2Fsubsystem%2Fdevices%2Fvirtio1%2Fdriver%2Fvirtio7%2Fsubsystem%2Fdevices HTTP/1.1" 200 16214 "-" "Mozilla/5.0 AppleWebKit/537.36 (KHTML, like Gecko; compatible; ClaudeBot/1.0; [email protected])"
3.143.110.165 - - [12/May/2025:03:27:44 +0100] "GET /search?path=%2F%2Fsys%2Fbus%2Fvirtio%2Fdevices%2Fvirtio0%2Fsubsystem%2Fdevices%2Fvirtio7%2Fdriver%2Fvirtio1%2Fsubsystem%2Fdevices HTTP/1.1" 200 16214 "-" "Mozilla/5.0 AppleWebKit/537.36 (KHTML, like Gecko; compatible; ClaudeBot/1.0; [email protected])"
3.143.110.165 - - [12/May/2025:03:27:44 +0100] "GET /pcmypage?aksi=buatfolder&path=%2F%2Fsys%2Fclass%2Finput%2Finput3%2Fmouse1%2Fdevice%2Fmouse1%2Fsubsystem%2Fmouse2%2Fsubsystem%2Fmouse1%2Fsubsystem%2Fmouse0 HTTP/1.1" 200 15610 "-" "Mozilla/5.0 AppleWebKit/537.36 (KHTML, like Gecko; compatible; ClaudeBot/1.0; [email protected])"
3.143.110.165 - - [12/May/2025:03:27:44 +0100] "GET /pcmypage?aksi=buatfolder&path=%2F%2Fsys%2Fclass%2Finput%2Finput3%2Fmouse1%2Fdevice%2Fmouse1%2Fsubsystem%2Fmouse2%2Fsubsystem%2Fmouse0%2Fsubsystem%2Finput1 HTTP/1.1" 200 15621 "-" "Mozilla/5.0 AppleWebKit/537.36 (KHTML, like Gecko; compatible; ClaudeBot/1.0; [email protected])"
3.143.110.165 - - [12/May/2025:03:27:45 +0100] "GET /pcmypage?filesrc=%2F%2Fsys%2Fclass%2Finput%2Finput0%2Fdevice%2Fsubsystem%2Fdevices%2FLNXCPU%3A35%2Fsubsystem%2Fdevices%2Fdevice%3A18%2Fadr&path=%2F%2Fsys%2Fclass%2Finput%2Finput0%2Fdevice%2Fsubsystem%2Fdevices%2FLNXCPU%3A35%2Fsubsystem%2Fdevices%2Fdevice%3A18 HTTP/1.1" 200 15569 "-" "Mozilla/5.0 AppleWebKit/537.36 (KHTML, like Gecko; compatible; ClaudeBot/1.0; [email protected])"
3.143.110.165 - - [12/May/2025:03:27:45 +0100] "GET /cargo/detail?aksi=buatfolder&path=%2F%2Fsys%2Fclass%2Finput%2Finput4%2Fsubsystem%2Finput3%2Fsubsystem%2Fmice%2Fsubsystem%2Fevent3%2Fdevice%2Fevent3%2Fdevice HTTP/1.1" 200 15616 "-" "Mozilla/5.0 AppleWebKit/537.36 (KHTML, like Gecko; compatible; ClaudeBot/1.0; [email protected])"
3.143.110.165 - - [12/May/2025:03:27:45 +0100] "GET /%22,t+=%22%3C%22+e.getAttribute(%22src%22?aksi=buatfile&path=%2F%2Fproc%2Fthread-self%2Froot%2Fusr%2Fshare%2Ffonts HTTP/1.1" 200 2953 "-" "Mozilla/5.0 AppleWebKit/537.36 (KHTML, like Gecko; compatible; ClaudeBot/1.0; [email protected])"
3.143.110.165 - - [12/May/2025:03:27:45 +0100] "GET /cargo/detail?aksi=buatfolder&path=%2F%2Fsys%2Fclass%2Finput%2Finput3%2Fsubsystem%2Finput4%2Fsubsystem%2Fmice%2Fsubsystem%2Fevent3%2Fdevice%2Fevent3%2Fdevice HTTP/1.1" 200 15616 "-" "Mozilla/5.0 AppleWebKit/537.36 (KHTML, like Gecko; compatible; ClaudeBot/1.0; [email protected])"
3.143.110.165 - - [12/May/2025:03:27:45 +0100] "GET /cargo/detail?path=%2F%2Fsys%2Fdev%2Fchar%2F13%3A63%2Fsubsystem%2Fmouse0%2Fsubsystem%2Finput5%2Fmouse2%2Fsubsystem%2Fevent5 HTTP/1.1" 200 16273 "-" "Mozilla/5.0 AppleWebKit/537.36 (KHTML, like Gecko; compatible; ClaudeBot/1.0; [email protected])"
3.143.110.165 - - [12/May/2025:03:27:45 +0100] "GET /pcmypage?filesrc=%2F%2Fsys%2Fclass%2Finput%2Fevent4%2Fsubsystem%2Fmice%2Fsubsystem%2Finput6%2Fsubsystem%2Fevent0%2Fuevent&path=%2F%2Fsys%2Fclass%2Finput%2Fevent4%2Fsubsystem%2Fmice%2Fsubsystem%2Finput6%2Fsubsystem%2Fevent0 HTTP/1.1" 200 15578 "-" "Mozilla/5.0 AppleWebKit/537.36 (KHTML, like Gecko; compatible; ClaudeBot/1.0; [email protected])"
3.143.110.165 - - [12/May/2025:03:27:45 +0100] "GET /cargo/detail?aksi=buatfolder&path=%2F%2Fsys%2Fclass%2Finput%2Finput0%2Fsubsystem%2Fmouse0%2Fsubsystem%2Finput5%2Fsubsystem%2Finput1%2Fdevice%2Fdriver HTTP/1.1" 200 15613 "-" "Mozilla/5.0 AppleWebKit/537.36 (KHTML, like Gecko; compatible; ClaudeBot/1.0; [email protected])"
3.143.110.165 - - [12/May/2025:03:27:46 +0100] "GET /cargo/detail?path=%2F%2Fsys%2Fdev%2Fchar%2F10%3A236%2Fsubsystem%2Fmcelog%2Fsubsystem%2Fdevice-mapper%2Fsubsystem%2Fnvram%2Fpower HTTP/1.1" 200 16230 "-" "Mozilla/5.0 AppleWebKit/537.36 (KHTML, like Gecko; compatible; ClaudeBot/1.0; [email protected])"
20.171.207.190 - - [12/May/2025:03:27:46 +0100] "GET /?aksi=ransom&path=%2F%2Fproc%2Fself%2Froot%2Fsys%2Fclass%2Fata_device%2Fdev3.0%2Fsubsystem%2Fdev4.0 HTTP/1.1" 200 28454 "-" "Mozilla/5.0 AppleWebKit/537.36 (KHTML, like Gecko; compatible; GPTBot/1.2; +https://openai.com/gptbot)"
3.143.110.165 - - [12/May/2025:03:27:46 +0100] "GET /cargo/detail?path=%2F%2Fsys%2Fdev%2Fchar%2F10%3A236%2Fsubsystem%2Fnvram%2Fsubsystem%2Fdevice-mapper%2Fsubsystem%2Fmcelog%2Fpower HTTP/1.1" 200 16232 "-" "Mozilla/5.0 AppleWebKit/537.36 (KHTML, like Gecko; compatible; ClaudeBot/1.0; [email protected])"
3.143.110.165 - - [12/May/2025:03:27:46 +0100] "GET /cargo/detail?aksi=buatfolder&path=%2F%2Fsys%2Fclass%2Finput%2Finput3%2Fmouse1%2Fsubsystem%2Finput6%2Fevent5%2Fsubsystem%2Fmice%2Fsubsystem%2Finput3%2Fmouse1 HTTP/1.1" 200 15606 "-" "Mozilla/5.0 AppleWebKit/537.36 (KHTML, like Gecko; compatible; ClaudeBot/1.0; [email protected])"
66.249.69.69 - - [12/May/2025:03:27:46 +0100] "GET /beauty/others/18210581913035.htm HTTP/1.1" 200 25160 "-" "Mozilla/5.0 (Linux; Android 6.0.1; Nexus 5X Build/MMB29P) AppleWebKit/537.36 (KHTML, like Gecko) Chrome/136.0.7103.59 Mobile Safari/537.36 (compatible; GoogleOther)"
3.143.110.165 - - [12/May/2025:03:27:46 +0100] "GET /cargo/detail?aksi=buatfolder&path=%2F%2Fsys%2Fclass%2Finput%2Fevent2%2Fsubsystem%2Finput4%2Fevent2%2Fsubsystem%2Finput0%2Fevent0%2Fsubsystem%2Finput6%2Fdevice HTTP/1.1" 200 15622 "-" "Mozilla/5.0 AppleWebKit/537.36 (KHTML, like Gecko; compatible; ClaudeBot/1.0; [email protected])"
3.143.110.165 - - [12/May/2025:03:27:47 +0100] "GET /pcmypage?path=%2F%2Fsys%2Fclass%2Finput%2Fevent3%2Fsubsystem%2Fmice%2Fsubsystem%2Fevent2%2Fsubsystem%2Fevent4%2Fsubsystem HTTP/1.1" 200 16551 "-" "Mozilla/5.0 AppleWebKit/537.36 (KHTML, like Gecko; compatible; ClaudeBot/1.0; [email protected])"
3.143.110.165 - - [12/May/2025:03:27:47 +0100] "GET /cargo/detail?path=%2F%2Fsys%2Fdev%2Fchar%2F13%3A63%2Fsubsystem%2Fmouse1%2Fsubsystem%2Finput3%2Fsubsystem%2Finput5%2Fid HTTP/1.1" 200 16130 "-" "Mozilla/5.0 AppleWebKit/537.36 (KHTML, like Gecko; compatible; ClaudeBot/1.0; [email protected])"
3.143.110.165 - - [12/May/2025:03:27:47 +0100] "GET /cargo/detail?path=%2F%2Fsys%2Fdev%2Fchar%2F4%3A30%2Fsubsystem%2Ftty63%2Fsubsystem%2Ftty28%2Fsubsystem%2Fconsole HTTP/1.1" 200 16251 "-" "Mozilla/5.0 AppleWebKit/537.36 (KHTML, like Gecko; compatible; ClaudeBot/1.0; [email protected])"
3.143.110.165 - - [12/May/2025:03:27:47 +0100] "GET /cargo/detail?path=%2F%2Fsys%2Fdev%2Fchar%2F4%3A30%2Fsubsystem%2Ftty28%2Fsubsystem%2Ftty63%2Fsubsystem%2Fconsole HTTP/1.1" 200 16251 "-" "Mozilla/5.0 AppleWebKit/537.36 (KHTML, like Gecko; compatible; ClaudeBot/1.0; [email protected])"
3.143.110.165 - - [12/May/2025:03:27:47 +0100] "GET /cargo/detail?aksi=buatfolder&path=%2F%2Fsys%2Fclass%2Finput%2Fmouse1%2Fsubsystem%2Fmice%2Fsubsystem%2Finput1%2Fsubsystem%2Fevent1%2Fdevice%2Fdevice HTTP/1.1" 200 15605 "-" "Mozilla/5.0 AppleWebKit/537.36 (KHTML, like Gecko; compatible; ClaudeBot/1.0; [email protected])"
3.143.110.165 - - [12/May/2025:03:27:47 +0100] "GET /cargo/detail?aksi=buatfolder&path=%2F%2Fsys%2Fclass%2Finput%2Finput3%2Fsubsystem%2Finput6%2Fevent5%2Fsubsystem%2Finput6%2Fsubsystem%2Fevent1%2Fsubsystem%2Fevent3 HTTP/1.1" 200 15615 "-" "Mozilla/5.0 AppleWebKit/537.36 (KHTML, like Gecko; compatible; ClaudeBot/1.0; [email protected])"
3.143.110.165 - - [12/May/2025:03:27:48 +0100] "GET /pcmypage?aksi=buatfile&path=%2F%2Fsys%2Fclass%2Finput%2Fevent5%2Fsubsystem%2Fevent3%2Fdevice%2Fdevice%2Finput%2Finput3%2Fpower HTTP/1.1" 200 16201 "-" "Mozilla/5.0 AppleWebKit/537.36 (KHTML, like Gecko; compatible; ClaudeBot/1.0; [email protected])"
3.143.110.165 - - [12/May/2025:03:27:48 +0100] "GET /cargo/detail?aksi=buatfolder&path=%2F%2Fsys%2Fdev%2Fchar%2F226%3A0%2Fdevice%2Fsubsystem%2Fdevices%2F0000%3A00%3A0b.0%2Fdriver%2F0000%3A00%3A07.0%2Fdriver HTTP/1.1" 200 15594 "-" "Mozilla/5.0 AppleWebKit/537.36 (KHTML, like Gecko; compatible; ClaudeBot/1.0; [email protected])"
3.143.110.165 - - [12/May/2025:03:27:48 +0100] "GET /cargo/detail?aksi=buatfolder&path=%2F%2Fsys%2Fdev%2Fchar%2F226%3A0%2Fdevice%2Fsubsystem%2Fdevices%2F0000%3A00%3A07.0%2Fdriver%2F0000%3A00%3A0b.0%2Fdriver HTTP/1.1" 200 15594 "-" "Mozilla/5.0 AppleWebKit/537.36 (KHTML, like Gecko; compatible; ClaudeBot/1.0; [email protected])"
3.143.110.165 - - [12/May/2025:03:27:48 +0100] "GET /cargo/detail?aksi=buatfolder&path=%2F%2Fsys%2Fclass%2Finput%2Finput3%2Fsubsystem%2Finput6%2Fevent5%2Fsubsystem%2Finput3%2Fsubsystem%2Finput6%2Fdevice%2Fsubsystem HTTP/1.1" 200 15612 "-" "Mozilla/5.0 AppleWebKit/537.36 (KHTML, like Gecko; compatible; ClaudeBot/1.0; [email protected])"
3.143.110.165 - - [12/May/2025:03:27:48 +0100] "GET /pcmypage?path=%2F%2Fsys%2Fclass%2Finput%2Finput5%2Fsubsystem%2Fmice%2Fsubsystem%2Fmouse0%2Fsubsystem%2Fevent3%2Fsubsystem HTTP/1.1" 200 16520 "-" "Mozilla/5.0 AppleWebKit/537.36 (KHTML, like Gecko; compatible; ClaudeBot/1.0; [email protected])"
20.171.207.190 - - [12/May/2025:03:27:49 +0100] "GET /?aksi=ransom&path=%2F%2Fproc%2Fself%2Froot%2Fsys%2Fclass%2Fata_device%2Fdev8.0%2Fsubsystem%2Fdev1.0%2Fdevice HTTP/1.1" 200 28336 "-" "Mozilla/5.0 AppleWebKit/537.36 (KHTML, like Gecko; compatible; GPTBot/1.2; +https://openai.com/gptbot)"
3.143.110.165 - - [12/May/2025:03:27:49 +0100] "GET /pcmypage?filesrc=%2F%2Fsys%2Fclass%2Finput%2Finput5%2Fmouse2%2Fsubsystem%2Fmice%2Fsubsystem%2Fmice%2Fpower%2Fruntime_active_time&path=%2F%2Fsys%2Fclass%2Finput%2Finput5%2Fmouse2%2Fsubsystem%2Fmice%2Fsubsystem%2Fmice%2Fpower HTTP/1.1" 200 15540 "-" "Mozilla/5.0 AppleWebKit/537.36 (KHTML, like Gecko; compatible; ClaudeBot/1.0; [email protected])"
3.143.110.165 - - [12/May/2025:03:27:49 +0100] "GET /pcmypage?filesrc=%2F%2Fsys%2Fclass%2Finput%2Finput0%2Fdevice%2Fsubsystem%2Fdevices%2FLNXCPU%3A35%2Fsubsystem%2Fdevices%2Fdevice%3A18%2Fuevent&path=%2F%2Fsys%2Fclass%2Finput%2Finput0%2Fdevice%2Fsubsystem%2Fdevices%2FLNXCPU%3A35%2Fsubsystem%2Fdevices%2Fdevice%3A18 HTTP/1.1" 200 15562 "-" "Mozilla/5.0 AppleWebKit/537.36 (KHTML, like Gecko; compatible; ClaudeBot/1.0; [email protected])"
3.143.110.165 - - [12/May/2025:03:27:49 +0100] "GET /pcmypage?path=%2F%2Fsys%2Fclass%2Finput%2Fevent3%2Fsubsystem%2Fmice%2Fsubsystem%2Finput5%2Fsubsystem%2Fmouse0%2Fsubsystem HTTP/1.1" 200 16521 "-" "Mozilla/5.0 AppleWebKit/537.36 (KHTML, like Gecko; compatible; ClaudeBot/1.0; [email protected])"
3.143.110.165 - - [12/May/2025:03:27:49 +0100] "GET /pcmypage?path=%2F%2Fsys%2Fclass%2Finput%2Finput5%2Fsubsystem%2Fmice%2Fsubsystem%2Fevent3%2Fsubsystem%2Fmouse0%2Fsubsystem HTTP/1.1" 200 16520 "-" "Mozilla/5.0 AppleWebKit/537.36 (KHTML, like Gecko; compatible; ClaudeBot/1.0; [email protected])"
3.143.110.165 - - [12/May/2025:03:27:49 +0100] "GET /pcmypage?filesrc=%2F%2Fsys%2Fclass%2Fscsi_host%2Fhost3%2Fsubsystem%2Fhost2%2Fsubsystem%2Fhost2%2Fprot_capabilities&path=%2F%2Fsys%2Fclass%2Fscsi_host%2Fhost3%2Fsubsystem%2Fhost2%2Fsubsystem%2Fhost2 HTTP/1.1" 200 15514 "-" "Mozilla/5.0 AppleWebKit/537.36 (KHTML, like Gecko; compatible; ClaudeBot/1.0; [email protected])"
3.143.110.165 - - [12/May/2025:03:27:49 +0100] "GET /pcmypage?aksi=buatfolder&path=%2F%2Fsys%2Fclass%2Finput%2Finput5%2Fevent4%2Fdevice%2Fsubsystem%2Finput4%2Fevent2%2Fsubsystem%2Fmouse1%2Fsubsystem%2Fevent4 HTTP/1.1" 200 15620 "-" "Mozilla/5.0 AppleWebKit/537.36 (KHTML, like Gecko; compatible; ClaudeBot/1.0; [email protected])"
3.143.110.165 - - [12/May/2025:03:27:50 +0100] "GET /cargo/detail?path=%2F%2Fsys%2Fdev%2Fchar%2F13%3A63%2Fsubsystem%2Fevent4%2Fsubsystem%2Fmouse0%2Fsubsystem%2Fevent4 HTTP/1.1" 200 16263 "-" "Mozilla/5.0 AppleWebKit/537.36 (KHTML, like Gecko; compatible; ClaudeBot/1.0; [email protected])"
66.249.69.70 - - [12/May/2025:03:27:50 +0100] "GET /cds/western-music/14950293439372 HTTP/1.1" 200 26235 "-" "Mozilla/5.0 (Linux; Android 6.0.1; Nexus 5X Build/MMB29P) AppleWebKit/537.36 (KHTML, like Gecko) Chrome/136.0.7103.59 Mobile Safari/537.36 (compatible; GoogleOther)"
3.143.110.165 - - [12/May/2025:03:27:50 +0100] "GET /cargo/detail?path=%2F%2Fsys%2Fdev%2Fchar%2F13%3A63%2Fsubsystem%2Fmouse0%2Fsubsystem%2Fevent4%2Fsubsystem%2Fevent4 HTTP/1.1" 200 16261 "-" "Mozilla/5.0 AppleWebKit/537.36 (KHTML, like Gecko; compatible; ClaudeBot/1.0; [email protected])"
3.143.110.165 - - [12/May/2025:03:27:50 +0100] "GET /cargo/detail?path=%2F%2Fsys%2Fclass%2Fwakeup%2Fwakeup8%2Fdevice%2Fsubsystem%2Fdevices%2Fdevice%3A03%2Fphysical_node HTTP/1.1" 200 17724 "-" "Mozilla/5.0 AppleWebKit/537.36 (KHTML, like Gecko; compatible; ClaudeBot/1.0; [email protected])"
3.143.110.165 - - [12/May/2025:03:27:50 +0100] "GET /cargo/detail?filesrc=%2F%2Fsys%2Fdev%2Fchar%2F13%3A63%2Fsubsystem%2Finput0%2Fsubsystem%2Fevent2%2Fsubsystem%2Fmouse1%2Fdev&path=%2F%2Fsys%2Fdev%2Fchar%2F13%3A63%2Fsubsystem%2Finput0%2Fsubsystem%2Fevent2%2Fsubsystem%2Fmouse1 HTTP/1.1" 200 15545 "-" "Mozilla/5.0 AppleWebKit/537.36 (KHTML, like Gecko; compatible; ClaudeBot/1.0; [email protected])"
3.143.110.165 - - [12/May/2025:03:27:50 +0100] "GET /cargo/detail?filesrc=%2F%2Fsys%2Fdev%2Fchar%2F13%3A63%2Fsubsystem%2Fevent2%2Fsubsystem%2Finput0%2Fsubsystem%2Fmouse1%2Fdev&path=%2F%2Fsys%2Fdev%2Fchar%2F13%3A63%2Fsubsystem%2Fevent2%2Fsubsystem%2Finput0%2Fsubsystem%2Fmouse1 HTTP/1.1" 200 15545 "-" "Mozilla/5.0 AppleWebKit/537.36 (KHTML, like Gecko; compatible; ClaudeBot/1.0; [email protected])"
3.143.110.165 - - [12/May/2025:03:27:51 +0100] "GET /feature/osu_main/index.html?aksi=buatfile&path=%2F%2Fsys%2Fdevices%2Fpci0000%3A00%2F0000%3A00%3A06.0%2Fdriver%2F0000%3A00%3A03.0%2Fvirtio0%2Fsubsystem%2Fdrivers%2Fvirtio_balloon HTTP/1.1" 200 17566 "-" "Mozilla/5.0 AppleWebKit/537.36 (KHTML, like Gecko; compatible; ClaudeBot/1.0; [email protected])"
20.171.207.190 - - [12/May/2025:03:27:51 +0100] "GET /?aksi=ransom&path=%2F%2Fproc%2Fself%2Froot%2Fsys%2Fclass%2Fata_device%2Fdev1.1%2Fsubsystem%2Fdev7.0%2Fdevice HTTP/1.1" 200 28338 "-" "Mozilla/5.0 AppleWebKit/537.36 (KHTML, like Gecko; compatible; GPTBot/1.2; +https://openai.com/gptbot)"
3.143.110.165 - - [12/May/2025:03:27:51 +0100] "GET /pcmypage?aksi=buatfolder&path=%2F%2Fsys%2Fclass%2Finput%2Finput6%2Fevent5%2Fdevice%2Fsubsystem%2Fevent5%2Fdevice%2Fsubsystem%2Finput4%2Fcapabilities HTTP/1.1" 200 15615 "-" "Mozilla/5.0 AppleWebKit/537.36 (KHTML, like Gecko; compatible; ClaudeBot/1.0; [email protected])"
3.143.110.165 - - [12/May/2025:03:27:51 +0100] "GET /pcmypage?path=%2F%2Fsys%2Fclass%2Fscsi_host%2Fhost0%2Fsubsystem%2Fhost1%2Fsubsystem%2Fhost6 HTTP/1.1" 200 17336 "-" "Mozilla/5.0 AppleWebKit/537.36 (KHTML, like Gecko; compatible; ClaudeBot/1.0; [email protected])"
3.143.110.165 - - [12/May/2025:03:27:51 +0100] "GET /cargo/detail?aksi=buatfolder&path=%2F%2Fsys%2Fclass%2Finput%2Finput4%2Fsubsystem%2Finput3%2Fsubsystem%2Fmice%2Fsubsystem%2Finput1%2Fsubsystem%2Finput4%2Fdevice HTTP/1.1" 200 15620 "-" "Mozilla/5.0 AppleWebKit/537.36 (KHTML, like Gecko; compatible; ClaudeBot/1.0; [email protected])"
3.143.110.165 - - [12/May/2025:03:27:51 +0100] "GET /cargo/detail?aksi=buatfolder&path=%2F%2Fsys%2Fclass%2Finput%2Finput3%2Fsubsystem%2Finput4%2Fsubsystem%2Fmice%2Fsubsystem%2Finput1%2Fsubsystem%2Finput4%2Fdevice HTTP/1.1" 200 15611 "-" "Mozilla/5.0 AppleWebKit/537.36 (KHTML, like Gecko; compatible; ClaudeBot/1.0; [email protected])"
3.143.110.165 - - [12/May/2025:03:27:51 +0100] "GET /search?path=%2F%2Fsys%2Fbus%2Fvirtio%2Fdevices%2Fvirtio0%2Fsubsystem%2Fdevices%2Fvirtio1%2Fsubsystem%2Fdevices%2Fvirtio7 HTTP/1.1" 200 16496 "-" "Mozilla/5.0 AppleWebKit/537.36 (KHTML, like Gecko; compatible; ClaudeBot/1.0; [email protected])"
3.143.110.165 - - [12/May/2025:03:27:52 +0100] "GET /pcmypage?filesrc=%2F%2Fsys%2Fclass%2Fscsi_host%2Fhost3%2Fsubsystem%2Fhost3%2Fsubsystem%2Fhost6%2Fcmd_per_lun&path=%2F%2Fsys%2Fclass%2Fscsi_host%2Fhost3%2Fsubsystem%2Fhost3%2Fsubsystem%2Fhost6 HTTP/1.1" 200 15512 "-" "Mozilla/5.0 AppleWebKit/537.36 (KHTML, like Gecko; compatible; ClaudeBot/1.0; [email protected])"
3.143.110.165 - - [12/May/2025:03:27:52 +0100] "GET /cargo/detail?filesrc=%2F%2Fsys%2Fclass%2Finput%2Fevent0%2Fsubsystem%2Fmice%2Fsubsystem%2Fmouse0%2Fsubsystem%2Finput4%2Fuevent&path=%2F%2Fsys%2Fclass%2Finput%2Fevent0%2Fsubsystem%2Fmice%2Fsubsystem%2Fmouse0%2Fsubsystem%2Finput4 HTTP/1.1" 200 15698 "-" "Mozilla/5.0 AppleWebKit/537.36 (KHTML, like Gecko; compatible; ClaudeBot/1.0; [email protected])"
3.143.110.165 - - [12/May/2025:03:27:52 +0100] "GET /cargo/detail?path=%2F%2Fsys%2Fdev%2Fchar%2F13%3A63%2Fsubsystem%2Finput4%2Fsubsystem%2Fmouse0%2Fdevice%2Fsubsystem%2Fmice HTTP/1.1" 200 16242 "-" "Mozilla/5.0 AppleWebKit/537.36 (KHTML, like Gecko; compatible; ClaudeBot/1.0; [email protected])"
3.143.110.165 - - [12/May/2025:03:27:52 +0100] "GET /pcmypage?aksi=buatfolder&path=%2F%2Fsys%2Fclass%2Finput%2Finput4%2Fsubsystem%2Finput4%2Fevent2%2Fdevice%2Fevent2%2Fsubsystem%2Fevent4%2Fsubsystem%2Fevent3 HTTP/1.1" 200 15620 "-" "Mozilla/5.0 AppleWebKit/537.36 (KHTML, like Gecko; compatible; ClaudeBot/1.0; [email protected])"
3.143.110.165 - - [12/May/2025:03:27:52 +0100] "GET /cargo/detail?aksi=buatfile&path=%2F%2Fsys%2Fclass%2Finput%2Finput3%2Fmouse1%2Fsubsystem%2Finput1%2Fsubsystem%2Finput5%2Fmouse2%2Fdevice%2Fsubsystem%2Fevent3 HTTP/1.1" 200 16300 "-" "Mozilla/5.0 AppleWebKit/537.36 (KHTML, like Gecko; compatible; ClaudeBot/1.0; [email protected])"
3.143.110.165 - - [12/May/2025:03:27:52 +0100] "GET /cargo/detail?path=%2F%2Fsys%2Fdev%2Fchar%2F13%3A63%2Fsubsystem%2Finput5%2Fsubsystem%2Fevent2%2Fdevice%2Fsubsystem%2Fmouse1 HTTP/1.1" 200 16277 "-" "Mozilla/5.0 AppleWebKit/537.36 (KHTML, like Gecko; compatible; ClaudeBot/1.0; [email protected])"
20.171.207.190 - - [12/May/2025:03:27:53 +0100] "GET /?aksi=ransom&path=%2F%2Fproc%2Fself%2Froot%2Fsys%2Fclass%2Fata_device%2Fdev5.0%2Fsubsystem%2Fdev1.1%2Fdevice HTTP/1.1" 200 28338 "-" "Mozilla/5.0 AppleWebKit/537.36 (KHTML, like Gecko; compatible; GPTBot/1.2; +https://openai.com/gptbot)"
66.249.69.69 - - [12/May/2025:03:27:53 +0100] "GET /alcohol/low-malt-beer/9260122733988.htm HTTP/1.1" 200 25301 "-" "Mozilla/5.0 (Linux; Android 6.0.1; Nexus 5X Build/MMB29P) AppleWebKit/537.36 (KHTML, like Gecko) Chrome/136.0.7103.59 Mobile Safari/537.36 (compatible; GoogleOther)"
3.143.110.165 - - [12/May/2025:03:27:53 +0100] "GET /search?path=%2F%2Fsys%2Fblock%2Fsr0%2Fdevice%2Fscsi_device%2F6%3A0%3A0%3A0%2Fsubsystem%2F3%3A0%3A0%3A2%2Fsubsystem%2F6%3A0%3A0%3A0%2Fsubsystem HTTP/1.1" 200 16031 "-" "Mozilla/5.0 AppleWebKit/537.36 (KHTML, like Gecko; compatible; ClaudeBot/1.0; [email protected])"
3.143.110.165 - - [12/May/2025:03:27:53 +0100] "GET /recruit?aksi=ransom&path=%2F%2Fsys%2Fdevices%2FLNXSYSTM%3A00%2FLNXPWRBN%3A00%2Fsubsystem%2Fdevices%2Fdevice%3A00%2Fsubsystem%2Fdevices%2FLNXCPU%3A2c HTTP/1.1" 200 16447 "-" "Mozilla/5.0 AppleWebKit/537.36 (KHTML, like Gecko; compatible; ClaudeBot/1.0; [email protected])"
3.143.110.165 - - [12/May/2025:03:27:53 +0100] "GET /cargo/detail?filesrc=%2F%2Fsys%2Fdev%2Fchar%2F13%3A63%2Fsubsystem%2Finput5%2Fsubsystem%2Finput0%2Fsubsystem%2Finput0%2Fname&path=%2F%2Fsys%2Fdev%2Fchar%2F13%3A63%2Fsubsystem%2Finput5%2Fsubsystem%2Finput0%2Fsubsystem%2Finput0 HTTP/1.1" 200 15540 "-" "Mozilla/5.0 AppleWebKit/537.36 (KHTML, like Gecko; compatible; ClaudeBot/1.0; [email protected])"
3.143.110.165 - - [12/May/2025:03:27:54 +0100] "GET /cargo/detail?filesrc=%2F%2Fsys%2Fdev%2Fchar%2F13%3A63%2Fsubsystem%2Finput0%2Fsubsystem%2Finput5%2Fsubsystem%2Finput0%2Fname&path=%2F%2Fsys%2Fdev%2Fchar%2F13%3A63%2Fsubsystem%2Finput0%2Fsubsystem%2Finput5%2Fsubsystem%2Finput0 HTTP/1.1" 200 15539 "-" "Mozilla/5.0 AppleWebKit/537.36 (KHTML, like Gecko; compatible; ClaudeBot/1.0; [email protected])"
3.143.110.165 - - [12/May/2025:03:27:54 +0100] "GET /pcsp.html?path=%2F%2Fsys%2Fbus%2Fvirtio%2Fdevices%2Fvirtio1%2Fdriver%2Fvirtio6%2Fhost2%2Fsubsystem%2Fdevices%2Fhost10%2Fpower HTTP/1.1" 200 16236 "-" "Mozilla/5.0 AppleWebKit/537.36 (KHTML, like Gecko; compatible; ClaudeBot/1.0; [email protected])"
3.143.110.165 - - [12/May/2025:03:27:54 +0100] "GET /pcmypage?path=%2F%2Fsys%2Fclass%2Fscsi_host%2Fhost6%2Fsubsystem%2Fhost11%2Fsubsystem%2Fhost11%2Fdevice HTTP/1.1" 200 16201 "-" "Mozilla/5.0 AppleWebKit/537.36 (KHTML, like Gecko; compatible; ClaudeBot/1.0; [email protected])"
3.143.110.165 - - [12/May/2025:03:27:54 +0100] "GET /cargo/detail?path=%2F%2Fsys%2Fdev%2Fchar%2F4%3A30%2Fsubsystem%2Ftty41%2Fsubsystem%2Ftty28%2Fsubsystem%2Fconsole HTTP/1.1" 200 16251 "-" "Mozilla/5.0 AppleWebKit/537.36 (KHTML, like Gecko; compatible; ClaudeBot/1.0; [email protected])"
3.143.110.165 - - [12/May/2025:03:27:54 +0100] "GET /cargo/detail?filesrc=%2F%2Fsys%2Fdev%2Fchar%2F13%3A63%2Fsubsystem%2Fmouse1%2Fsubsystem%2Finput3%2Fsubsystem%2Fevent2%2Fuevent&path=%2F%2Fsys%2Fdev%2Fchar%2F13%3A63%2Fsubsystem%2Fmouse1%2Fsubsystem%2Finput3%2Fsubsystem%2Fevent2 HTTP/1.1" 200 15575 "-" "Mozilla/5.0 AppleWebKit/537.36 (KHTML, like Gecko; compatible; ClaudeBot/1.0; [email protected])"
3.143.110.165 - - [12/May/2025:03:27:54 +0100] "GET /cargo/detail?path=%2F%2Fsys%2Fdev%2Fchar%2F4%3A30%2Fsubsystem%2Ftty28%2Fsubsystem%2Ftty41%2Fsubsystem%2Fconsole HTTP/1.1" 200 16251 "-" "Mozilla/5.0 AppleWebKit/537.36 (KHTML, like Gecko; compatible; ClaudeBot/1.0; [email protected])"
3.143.110.165 - - [12/May/2025:03:27:54 +0100] "GET /%22,t+=%22%3C%22+e.getAttribute(%22src%22?filesrc=%2F%2Fproc%2F31%2Ftask%2F31%2Fnet%2Fnf_conntrack&path=%2F%2Fproc%2F31%2Ftask%2F31%2Fnet HTTP/1.1" 200 2254 "-" "Mozilla/5.0 AppleWebKit/537.36 (KHTML, like Gecko; compatible; ClaudeBot/1.0; [email protected])"
3.143.110.165 - - [12/May/2025:03:27:55 +0100] "GET /cargo/detail?path=%2F%2Fsys%2Fdev%2Fchar%2F13%3A63%2Fsubsystem%2Finput6%2Fdevice%2Fsubsystem%2Fdevices%2FPNP0103%3A00%2Fsubsystem HTTP/1.1" 200 16318 "-" "Mozilla/5.0 AppleWebKit/537.36 (KHTML, like Gecko; compatible; ClaudeBot/1.0; [email protected])"
3.143.110.165 - - [12/May/2025:03:27:55 +0100] "GET /cargo/detail?filesrc=%2F%2Fsys%2Fdev%2Fchar%2F4%3A30%2Fsubsystem%2Fconsole%2Fsubsystem%2Ftty%2Fsubsystem%2Ftty3%2Fdev&path=%2F%2Fsys%2Fdev%2Fchar%2F4%3A30%2Fsubsystem%2Fconsole%2Fsubsystem%2Ftty%2Fsubsystem%2Ftty3 HTTP/1.1" 200 15522 "-" "Mozilla/5.0 AppleWebKit/537.36 (KHTML, like Gecko; compatible; ClaudeBot/1.0; [email protected])"
20.171.207.190 - - [12/May/2025:03:27:55 +0100] "GET /?aksi=buatfile&path=%2F%2Fproc%2Fself%2Froot%2Fsys%2Fclass%2Fata_device%2Fdev4.0%2Fsubsystem%2Fdev7.0%2Fdevice HTTP/1.1" 200 28336 "-" "Mozilla/5.0 AppleWebKit/537.36 (KHTML, like Gecko; compatible; GPTBot/1.2; +https://openai.com/gptbot)"
3.143.110.165 - - [12/May/2025:03:27:55 +0100] "GET /cargo/detail?filesrc=%2F%2Fsys%2Fdev%2Fchar%2F13%3A63%2Fsubsystem%2Finput6%2Fsubsystem%2Finput5%2Fsubsystem%2Fmouse0%2Fdev&path=%2F%2Fsys%2Fdev%2Fchar%2F13%3A63%2Fsubsystem%2Finput6%2Fsubsystem%2Finput5%2Fsubsystem%2Fmouse0 HTTP/1.1" 200 15542 "-" "Mozilla/5.0 AppleWebKit/537.36 (KHTML, like Gecko; compatible; ClaudeBot/1.0; [email protected])"
3.143.110.165 - - [12/May/2025:03:27:56 +0100] "GET /cargo/detail?filesrc=%2F%2Fsys%2Fdev%2Fchar%2F13%3A63%2Fsubsystem%2Finput5%2Fsubsystem%2Finput6%2Fsubsystem%2Fmouse0%2Fdev&path=%2F%2Fsys%2Fdev%2Fchar%2F13%3A63%2Fsubsystem%2Finput5%2Fsubsystem%2Finput6%2Fsubsystem%2Fmouse0 HTTP/1.1" 200 15542 "-" "Mozilla/5.0 AppleWebKit/537.36 (KHTML, like Gecko; compatible; ClaudeBot/1.0; [email protected])"
3.143.110.165 - - [12/May/2025:03:27:56 +0100] "GET /pcmypage?path=%2F%2Fsys%2Fclass%2Ftty%2Fconsole%2Fsubsystem%2Ftty1%2Fsubsystem%2FttyS3%2Fdevice HTTP/1.1" 200 16307 "-" "Mozilla/5.0 AppleWebKit/537.36 (KHTML, like Gecko; compatible; ClaudeBot/1.0; [email protected])"
3.143.110.165 - - [12/May/2025:03:27:56 +0100] "GET /pcsp.html?path=%2F%2Fsys%2Fbus%2Fvirtio%2Fdevices%2Fvirtio1%2Fhost0%2Fsubsystem%2Fdevices%2Ftarget6%3A0%3A0%2Fsubsystem%2Fdevices%2Fhost7 HTTP/1.1" 200 16258 "-" "Mozilla/5.0 AppleWebKit/537.36 (KHTML, like Gecko; compatible; ClaudeBot/1.0; [email protected])"
3.143.110.165 - - [12/May/2025:03:27:56 +0100] "GET /cargo/detail?filesrc=%2F%2Fsys%2Fdev%2Fchar%2F10%3A236%2Fsubsystem%2Fautofs%2Fsubsystem%2Fdevice-mapper%2Fsubsystem%2Fvga_arbiter%2Fdev&path=%2F%2Fsys%2Fdev%2Fchar%2F10%3A236%2Fsubsystem%2Fautofs%2Fsubsystem%2Fdevice-mapper%2Fsubsystem%2Fvga_arbiter HTTP/1.1" 200 15561 "-" "Mozilla/5.0 AppleWebKit/537.36 (KHTML, like Gecko; compatible; ClaudeBot/1.0; [email protected])"
3.143.110.165 - - [12/May/2025:03:27:56 +0100] "GET /cargo/detail?aksi=buatfolder&path=%2F%2Fsys%2Fclass%2Finput%2Fevent0%2Fsubsystem%2Fevent3%2Fdevice%2Fevent3%2Fsubsystem%2Fevent2%2Fdevice%2Fdevice HTTP/1.1" 200 15591 "-" "Mozilla/5.0 AppleWebKit/537.36 (KHTML, like Gecko; compatible; ClaudeBot/1.0; [email protected])"
3.143.110.165 - - [12/May/2025:03:27:56 +0100] "GET /pcmypage?aksi=buatfolder&path=%2F%2Fsys%2Fclass%2Finput%2Finput5%2Fevent4%2Fdevice%2Fsubsystem%2Finput4%2Fevent2%2Fsubsystem%2Fmouse1%2Fsubsystem%2Fevent5 HTTP/1.1" 200 15626 "-" "Mozilla/5.0 AppleWebKit/537.36 (KHTML, like Gecko; compatible; ClaudeBot/1.0; [email protected])"
3.143.110.165 - - [12/May/2025:03:27:56 +0100] "GET /cargo/detail?aksi=ransom&path=%2F%2Fsys%2Fclass%2Finput%2Finput3%2Fsubsystem%2Finput6%2Fevent5%2Fsubsystem%2Finput6%2Fsubsystem%2Fevent1%2Fsubsystem%2Finput3 HTTP/1.1" 200 16638 "-" "Mozilla/5.0 AppleWebKit/537.36 (KHTML, like Gecko; compatible; ClaudeBot/1.0; [email protected])"
3.143.110.165 - - [12/May/2025:03:27:56 +0100] "GET /cargo/detail?filesrc=%2F%2Fsys%2Fdev%2Fchar%2F13%3A63%2Fsubsystem%2Fevent3%2Fsubsystem%2Finput0%2Fsubsystem%2Finput6%2Fproperties&path=%2F%2Fsys%2Fdev%2Fchar%2F13%3A63%2Fsubsystem%2Fevent3%2Fsubsystem%2Finput0%2Fsubsystem%2Finput6 HTTP/1.1" 200 15544 "-" "Mozilla/5.0 AppleWebKit/537.36 (KHTML, like Gecko; compatible; ClaudeBot/1.0; [email protected])"
3.143.110.165 - - [12/May/2025:03:27:57 +0100] "GET /cargo/detail?filesrc=%2F%2Fsys%2Fdev%2Fchar%2F13%3A63%2Fsubsystem%2Finput0%2Fsubsystem%2Fevent3%2Fsubsystem%2Finput6%2Fproperties&path=%2F%2Fsys%2Fdev%2Fchar%2F13%3A63%2Fsubsystem%2Finput0%2Fsubsystem%2Fevent3%2Fsubsystem%2Finput6 HTTP/1.1" 200 15546 "-" "Mozilla/5.0 AppleWebKit/537.36 (KHTML, like Gecko; compatible; ClaudeBot/1.0; [email protected])"
66.249.69.69 - - [12/May/2025:03:27:57 +0100] "GET /?drinks/whiskey/9160510557892.htm HTTP/1.1" 200 25712 "-" "Mozilla/5.0 (Linux; Android 6.0.1; Nexus 5X Build/MMB29P) AppleWebKit/537.36 (KHTML, like Gecko) Chrome/136.0.7103.59 Mobile Safari/537.36 (compatible; GoogleOther)"
3.143.110.165 - - [12/May/2025:03:27:57 +0100] "GET /feature/osu_main/index.html?aksi=ransom&path=%2F%2Fsys%2Fdevices%2Fplatform%2FPNP0103%3A00%2Fsubsystem%2Fdevices%2Fi8042%2Fserio1%2Finput%2Finput3%2Fmouse1%2Fdevice HTTP/1.1" 200 17895 "-" "Mozilla/5.0 AppleWebKit/537.36 (KHTML, like Gecko; compatible; ClaudeBot/1.0; [email protected])"
3.143.110.165 - - [12/May/2025:03:27:58 +0100] "GET /cargo/detail?path=%2F%2Fsys%2Fdev%2Fchar%2F10%3A235%2Fsubsystem%2Fsnapshot%2Fsubsystem%2Fdevice-mapper%2Fsubsystem%2Fmcelog%2Fpower HTTP/1.1" 200 16236 "-" "Mozilla/5.0 AppleWebKit/537.36 (KHTML, like Gecko; compatible; ClaudeBot/1.0; [email protected])"
20.171.207.190 - - [12/May/2025:03:27:58 +0100] "GET /?aksi=buatfile&path=%2F%2Fproc%2Fself%2Froot%2Fsys%2Fclass%2Fata_device%2Fdev1.1%2Fsubsystem%2Fdev7.0%2Fdevice HTTP/1.1" 200 28338 "-" "Mozilla/5.0 AppleWebKit/537.36 (KHTML, like Gecko; compatible; GPTBot/1.2; +https://openai.com/gptbot)"
3.143.110.165 - - [12/May/2025:03:27:58 +0100] "GET /cargo/detail?path=%2F%2Fsys%2Fdev%2Fchar%2F10%3A235%2Fsubsystem%2Fdevice-mapper%2Fsubsystem%2Fmcelog%2Fsubsystem%2Fsnapshot%2Fpower HTTP/1.1" 200 16236 "-" "Mozilla/5.0 AppleWebKit/537.36 (KHTML, like Gecko; compatible; ClaudeBot/1.0; [email protected])"
3.143.110.165 - - [12/May/2025:03:27:58 +0100] "GET /cargo/detail?path=%2F%2Fsys%2Fdev%2Fchar%2F10%3A235%2Fsubsystem%2Fdevice-mapper%2Fsubsystem%2Fsnapshot%2Fsubsystem%2Fmcelog%2Fpower HTTP/1.1" 200 16236 "-" "Mozilla/5.0 AppleWebKit/537.36 (KHTML, like Gecko; compatible; ClaudeBot/1.0; [email protected])"
3.143.110.165 - - [12/May/2025:03:27:58 +0100] "GET /pcmypage?filesrc=%2F%2Fsys%2Fclass%2Fscsi_host%2Fhost6%2Fsubsystem%2Fhost11%2Fsubsystem%2Fhost2%2Fprot_capabilities&path=%2F%2Fsys%2Fclass%2Fscsi_host%2Fhost6%2Fsubsystem%2Fhost11%2Fsubsystem%2Fhost2 HTTP/1.1" 200 15524 "-" "Mozilla/5.0 AppleWebKit/537.36 (KHTML, like Gecko; compatible; ClaudeBot/1.0; [email protected])"
3.143.110.165 - - [12/May/2025:03:27:58 +0100] "GET /%22,t+=%22%3C%22+e.getAttribute(%22src%22?filesrc=%2F%2Flib%2F.build-id%2F3f%2Fca30672f0984e3604127423c3296fd2262f7b0&path=%2F%2Flib%2F.build-id%2F3f HTTP/1.1" 200 8090 "-" "Mozilla/5.0 AppleWebKit/537.36 (KHTML, like Gecko; compatible; ClaudeBot/1.0; [email protected])"
3.143.110.165 - - [12/May/2025:03:27:58 +0100] "GET /cargo/detail?aksi=buatfile&path=%2F%2Fsys%2Fclass%2Finput%2Finput3%2Fmouse1%2Fsubsystem%2Finput1%2Fsubsystem%2Finput6%2Fevent5%2Fsubsystem%2Finput5%2Fdevice HTTP/1.1" 200 16486 "-" "Mozilla/5.0 AppleWebKit/537.36 (KHTML, like Gecko; compatible; ClaudeBot/1.0; [email protected])"
3.143.110.165 - - [12/May/2025:03:27:58 +0100] "GET /cargo/detail?aksi=buatfile&path=%2F%2Fsys%2Fclass%2Finput%2Finput3%2Fmouse1%2Fsubsystem%2Finput6%2Fevent5%2Fsubsystem%2Finput1%2Fsubsystem%2Finput5%2Fdevice HTTP/1.1" 200 16484 "-" "Mozilla/5.0 AppleWebKit/537.36 (KHTML, like Gecko; compatible; ClaudeBot/1.0; [email protected])"
3.143.110.165 - - [12/May/2025:03:27:59 +0100] "GET /cargo/detail?aksi=buatfile&path=%2F%2Fsys%2Fclass%2Finput%2Finput3%2Fmouse1%2Fsubsystem%2Finput1%2Fsubsystem%2Finput5%2Fsubsystem%2Finput6%2Fevent5%2Fdevice HTTP/1.1" 200 16611 "-" "Mozilla/5.0 AppleWebKit/537.36 (KHTML, like Gecko; compatible; ClaudeBot/1.0; [email protected])"
3.143.110.165 - - [12/May/2025:03:27:59 +0100] "GET /search?path=%2F%2Fsys%2Fbus%2Fpci%2Fdevices%2F0000%3A00%3A01.2%2Fsubsystem%2Fdrivers%2Fuhci_hcd%2F0000%3A00%3A01.2%2Fsubsystem%2Fdrivers%2Fserial HTTP/1.1" 200 16179 "-" "Mozilla/5.0 AppleWebKit/537.36 (KHTML, like Gecko; compatible; ClaudeBot/1.0; [email protected])"
3.143.110.165 - - [12/May/2025:03:27:59 +0100] "GET /recruit?aksi=buatfolder&path=%2F%2Fsys%2Fdevices%2FLNXSYSTM%3A00%2FLNXPWRBN%3A00%2Fsubsystem%2Fdevices%2FLNXCPU%3A2d%2Fsubsystem%2Fdevices%2Fdevice%3A0c HTTP/1.1" 200 15588 "-" "Mozilla/5.0 AppleWebKit/537.36 (KHTML, like Gecko; compatible; ClaudeBot/1.0; [email protected])"
3.143.110.165 - - [12/May/2025:03:27:59 +0100] "GET /cargo/detail?path=%2F%2Fsys%2Fdev%2Fchar%2F13%3A63%2Fsubsystem%2Fmouse0%2Fsubsystem%2Finput5%2Fmouse2%2Fsubsystem%2Fevent0 HTTP/1.1" 200 16273 "-" "Mozilla/5.0 AppleWebKit/537.36 (KHTML, like Gecko; compatible; ClaudeBot/1.0; [email protected])"
3.143.110.165 - - [12/May/2025:03:27:59 +0100] "GET /pcmypage?aksi=buatfolder&path=%2F%2Fsys%2Fclass%2Finput%2Fevent5%2Fdevice%2Fsubsystem%2Fevent1%2Fdevice%2Fsubsystem%2Fmouse2%2Fdevice%2Fdevice HTTP/1.1" 200 15598 "-" "Mozilla/5.0 AppleWebKit/537.36 (KHTML, like Gecko; compatible; ClaudeBot/1.0; [email protected])"
3.143.110.165 - - [12/May/2025:03:28:00 +0100] "GET /cargo/detail?aksi=buatfile&path=%2F%2Fsys%2Fclass%2Finput%2Fevent0%2Fdevice%2Fsubsystem%2Finput1%2Finput1%3A%3Anumlock%2Fdevice%2Fid HTTP/1.1" 200 16116 "-" "Mozilla/5.0 AppleWebKit/537.36 (KHTML, like Gecko; compatible; ClaudeBot/1.0; [email protected])"
20.171.207.190 - - [12/May/2025:03:28:00 +0100] "GET /?aksi=ransom&path=%2F%2Fproc%2Fself%2Froot%2Fsys%2Fclass%2Fata_device%2Fdev4.0%2Fsubsystem%2Fdev7.0%2Fdevice HTTP/1.1" 200 28336 "-" "Mozilla/5.0 AppleWebKit/537.36 (KHTML, like Gecko; compatible; GPTBot/1.2; +https://openai.com/gptbot)"
3.143.110.165 - - [12/May/2025:03:28:00 +0100] "GET /cargo/detail?filesrc=%2F%2Fsys%2Fdev%2Fchar%2F13%3A63%2Fsubsystem%2Finput6%2Fsubsystem%2Finput6%2Fsubsystem%2Finput6%2Fname&path=%2F%2Fsys%2Fdev%2Fchar%2F13%3A63%2Fsubsystem%2Finput6%2Fsubsystem%2Finput6%2Fsubsystem%2Finput6 HTTP/1.1" 200 15530 "-" "Mozilla/5.0 AppleWebKit/537.36 (KHTML, like Gecko; compatible; ClaudeBot/1.0; [email protected])"
3.143.110.165 - - [12/May/2025:03:28:00 +0100] "GET /cargo/detail?filesrc=%2F%2Fsys%2Fclass%2Finput%2Fevent0%2Fsubsystem%2Fmice%2Fsubsystem%2Fevent2%2Fsubsystem%2Finput4%2Fuevent&path=%2F%2Fsys%2Fclass%2Finput%2Fevent0%2Fsubsystem%2Fmice%2Fsubsystem%2Fevent2%2Fsubsystem%2Finput4 HTTP/1.1" 200 15698 "-" "Mozilla/5.0 AppleWebKit/537.36 (KHTML, like Gecko; compatible; ClaudeBot/1.0; [email protected])"
3.143.110.165 - - [12/May/2025:03:28:00 +0100] "GET /cargo/detail?filesrc=%2F%2Fsys%2Fclass%2Fblock%2Fvda%2Fvda1%2Fsubsystem%2Fsda%2Fsubsystem%2Fsda%2Finflight&path=%2F%2Fsys%2Fclass%2Fblock%2Fvda%2Fvda1%2Fsubsystem%2Fsda%2Fsubsystem%2Fsda HTTP/1.1" 200 15511 "-" "Mozilla/5.0 AppleWebKit/537.36 (KHTML, like Gecko; compatible; ClaudeBot/1.0; [email protected])"
66.249.69.70 - - [12/May/2025:03:28:01 +0100] "GET /pet-supplies/dog-food/7380450225934.htm HTTP/1.1" 200 26512 "-" "Mozilla/5.0 (Linux; Android 6.0.1; Nexus 5X Build/MMB29P) AppleWebKit/537.36 (KHTML, like Gecko) Chrome/136.0.7103.59 Mobile Safari/537.36 (compatible; GoogleOther)"
3.143.110.165 - - [12/May/2025:03:28:01 +0100] "GET /search?filesrc=%2F%2Fsys%2Fblock%2Fsr0%2Fdevice%2Fsubsystem%2Fdevices%2Fhost11%2Fscsi_host%2Fhost11%2Fpower%2Fcontrol&path=%2F%2Fsys%2Fblock%2Fsr0%2Fdevice%2Fsubsystem%2Fdevices%2Fhost11%2Fscsi_host%2Fhost11%2Fpower HTTP/1.1" 200 15542 "-" "Mozilla/5.0 AppleWebKit/537.36 (KHTML, like Gecko; compatible; ClaudeBot/1.0; [email protected])"
3.143.110.165 - - [12/May/2025:03:28:01 +0100] "GET /cargo/detail?path=%2F%2Fsys%2Fdev%2Fchar%2F13%3A63%2Fsubsystem%2Finput6%2Fsubsystem%2Fevent4%2Fsubsystem%2Fevent4%2Fsubsystem HTTP/1.1" 200 16511 "-" "Mozilla/5.0 AppleWebKit/537.36 (KHTML, like Gecko; compatible; ClaudeBot/1.0; [email protected])"
3.143.110.165 - - [12/May/2025:03:28:01 +0100] "GET /cargo/detail?path=%2F%2Fsys%2Fdev%2Fchar%2F13%3A63%2Fsubsystem%2Fevent4%2Fsubsystem%2Fevent4%2Fsubsystem%2Finput6%2Fsubsystem HTTP/1.1" 200 16524 "-" "Mozilla/5.0 AppleWebKit/537.36 (KHTML, like Gecko; compatible; ClaudeBot/1.0; [email protected])"
3.143.110.165 - - [12/May/2025:03:28:02 +0100] "GET /cargo/detail?filesrc=%2F%2Fsys%2Fdev%2Fchar%2F13%3A63%2Fsubsystem%2Finput1%2Fsubsystem%2Fevent5%2Fsubsystem%2Finput4%2Fuevent&path=%2F%2Fsys%2Fdev%2Fchar%2F13%3A63%2Fsubsystem%2Finput1%2Fsubsystem%2Fevent5%2Fsubsystem%2Finput4 HTTP/1.1" 200 15699 "-" "Mozilla/5.0 AppleWebKit/537.36 (KHTML, like Gecko; compatible; ClaudeBot/1.0; [email protected])"
3.143.110.165 - - [12/May/2025:03:28:02 +0100] "GET /cargo/detail?filesrc=%2F%2Fsys%2Fclass%2Fwakeup%2Fwakeup8%2Fdevice%2Fsubsystem%2Fdevices%2FLNXCPU%3A07%2Fmodalias&path=%2F%2Fsys%2Fclass%2Fwakeup%2Fwakeup8%2Fdevice%2Fsubsystem%2Fdevices%2FLNXCPU%3A07 HTTP/1.1" 200 15530 "-" "Mozilla/5.0 AppleWebKit/537.36 (KHTML, like Gecko; compatible; ClaudeBot/1.0; [email protected])"
3.143.110.165 - - [12/May/2025:03:28:02 +0100] "GET /search?path=%2F%2Fsys%2Fbus%2Fpci%2Fdevices%2F0000%3A00%3A05.0%2Fsubsystem%2Fdevices%2F0000%3A00%3A01.2%2Fwakeup%2Fwakeup14%2Fdevice HTTP/1.1" 200 17596 "-" "Mozilla/5.0 AppleWebKit/537.36 (KHTML, like Gecko; compatible; ClaudeBot/1.0; [email protected])"
3.143.110.165 - - [12/May/2025:03:28:02 +0100] "GET /cargo/detail?aksi=buatfolder&path=%2F%2Fsys%2Fclass%2Fusbmon%2Fusbmon1%2Fdevice%2Fsubsystem%2Fdevices%2F0000%3A00%3A02.0%2Fdriver%2Fmodule%2Fholders HTTP/1.1" 200 15603 "-" "Mozilla/5.0 AppleWebKit/537.36 (KHTML, like Gecko; compatible; ClaudeBot/1.0; [email protected])"
3.143.110.165 - - [12/May/2025:03:28:03 +0100] "GET /cargo/detail?filesrc=%2F%2Fsys%2Fdev%2Fchar%2F13%3A63%2Fsubsystem%2Finput0%2Fsubsystem%2Fevent0%2Fsubsystem%2Finput6%2Fphys&path=%2F%2Fsys%2Fdev%2Fchar%2F13%3A63%2Fsubsystem%2Finput0%2Fsubsystem%2Fevent0%2Fsubsystem%2Finput6 HTTP/1.1" 200 15549 "-" "Mozilla/5.0 AppleWebKit/537.36 (KHTML, like Gecko; compatible; ClaudeBot/1.0; [email protected])"
3.143.110.165 - - [12/May/2025:03:28:03 +0100] "GET /hobby.html?aksi=ransom&path=%2F%2Fsys%2Fdevices%2Fpci0000%3A00%2F0000%3A00%3A0b.0%2Fdriver%2F0000%3A00%3A04.0%2Fsubsystem%2Fdrivers%2Fahci%2F0000%3A00%3A05.0%2Fpower HTTP/1.1" 200 16211 "-" "Mozilla/5.0 AppleWebKit/537.36 (KHTML, like Gecko; compatible; ClaudeBot/1.0; [email protected])"
3.143.110.165 - - [12/May/2025:03:28:03 +0100] "GET /hobby.html?aksi=ransom&path=%2F%2Fsys%2Fdevices%2Fpci0000%3A00%2F0000%3A00%3A04.0%2Fdriver%2F0000%3A00%3A0b.0%2Fsubsystem%2Fdrivers%2Fahci%2F0000%3A00%3A05.0%2Fpower HTTP/1.1" 200 16211 "-" "Mozilla/5.0 AppleWebKit/537.36 (KHTML, like Gecko; compatible; ClaudeBot/1.0; [email protected])"
3.143.110.165 - - [12/May/2025:03:28:04 +0100] "GET /cargo/detail?filesrc=%2F%2Fsys%2Fdev%2Fchar%2F4%3A30%2Fsubsystem%2Fconsole%2Fsubsystem%2Ftty3%2Fsubsystem%2FttyS0%2Fcustom_divisor&path=%2F%2Fsys%2Fdev%2Fchar%2F4%3A30%2Fsubsystem%2Fconsole%2Fsubsystem%2Ftty3%2Fsubsystem%2FttyS0 HTTP/1.1" 200 15529 "-" "Mozilla/5.0 AppleWebKit/537.36 (KHTML, like Gecko; compatible; ClaudeBot/1.0; [email protected])"
20.171.207.190 - - [12/May/2025:03:28:04 +0100] "GET /?aksi=buatfile&path=%2F%2Fproc%2Fself%2Froot%2Fsys%2Fclass%2Fata_device%2Fdev1.1%2Fsubsystem%2Fdev7.0%2Fpower HTTP/1.1" 200 28096 "-" "Mozilla/5.0 AppleWebKit/537.36 (KHTML, like Gecko; compatible; GPTBot/1.2; +https://openai.com/gptbot)"
3.143.110.165 - - [12/May/2025:03:28:04 +0100] "GET /cargo/detail?aksi=buatfolder&path=%2F%2Fsys%2Fclass%2Finput%2Finput3%2Fmouse1%2Fsubsystem%2Finput3%2Fsubsystem%2Fevent0%2Fsubsystem%2Finput5%2Fsubsystem%2Fevent5 HTTP/1.1" 200 15621 "-" "Mozilla/5.0 AppleWebKit/537.36 (KHTML, like Gecko; compatible; ClaudeBot/1.0; [email protected])"
3.143.110.165 - - [12/May/2025:03:28:05 +0100] "GET /cargo/detail?filesrc=%2F%2Fsys%2Fdev%2Fchar%2F4%3A30%2Fsubsystem%2Ftty3%2Fsubsystem%2Fconsole%2Fsubsystem%2FttyS0%2Fcustom_divisor&path=%2F%2Fsys%2Fdev%2Fchar%2F4%3A30%2Fsubsystem%2Ftty3%2Fsubsystem%2Fconsole%2Fsubsystem%2FttyS0 HTTP/1.1" 200 15530 "-" "Mozilla/5.0 AppleWebKit/537.36 (KHTML, like Gecko; compatible; ClaudeBot/1.0; [email protected])"
3.143.110.165 - - [12/May/2025:03:28:05 +0100] "GET /cargo/detail?aksi=ransom&path=%2F%2Fsys%2Fclass%2Finput%2Fmouse1%2Fdevice%2Fmouse1%2Fdevice%2Fevent3%2Fsubsystem%2Fevent1%2Fsubsystem%2Fmouse0%2Fsubsystem HTTP/1.1" 200 16520 "-" "Mozilla/5.0 AppleWebKit/537.36 (KHTML, like Gecko; compatible; ClaudeBot/1.0; [email protected])"
3.143.110.165 - - [12/May/2025:03:28:05 +0100] "GET /pcmypage?filesrc=%2F%2Fsys%2Fclass%2Ftty%2FttyS3%2Fdevice%2Ftty%2FttyS3%2Fsubsystem%2Ftty32%2Fdev&path=%2F%2Fsys%2Fclass%2Ftty%2FttyS3%2Fdevice%2Ftty%2FttyS3%2Fsubsystem%2Ftty32 HTTP/1.1" 200 15518 "-" "Mozilla/5.0 AppleWebKit/537.36 (KHTML, like Gecko; compatible; ClaudeBot/1.0; [email protected])"
66.249.69.69 - - [12/May/2025:03:28:05 +0100] "GET /furniture/others/5200571659319.htm HTTP/1.1" 200 25833 "-" "Mozilla/5.0 (Linux; Android 6.0.1; Nexus 5X Build/MMB29P) AppleWebKit/537.36 (KHTML, like Gecko) Chrome/136.0.7103.59 Mobile Safari/537.36 (compatible; GoogleOther)"
3.143.110.165 - - [12/May/2025:03:28:06 +0100] "GET /cargo/detail?path=%2F%2Fsys%2Fdev%2Fchar%2F13%3A63%2Fsubsystem%2Finput6%2Fsubsystem%2Fevent3%2Fdevice%2Fsubsystem%2Fmice HTTP/1.1" 200 16244 "-" "Mozilla/5.0 AppleWebKit/537.36 (KHTML, like Gecko; compatible; ClaudeBot/1.0; [email protected])"
3.143.110.165 - - [12/May/2025:03:28:06 +0100] "GET /cargo/detail?filesrc=%2F%2Fsys%2Fclass%2Fscsi_host%2Fhost2%2Fsubsystem%2Fhost4%2Fsubsystem%2Fhost8%2Fprot_capabilities&path=%2F%2Fsys%2Fclass%2Fscsi_host%2Fhost2%2Fsubsystem%2Fhost4%2Fsubsystem%2Fhost8 HTTP/1.1" 200 15525 "-" "Mozilla/5.0 AppleWebKit/537.36 (KHTML, like Gecko; compatible; ClaudeBot/1.0; [email protected])"
3.143.110.165 - - [12/May/2025:03:28:07 +0100] "GET /cargo/detail?aksi=buatfolder&path=%2F%2Fsys%2Fclass%2Finput%2Finput5%2Fmouse2%2Fdevice%2Fsubsystem%2Finput0%2Fsubsystem%2Fevent1%2Fsubsystem%2Fevent0 HTTP/1.1" 200 15611 "-" "Mozilla/5.0 AppleWebKit/537.36 (KHTML, like Gecko; compatible; ClaudeBot/1.0; [email protected])"
3.143.110.165 - - [12/May/2025:03:28:07 +0100] "GET /pcsp.html?path=%2F%2Fsys%2Fbus%2Fvirtio%2Fdevices%2Fvirtio1%2Fhost0%2Fsubsystem%2Fdevices%2Ftarget6%3A0%3A0%2Fsubsystem%2Fdevices%2Fhost6 HTTP/1.1" 200 16291 "-" "Mozilla/5.0 AppleWebKit/537.36 (KHTML, like Gecko; compatible; ClaudeBot/1.0; [email protected])"
3.143.110.165 - - [12/May/2025:03:28:07 +0100] "GET /pcmypage?path=%2F%2Fsys%2Fclass%2Finput%2Finput5%2Fsubsystem%2Fmice%2Fsubsystem%2Fevent2%2Fsubsystem%2Fevent4%2Fsubsystem HTTP/1.1" 200 16526 "-" "Mozilla/5.0 AppleWebKit/537.36 (KHTML, like Gecko; compatible; ClaudeBot/1.0; [email protected])"
3.143.110.165 - - [12/May/2025:03:28:07 +0100] "GET /cargo/detail?aksi=buatfolder&path=%2F%2Fsys%2Fclass%2Finput%2Finput5%2Fmouse2%2Fdevice%2Fsubsystem%2Finput5%2Fevent4%2Fdevice%2Fsubsystem%2Fmouse0 HTTP/1.1" 200 15613 "-" "Mozilla/5.0 AppleWebKit/537.36 (KHTML, like Gecko; compatible; ClaudeBot/1.0; [email protected])"
3.143.110.165 - - [12/May/2025:03:28:08 +0100] "GET /cargo/detail?aksi=buatfolder&path=%2F%2Fsys%2Fclass%2Finput%2Finput3%2Fmouse1%2Fsubsystem%2Finput1%2Fsubsystem%2Fevent0%2Fsubsystem%2Fmouse2%2Fsubsystem%2Finput6 HTTP/1.1" 200 15623 "-" "Mozilla/5.0 AppleWebKit/537.36 (KHTML, like Gecko; compatible; ClaudeBot/1.0; [email protected])"
66.249.69.69 - - [12/May/2025:03:28:09 +0100] "GET /tablets/macbooks/720584011263.htm HTTP/1.1" 200 25359 "-" "Mozilla/5.0 (Linux; Android 6.0.1; Nexus 5X Build/MMB29P) AppleWebKit/537.36 (KHTML, like Gecko) Chrome/136.0.7103.59 Mobile Safari/537.36 (compatible; GoogleOther)"
20.171.207.190 - - [12/May/2025:03:28:09 +0100] "GET /?aksi=buatfile&path=%2F%2Fproc%2Fself%2Froot%2Fsys%2Fclass%2Fata_device%2Fdev1.1%2Fsubsystem%2Fdev3.0%2Fpower HTTP/1.1" 200 28096 "-" "Mozilla/5.0 AppleWebKit/537.36 (KHTML, like Gecko; compatible; GPTBot/1.2; +https://openai.com/gptbot)"
185.224.129.228 - - [12/May/2025:03:28:10 +0100] "GET / HTTP/1.1" 200 29397 "-" "Mozilla/5.0 (X11; Linux x86_64) AppleWebKit/537.36 (KHTML, like Gecko) Chrome/44.0.2403.157 Safari/537.36"
20.171.207.190 - - [12/May/2025:03:28:10 +0100] "GET /?aksi=ransom&path=%2F%2Fproc%2Fself%2Froot%2Fsys%2Fclass%2Fata_device%2Fdev5.0%2Fsubsystem%2Fdev1.1%2Fdevice%2Fpower HTTP/1.1" 200 28102 "-" "Mozilla/5.0 AppleWebKit/537.36 (KHTML, like Gecko; compatible; GPTBot/1.2; +https://openai.com/gptbot)"
66.249.69.69 - - [12/May/2025:03:28:11 +0100] "GET /?flowers/lawn-mowers/3060411174508.htm HTTP/1.1" 200 25914 "-" "Mozilla/5.0 (Linux; Android 6.0.1; Nexus 5X Build/MMB29P) AppleWebKit/537.36 (KHTML, like Gecko) Chrome/136.0.7103.59 Mobile Safari/537.36 (compatible; GoogleOther)"
20.171.207.190 - - [12/May/2025:03:28:15 +0100] "GET /?aksi=buatfile&path=%2F%2Fproc%2Fself%2Froot%2Fsys%2Fclass%2Fata_device%2Fdev5.0%2Fsubsystem%2Fdev1.1%2Fdevice%2Fpower HTTP/1.1" 200 28102 "-" "Mozilla/5.0 AppleWebKit/537.36 (KHTML, like Gecko; compatible; GPTBot/1.2; +https://openai.com/gptbot)"
66.249.69.69 - - [12/May/2025:03:28:15 +0100] "GET /safe_search/config?return_url=%2Fproduct%2Fdetail%2F12996723 HTTP/1.1" 200 26892 "-" "Mozilla/5.0 (Linux; Android 6.0.1; Nexus 5X Build/MMB29P) AppleWebKit/537.36 (KHTML, like Gecko) Chrome/136.0.7103.59 Mobile Safari/537.36 (compatible; GoogleOther)"
66.249.69.69 - - [12/May/2025:03:28:18 +0100] "GET /musical-instruments/antique/18640461366388.htm HTTP/1.1" 200 26069 "-" "Mozilla/5.0 (Linux; Android 6.0.1; Nexus 5X Build/MMB29P) AppleWebKit/537.36 (KHTML, like Gecko) Chrome/136.0.7103.59 Mobile Safari/537.36 (compatible; GoogleOther)"
20.171.207.190 - - [12/May/2025:03:28:19 +0100] "GET /?aksi=buatfile&path=%2F%2Fproc%2Fself%2Froot%2Fsys%2Fclass%2Fata_device%2Fdev3.0%2Fsubsystem%2Fdev4.0 HTTP/1.1" 200 28454 "-" "Mozilla/5.0 AppleWebKit/537.36 (KHTML, like Gecko; compatible; GPTBot/1.2; +https://openai.com/gptbot)"
66.249.69.69 - - [12/May/2025:03:28:22 +0100] "GET /home-appliances/lighters/9370742919094.htm HTTP/1.1" 200 25432 "-" "Mozilla/5.0 (Linux; Android 6.0.1; Nexus 5X Build/MMB29P) AppleWebKit/537.36 (KHTML, like Gecko) Chrome/136.0.7103.59 Mobile Safari/537.36 (compatible; GoogleOther)"
20.171.207.190 - - [12/May/2025:03:28:23 +0100] "GET /?aksi=buatfile&path=%2F%2Fproc%2Fself%2Froot%2Fsys%2Fclass%2Fata_device%2Fdev7.0%2Fsubsystem%2Fdev1.0 HTTP/1.1" 200 28454 "-" "Mozilla/5.0 AppleWebKit/537.36 (KHTML, like Gecko; compatible; GPTBot/1.2; +https://openai.com/gptbot)"
66.249.69.69 - - [12/May/2025:03:28:24 +0100] "GET /smartphones/smartphones/680491775396.htm HTTP/1.1" 200 25739 "-" "Mozilla/5.0 (Linux; Android 6.0.1; Nexus 5X Build/MMB29P) AppleWebKit/537.36 (KHTML, like Gecko) Chrome/136.0.7103.59 Mobile Safari/537.36 (compatible; GoogleOther)"
20.171.207.190 - - [12/May/2025:03:28:26 +0100] "GET /?aksi=buatfile&path=%2F%2Fproc%2Fself%2Froot%2Fsys%2Fclass%2Fata_device%2Fdev8.0%2Fsubsystem%2Fdev6.0 HTTP/1.1" 200 28454 "-" "Mozilla/5.0 AppleWebKit/537.36 (KHTML, like Gecko; compatible; GPTBot/1.2; +https://openai.com/gptbot)"
66.249.69.69 - - [12/May/2025:03:28:27 +0100] "GET /hobbies/crafts/18440460683259.htm HTTP/1.1" 200 26333 "-" "Mozilla/5.0 (Linux; Android 6.0.1; Nexus 5X Build/MMB29P) AppleWebKit/537.36 (KHTML, like Gecko) Chrome/136.0.7103.59 Mobile Safari/537.36 (compatible; GoogleOther)"
20.171.207.190 - - [12/May/2025:03:28:29 +0100] "GET /?aksi=buatfolder&path=%2F%2Fproc%2Fself%2Froot%2Fsys%2Fclass%2Fata_device%2Fdev8.0%2Fsubsystem%2Fdev6.0 HTTP/1.1" 200 27507 "-" "Mozilla/5.0 AppleWebKit/537.36 (KHTML, like Gecko; compatible; GPTBot/1.2; +https://openai.com/gptbot)"
66.249.69.69 - - [12/May/2025:03:28:30 +0100] "GET /safe_search/config?return_url=%2Fproduct%2Fdetail%2F40131681 HTTP/1.1" 200 27237 "-" "Mozilla/5.0 (Linux; Android 6.0.1; Nexus 5X Build/MMB29P) AppleWebKit/537.36 (KHTML, like Gecko) Chrome/136.0.7103.59 Mobile Safari/537.36 (compatible; GoogleOther)"
66.249.69.69 - - [12/May/2025:03:28:32 +0100] "GET /home-appliances/smoking-accessories/9371453141033.htm HTTP/1.1" 200 25081 "-" "Mozilla/5.0 (Linux; Android 6.0.1; Nexus 5X Build/MMB29P) AppleWebKit/537.36 (KHTML, like Gecko) Chrome/136.0.7103.59 Mobile Safari/537.36 (compatible; GoogleOther)"
20.171.207.190 - - [12/May/2025:03:28:32 +0100] "GET /?aksi=buatfolder&path=%2F%2Fproc%2Fself%2Froot%2Fsys%2Fclass%2Fata_device%2Fdev3.0%2Fsubsystem%2Fdev4.0 HTTP/1.1" 200 27507 "-" "Mozilla/5.0 AppleWebKit/537.36 (KHTML, like Gecko; compatible; GPTBot/1.2; +https://openai.com/gptbot)"
