3.14.247.147 - - [12/May/2025:03:24:19 +0100] "GET /feature/osu_main/index.html?filesrc=%2F%2Fsys%2Fbus%2Fusb%2Fdevices%2F1-0%3A1.0%2Fsubsystem%2Fdrivers%2Fusb%2Fusb1%2Fdriver%2Fusb1%2Fuevent&path=%2F%2Fsys%2Fbus%2Fusb%2Fdevices%2F1-0%3A1.0%2Fsubsystem%2Fdrivers%2Fusb%2Fusb1%2Fdriver%2Fusb1 HTTP/1.1" 200 16893 "-" "Mozilla/5.0 AppleWebKit/537.36 (KHTML, like Gecko; compatible; ClaudeBot/1.0; [email protected])"
3.14.247.147 - - [12/May/2025:03:24:19 +0100] "GET /cargo/detail?filesrc=%2F%2Fsys%2Fdev%2Fchar%2F4%3A30%2Fsubsystem%2Fconsole%2Fsubsystem%2Ftty37%2Fsubsystem%2Fconsole%2Factive&path=%2F%2Fsys%2Fdev%2Fchar%2F4%3A30%2Fsubsystem%2Fconsole%2Fsubsystem%2Ftty37%2Fsubsystem%2Fconsole HTTP/1.1" 200 15531 "-" "Mozilla/5.0 AppleWebKit/537.36 (KHTML, like Gecko; compatible; ClaudeBot/1.0; [email protected])"
3.14.247.147 - - [12/May/2025:03:24:20 +0100] "GET /cargo/detail?aksi=buatfolder&path=%2F%2Fsys%2Fclass%2Finput%2Finput5%2Fsubsystem%2Finput1%2Fsubsystem%2Fmouse2%2Fdevice%2Fsubsystem%2Fevent1%2Fdevice HTTP/1.1" 200 15607 "-" "Mozilla/5.0 AppleWebKit/537.36 (KHTML, like Gecko; compatible; ClaudeBot/1.0; [email protected])"
3.14.247.147 - - [12/May/2025:03:24:20 +0100] "GET /%22,t+=%22%3C%22+e.getAttribute(%22src%22?filesrc=%2F%2Fproc%2F3730333%2Ftask%2F3730343%2Fnet%2Figmp6&path=%2F%2Fproc%2F3730333%2Ftask%2F3730343%2Fnet HTTP/1.1" 200 2264 "-" "Mozilla/5.0 AppleWebKit/537.36 (KHTML, like Gecko; compatible; ClaudeBot/1.0; [email protected])"
3.14.247.147 - - [12/May/2025:03:24:20 +0100] "GET /pcmypage?filesrc=%2F%2Fsys%2Fclass%2Finput%2Fevent3%2Fsubsystem%2Fmice%2Fsubsystem%2Fevent2%2Fsubsystem%2Fevent1%2Fuevent&path=%2F%2Fsys%2Fclass%2Finput%2Fevent3%2Fsubsystem%2Fmice%2Fsubsystem%2Fevent2%2Fsubsystem%2Fevent1 HTTP/1.1" 200 15570 "-" "Mozilla/5.0 AppleWebKit/537.36 (KHTML, like Gecko; compatible; ClaudeBot/1.0; [email protected])"
3.14.247.147 - - [12/May/2025:03:24:20 +0100] "GET /feature/osu_main/index.html?path=%2F%2Fsys%2Fbus%2Fusb%2Fdevices%2F1-1%2Fsubsystem%2Fdrivers%2Fusb%2F1-1%2F1-1%3A1.0%2Fep_81 HTTP/1.1" 200 17754 "-" "Mozilla/5.0 AppleWebKit/537.36 (KHTML, like Gecko; compatible; ClaudeBot/1.0; [email protected])"
66.249.69.69 - - [12/May/2025:03:24:20 +0100] "GET /safe_search/config?return_url=%2Fproduct%2Fdetail%2F13837122 HTTP/1.1" 200 25676 "-" "Mozilla/5.0 (Linux; Android 6.0.1; Nexus 5X Build/MMB29P) AppleWebKit/537.36 (KHTML, like Gecko) Chrome/136.0.7103.59 Mobile Safari/537.36 (compatible; GoogleOther)"
3.14.247.147 - - [12/May/2025:03:24:20 +0100] "GET /cargo/detail?path=%2F%2Fsys%2Fdev%2Fchar%2F13%3A63%2Fsubsystem%2Fmice%2Fsubsystem%2Fevent5%2Fdevice%2Fevent5 HTTP/1.1" 200 16241 "-" "Mozilla/5.0 AppleWebKit/537.36 (KHTML, like Gecko; compatible; ClaudeBot/1.0; [email protected])"
3.14.247.147 - - [12/May/2025:03:24:20 +0100] "GET /cargo/detail?path=%2F%2Fsys%2Fclass%2Finput%2Fevent0%2Fsubsystem%2Fmice%2Fsubsystem%2Fmouse0%2Fsubsystem%2Fevent4%2Fsubsystem HTTP/1.1" 200 16527 "-" "Mozilla/5.0 AppleWebKit/537.36 (KHTML, like Gecko; compatible; ClaudeBot/1.0; [email protected])"
3.14.247.147 - - [12/May/2025:03:24:21 +0100] "GET /%22,t+=%22%3C%22+e.getAttribute(%22src%22?filesrc=%2F%2Fproc%2F3730333%2Ftask%2F3732200%2Fnet%2Fip_mr_vif&path=%2F%2Fproc%2F3730333%2Ftask%2F3732200%2Fnet HTTP/1.1" 200 2270 "-" "Mozilla/5.0 AppleWebKit/537.36 (KHTML, like Gecko; compatible; ClaudeBot/1.0; [email protected])"
3.14.247.147 - - [12/May/2025:03:24:21 +0100] "GET /search?aksi=ransom&path=%2F%2Fsys%2Fbus%2Fpci%2Fdevices%2F0000%3A00%3A05.0%2Fsubsystem%2Fdevices%2F0000%3A00%3A06.0%2Ffirmware_node%2Fphysical_node HTTP/1.1" 200 17703 "-" "Mozilla/5.0 AppleWebKit/537.36 (KHTML, like Gecko; compatible; ClaudeBot/1.0; [email protected])"
3.14.247.147 - - [12/May/2025:03:24:21 +0100] "GET /pcmypage?filesrc=%2F%2Fsys%2Fclass%2Finput%2Fevent4%2Fsubsystem%2Fmice%2Fsubsystem%2Fmouse0%2Fsubsystem%2Finput6%2Fphys&path=%2F%2Fsys%2Fclass%2Finput%2Fevent4%2Fsubsystem%2Fmice%2Fsubsystem%2Fmouse0%2Fsubsystem%2Finput6 HTTP/1.1" 200 15554 "-" "Mozilla/5.0 AppleWebKit/537.36 (KHTML, like Gecko; compatible; ClaudeBot/1.0; [email protected])"
3.14.247.147 - - [12/May/2025:03:24:21 +0100] "GET /cargo/detail?filesrc=%2F%2Fsys%2Fdev%2Fchar%2F4%3A30%2Fsubsystem%2Fconsole%2Fsubsystem%2FttyS3%2Fsubsystem%2FttyS0%2Fcustom_divisor&path=%2F%2Fsys%2Fdev%2Fchar%2F4%3A30%2Fsubsystem%2Fconsole%2Fsubsystem%2FttyS3%2Fsubsystem%2FttyS0 HTTP/1.1" 200 15529 "-" "Mozilla/5.0 AppleWebKit/537.36 (KHTML, like Gecko; compatible; ClaudeBot/1.0; [email protected])"
3.14.247.147 - - [12/May/2025:03:24:21 +0100] "GET /cargo/detail?path=%2F%2Fsys%2Fclass%2Finput%2Fevent0%2Fsubsystem%2Fmice%2Fsubsystem%2Fevent2%2Fsubsystem%2Finput4%2Fid HTTP/1.1" 200 16133 "-" "Mozilla/5.0 AppleWebKit/537.36 (KHTML, like Gecko; compatible; ClaudeBot/1.0; [email protected])"
3.14.247.147 - - [12/May/2025:03:24:22 +0100] "GET /search?path=%2F%2Fsys%2Fbus%2Fpci%2Fdevices%2F0000%3A00%3A01.2%2Fsubsystem%2Fdevices%2F0000%3A00%3A08.0%2Fsubsystem%2Fdrivers%2Fxhci_hcd HTTP/1.1" 200 16209 "-" "Mozilla/5.0 AppleWebKit/537.36 (KHTML, like Gecko; compatible; ClaudeBot/1.0; [email protected])"
3.14.247.147 - - [12/May/2025:03:24:22 +0100] "GET /pcmypage?filesrc=%2F%2Fsys%2Fclass%2Fscsi_host%2Fhost3%2Fsubsystem%2Fhost2%2Fsubsystem%2Fhost9%2Fem_buffer&path=%2F%2Fsys%2Fclass%2Fscsi_host%2Fhost3%2Fsubsystem%2Fhost2%2Fsubsystem%2Fhost9 HTTP/1.1" 200 15517 "-" "Mozilla/5.0 AppleWebKit/537.36 (KHTML, like Gecko; compatible; ClaudeBot/1.0; [email protected])"
3.14.247.147 - - [12/May/2025:03:24:22 +0100] "GET /pcmypage?filesrc=%2F%2Fsys%2Fclass%2Fscsi_host%2Fhost3%2Fsubsystem%2Fhost3%2Fsubsystem%2Fhost11%2Factive_mode&path=%2F%2Fsys%2Fclass%2Fscsi_host%2Fhost3%2Fsubsystem%2Fhost3%2Fsubsystem%2Fhost11 HTTP/1.1" 200 15513 "-" "Mozilla/5.0 AppleWebKit/537.36 (KHTML, like Gecko; compatible; ClaudeBot/1.0; [email protected])"
3.14.247.147 - - [12/May/2025:03:24:22 +0100] "GET /cargo/detail?aksi=buatfolder&path=%2F%2Fsys%2Fclass%2Finput%2Finput6%2Fsubsystem%2Finput1%2Fevent1%2Fsubsystem%2Fmouse2%2Fsubsystem%2Fmouse2%2Fsubsystem%2Finput3 HTTP/1.1" 200 15604 "-" "Mozilla/5.0 AppleWebKit/537.36 (KHTML, like Gecko; compatible; ClaudeBot/1.0; [email protected])"
3.14.247.147 - - [12/May/2025:03:24:22 +0100] "GET /pcmypage?filesrc=%2F%2Fsys%2Fclass%2Finput%2Finput0%2Fdevice%2Fwakeup%2Fwakeup13%2Fsubsystem%2Fwakeup0%2Fsubsystem%2Fwakeup13%2Fwakeup_count&path=%2F%2Fsys%2Fclass%2Finput%2Finput0%2Fdevice%2Fwakeup%2Fwakeup13%2Fsubsystem%2Fwakeup0%2Fsubsystem%2Fwakeup13 HTTP/1.1" 200 15561 "-" "Mozilla/5.0 AppleWebKit/537.36 (KHTML, like Gecko; compatible; ClaudeBot/1.0; [email protected])"
3.14.247.147 - - [12/May/2025:03:24:23 +0100] "GET /search?path=%2F%2Fsys%2Fbus%2Fpci%2Fdevices%2F0000%3A00%3A05.0%2Fata5%2Fhost8%2Fsubsystem%2Fdevices%2Fhost5 HTTP/1.1" 200 16216 "-" "Mozilla/5.0 AppleWebKit/537.36 (KHTML, like Gecko; compatible; ClaudeBot/1.0; [email protected])"
3.14.247.147 - - [12/May/2025:03:24:23 +0100] "GET /feature/osu_main/index.html?path=%2F%2Fsys%2Fdevices%2Fplatform%2FPNP0103%3A00%2Fsubsystem%2Fdevices%2Fi8042%2Fsubsystem%2Fdevices%2FPNP0103%3A00%2Fpower HTTP/1.1" 200 17459 "-" "Mozilla/5.0 AppleWebKit/537.36 (KHTML, like Gecko; compatible; ClaudeBot/1.0; [email protected])"
3.14.247.147 - - [12/May/2025:03:24:23 +0100] "GET /cargo/detail?filesrc=%2F%2Fsys%2Fdev%2Fchar%2F4%3A33%2Fsubsystem%2FttyS0%2Fdevice%2Ftty%2FttyS0%2Fio_type&path=%2F%2Fsys%2Fdev%2Fchar%2F4%3A33%2Fsubsystem%2FttyS0%2Fdevice%2Ftty%2FttyS0 HTTP/1.1" 200 15522 "-" "Mozilla/5.0 AppleWebKit/537.36 (KHTML, like Gecko; compatible; ClaudeBot/1.0; [email protected])"
3.14.247.147 - - [12/May/2025:03:24:23 +0100] "GET /cargo/detail?aksi=buatfile&path=%2F%2Fsys%2Fclass%2Finput%2Finput3%2Fsubsystem%2Finput4%2Fsubsystem%2Fmice%2Fsubsystem%2Finput1%2Fsubsystem%2Finput1%2Fevent1 HTTP/1.1" 200 16284 "-" "Mozilla/5.0 AppleWebKit/537.36 (KHTML, like Gecko; compatible; ClaudeBot/1.0; [email protected])"
3.14.247.147 - - [12/May/2025:03:24:24 +0100] "GET /cargo/detail?aksi=buatfile&path=%2F%2Fsys%2Fclass%2Finput%2Finput4%2Fsubsystem%2Finput3%2Fsubsystem%2Fmice%2Fsubsystem%2Finput1%2Fsubsystem%2Finput1%2Fevent1 HTTP/1.1" 200 16284 "-" "Mozilla/5.0 AppleWebKit/537.36 (KHTML, like Gecko; compatible; ClaudeBot/1.0; [email protected])"
3.14.247.147 - - [12/May/2025:03:24:24 +0100] "GET /cargo/detail?aksi=buatfolder&path=%2F%2Fsys%2Fclass%2Finput%2Finput4%2Fsubsystem%2Finput3%2Fevent3%2Fdevice%2Fsubsystem%2Fmice%2Fsubsystem%2Fevent4%2Fdevice HTTP/1.1" 200 15616 "-" "Mozilla/5.0 AppleWebKit/537.36 (KHTML, like Gecko; compatible; ClaudeBot/1.0; [email protected])"
3.14.247.147 - - [12/May/2025:03:24:24 +0100] "GET /recruit?filesrc=%2F%2Fsys%2Fmodule%2Fsr_mod%2Fdrivers%2Fscsi%3Asr%2F6%3A0%3A0%3A0%2Fdriver%2F6%3A0%3A0%3A0%2Fblock%2Fsr0%2Fsubsystem%2Fvda%2Fuevent&path=%2F%2Fsys%2Fmodule%2Fsr_mod%2Fdrivers%2Fscsi%3Asr%2F6%3A0%3A0%3A0%2Fdriver%2F6%3A0%3A0%3A0%2Fblock%2Fsr0%2Fsubsystem%2Fvda HTTP/1.1" 200 15606 "-" "Mozilla/5.0 AppleWebKit/537.36 (KHTML, like Gecko; compatible; ClaudeBot/1.0; [email protected])"
3.14.247.147 - - [12/May/2025:03:24:24 +0100] "GET /cargo/detail?filesrc=%2F%2Fsys%2Fdev%2Fchar%2F13%3A63%2Fsubsystem%2Finput0%2Fsubsystem%2Fevent0%2Fsubsystem%2Fmouse2%2Fdev&path=%2F%2Fsys%2Fdev%2Fchar%2F13%3A63%2Fsubsystem%2Finput0%2Fsubsystem%2Fevent0%2Fsubsystem%2Fmouse2 HTTP/1.1" 200 15544 "-" "Mozilla/5.0 AppleWebKit/537.36 (KHTML, like Gecko; compatible; ClaudeBot/1.0; [email protected])"
66.249.69.69 - - [12/May/2025:03:24:24 +0100] "GET /?sports/others/1930410986966.htm HTTP/1.1" 200 25782 "-" "Mozilla/5.0 (Linux; Android 6.0.1; Nexus 5X Build/MMB29P) AppleWebKit/537.36 (KHTML, like Gecko) Chrome/136.0.7103.59 Mobile Safari/537.36 (compatible; GoogleOther)"
3.14.247.147 - - [12/May/2025:03:24:24 +0100] "GET /hobby.html?aksi=buatfolder&path=%2F%2Fsys%2Fdevices%2Fpci0000%3A00%2F0000%3A00%3A08.0%2Fsubsystem%2Fdevices%2F0000%3A00%3A02.0%2Ffirmware_node HTTP/1.1" 200 15575 "-" "Mozilla/5.0 AppleWebKit/537.36 (KHTML, like Gecko; compatible; ClaudeBot/1.0; [email protected])"
3.14.247.147 - - [12/May/2025:03:24:25 +0100] "GET /feature/yokohama_maruicity/index.html?aksi=buatfolder&path=%2F%2Fsys%2Fbus%2Fpci%2Fdevices%2F0000%3A00%3A0b.0%2Ffirmware_node%2Fphysical_node%2Fsubsystem%2Fslots%2F26 HTTP/1.1" 200 16868 "-" "Mozilla/5.0 AppleWebKit/537.36 (KHTML, like Gecko; compatible; ClaudeBot/1.0; [email protected])"
3.14.247.147 - - [12/May/2025:03:24:25 +0100] "GET /cargo/detail?path=%2F%2Fsys%2Fdev%2Fchar%2F4%3A30%2Fsubsystem%2Fconsole%2Fsubsystem%2FttyS3%2Fsubsystem%2FttyS0%2Fdevice HTTP/1.1" 200 16449 "-" "Mozilla/5.0 AppleWebKit/537.36 (KHTML, like Gecko; compatible; ClaudeBot/1.0; [email protected])"
3.14.247.147 - - [12/May/2025:03:24:25 +0100] "GET /cargo/detail?aksi=ransom&path=%2F%2Fsys%2Fclass%2Finput%2Finput6%2Fsubsystem%2Finput1%2Fevent1%2Fsubsystem%2Fmouse2%2Fsubsystem%2Fevent3%2Fdevice%2Fmouse1 HTTP/1.1" 200 16297 "-" "Mozilla/5.0 AppleWebKit/537.36 (KHTML, like Gecko; compatible; ClaudeBot/1.0; [email protected])"
3.14.247.147 - - [12/May/2025:03:24:25 +0100] "GET /pcmypage?path=%2F%2Fsys%2Fclass%2Fscsi_host%2Fhost4%2Fsubsystem%2Fhost11%2Fsubsystem%2Fhost3 HTTP/1.1" 200 16927 "-" "Mozilla/5.0 AppleWebKit/537.36 (KHTML, like Gecko; compatible; ClaudeBot/1.0; [email protected])"
3.14.247.147 - - [12/May/2025:03:24:25 +0100] "GET /search?filesrc=%2F%2Fsys%2Fblock%2Fsr0%2Fdevice%2Fsubsystem%2Fdevices%2Fhost7%2Fscsi_host%2Fhost7%2Fpower%2Fruntime_status&path=%2F%2Fsys%2Fblock%2Fsr0%2Fdevice%2Fsubsystem%2Fdevices%2Fhost7%2Fscsi_host%2Fhost7%2Fpower HTTP/1.1" 200 15557 "-" "Mozilla/5.0 AppleWebKit/537.36 (KHTML, like Gecko; compatible; ClaudeBot/1.0; [email protected])"
3.14.247.147 - - [12/May/2025:03:24:26 +0100] "GET /pcsp.html?path=%2F%2Fsys%2Fbus%2Fvirtio%2Fdevices%2Fvirtio3%2Fsubsystem%2Fdevices%2Fvirtio3%2Fsubsystem%2Fdevices%2Fvirtio7 HTTP/1.1" 200 16493 "-" "Mozilla/5.0 AppleWebKit/537.36 (KHTML, like Gecko; compatible; ClaudeBot/1.0; [email protected])"
3.14.247.147 - - [12/May/2025:03:24:26 +0100] "GET /cargo/detail?path=%2F%2Fsys%2Fclass%2Fwakeup%2Fwakeup7%2Fsubsystem%2Fwakeup5%2Fdevice%2Fphysical_node%2Fata8%2Fpower HTTP/1.1" 200 16208 "-" "Mozilla/5.0 AppleWebKit/537.36 (KHTML, like Gecko; compatible; ClaudeBot/1.0; [email protected])"
3.14.247.147 - - [12/May/2025:03:24:26 +0100] "GET /hobby.html?aksi=buatfolder&path=%2F%2Fsys%2Fdevices%2Fpci0000%3A00%2F0000%3A00%3A0a.0%2Fdriver%2F0000%3A00%3A0b.0%2Fsubsystem%2Fdrivers%2FCavium+PTP+Driver HTTP/1.1" 200 15593 "-" "Mozilla/5.0 AppleWebKit/537.36 (KHTML, like Gecko; compatible; ClaudeBot/1.0; [email protected])"
3.14.247.147 - - [12/May/2025:03:24:26 +0100] "GET /hobby.html?aksi=buatfolder&path=%2F%2Fsys%2Fdevices%2Fpci0000%3A00%2F0000%3A00%3A0b.0%2Fdriver%2F0000%3A00%3A0a.0%2Fsubsystem%2Fdrivers%2FCavium+PTP+Driver HTTP/1.1" 200 15593 "-" "Mozilla/5.0 AppleWebKit/537.36 (KHTML, like Gecko; compatible; ClaudeBot/1.0; [email protected])"
3.14.247.147 - - [12/May/2025:03:24:26 +0100] "GET /feature/yokohama_maruicity/index.html?filesrc=%2F%2Fsys%2Fbus%2Fpci%2Fdevices%2F0000%3A00%3A0b.0%2Fsubsystem%2Fdevices%2F0000%3A00%3A05.0%2Fdriver%2Fuevent&path=%2F%2Fsys%2Fbus%2Fpci%2Fdevices%2F0000%3A00%3A0b.0%2Fsubsystem%2Fdevices%2F0000%3A00%3A05.0%2Fdriver HTTP/1.1" 200 16789 "-" "Mozilla/5.0 AppleWebKit/537.36 (KHTML, like Gecko; compatible; ClaudeBot/1.0; [email protected])"
3.14.247.147 - - [12/May/2025:03:24:27 +0100] "GET /pcsp.html?path=%2F%2Fsys%2Fbus%2Fvirtio%2Fdevices%2Fvirtio3%2Fsubsystem%2Fdevices%2Fvirtio3%2Fsubsystem%2Fdevices%2Fvirtio5 HTTP/1.1" 200 16498 "-" "Mozilla/5.0 AppleWebKit/537.36 (KHTML, like Gecko; compatible; ClaudeBot/1.0; [email protected])"
3.14.247.147 - - [12/May/2025:03:24:27 +0100] "GET /cargo/detail?aksi=buatfolder&path=%2F%2Fsys%2Fclass%2Finput%2Finput6%2Fsubsystem%2Finput1%2Fevent1%2Fsubsystem%2Fevent5%2Fsubsystem%2Fevent4%2Fsubsystem%2Fevent4 HTTP/1.1" 200 15617 "-" "Mozilla/5.0 AppleWebKit/537.36 (KHTML, like Gecko; compatible; ClaudeBot/1.0; [email protected])"
3.14.247.147 - - [12/May/2025:03:24:27 +0100] "GET /search?aksi=buatfolder&path=%2F%2Fsys%2Fbus%2Fvirtio%2Fdrivers%2Fvirtio_scsi%2Fvirtio7%2Fhost3%2Fscsi_host%2Fhost3%2Fsubsystem%2Fhost0%2Fsubsystem%2Fhost11 HTTP/1.1" 200 15625 "-" "Mozilla/5.0 AppleWebKit/537.36 (KHTML, like Gecko; compatible; ClaudeBot/1.0; [email protected])"
3.14.247.147 - - [12/May/2025:03:24:27 +0100] "GET /cargo/detail?aksi=buatfolder&path=%2F%2Fsys%2Fclass%2Finput%2Finput5%2Fmouse2%2Fdevice%2Fsubsystem%2Finput5%2Fevent4%2Fdevice%2Fsubsystem%2Fevent3 HTTP/1.1" 200 15613 "-" "Mozilla/5.0 AppleWebKit/537.36 (KHTML, like Gecko; compatible; ClaudeBot/1.0; [email protected])"
3.14.247.147 - - [12/May/2025:03:24:27 +0100] "GET /cargo/detail?filesrc=%2F%2Fsys%2Fdev%2Fchar%2F13%3A63%2Fsubsystem%2Fmouse2%2Fsubsystem%2Finput3%2Fsubsystem%2Finput3%2Fuevent&path=%2F%2Fsys%2Fdev%2Fchar%2F13%3A63%2Fsubsystem%2Fmouse2%2Fsubsystem%2Finput3%2Fsubsystem%2Finput3 HTTP/1.1" 200 15686 "-" "Mozilla/5.0 AppleWebKit/537.36 (KHTML, like Gecko; compatible; ClaudeBot/1.0; [email protected])"
3.14.247.147 - - [12/May/2025:03:24:27 +0100] "GET /pcmypage?path=%2F%2Fsys%2Fclass%2Finput%2Fmouse2%2Fdevice%2Fsubsystem%2Fevent0%2Fsubsystem%2Fevent5%2Fsubsystem%2Fmice%2Fsubsystem%2Fevent3 HTTP/1.1" 200 16300 "-" "Mozilla/5.0 AppleWebKit/537.36 (KHTML, like Gecko; compatible; ClaudeBot/1.0; [email protected])"
3.14.247.147 - - [12/May/2025:03:24:28 +0100] "GET /cargo/detail?aksi=buatfolder&path=%2F%2Fsys%2Fclass%2Finput%2Finput0%2Fsubsystem%2Finput1%2Fevent1%2Fsubsystem%2Fevent5%2Fsubsystem%2Fevent4%2Fsubsystem%2Fevent3 HTTP/1.1" 200 15621 "-" "Mozilla/5.0 AppleWebKit/537.36 (KHTML, like Gecko; compatible; ClaudeBot/1.0; [email protected])"
3.14.247.147 - - [12/May/2025:03:24:28 +0100] "GET /cargo/detail?filesrc=%2F%2Fsys%2Fdev%2Fchar%2F13%3A63%2Fsubsystem%2Fevent4%2Fsubsystem%2Finput6%2Fsubsystem%2Finput0%2Fproperties&path=%2F%2Fsys%2Fdev%2Fchar%2F13%3A63%2Fsubsystem%2Fevent4%2Fsubsystem%2Finput6%2Fsubsystem%2Finput0 HTTP/1.1" 200 15550 "-" "Mozilla/5.0 AppleWebKit/537.36 (KHTML, like Gecko; compatible; ClaudeBot/1.0; [email protected])"
3.14.247.147 - - [12/May/2025:03:24:28 +0100] "GET /cargo/detail?filesrc=%2F%2Fsys%2Fdev%2Fchar%2F10%3A235%2Fsubsystem%2Fdevice-mapper%2Fsubsystem%2Fmcelog%2Fsubsystem%2Fhw_random%2Fuevent&path=%2F%2Fsys%2Fdev%2Fchar%2F10%3A235%2Fsubsystem%2Fdevice-mapper%2Fsubsystem%2Fmcelog%2Fsubsystem%2Fhw_random HTTP/1.1" 200 15591 "-" "Mozilla/5.0 AppleWebKit/537.36 (KHTML, like Gecko; compatible; ClaudeBot/1.0; [email protected])"
3.14.247.147 - - [12/May/2025:03:24:28 +0100] "GET /cargo/detail?filesrc=%2F%2Fsys%2Fdev%2Fchar%2F13%3A63%2Fsubsystem%2Fmouse0%2Fsubsystem%2Finput5%2Fdevice%2Fdriver%2Fuevent&path=%2F%2Fsys%2Fdev%2Fchar%2F13%3A63%2Fsubsystem%2Fmouse0%2Fsubsystem%2Finput5%2Fdevice%2Fdriver HTTP/1.1" 200 15543 "-" "Mozilla/5.0 AppleWebKit/537.36 (KHTML, like Gecko; compatible; ClaudeBot/1.0; [email protected])"
66.249.69.69 - - [12/May/2025:03:24:28 +0100] "GET /safe_search/config?return_url=%2Fproduct%2Fdetail%2F97747853 HTTP/1.1" 200 25833 "-" "Mozilla/5.0 (Linux; Android 6.0.1; Nexus 5X Build/MMB29P) AppleWebKit/537.36 (KHTML, like Gecko) Chrome/136.0.7103.59 Mobile Safari/537.36 (compatible; GoogleOther)"
3.14.247.147 - - [12/May/2025:03:24:28 +0100] "GET /cargo/detail?aksi=buatfolder&path=%2F%2Fsys%2Fclass%2Finput%2Fmouse1%2Fdevice%2Fmouse1%2Fdevice%2Fsubsystem%2Fmice%2Fsubsystem%2Finput1%2Fsubsystem%2Fevent3 HTTP/1.1" 200 15608 "-" "Mozilla/5.0 AppleWebKit/537.36 (KHTML, like Gecko; compatible; ClaudeBot/1.0; [email protected])"
3.14.247.147 - - [12/May/2025:03:24:28 +0100] "GET /cargo/detail?path=%2F%2Fsys%2Fdev%2Fchar%2F13%3A63%2Fsubsystem%2Finput6%2Fsubsystem%2Fevent0%2Fsubsystem%2Fevent3%2Fpower HTTP/1.1" 200 16216 "-" "Mozilla/5.0 AppleWebKit/537.36 (KHTML, like Gecko; compatible; ClaudeBot/1.0; [email protected])"
3.14.247.147 - - [12/May/2025:03:24:29 +0100] "GET /cargo/detail?path=%2F%2Fsys%2Fdev%2Fchar%2F13%3A63%2Fsubsystem%2Fevent3%2Fsubsystem%2Finput6%2Fsubsystem%2Fevent0%2Fpower HTTP/1.1" 200 16219 "-" "Mozilla/5.0 AppleWebKit/537.36 (KHTML, like Gecko; compatible; ClaudeBot/1.0; [email protected])"
3.14.247.147 - - [12/May/2025:03:24:29 +0100] "GET /%22,t+=%22%3C%22+e.getAttribute(%22src%22?filesrc=%2F%2Fproc%2F31%2Ftask%2F31%2Fnet%2Fipv6_route&path=%2F%2Fproc%2F31%2Ftask%2F31%2Fnet HTTP/1.1" 200 2494 "-" "Mozilla/5.0 AppleWebKit/537.36 (KHTML, like Gecko; compatible; ClaudeBot/1.0; [email protected])"
3.14.247.147 - - [12/May/2025:03:24:29 +0100] "GET /cargo/detail?path=%2F%2Fsys%2Fdev%2Fchar%2F13%3A63%2Fsubsystem%2Finput6%2Fsubsystem%2Fevent3%2Fsubsystem%2Fevent0%2Fpower HTTP/1.1" 200 16216 "-" "Mozilla/5.0 AppleWebKit/537.36 (KHTML, like Gecko; compatible; ClaudeBot/1.0; [email protected])"
3.14.247.147 - - [12/May/2025:03:24:29 +0100] "GET /feature/osu_main/index.html?aksi=ransom&path=%2F%2Fsys%2Fdevices%2Fpci0000%3A00%2F0000%3A00%3A06.0%2Fsubsystem%2Fdevices%2F0000%3A00%3A09.0%2Fdriver%2F0000%3A00%3A03.0%2Fmsi_irqs HTTP/1.1" 200 17356 "-" "Mozilla/5.0 AppleWebKit/537.36 (KHTML, like Gecko; compatible; ClaudeBot/1.0; [email protected])"
3.14.247.147 - - [12/May/2025:03:24:29 +0100] "GET /feature/yokohama_maruicity/index.html?aksi=buatfolder&path=%2F%2Fsys%2Fbus%2Fpci%2Fdevices%2F0000%3A00%3A09.0%2Ffirmware_node%2Fwakeup%2Fwakeup9%2Fdevice HTTP/1.1" 200 16843 "-" "Mozilla/5.0 AppleWebKit/537.36 (KHTML, like Gecko; compatible; ClaudeBot/1.0; [email protected])"
3.14.247.147 - - [12/May/2025:03:24:30 +0100] "GET /pcmypage?filesrc=%2F%2Fsys%2Fclass%2Fscsi_host%2Fhost6%2Fsubsystem%2Fhost1%2Fsubsystem%2Fhost3%2Fhost_busy&path=%2F%2Fsys%2Fclass%2Fscsi_host%2Fhost6%2Fsubsystem%2Fhost1%2Fsubsystem%2Fhost3 HTTP/1.1" 200 15516 "-" "Mozilla/5.0 AppleWebKit/537.36 (KHTML, like Gecko; compatible; ClaudeBot/1.0; [email protected])"
3.14.247.147 - - [12/May/2025:03:24:30 +0100] "GET /cargo/detail?filesrc=%2F%2Fsys%2Fclass%2Finput%2Fevent0%2Fsubsystem%2Fmice%2Fsubsystem%2Fmouse2%2Fsubsystem%2Finput3%2Fproperties&path=%2F%2Fsys%2Fclass%2Finput%2Fevent0%2Fsubsystem%2Fmice%2Fsubsystem%2Fmouse2%2Fsubsystem%2Finput3 HTTP/1.1" 200 15546 "-" "Mozilla/5.0 AppleWebKit/537.36 (KHTML, like Gecko; compatible; ClaudeBot/1.0; [email protected])"
3.14.247.147 - - [12/May/2025:03:24:30 +0100] "GET /cargo/detail?aksi=buatfolder&path=%2F%2Fsys%2Fclass%2Finput%2Fmouse1%2Fdevice%2Fmouse1%2Fdevice%2Fevent3%2Fsubsystem%2Fmouse2%2Fsubsystem%2Finput3%2Fid HTTP/1.1" 200 15609 "-" "Mozilla/5.0 AppleWebKit/537.36 (KHTML, like Gecko; compatible; ClaudeBot/1.0; [email protected])"
3.14.247.147 - - [12/May/2025:03:24:30 +0100] "GET /pcmypage?path=%2F%2Fsys%2Fclass%2Fmem%2Furandom%2Fsubsystem%2Furandom%2Fsubsystem%2Furandom HTTP/1.1" 200 16174 "-" "Mozilla/5.0 AppleWebKit/537.36 (KHTML, like Gecko; compatible; ClaudeBot/1.0; [email protected])"
3.14.247.147 - - [12/May/2025:03:24:30 +0100] "GET /cargo/detail?filesrc=%2F%2Fsys%2Fdev%2Fchar%2F13%3A63%2Fsubsystem%2Finput0%2Fsubsystem%2Finput5%2Fsubsystem%2Finput4%2Fname&path=%2F%2Fsys%2Fdev%2Fchar%2F13%3A63%2Fsubsystem%2Finput0%2Fsubsystem%2Finput5%2Fsubsystem%2Finput4 HTTP/1.1" 200 15561 "-" "Mozilla/5.0 AppleWebKit/537.36 (KHTML, like Gecko; compatible; ClaudeBot/1.0; [email protected])"
66.249.69.69 - - [12/May/2025:03:24:31 +0100] "GET /food/whiskey/9160593380893.htm HTTP/1.1" 200 25382 "-" "Mozilla/5.0 (Linux; Android 6.0.1; Nexus 5X Build/MMB29P) AppleWebKit/537.36 (KHTML, like Gecko) Chrome/136.0.7103.59 Mobile Safari/537.36 (compatible; GoogleOther)"
66.249.69.69 - - [12/May/2025:03:24:35 +0100] "GET /?fishing/flies/8790283079293.htm HTTP/1.1" 200 25609 "-" "Mozilla/5.0 (Linux; Android 6.0.1; Nexus 5X Build/MMB29P) AppleWebKit/537.36 (KHTML, like Gecko) Chrome/136.0.7103.59 Mobile Safari/537.36 (compatible; GoogleOther)"
66.249.69.69 - - [12/May/2025:03:24:38 +0100] "GET /safe_search/config?return_url=%2Fproduct%2Fdetail%2F13222803 HTTP/1.1" 200 26599 "-" "Mozilla/5.0 (Linux; Android 6.0.1; Nexus 5X Build/MMB29P) AppleWebKit/537.36 (KHTML, like Gecko) Chrome/136.0.7103.59 Mobile Safari/537.36 (compatible; GoogleOther)"
66.249.69.69 - - [12/May/2025:03:24:41 +0100] "GET /tv/other/14850461716588.htm HTTP/1.1" 200 25214 "-" "Mozilla/5.0 (Linux; Android 6.0.1; Nexus 5X Build/MMB29P) AppleWebKit/537.36 (KHTML, like Gecko) Chrome/136.0.7103.59 Mobile Safari/537.36 (compatible; Googlebot/2.1; +http://www.google.com/bot.html)"
66.249.69.69 - - [12/May/2025:03:24:41 +0100] "GET /products/interior-seater-sofas/4000331842618.htm HTTP/1.1" 200 26070 "-" "Mozilla/5.0 (Linux; Android 6.0.1; Nexus 5X Build/MMB29P) AppleWebKit/537.36 (KHTML, like Gecko) Chrome/136.0.7103.59 Mobile Safari/537.36 (compatible; GoogleOther)"
66.249.69.70 - - [12/May/2025:03:24:44 +0100] "GET /safe_search/config?return_url=%2Fproduct%2Fdetail%2F63762581 HTTP/1.1" 200 26181 "-" "Mozilla/5.0 (Linux; Android 6.0.1; Nexus 5X Build/MMB29P) AppleWebKit/537.36 (KHTML, like Gecko) Chrome/136.0.7103.59 Mobile Safari/537.36 (compatible; GoogleOther)"
66.249.69.70 - - [12/May/2025:03:24:47 +0100] "GET /?smartphones/others/750271735220.htm HTTP/1.1" 200 25825 "-" "Mozilla/5.0 (Linux; Android 6.0.1; Nexus 5X Build/MMB29P) AppleWebKit/537.36 (KHTML, like Gecko) Chrome/136.0.7103.59 Mobile Safari/537.36 (compatible; GoogleOther)"
66.249.69.70 - - [12/May/2025:03:24:49 +0100] "GET /?kitchen/tableware/15180152096898.htm HTTP/1.1" 200 26365 "-" "Mozilla/5.0 (Linux; Android 6.0.1; Nexus 5X Build/MMB29P) AppleWebKit/537.36 (KHTML, like Gecko) Chrome/136.0.7103.59 Mobile Safari/537.36 (compatible; GoogleOther)"
66.249.69.70 - - [12/May/2025:03:24:50 +0100] "POST /get-message-notify HTTP/1.1" 200 26715 "https://sitiomodelo.info/tv/other/14850461716588.htm" "Mozilla/5.0 (Linux; Android 6.0.1; Nexus 5X Build/MMB29P) AppleWebKit/537.36 (KHTML, like Gecko) Chrome/135.0.7049.114 Mobile Safari/537.36 (compatible; Googlebot/2.1; +http://www.google.com/bot.html)"
66.249.69.69 - - [12/May/2025:03:24:52 +0100] "GET /safe_search/config?return_url=%2Fproduct%2Fdetail%2F68947545 HTTP/1.1" 200 26639 "-" "Mozilla/5.0 (Linux; Android 6.0.1; Nexus 5X Build/MMB29P) AppleWebKit/537.36 (KHTML, like Gecko) Chrome/136.0.7103.59 Mobile Safari/537.36 (compatible; GoogleOther)"
66.249.69.69 - - [12/May/2025:03:24:54 +0100] "GET /beauty/scrubs/17270183671339.htm HTTP/1.1" 200 26716 "-" "Mozilla/5.0 (Linux; Android 6.0.1; Nexus 5X Build/MMB29P) AppleWebKit/537.36 (KHTML, like Gecko) Chrome/136.0.7103.59 Mobile Safari/537.36 (compatible; GoogleOther)"
18.218.245.163 - - [12/May/2025:03:24:55 +0100] "GET /cargo/detail?aksi=buatfolder&path=%2F%2Fsys%2Fclass%2Finput%2Finput4%2Fsubsystem%2Finput4%2Fevent2%2Fdevice%2Fsubsystem%2Fmouse1%2Fsubsystem%2Fevent3 HTTP/1.1" 200 15616 "-" "Mozilla/5.0 AppleWebKit/537.36 (KHTML, like Gecko; compatible; ClaudeBot/1.0; [email protected])"
18.218.245.163 - - [12/May/2025:03:24:55 +0100] "GET /cargo/detail?filesrc=%2F%2Fsys%2Fdev%2Fchar%2F13%3A63%2Fsubsystem%2Fevent3%2Fsubsystem%2Finput6%2Fsubsystem%2Fmouse2%2Fdev&path=%2F%2Fsys%2Fdev%2Fchar%2F13%3A63%2Fsubsystem%2Fevent3%2Fsubsystem%2Finput6%2Fsubsystem%2Fmouse2 HTTP/1.1" 200 15546 "-" "Mozilla/5.0 AppleWebKit/537.36 (KHTML, like Gecko; compatible; ClaudeBot/1.0; [email protected])"
18.218.245.163 - - [12/May/2025:03:24:55 +0100] "GET /cargo/detail?aksi=buatfile&path=%2F%2Fsys%2Fclass%2Finput%2Finput3%2Fmouse1%2Fsubsystem%2Finput5%2Fevent4%2Fsubsystem%2Fmouse1%2Fsubsystem%2Finput5%2Fevent4 HTTP/1.1" 200 16285 "-" "Mozilla/5.0 AppleWebKit/537.36 (KHTML, like Gecko; compatible; ClaudeBot/1.0; [email protected])"
18.218.245.163 - - [12/May/2025:03:24:55 +0100] "GET /pcmypage?filesrc=%2F%2Fsys%2Fclass%2Finput%2Finput0%2Fdevice%2Fsubsystem%2Fdevices%2FLNXCPU%3A35%2Fsubsystem%2Fdevices%2FPNP0B00%3A00%2Fuevent&path=%2F%2Fsys%2Fclass%2Finput%2Finput0%2Fdevice%2Fsubsystem%2Fdevices%2FLNXCPU%3A35%2Fsubsystem%2Fdevices%2FPNP0B00%3A00 HTTP/1.1" 200 15585 "-" "Mozilla/5.0 AppleWebKit/537.36 (KHTML, like Gecko; compatible; ClaudeBot/1.0; [email protected])"
18.218.245.163 - - [12/May/2025:03:24:56 +0100] "GET /pcmypage?aksi=buatfolder&path=%2F%2Fsys%2Fclass%2Finput%2Fmouse1%2Fdevice%2Fmouse1%2Fdevice%2Fevent3%2Fsubsystem%2Fmice%2Fsubsystem%2Finput5%2Fdevice HTTP/1.1" 200 15609 "-" "Mozilla/5.0 AppleWebKit/537.36 (KHTML, like Gecko; compatible; ClaudeBot/1.0; [email protected])"
18.218.245.163 - - [12/May/2025:03:24:56 +0100] "GET /cargo/detail?filesrc=%2F%2Fsys%2Fdev%2Fchar%2F13%3A63%2Fsubsystem%2Finput6%2Fsubsystem%2Fevent4%2Fsubsystem%2Finput1%2Fuevent&path=%2F%2Fsys%2Fdev%2Fchar%2F13%3A63%2Fsubsystem%2Finput6%2Fsubsystem%2Fevent4%2Fsubsystem%2Finput1 HTTP/1.1" 200 15832 "-" "Mozilla/5.0 AppleWebKit/537.36 (KHTML, like Gecko; compatible; ClaudeBot/1.0; [email protected])"
18.218.245.163 - - [12/May/2025:03:24:56 +0100] "GET /cargo/detail?path=%2F%2Fsys%2Fdev%2Fchar%2F13%3A63%2Fsubsystem%2Finput1%2Fsubsystem%2Fmouse0%2Fsubsystem%2Fevent0%2Fsubsystem HTTP/1.1" 200 16536 "-" "Mozilla/5.0 AppleWebKit/537.36 (KHTML, like Gecko; compatible; ClaudeBot/1.0; [email protected])"
18.218.245.163 - - [12/May/2025:03:24:56 +0100] "GET /cargo/detail?path=%2F%2Fsys%2Fdev%2Fchar%2F13%3A63%2Fsubsystem%2Fmouse1%2Fsubsystem%2Finput0%2Fsubsystem%2Fevent0%2Fsubsystem HTTP/1.1" 200 16499 "-" "Mozilla/5.0 AppleWebKit/537.36 (KHTML, like Gecko; compatible; ClaudeBot/1.0; [email protected])"
18.218.245.163 - - [12/May/2025:03:24:56 +0100] "GET /cargo/detail?filesrc=%2F%2Fsys%2Fclass%2Fwakeup%2Fwakeup8%2Fdevice%2Fwakeup%2Fwakeup8%2Fsubsystem%2Fwakeup5%2Fwakeup_count&path=%2F%2Fsys%2Fclass%2Fwakeup%2Fwakeup8%2Fdevice%2Fwakeup%2Fwakeup8%2Fsubsystem%2Fwakeup5 HTTP/1.1" 200 15529 "-" "Mozilla/5.0 AppleWebKit/537.36 (KHTML, like Gecko; compatible; ClaudeBot/1.0; [email protected])"
18.218.245.163 - - [12/May/2025:03:24:56 +0100] "GET /cargo/detail?filesrc=%2F%2Fsys%2Fdev%2Fchar%2F13%3A63%2Fsubsystem%2Fevent4%2Fsubsystem%2Fevent4%2Fsubsystem%2Fevent5%2Fdev&path=%2F%2Fsys%2Fdev%2Fchar%2F13%3A63%2Fsubsystem%2Fevent4%2Fsubsystem%2Fevent4%2Fsubsystem%2Fevent5 HTTP/1.1" 200 15530 "-" "Mozilla/5.0 AppleWebKit/537.36 (KHTML, like Gecko; compatible; ClaudeBot/1.0; [email protected])"
18.218.245.163 - - [12/May/2025:03:24:57 +0100] "GET /cargo/detail?aksi=buatfolder&path=%2F%2Fsys%2Fclass%2Finput%2Fevent1%2Fsubsystem%2Fmouse1%2Fdevice%2Fevent3%2Fsubsystem%2Fmice%2Fsubsystem%2Finput0 HTTP/1.1" 200 15604 "-" "Mozilla/5.0 AppleWebKit/537.36 (KHTML, like Gecko; compatible; ClaudeBot/1.0; [email protected])"
18.218.245.163 - - [12/May/2025:03:24:57 +0100] "GET /cargo/detail?aksi=buatfile&path=%2F%2Fsys%2Fclass%2Finput%2Fmouse1%2Fsubsystem%2Fmice%2Fsubsystem%2Finput1%2Finput1%3A%3Anumlock%2Fdevice%2Fdevice%2Fpower HTTP/1.1" 200 16590 "-" "Mozilla/5.0 AppleWebKit/537.36 (KHTML, like Gecko; compatible; ClaudeBot/1.0; [email protected])"
66.249.69.69 - - [12/May/2025:03:24:57 +0100] "GET /safe_search/config?return_url=%2Fproduct%2Fdetail%2F76167220 HTTP/1.1" 200 26091 "-" "Mozilla/5.0 (Linux; Android 6.0.1; Nexus 5X Build/MMB29P) AppleWebKit/537.36 (KHTML, like Gecko) Chrome/136.0.7103.59 Mobile Safari/537.36 (compatible; GoogleOther)"
18.218.245.163 - - [12/May/2025:03:24:57 +0100] "GET /cargo/detail?aksi=buatfile&path=%2F%2Fsys%2Fclass%2Finput%2Finput6%2Fsubsystem%2Finput1%2Fevent1%2Fsubsystem%2Fmouse2%2Fsubsystem%2Finput3%2Fsubsystem%2Fevent2 HTTP/1.1" 200 16298 "-" "Mozilla/5.0 AppleWebKit/537.36 (KHTML, like Gecko; compatible; ClaudeBot/1.0; [email protected])"
18.218.245.163 - - [12/May/2025:03:24:57 +0100] "GET /cargo/detail?path=%2F%2Fsys%2Fdev%2Fchar%2F10%3A236%2Fsubsystem%2Fmcelog%2Fsubsystem%2Fmcelog%2Fsubsystem%2Fsnapshot%2Fpower HTTP/1.1" 200 16217 "-" "Mozilla/5.0 AppleWebKit/537.36 (KHTML, like Gecko; compatible; ClaudeBot/1.0; [email protected])"
18.218.245.163 - - [12/May/2025:03:24:58 +0100] "GET /cargo/detail?filesrc=%2F%2Fsys%2Fclass%2Fwakeup%2Fwakeup8%2Fdevice%2Fwakeup%2Fwakeup8%2Fsubsystem%2Fwakeup5%2Fevent_count&path=%2F%2Fsys%2Fclass%2Fwakeup%2Fwakeup8%2Fdevice%2Fwakeup%2Fwakeup8%2Fsubsystem%2Fwakeup5 HTTP/1.1" 200 15530 "-" "Mozilla/5.0 AppleWebKit/537.36 (KHTML, like Gecko; compatible; ClaudeBot/1.0; [email protected])"
18.218.245.163 - - [12/May/2025:03:24:58 +0100] "GET /pcmypage?aksi=buatfolder&path=%2F%2Fsys%2Fclass%2Finput%2Finput0%2Fevent0%2Fsubsystem%2Fevent4%2Fsubsystem%2Finput1%2Fsubsystem%2Finput0%2Fsubsystem%2Fevent2 HTTP/1.1" 200 15620 "-" "Mozilla/5.0 AppleWebKit/537.36 (KHTML, like Gecko; compatible; ClaudeBot/1.0; [email protected])"
18.218.245.163 - - [12/May/2025:03:24:58 +0100] "GET /pcsp.html?filesrc=%2F%2Fetc%2Fdbus-1%2Fsystem.d%2Fteamd.conf&path=%2F%2Fetc%2Fdbus-1%2Fsystem.d HTTP/1.1" 200 15695 "-" "Mozilla/5.0 AppleWebKit/537.36 (KHTML, like Gecko; compatible; ClaudeBot/1.0; [email protected])"
18.218.245.163 - - [12/May/2025:03:24:58 +0100] "GET /dozin.html?path=%2F%2Fsys%2Fblock%2Fsda%2Fsubsystem%2Fsr0%2Fmq%2F0%2Fcpu127 HTTP/1.1" 200 15630 "-" "Mozilla/5.0 AppleWebKit/537.36 (KHTML, like Gecko; compatible; ClaudeBot/1.0; [email protected])"
18.218.245.163 - - [12/May/2025:03:24:58 +0100] "GET /cargo/detail?filesrc=%2F%2Fsys%2Fdev%2Fchar%2F13%3A63%2Fsubsystem%2Fmouse0%2Fsubsystem%2Finput4%2Fsubsystem%2Fmouse2%2Fdev&path=%2F%2Fsys%2Fdev%2Fchar%2F13%3A63%2Fsubsystem%2Fmouse0%2Fsubsystem%2Finput4%2Fsubsystem%2Fmouse2 HTTP/1.1" 200 15547 "-" "Mozilla/5.0 AppleWebKit/537.36 (KHTML, like Gecko; compatible; ClaudeBot/1.0; [email protected])"
18.218.245.163 - - [12/May/2025:03:24:59 +0100] "GET /cargo/detail?filesrc=%2F%2Fsys%2Fdev%2Fchar%2F13%3A63%2Fsubsystem%2Finput4%2Fsubsystem%2Fmouse0%2Fsubsystem%2Fmouse2%2Fdev&path=%2F%2Fsys%2Fdev%2Fchar%2F13%3A63%2Fsubsystem%2Finput4%2Fsubsystem%2Fmouse0%2Fsubsystem%2Fmouse2 HTTP/1.1" 200 15544 "-" "Mozilla/5.0 AppleWebKit/537.36 (KHTML, like Gecko; compatible; ClaudeBot/1.0; [email protected])"
18.218.245.163 - - [12/May/2025:03:24:59 +0100] "GET /pcmypage?filesrc=%2F%2Fsys%2Fclass%2Ftty%2Fconsole%2Fsubsystem%2Ftty20%2Fsubsystem%2Fconsole%2Fdev&path=%2F%2Fsys%2Fclass%2Ftty%2Fconsole%2Fsubsystem%2Ftty20%2Fsubsystem%2Fconsole HTTP/1.1" 200 15494 "-" "Mozilla/5.0 AppleWebKit/537.36 (KHTML, like Gecko; compatible; ClaudeBot/1.0; [email protected])"
18.218.245.163 - - [12/May/2025:03:24:59 +0100] "GET /pcmypage?filesrc=%2F%2Fsys%2Fclass%2Finput%2Finput5%2Fsubsystem%2Fmice%2Fsubsystem%2Fevent0%2Fsubsystem%2Finput5%2Fphys&path=%2F%2Fsys%2Fclass%2Finput%2Finput5%2Fsubsystem%2Fmice%2Fsubsystem%2Fevent0%2Fsubsystem%2Finput5 HTTP/1.1" 200 15550 "-" "Mozilla/5.0 AppleWebKit/537.36 (KHTML, like Gecko; compatible; ClaudeBot/1.0; [email protected])"
18.218.245.163 - - [12/May/2025:03:24:59 +0100] "GET /cargo/detail?path=%2F%2Fsys%2Fdev%2Fchar%2F13%3A63%2Fsubsystem%2Finput5%2Fsubsystem%2Finput4%2Fsubsystem%2Fevent0%2Fsubsystem HTTP/1.1" 200 16517 "-" "Mozilla/5.0 AppleWebKit/537.36 (KHTML, like Gecko; compatible; ClaudeBot/1.0; [email protected])"
18.218.245.163 - - [12/May/2025:03:24:59 +0100] "GET /pcmypage?filesrc=%2F%2Fsys%2Fclass%2Ftty%2FttyS3%2Fdevice%2Ftty%2FttyS2%2Fdevice%2Fuevent&path=%2F%2Fsys%2Fclass%2Ftty%2FttyS3%2Fdevice%2Ftty%2FttyS2%2Fdevice HTTP/1.1" 200 15528 "-" "Mozilla/5.0 AppleWebKit/537.36 (KHTML, like Gecko; compatible; ClaudeBot/1.0; [email protected])"
18.218.245.163 - - [12/May/2025:03:25:00 +0100] "GET /cargo/detail?filesrc=%2F%2Fsys%2Fclass%2Finput%2Fevent0%2Fsubsystem%2Fevent3%2Fdevice%2Fevent3%2Fsubsystem%2Fmouse2%2Fdevice%2Fid%2Fbustype&path=%2F%2Fsys%2Fclass%2Finput%2Fevent0%2Fsubsystem%2Fevent3%2Fdevice%2Fevent3%2Fsubsystem%2Fmouse2%2Fdevice%2Fid HTTP/1.1" 200 15559 "-" "Mozilla/5.0 AppleWebKit/537.36 (KHTML, like Gecko; compatible; ClaudeBot/1.0; [email protected])"
66.249.69.69 - - [12/May/2025:03:25:00 +0100] "GET /?art/robots/18460471489212.htm HTTP/1.1" 200 25592 "-" "Mozilla/5.0 (Linux; Android 6.0.1; Nexus 5X Build/MMB29P) AppleWebKit/537.36 (KHTML, like Gecko) Chrome/136.0.7103.59 Mobile Safari/537.36 (compatible; GoogleOther)"
18.218.245.163 - - [12/May/2025:03:25:00 +0100] "GET /cargo/detail?filesrc=%2F%2Fsys%2Fclass%2Finput%2Fevent0%2Fsubsystem%2Fmice%2Fsubsystem%2Fmouse0%2Fsubsystem%2Finput4%2Fname&path=%2F%2Fsys%2Fclass%2Finput%2Fevent0%2Fsubsystem%2Fmice%2Fsubsystem%2Fmouse0%2Fsubsystem%2Finput4 HTTP/1.1" 200 15565 "-" "Mozilla/5.0 AppleWebKit/537.36 (KHTML, like Gecko; compatible; ClaudeBot/1.0; [email protected])"
18.218.245.163 - - [12/May/2025:03:25:00 +0100] "GET /cargo/detail?aksi=buatfolder&path=%2F%2Fsys%2Fclass%2Finput%2Finput3%2Fsubsystem%2Finput4%2Fsubsystem%2Fmice%2Fsubsystem%2Fevent1%2Fsubsystem%2Finput4%2Fdevice HTTP/1.1" 200 15614 "-" "Mozilla/5.0 AppleWebKit/537.36 (KHTML, like Gecko; compatible; ClaudeBot/1.0; [email protected])"
18.218.245.163 - - [12/May/2025:03:25:00 +0100] "GET /cargo/detail?aksi=buatfolder&path=%2F%2Fsys%2Fclass%2Finput%2Finput4%2Fsubsystem%2Finput3%2Fsubsystem%2Fmice%2Fsubsystem%2Fevent1%2Fsubsystem%2Finput4%2Fdevice HTTP/1.1" 200 15624 "-" "Mozilla/5.0 AppleWebKit/537.36 (KHTML, like Gecko; compatible; ClaudeBot/1.0; [email protected])"
18.218.245.163 - - [12/May/2025:03:25:01 +0100] "GET /pcmypage?filesrc=%2F%2Fsys%2Fclass%2Finput%2Finput5%2Fsubsystem%2Fmice%2Fsubsystem%2Fevent2%2Fsubsystem%2Finput4%2Fproperties&path=%2F%2Fsys%2Fclass%2Finput%2Finput5%2Fsubsystem%2Fmice%2Fsubsystem%2Fevent2%2Fsubsystem%2Finput4 HTTP/1.1" 200 15549 "-" "Mozilla/5.0 AppleWebKit/537.36 (KHTML, like Gecko; compatible; ClaudeBot/1.0; [email protected])"
18.218.245.163 - - [12/May/2025:03:25:01 +0100] "GET /cargo/detail?filesrc=%2F%2Fsys%2Fdev%2Fchar%2F13%3A63%2Fsubsystem%2Fmouse2%2Fsubsystem%2Finput3%2Fsubsystem%2Finput4%2Fproperties&path=%2F%2Fsys%2Fdev%2Fchar%2F13%3A63%2Fsubsystem%2Fmouse2%2Fsubsystem%2Finput3%2Fsubsystem%2Finput4 HTTP/1.1" 200 15547 "-" "Mozilla/5.0 AppleWebKit/537.36 (KHTML, like Gecko; compatible; ClaudeBot/1.0; [email protected])"
18.218.245.163 - - [12/May/2025:03:25:01 +0100] "GET /cargo/detail?path=%2F%2Fsys%2Fclass%2Finput%2Fevent0%2Fsubsystem%2Fmice%2Fsubsystem%2Fevent5%2Fsubsystem%2Fmouse2%2Fdevice HTTP/1.1" 200 16631 "-" "Mozilla/5.0 AppleWebKit/537.36 (KHTML, like Gecko; compatible; ClaudeBot/1.0; [email protected])"
18.218.245.163 - - [12/May/2025:03:25:01 +0100] "GET /pcmypage?aksi=buatfolder&path=%2F%2Fsys%2Fclass%2Finput%2Fevent3%2Fsubsystem%2Fevent0%2Fdevice%2Fsubsystem%2Finput4%2Fmouse0%2Fdevice%2Fdevice HTTP/1.1" 200 15605 "-" "Mozilla/5.0 AppleWebKit/537.36 (KHTML, like Gecko; compatible; ClaudeBot/1.0; [email protected])"
18.218.245.163 - - [12/May/2025:03:25:02 +0100] "GET /cargo/detail?path=%2F%2Fsys%2Fdev%2Fchar%2F13%3A63%2Fsubsystem%2Finput6%2Fsubsystem%2Fevent0%2Fsubsystem%2Finput3%2Fid HTTP/1.1" 200 16133 "-" "Mozilla/5.0 AppleWebKit/537.36 (KHTML, like Gecko; compatible; ClaudeBot/1.0; [email protected])"
18.218.245.163 - - [12/May/2025:03:25:02 +0100] "GET /feature/sapporo/index.html?filesrc=%2F%2Fproc%2F3730333%2Ftask%2F3730378%2Fnet%2Fudp&path=%2F%2Fproc%2F3730333%2Ftask%2F3730378%2Fnet HTTP/1.1" 200 16721 "-" "Mozilla/5.0 AppleWebKit/537.36 (KHTML, like Gecko; compatible; ClaudeBot/1.0; [email protected])"
18.218.245.163 - - [12/May/2025:03:25:02 +0100] "GET /pcmypage?path=%2F%2Fsys%2Fclass%2Finput%2Fevent3%2Fsubsystem%2Fmice%2Fsubsystem%2Finput5%2Fsubsystem%2Fevent5%2Fpower HTTP/1.1" 200 16215 "-" "Mozilla/5.0 AppleWebKit/537.36 (KHTML, like Gecko; compatible; ClaudeBot/1.0; [email protected])"
18.218.245.163 - - [12/May/2025:03:25:02 +0100] "GET /cargo/detail?path=%2F%2Fsys%2Fdev%2Fchar%2F4%3A30%2Fsubsystem%2Fconsole%2Fsubsystem%2Ftty%2Fsubsystem%2Ftty1%2Fpower HTTP/1.1" 200 16212 "-" "Mozilla/5.0 AppleWebKit/537.36 (KHTML, like Gecko; compatible; ClaudeBot/1.0; [email protected])"
18.218.245.163 - - [12/May/2025:03:25:02 +0100] "GET /pcsp.html?filesrc=%2F%2Fsys%2Fdevices%2Fplatform%2Fintel_rapl_msr.0%2Fsubsystem%2Fdevices%2Fpcspkr%2Fsubsystem%2Fdrivers%2Fpcspkr%2Funbind&path=%2F%2Fsys%2Fdevices%2Fplatform%2Fintel_rapl_msr.0%2Fsubsystem%2Fdevices%2Fpcspkr%2Fsubsystem%2Fdrivers%2Fpcspkr HTTP/1.1" 200 15545 "-" "Mozilla/5.0 AppleWebKit/537.36 (KHTML, like Gecko; compatible; ClaudeBot/1.0; [email protected])"
18.218.245.163 - - [12/May/2025:03:25:03 +0100] "GET /cargo/detail?filesrc=%2F%2Fsys%2Fclass%2Finput%2Fevent0%2Fsubsystem%2Fmice%2Fsubsystem%2Fevent2%2Fsubsystem%2Finput4%2Fname&path=%2F%2Fsys%2Fclass%2Finput%2Fevent0%2Fsubsystem%2Fmice%2Fsubsystem%2Fevent2%2Fsubsystem%2Finput4 HTTP/1.1" 200 15566 "-" "Mozilla/5.0 AppleWebKit/537.36 (KHTML, like Gecko; compatible; ClaudeBot/1.0; [email protected])"
66.249.69.70 - - [12/May/2025:03:25:03 +0100] "GET /products/air-conditioning-shoe-dryers/9640582612572.htm HTTP/1.1" 200 25658 "-" "Mozilla/5.0 (Linux; Android 6.0.1; Nexus 5X Build/MMB29P) AppleWebKit/537.36 (KHTML, like Gecko) Chrome/136.0.7103.59 Mobile Safari/537.36 (compatible; GoogleOther)"
18.218.245.163 - - [12/May/2025:03:25:03 +0100] "GET /cargo/detail?filesrc=%2F%2Fsys%2Fdev%2Fchar%2F13%3A63%2Fsubsystem%2Finput5%2Fsubsystem%2Fevent0%2Fpower%2Fruntime_active_time&path=%2F%2Fsys%2Fdev%2Fchar%2F13%3A63%2Fsubsystem%2Finput5%2Fsubsystem%2Fevent0%2Fpower HTTP/1.1" 200 15539 "-" "Mozilla/5.0 AppleWebKit/537.36 (KHTML, like Gecko; compatible; ClaudeBot/1.0; [email protected])"
18.218.245.163 - - [12/May/2025:03:25:03 +0100] "GET /cargo/detail?aksi=buatfile&path=%2F%2Fsys%2Fdev%2Fchar%2F13%3A63%2Fsubsystem%2Finput6%2Fsubsystem%2Finput1%2Finput1%3A%3Acapslock%2Fsubsystem%2Finput1%3A%3Anumlock HTTP/1.1" 200 16386 "-" "Mozilla/5.0 AppleWebKit/537.36 (KHTML, like Gecko; compatible; ClaudeBot/1.0; [email protected])"
18.218.245.163 - - [12/May/2025:03:25:04 +0100] "GET /cargo/detail?path=%2F%2Fsys%2Fdev%2Fchar%2F13%3A63%2Fsubsystem%2Fevent3%2Fsubsystem%2Finput4%2Fsubsystem%2Fevent0%2Fsubsystem HTTP/1.1" 200 16524 "-" "Mozilla/5.0 AppleWebKit/537.36 (KHTML, like Gecko; compatible; ClaudeBot/1.0; [email protected])"
18.218.245.163 - - [12/May/2025:03:25:04 +0100] "GET /%22,t+=%22%3C%22+e.getAttribute(%22src%22?filesrc=%2F%2Fproc%2F31%2Ftask%2F31%2Fnet%2Ficmp6&path=%2F%2Fproc%2F31%2Ftask%2F31%2Fnet HTTP/1.1" 200 2324 "-" "Mozilla/5.0 AppleWebKit/537.36 (KHTML, like Gecko; compatible; ClaudeBot/1.0; [email protected])"
18.218.245.163 - - [12/May/2025:03:25:04 +0100] "GET /cargo/detail?filesrc=%2F%2Fsys%2Fdev%2Fchar%2F10%3A236%2Fsubsystem%2Fhw_random%2Fsubsystem%2Fdevice-mapper%2Fsubsystem%2Fmcelog%2Fuevent&path=%2F%2Fsys%2Fdev%2Fchar%2F10%3A236%2Fsubsystem%2Fhw_random%2Fsubsystem%2Fdevice-mapper%2Fsubsystem%2Fmcelog HTTP/1.1" 200 15590 "-" "Mozilla/5.0 AppleWebKit/537.36 (KHTML, like Gecko; compatible; ClaudeBot/1.0; [email protected])"
18.218.245.163 - - [12/May/2025:03:25:04 +0100] "GET /dozin.html?filesrc=%2F%2Fsys%2Fclass%2Fmisc%2Fnvram%2Fsubsystem%2Fsnapshot%2Fsubsystem%2Fmcelog%2Fsubsystem%2Fautofs%2Fdev&path=%2F%2Fsys%2Fclass%2Fmisc%2Fnvram%2Fsubsystem%2Fsnapshot%2Fsubsystem%2Fmcelog%2Fsubsystem%2Fautofs HTTP/1.1" 200 15551 "-" "Mozilla/5.0 AppleWebKit/537.36 (KHTML, like Gecko; compatible; ClaudeBot/1.0; [email protected])"
18.218.245.163 - - [12/May/2025:03:25:04 +0100] "GET /pcmypage?aksi=buatfolder&path=%2F%2Fsys%2Fclass%2Finput%2Finput5%2Fevent4%2Fdevice%2Fsubsystem%2Finput4%2Fevent2%2Fsubsystem%2Finput0%2Fsubsystem%2Fmouse0 HTTP/1.1" 200 15625 "-" "Mozilla/5.0 AppleWebKit/537.36 (KHTML, like Gecko; compatible; ClaudeBot/1.0; [email protected])"
18.218.245.163 - - [12/May/2025:03:25:05 +0100] "GET /cargo/detail?filesrc=%2F%2Fsys%2Fdev%2Fchar%2F13%3A63%2Fsubsystem%2Fevent4%2Fsubsystem%2Finput6%2Fsubsystem%2Finput4%2Fname&path=%2F%2Fsys%2Fdev%2Fchar%2F13%3A63%2Fsubsystem%2Fevent4%2Fsubsystem%2Finput6%2Fsubsystem%2Finput4 HTTP/1.1" 200 15568 "-" "Mozilla/5.0 AppleWebKit/537.36 (KHTML, like Gecko; compatible; ClaudeBot/1.0; [email protected])"
18.218.245.163 - - [12/May/2025:03:25:05 +0100] "GET /cargo/detail?filesrc=%2F%2Fsys%2Fdev%2Fchar%2F13%3A63%2Fsubsystem%2Finput6%2Fsubsystem%2Fevent4%2Fsubsystem%2Finput4%2Fname&path=%2F%2Fsys%2Fdev%2Fchar%2F13%3A63%2Fsubsystem%2Finput6%2Fsubsystem%2Fevent4%2Fsubsystem%2Finput4 HTTP/1.1" 200 15569 "-" "Mozilla/5.0 AppleWebKit/537.36 (KHTML, like Gecko; compatible; ClaudeBot/1.0; [email protected])"
18.218.245.163 - - [12/May/2025:03:25:05 +0100] "GET /search?filesrc=%2F%2Fsys%2Fbus%2Fpci%2Fdevices%2F0000%3A00%3A05.0%2Fsubsystem%2Fdevices%2F0000%3A00%3A01.3%2Fpower%2Fruntime_status&path=%2F%2Fsys%2Fbus%2Fpci%2Fdevices%2F0000%3A00%3A05.0%2Fsubsystem%2Fdevices%2F0000%3A00%3A01.3%2Fpower HTTP/1.1" 200 15537 "-" "Mozilla/5.0 AppleWebKit/537.36 (KHTML, like Gecko; compatible; ClaudeBot/1.0; [email protected])"
18.218.245.163 - - [12/May/2025:03:25:05 +0100] "GET /cargo/detail?filesrc=%2F%2Fsys%2Fdev%2Fchar%2F13%3A63%2Fsubsystem%2Fevent4%2Fsubsystem%2Finput3%2Fdevice%2Fsubsystem%2Fuevent&path=%2F%2Fsys%2Fdev%2Fchar%2F13%3A63%2Fsubsystem%2Fevent4%2Fsubsystem%2Finput3%2Fdevice%2Fsubsystem HTTP/1.1" 200 15539 "-" "Mozilla/5.0 AppleWebKit/537.36 (KHTML, like Gecko; compatible; ClaudeBot/1.0; [email protected])"
66.249.69.69 - - [12/May/2025:03:25:05 +0100] "GET /?air-conditioning/air-purifiers/9380583908894.htm HTTP/1.1" 200 26112 "-" "Mozilla/5.0 (Linux; Android 6.0.1; Nexus 5X Build/MMB29P) AppleWebKit/537.36 (KHTML, like Gecko) Chrome/136.0.7103.59 Mobile Safari/537.36 (compatible; GoogleOther)"
18.218.245.163 - - [12/May/2025:03:25:06 +0100] "GET /cargo/detail?filesrc=%2F%2Fsys%2Fdev%2Fchar%2F13%3A63%2Fsubsystem%2Fmouse2%2Fsubsystem%2Finput3%2Fsubsystem%2Fmouse0%2Fdev&path=%2F%2Fsys%2Fdev%2Fchar%2F13%3A63%2Fsubsystem%2Fmouse2%2Fsubsystem%2Finput3%2Fsubsystem%2Fmouse0 HTTP/1.1" 200 15544 "-" "Mozilla/5.0 AppleWebKit/537.36 (KHTML, like Gecko; compatible; ClaudeBot/1.0; [email protected])"
18.218.245.163 - - [12/May/2025:03:25:06 +0100] "GET /pcmypage?filesrc=%2F%2Fsys%2Fclass%2Finput%2Finput5%2Fsubsystem%2Fmice%2Fsubsystem%2Fevent2%2Fsubsystem%2Fmouse0%2Fdev&path=%2F%2Fsys%2Fclass%2Finput%2Finput5%2Fsubsystem%2Fmice%2Fsubsystem%2Fevent2%2Fsubsystem%2Fmouse0 HTTP/1.1" 200 15546 "-" "Mozilla/5.0 AppleWebKit/537.36 (KHTML, like Gecko; compatible; ClaudeBot/1.0; [email protected])"
18.218.245.163 - - [12/May/2025:03:25:06 +0100] "GET /cargo/detail?path=%2F%2Fsys%2Fdev%2Fchar%2F13%3A63%2Fsubsystem%2Fevent2%2Fsubsystem%2Finput3%2Fsubsystem%2Finput5%2Fsubsystem HTTP/1.1" 200 16511 "-" "Mozilla/5.0 AppleWebKit/537.36 (KHTML, like Gecko; compatible; ClaudeBot/1.0; [email protected])"
18.218.245.163 - - [12/May/2025:03:25:06 +0100] "GET /pcmypage?path=%2F%2Fsys%2Fclass%2Finput%2Fmouse2%2Fdevice%2Fsubsystem%2Fevent0%2Fsubsystem%2Fevent5%2Fsubsystem%2Fmice%2Fsubsystem%2Fmouse0 HTTP/1.1" 200 16302 "-" "Mozilla/5.0 AppleWebKit/537.36 (KHTML, like Gecko; compatible; ClaudeBot/1.0; [email protected])"
18.218.245.163 - - [12/May/2025:03:25:07 +0100] "GET /cargo/detail?aksi=buatfolder&path=%2F%2Fsys%2Fclass%2Finput%2Finput3%2Fmouse1%2Fsubsystem%2Fevent2%2Fsubsystem%2Finput6%2Fevent5%2Fsubsystem%2Finput4 HTTP/1.1" 200 15616 "-" "Mozilla/5.0 AppleWebKit/537.36 (KHTML, like Gecko; compatible; ClaudeBot/1.0; [email protected])"
18.218.245.163 - - [12/May/2025:03:25:07 +0100] "GET /cargo/detail?path=%2F%2Fsys%2Fdev%2Fchar%2F13%3A63%2Fsubsystem%2Finput5%2Fsubsystem%2Fevent2%2Fsubsystem%2Finput3%2Fsubsystem HTTP/1.1" 200 16516 "-" "Mozilla/5.0 AppleWebKit/537.36 (KHTML, like Gecko; compatible; ClaudeBot/1.0; [email protected])"
18.218.245.163 - - [12/May/2025:03:25:07 +0100] "GET /pcmypage?path=%2F%2Fsys%2Fclass%2Fscsi_host%2Fhost11%2Fsubsystem%2Fhost1%2Fsubsystem%2Fhost1 HTTP/1.1" 200 16917 "-" "Mozilla/5.0 AppleWebKit/537.36 (KHTML, like Gecko; compatible; ClaudeBot/1.0; [email protected])"
18.218.245.163 - - [12/May/2025:03:25:07 +0100] "GET /dozin.html?filesrc=%2F%2Fsys%2Fclass%2Fmisc%2Fnvram%2Fsubsystem%2Fsnapshot%2Fsubsystem%2Fmcelog%2Fsubsystem%2Fhw_random%2Frng_available&path=%2F%2Fsys%2Fclass%2Fmisc%2Fnvram%2Fsubsystem%2Fsnapshot%2Fsubsystem%2Fmcelog%2Fsubsystem%2Fhw_random HTTP/1.1" 200 15554 "-" "Mozilla/5.0 AppleWebKit/537.36 (KHTML, like Gecko; compatible; ClaudeBot/1.0; [email protected])"
18.218.245.163 - - [12/May/2025:03:25:07 +0100] "GET /cargo/detail?aksi=ransom&path=%2F%2Fsys%2Fclass%2Finput%2Finput3%2Fmouse1%2Fsubsystem%2Finput1%2Fsubsystem%2Fevent0%2Fsubsystem%2Fevent3%2Fsubsystem%2Finput3 HTTP/1.1" 200 16651 "-" "Mozilla/5.0 AppleWebKit/537.36 (KHTML, like Gecko; compatible; ClaudeBot/1.0; [email protected])"
18.218.245.163 - - [12/May/2025:03:25:07 +0100] "GET /cargo/detail?aksi=buatfolder&path=%2F%2Fsys%2Fclass%2Finput%2Finput6%2Fsubsystem%2Finput1%2Fevent1%2Fsubsystem%2Fevent5%2Fsubsystem%2Fevent4%2Fsubsystem%2Fmouse2 HTTP/1.1" 200 15623 "-" "Mozilla/5.0 AppleWebKit/537.36 (KHTML, like Gecko; compatible; ClaudeBot/1.0; [email protected])"
18.218.245.163 - - [12/May/2025:03:25:08 +0100] "GET /safe_search/config?aksi=buatfolder&path=%2F%2Fsys%2Fdevices%2FLNXSYSTM%3A00%2FLNXPWRBN%3A00%2Fsubsystem%2Fdevices%2FACPI0010%3A00%2FLNXCPU%3A75 HTTP/1.1" 200 15580 "-" "Mozilla/5.0 AppleWebKit/537.36 (KHTML, like Gecko; compatible; ClaudeBot/1.0; [email protected])"
18.218.245.163 - - [12/May/2025:03:25:08 +0100] "GET /search?aksi=ransom&path=%2F%2Fsys%2Fbus%2Fpci%2Fdevices%2F0000%3A00%3A01.2%2Fsubsystem%2Fdrivers%2Fvirtio-pci%2F0000%3A00%3A0b.0%2Fdriver%2F0000%3A00%3A08.0 HTTP/1.1" 200 17644 "-" "Mozilla/5.0 AppleWebKit/537.36 (KHTML, like Gecko; compatible; ClaudeBot/1.0; [email protected])"
18.218.245.163 - - [12/May/2025:03:25:08 +0100] "GET /search?path=%2F%2Fsys%2Fblock%2Fsr0%2Fdevice%2Fsubsystem%2Fdevices%2Fhost7%2Fscsi_host%2Fhost7%2Fdevice%2Fsubsystem HTTP/1.1" 200 16298 "-" "Mozilla/5.0 AppleWebKit/537.36 (KHTML, like Gecko; compatible; ClaudeBot/1.0; [email protected])"
18.218.245.163 - - [12/May/2025:03:25:08 +0100] "GET /cargo/detail?aksi=buatfolder&path=%2F%2Fsys%2Fclass%2Finput%2Finput6%2Fsubsystem%2Finput1%2Fevent1%2Fsubsystem%2Fmouse2%2Fsubsystem%2Finput6%2Fsubsystem%2Fmouse0 HTTP/1.1" 200 15613 "-" "Mozilla/5.0 AppleWebKit/537.36 (KHTML, like Gecko; compatible; ClaudeBot/1.0; [email protected])"
18.218.245.163 - - [12/May/2025:03:25:09 +0100] "GET /cargo/detail?path=%2F%2Fsys%2Fclass%2Finput%2Fevent4%2Fsubsystem%2Fmice%2Fsubsystem%2Fevent2%2Fsubsystem%2Fevent0%2Fsubsystem HTTP/1.1" 200 16549 "-" "Mozilla/5.0 AppleWebKit/537.36 (KHTML, like Gecko; compatible; ClaudeBot/1.0; [email protected])"
18.218.245.163 - - [12/May/2025:03:25:09 +0100] "GET /pcsp.html?path=%2F%2Fsys%2Fbus%2Fvirtio%2Fdevices%2Fvirtio1%2Fhost0%2Fsubsystem%2Fdevices%2Ftarget6%3A0%3A0%2Fsubsystem%2Fdevices%2Fhost8 HTTP/1.1" 200 16260 "-" "Mozilla/5.0 AppleWebKit/537.36 (KHTML, like Gecko; compatible; ClaudeBot/1.0; [email protected])"
66.249.69.69 - - [12/May/2025:03:25:09 +0100] "GET /sports/cheering/1790290267312.htm HTTP/1.1" 200 25301 "-" "Mozilla/5.0 (Linux; Android 6.0.1; Nexus 5X Build/MMB29P) AppleWebKit/537.36 (KHTML, like Gecko) Chrome/136.0.7103.59 Mobile Safari/537.36 (compatible; GoogleOther)"
18.218.245.163 - - [12/May/2025:03:25:09 +0100] "GET /cargo/detail?path=%2F%2Fsys%2Fclass%2Finput%2Fevent4%2Fsubsystem%2Fevent2%2Fsubsystem%2Fmice%2Fsubsystem%2Fevent0%2Fsubsystem HTTP/1.1" 200 16548 "-" "Mozilla/5.0 AppleWebKit/537.36 (KHTML, like Gecko; compatible; ClaudeBot/1.0; [email protected])"
18.218.245.163 - - [12/May/2025:03:25:09 +0100] "GET /cargo/detail?path=%2F%2Fsys%2Fclass%2Finput%2Fevent0%2Fsubsystem%2Fmice%2Fsubsystem%2Fevent2%2Fsubsystem%2Fevent4%2Fsubsystem HTTP/1.1" 200 16529 "-" "Mozilla/5.0 AppleWebKit/537.36 (KHTML, like Gecko; compatible; ClaudeBot/1.0; [email protected])"
18.218.245.163 - - [12/May/2025:03:25:10 +0100] "GET /pcmypage?aksi=buatfolder&path=%2F%2Fsys%2Fclass%2Finput%2Finput0%2Fevent0%2Fsubsystem%2Fevent4%2Fsubsystem%2Finput1%2Fsubsystem%2Fevent2%2Fdevice%2Fdevice HTTP/1.1" 200 15622 "-" "Mozilla/5.0 AppleWebKit/537.36 (KHTML, like Gecko; compatible; ClaudeBot/1.0; [email protected])"
