3.90.31.43 - - [08/May/2025:05:47:28 +0100] "GET /wp-content/plugins/elementskit-lite/libs/framework/assets/js/frontend-script.js?ver=3.4.8 HTTP/1.1" 200 71 "http://sitiomodelo.info/" "Mozilla/5.0 (iPhone; CPU iPhone OS 12_2 like Mac OS X) AppleWebKit/605.1.15 (KHTML, like Gecko) Mobile/15E148"
3.90.31.43 - - [08/May/2025:05:47:28 +0100] "GET /wp-content/plugins/elementskit-lite/widgets/init/assets/js/widget-scripts.js?ver=3.4.8 HTTP/1.1" 200 49804 "http://sitiomodelo.info/" "Mozilla/5.0 (iPhone; CPU iPhone OS 12_2 like Mac OS X) AppleWebKit/605.1.15 (KHTML, like Gecko) Mobile/15E148"
3.90.31.43 - - [08/May/2025:05:47:28 +0100] "GET /wp-content/plugins/elementor/assets/lib/font-awesome/js/v4-shims.min.js?ver=3.28.3 HTTP/1.1" 200 4828 "http://sitiomodelo.info/" "Mozilla/5.0 (iPhone; CPU iPhone OS 12_2 like Mac OS X) AppleWebKit/605.1.15 (KHTML, like Gecko) Mobile/15E148"
3.90.31.43 - - [08/May/2025:05:47:28 +0100] "GET /wp-content/plugins/wp-whatsapp/assets/js/whatsapp-popup.js?ver=3.7.2 HTTP/1.1" 200 390 "http://sitiomodelo.info/" "Mozilla/5.0 (iPhone; CPU iPhone OS 12_2 like Mac OS X) AppleWebKit/605.1.15 (KHTML, like Gecko) Mobile/15E148"
3.90.31.43 - - [08/May/2025:05:47:28 +0100] "GET /wp-content/plugins/elementor/assets/js/frontend-modules.min.js?ver=3.28.3 HTTP/1.1" 200 17183 "http://sitiomodelo.info/" "Mozilla/5.0 (iPhone; CPU iPhone OS 12_2 like Mac OS X) AppleWebKit/605.1.15 (KHTML, like Gecko) Mobile/15E148"
3.90.31.43 - - [08/May/2025:05:47:28 +0100] "GET /wp-content/plugins/elementor/assets/js/webpack.runtime.min.js?ver=3.28.3 HTTP/1.1" 200 2511 "http://sitiomodelo.info/" "Mozilla/5.0 (iPhone; CPU iPhone OS 12_2 like Mac OS X) AppleWebKit/605.1.15 (KHTML, like Gecko) Mobile/15E148"
3.90.31.43 - - [08/May/2025:05:47:28 +0100] "GET /wp-includes/js/jquery/ui/core.min.js?ver=1.13.3 HTTP/1.1" 200 7954 "http://sitiomodelo.info/" "Mozilla/5.0 (iPhone; CPU iPhone OS 12_2 like Mac OS X) AppleWebKit/605.1.15 (KHTML, like Gecko) Mobile/15E148"
3.90.31.43 - - [08/May/2025:05:47:28 +0100] "GET /wp-content/plugins/elementor/assets/js/frontend.min.js?ver=3.28.3 HTTP/1.1" 200 15631 "http://sitiomodelo.info/" "Mozilla/5.0 (iPhone; CPU iPhone OS 12_2 like Mac OS X) AppleWebKit/605.1.15 (KHTML, like Gecko) Mobile/15E148"
3.90.31.43 - - [08/May/2025:05:47:29 +0100] "GET /wp-content/plugins/tenweb-builder/pro-features/assets/js/concated_frontend.min.js?ver=1.32.25 HTTP/1.1" 200 44940 "http://sitiomodelo.info/" "Mozilla/5.0 (iPhone; CPU iPhone OS 12_2 like Mac OS X) AppleWebKit/605.1.15 (KHTML, like Gecko) Mobile/15E148"
3.90.31.43 - - [08/May/2025:05:47:29 +0100] "GET /wp-content/plugins/elementskit-lite/widgets/init/assets/js/animate-circle.min.js?ver=3.4.8 HTTP/1.1" 200 465 "http://sitiomodelo.info/" "Mozilla/5.0 (iPhone; CPU iPhone OS 12_2 like Mac OS X) AppleWebKit/605.1.15 (KHTML, like Gecko) Mobile/15E148"
3.90.31.43 - - [08/May/2025:05:47:29 +0100] "GET /wp-content/plugins/elementskit-lite/widgets/init/assets/js/elementor.js?ver=3.4.8 HTTP/1.1" 200 6306 "http://sitiomodelo.info/" "Mozilla/5.0 (iPhone; CPU iPhone OS 12_2 like Mac OS X) AppleWebKit/605.1.15 (KHTML, like Gecko) Mobile/15E148"
3.90.31.43 - - [08/May/2025:05:47:29 +0100] "GET /wp-includes/js/underscore.min.js?ver=1.13.7 HTTP/1.1" 200 8097 "http://sitiomodelo.info/" "Mozilla/5.0 (iPhone; CPU iPhone OS 12_2 like Mac OS X) AppleWebKit/605.1.15 (KHTML, like Gecko) Mobile/15E148"
3.90.31.43 - - [08/May/2025:05:47:30 +0100] "GET /wp-content/plugins/tenweb-builder/assets/frontend/js/frontend.min.js?ver=1.32.25 HTTP/1.1" 200 50564 "http://sitiomodelo.info/" "Mozilla/5.0 (iPhone; CPU iPhone OS 12_2 like Mac OS X) AppleWebKit/605.1.15 (KHTML, like Gecko) Mobile/15E148"
3.90.31.43 - - [08/May/2025:05:47:30 +0100] "GET /wp-includes/js/imagesloaded.min.js?ver=5.0.0 HTTP/1.1" 200 1987 "http://sitiomodelo.info/" "Mozilla/5.0 (iPhone; CPU iPhone OS 12_2 like Mac OS X) AppleWebKit/605.1.15 (KHTML, like Gecko) Mobile/15E148"
3.90.31.43 - - [08/May/2025:05:47:30 +0100] "GET /wp-includes/js/masonry.min.js?ver=4.2.2 HTTP/1.1" 200 8558 "http://sitiomodelo.info/" "Mozilla/5.0 (iPhone; CPU iPhone OS 12_2 like Mac OS X) AppleWebKit/605.1.15 (KHTML, like Gecko) Mobile/15E148"
3.90.31.43 - - [08/May/2025:05:47:30 +0100] "GET /wp-content/plugins/tenweb-builder/widgets/sticky/assets/js/jquery.sticky.min.js?ver=1.32.25 HTTP/1.1" 200 1641 "http://sitiomodelo.info/" "Mozilla/5.0 (iPhone; CPU iPhone OS 12_2 like Mac OS X) AppleWebKit/605.1.15 (KHTML, like Gecko) Mobile/15E148"
3.90.31.43 - - [08/May/2025:05:47:30 +0100] "GET /wp-content/plugins/tenweb-builder/widgets/parallax/assets/js/jquery.parallax.js?ver=1.32.25 HTTP/1.1" 200 1839 "http://sitiomodelo.info/" "Mozilla/5.0 (iPhone; CPU iPhone OS 12_2 like Mac OS X) AppleWebKit/605.1.15 (KHTML, like Gecko) Mobile/15E148"
3.90.31.43 - - [08/May/2025:05:47:30 +0100] "GET /wp-content/plugins/tenweb-builder/assets/frontend/js/custom_options_frontend.min.js?ver=1.32.25 HTTP/1.1" 200 1970 "http://sitiomodelo.info/" "Mozilla/5.0 (iPhone; CPU iPhone OS 12_2 like Mac OS X) AppleWebKit/605.1.15 (KHTML, like Gecko) Mobile/15E148"
3.90.31.43 - - [08/May/2025:05:47:30 +0100] "GET /wp-content/uploads/2025/04/logo_aaFrXRm6.webp HTTP/1.1" 304 0 "http://sitiomodelo.info/" "Mozilla/5.0 (iPhone; CPU iPhone OS 12_2 like Mac OS X) AppleWebKit/605.1.15 (KHTML, like Gecko) Mobile/15E148"
3.90.31.43 - - [08/May/2025:05:47:30 +0100] "GET /wp-content/uploads/2025/04/tenweb_media_rqnoqckfx-768x768.webp HTTP/1.1" 200 79664 "http://sitiomodelo.info/" "Mozilla/5.0 (iPhone; CPU iPhone OS 12_2 like Mac OS X) AppleWebKit/605.1.15 (KHTML, like Gecko) Mobile/15E148"
3.90.31.43 - - [08/May/2025:05:47:30 +0100] "GET /wp-content/uploads/2025/04/cara-frontal-de-limusina-2.jpeg HTTP/1.1" 200 119095 "http://sitiomodelo.info/" "Mozilla/5.0 (iPhone; CPU iPhone OS 12_2 like Mac OS X) AppleWebKit/605.1.15 (KHTML, like Gecko) Mobile/15E148"
3.90.31.43 - - [08/May/2025:05:47:30 +0100] "GET /wp-content/uploads/2025/04/auto-clasico-vista-frontal-derecha-con-chonga-1-2.jpeg HTTP/1.1" 200 159961 "http://sitiomodelo.info/" "Mozilla/5.0 (iPhone; CPU iPhone OS 12_2 like Mac OS X) AppleWebKit/605.1.15 (KHTML, like Gecko) Mobile/15E148"
3.90.31.43 - - [08/May/2025:05:47:30 +0100] "GET /wp-content/uploads/2025/04/Hyundai-starex-h1.jpeg HTTP/1.1" 200 287129 "http://sitiomodelo.info/" "Mozilla/5.0 (iPhone; CPU iPhone OS 12_2 like Mac OS X) AppleWebKit/605.1.15 (KHTML, like Gecko) Mobile/15E148"
3.90.31.43 - - [08/May/2025:05:47:35 +0100] "GET /wp-includes/js/wp-emoji-release.min.js?ver=6.8.1 HTTP/1.1" 200 5995 "http://sitiomodelo.info/" "Mozilla/5.0 (iPhone; CPU iPhone OS 12_2 like Mac OS X) AppleWebKit/605.1.15 (KHTML, like Gecko) Mobile/15E148"
3.231.149.58 - - [08/May/2025:05:48:11 +0100] "GET /favicon.ico HTTP/1.1" 200 4069 "-" "Mozilla/5.0 (Windows NT 6.3; WOW64; rv:38.0) Gecko/20100101 Firefox/38.0"
49.51.204.74 - - [08/May/2025:05:51:00 +0100] "GET /?path=/var/lock HTTP/1.1" 200 2636 "-" "Mozilla/5.0 (iPhone; CPU iPhone OS 13_2_3 like Mac OS X) AppleWebKit/605.1.15 (KHTML, like Gecko) Version/13.0.3 Mobile/15E148 Safari/604.1"
222.79.104.23 - - [08/May/2025:05:51:15 +0100] "GET / HTTP/1.1" 200 29323 "-" "Mozilla/5.0 (iPhone; CPU iPhone OS 13_2_3 like Mac OS X) AppleWebKit/605.1.15 (KHTML, like Gecko) Version/13.0.3 Mobile/15E148 Safari/604.1"
185.224.129.228 - - [08/May/2025:05:56:07 +0100] "GET / HTTP/1.1" 200 29323 "-" "Mozilla/5.0 (X11; Linux x86_64) AppleWebKit/537.36 (KHTML, like Gecko) Chrome/44.0.2403.157 Safari/537.36"
66.249.69.71 - - [08/May/2025:05:56:21 +0100] "GET /tag/limusinas/feed/?filesrc=/var/www/sitiomodelo__usr86/data/www/sitiomodelo.info/wp-cron.php&path=/var/www/sitiomodelo__usr86/data/www/sitiomodelo.info HTTP/1.1" 200 4579 "-" "Mozilla/5.0 (Linux; Android 6.0.1; Nexus 5X Build/MMB29P) AppleWebKit/537.36 (KHTML, like Gecko) Chrome/136.0.7103.59 Mobile Safari/537.36 (compatible; GoogleOther)"
66.249.69.70 - - [08/May/2025:05:56:22 +0100] "GET /tag/limusinas/feed/?filesrc=/var/www/sitiomodelo__usr86/data/www/sitiomodelo.info/wp-blog-header.php&path=/var/www/sitiomodelo__usr86/data/www/sitiomodelo.info HTTP/1.1" 200 2477 "-" "Mozilla/5.0 (Linux; Android 6.0.1; Nexus 5X Build/MMB29P) AppleWebKit/537.36 (KHTML, like Gecko) Chrome/136.0.7103.59 Mobile Safari/537.36 (compatible; GoogleOther)"
66.249.69.70 - - [08/May/2025:05:57:36 +0100] "GET /precios/ HTTP/1.1" 200 23358 "-" "Mozilla/5.0 (Linux; Android 6.0.1; Nexus 5X Build/MMB29P) AppleWebKit/537.36 (KHTML, like Gecko) Chrome/136.0.7103.59 Mobile Safari/537.36 (compatible; Googlebot/2.1; +http://www.google.com/bot.html)"
66.249.69.69 - - [08/May/2025:05:57:38 +0100] "GET /wp-content/uploads/elementor/css/post-125.css?ver=1744416000 HTTP/1.1" 200 4092 "https://sitiomodelo.info/precios/" "Mozilla/5.0 (Linux; Android 6.0.1; Nexus 5X Build/MMB29P) AppleWebKit/537.36 (KHTML, like Gecko) Chrome/135.0.7049.114 Mobile Safari/537.36 (compatible; Googlebot/2.1; +http://www.google.com/bot.html)"
66.249.69.70 - - [08/May/2025:05:57:39 +0100] "GET /wp-content/uploads/elementor/google-fonts/css/montserrat.css?ver=1744305460 HTTP/1.1" 200 1263 "https://sitiomodelo.info/precios/" "Mozilla/5.0 (Linux; Android 6.0.1; Nexus 5X Build/MMB29P) AppleWebKit/537.36 (KHTML, like Gecko) Chrome/135.0.7049.114 Mobile Safari/537.36 (compatible; Googlebot/2.1; +http://www.google.com/bot.html)"
43.130.31.17 - - [08/May/2025:05:59:10 +0100] "GET /?path=/var&aksi=buatfile HTTP/1.1" 200 3457 "-" "Mozilla/5.0 (iPhone; CPU iPhone OS 13_2_3 like Mac OS X) AppleWebKit/605.1.15 (KHTML, like Gecko) Version/13.0.3 Mobile/15E148 Safari/604.1"
2a06:98c0:3600::103 - - [08/May/2025:05:59:41 +0100] "GET /wordpress/wp-admin/setup-config.php HTTP/1.1" 404 47 "-" "Mozilla/5.0 (Windows NT 10.0; Win64; x64) AppleWebKit/537.36 (KHTML, like Gecko) Chrome/135.0.0.0 Safari/537.36"
2a06:98c0:3600::103 - - [08/May/2025:05:59:41 +0100] "GET /wp-admin/setup-config.php HTTP/1.1" 200 7803 "-" "Mozilla/5.0 (Windows NT 10.0; Win64; x64) AppleWebKit/537.36 (KHTML, like Gecko) Chrome/135.0.0.0 Safari/537.36"
2a06:98c0:3600::103 - - [08/May/2025:05:59:55 +0100] "GET /wp-admin/setup-config.php HTTP/1.1" 200 7803 "-" "Mozilla/5.0 (Windows NT 10.0; Win64; x64) AppleWebKit/537.36 (KHTML, like Gecko) Chrome/135.0.0.0 Safari/537.36"
185.224.129.228 - - [08/May/2025:06:00:08 +0100] "GET / HTTP/1.1" 200 29323 "-" "Mozilla/5.0 (X11; Linux x86_64) AppleWebKit/537.36 (KHTML, like Gecko) Chrome/44.0.2403.157 Safari/537.36"
66.249.69.69 - - [08/May/2025:06:00:14 +0100] "GET /tag/limusinas/feed/?filesrc=/var/www/sitiomodelo__usr86/data/www/sitiomodelo.info/xmlrpc.php&path=/var/www/sitiomodelo__usr86/data/www/sitiomodelo.info HTTP/1.1" 200 3808 "-" "Mozilla/5.0 (Linux; Android 6.0.1; Nexus 5X Build/MMB29P) AppleWebKit/537.36 (KHTML, like Gecko) Chrome/136.0.7103.59 Mobile Safari/537.36 (compatible; Googlebot/2.1; +http://www.google.com/bot.html)"
66.249.69.69 - - [08/May/2025:06:01:12 +0100] "GET /tag/limusinas/feed/?filesrc=/var/www/sitiomodelo__usr86/data/www/sitiomodelo.info/file.php&path=/var/www/sitiomodelo__usr86/data/www/sitiomodelo.info HTTP/1.1" 200 60941 "-" "Mozilla/5.0 (Linux; Android 6.0.1; Nexus 5X Build/MMB29P) AppleWebKit/537.36 (KHTML, like Gecko) Chrome/136.0.7103.59 Mobile Safari/537.36 (compatible; GoogleOther)"
2a06:98c0:3600::103 - - [08/May/2025:06:03:02 +0100] "GET /wordpress/wp-admin/setup-config.php HTTP/1.1" 404 47 "-" "Mozilla/5.0 (Windows NT 10.0; Win64; x64) AppleWebKit/537.36 (KHTML, like Gecko) Chrome/135.0.0.0 Safari/537.36"
66.249.69.64 - - [08/May/2025:06:06:04 +0100] "GET /tag/limusinas/feed/?filesrc=/var/www/sitiomodelo__usr86/data/www/sitiomodelo.info/xmlrpc.php&path=/var/www/sitiomodelo__usr86/data/www/sitiomodelo.info HTTP/1.1" 200 3808 "-" "Mozilla/5.0 (Linux; Android 6.0.1; Nexus 5X Build/MMB29P) AppleWebKit/537.36 (KHTML, like Gecko) Chrome/136.0.7103.59 Mobile Safari/537.36 (compatible; GoogleOther)"
44.248.41.81 - - [08/May/2025:06:06:45 +0100] "GET / HTTP/1.1" 200 29305 "-" "Mozilla/5.0 (X11; Linux x86_64) AppleWebKit/537.36 (KHTML, like Gecko) Chrome/83.0.4103.97 Safari/537.36"
66.249.69.64 - - [08/May/2025:06:07:12 +0100] "GET /tag/limusinas/feed/?filesrc=/var/www/sitiomodelo__usr86/data/www/sitiomodelo.info/style.php&path=/var/www/sitiomodelo__usr86/data/www/sitiomodelo.info HTTP/1.1" 200 6838 "-" "Mozilla/5.0 (Linux; Android 6.0.1; Nexus 5X Build/MMB29P) AppleWebKit/537.36 (KHTML, like Gecko) Chrome/136.0.7103.59 Mobile Safari/537.36 (compatible; Googlebot/2.1; +http://www.google.com/bot.html)"
66.249.69.65 - - [08/May/2025:06:08:14 +0100] "GET /tag/limusinas/feed/?path=/var/www/sitiomodelo__usr86/data/www/sitiomodelo.info/wp-admin HTTP/1.1" 200 6604 "-" "Mozilla/5.0 (Linux; Android 6.0.1; Nexus 5X Build/MMB29P) AppleWebKit/537.36 (KHTML, like Gecko) Chrome/136.0.7103.59 Mobile Safari/537.36 (compatible; Googlebot/2.1; +http://www.google.com/bot.html)"
66.249.69.71 - - [08/May/2025:06:08:15 +0100] "GET /tag/limusinas/feed/?filesrc=/var/www/sitiomodelo__usr86/data/www/sitiomodelo.info/wp-signup.php&path=/var/www/sitiomodelo__usr86/data/www/sitiomodelo.info HTTP/1.1" 200 13279 "-" "Mozilla/5.0 (Linux; Android 6.0.1; Nexus 5X Build/MMB29P) AppleWebKit/537.36 (KHTML, like Gecko) Chrome/136.0.7103.59 Mobile Safari/537.36 (compatible; Googlebot/2.1; +http://www.google.com/bot.html)"
138.246.253.24 - - [08/May/2025:06:09:51 +0100] "GET /robots.txt HTTP/1.1" 200 4069 "-" "Mozilla/5.0 (Windows NT 10.0; Win64; x64) AppleWebKit/537.36 (KHTML, like Gecko) Chrome/103.0.5060.134 Safari/537.36"
43.157.251.48 - - [08/May/2025:06:09:56 +0100] "GET /?filesrc=/var/www/sitiomodelo__usr86/data/www/sitiomodelo.info/ffff.php&path=/var/www/sitiomodelo__usr86/data/www/sitiomodelo.info HTTP/1.1" 200 62630 "-" "Mozilla/5.0 (iPhone; CPU iPhone OS 13_2_3 like Mac OS X) AppleWebKit/605.1.15 (KHTML, like Gecko) Version/13.0.3 Mobile/15E148 Safari/604.1"
66.249.69.64 - - [08/May/2025:06:10:56 +0100] "GET /precios/?filesrc=/var/www/sitiomodelo__usr86/data/www/sitiomodelo.info/autoload_classmap.php&path=/var/www/sitiomodelo__usr86/data/www/sitiomodelo.info HTTP/1.1" 200 24002 "-" "Mozilla/5.0 (Linux; Android 6.0.1; Nexus 5X Build/MMB29P) AppleWebKit/537.36 (KHTML, like Gecko) Chrome/136.0.7103.59 Mobile Safari/537.36 (compatible; GoogleOther)"
66.249.69.64 - - [08/May/2025:06:11:02 +0100] "GET /wp-content/plugins/tenweb-builder/widgets/sticky/assets/js/jquery.sticky.min.js?ver=1.32.25 HTTP/1.1" 304 0 "https://sitiomodelo.info/precios/?filesrc=/var/www/sitiomodelo__usr86/data/www/sitiomodelo.info/autoload_classmap.php&path=/var/www/sitiomodelo__usr86/data/www/sitiomodelo.info" "Mozilla/5.0 (Linux; Android 6.0.1; Nexus 5X Build/MMB29P) AppleWebKit/537.36 (KHTML, like Gecko) Chrome/135.0.7049.114 Mobile Safari/537.36 (compatible; Googlebot/2.1; +http://www.google.com/bot.html)"
66.249.69.65 - - [08/May/2025:06:11:02 +0100] "GET /wp-content/plugins/elementor/assets/lib/font-awesome/css/all.min.css?ver=3.28.3 HTTP/1.1" 304 0 "https://sitiomodelo.info/precios/?filesrc=/var/www/sitiomodelo__usr86/data/www/sitiomodelo.info/autoload_classmap.php&path=/var/www/sitiomodelo__usr86/data/www/sitiomodelo.info" "Mozilla/5.0 (Linux; Android 6.0.1; Nexus 5X Build/MMB29P) AppleWebKit/537.36 (KHTML, like Gecko) Chrome/135.0.7049.114 Mobile Safari/537.36 (compatible; Googlebot/2.1; +http://www.google.com/bot.html)"
66.249.69.65 - - [08/May/2025:06:11:02 +0100] "GET /wp-includes/js/jquery/jquery-migrate.min.js?ver=3.4.1 HTTP/1.1" 200 5355 "https://sitiomodelo.info/precios/?filesrc=/var/www/sitiomodelo__usr86/data/www/sitiomodelo.info/autoload_classmap.php&path=/var/www/sitiomodelo__usr86/data/www/sitiomodelo.info" "Mozilla/5.0 (Linux; Android 6.0.1; Nexus 5X Build/MMB29P) AppleWebKit/537.36 (KHTML, like Gecko) Chrome/135.0.7049.114 Mobile Safari/537.36 (compatible; Googlebot/2.1; +http://www.google.com/bot.html)"
66.249.69.65 - - [08/May/2025:06:11:02 +0100] "GET /wp-content/plugins/elementskit-lite/widgets/init/assets/css/responsive.css?ver=3.4.8 HTTP/1.1" 304 0 "https://sitiomodelo.info/precios/?filesrc=/var/www/sitiomodelo__usr86/data/www/sitiomodelo.info/autoload_classmap.php&path=/var/www/sitiomodelo__usr86/data/www/sitiomodelo.info" "Mozilla/5.0 (Linux; Android 6.0.1; Nexus 5X Build/MMB29P) AppleWebKit/537.36 (KHTML, like Gecko) Chrome/135.0.7049.114 Mobile Safari/537.36 (compatible; Googlebot/2.1; +http://www.google.com/bot.html)"
66.249.69.71 - - [08/May/2025:06:11:03 +0100] "GET /wp-content/plugins/elementor/assets/lib/font-awesome/js/v4-shims.min.js?ver=3.28.3 HTTP/1.1" 200 4828 "https://sitiomodelo.info/precios/?filesrc=/var/www/sitiomodelo__usr86/data/www/sitiomodelo.info/autoload_classmap.php&path=/var/www/sitiomodelo__usr86/data/www/sitiomodelo.info" "Mozilla/5.0 (Linux; Android 6.0.1; Nexus 5X Build/MMB29P) AppleWebKit/537.36 (KHTML, like Gecko) Chrome/135.0.7049.114 Mobile Safari/537.36 (compatible; Googlebot/2.1; +http://www.google.com/bot.html)"
66.249.69.65 - - [08/May/2025:06:11:03 +0100] "GET /wp-content/plugins/tenweb-builder/assets/frontend/js/custom_options_frontend.min.js?ver=1.32.25 HTTP/1.1" 200 1970 "https://sitiomodelo.info/precios/?filesrc=/var/www/sitiomodelo__usr86/data/www/sitiomodelo.info/autoload_classmap.php&path=/var/www/sitiomodelo__usr86/data/www/sitiomodelo.info" "Mozilla/5.0 (Linux; Android 6.0.1; Nexus 5X Build/MMB29P) AppleWebKit/537.36 (KHTML, like Gecko) Chrome/135.0.7049.114 Mobile Safari/537.36 (compatible; Googlebot/2.1; +http://www.google.com/bot.html)"
66.249.69.65 - - [08/May/2025:06:11:03 +0100] "GET /wp-content/themes/tenweb-website-builder-theme/assets/js/scripts.min.js?ver=2.1.12 HTTP/1.1" 304 0 "https://sitiomodelo.info/precios/?filesrc=/var/www/sitiomodelo__usr86/data/www/sitiomodelo.info/autoload_classmap.php&path=/var/www/sitiomodelo__usr86/data/www/sitiomodelo.info" "Mozilla/5.0 (Linux; Android 6.0.1; Nexus 5X Build/MMB29P) AppleWebKit/537.36 (KHTML, like Gecko) Chrome/135.0.7049.114 Mobile Safari/537.36 (compatible; Googlebot/2.1; +http://www.google.com/bot.html)"
66.249.69.65 - - [08/May/2025:06:11:03 +0100] "GET /wp-content/plugins/elementskit-lite/modules/elementskit-icon-pack/assets/css/ekiticons.css?ver=3.4.8 HTTP/1.1" 304 0 "https://sitiomodelo.info/precios/?filesrc=/var/www/sitiomodelo__usr86/data/www/sitiomodelo.info/autoload_classmap.php&path=/var/www/sitiomodelo__usr86/data/www/sitiomodelo.info" "Mozilla/5.0 (Linux; Android 6.0.1; Nexus 5X Build/MMB29P) AppleWebKit/537.36 (KHTML, like Gecko) Chrome/135.0.7049.114 Mobile Safari/537.36 (compatible; Googlebot/2.1; +http://www.google.com/bot.html)"
66.249.69.64 - - [08/May/2025:06:11:04 +0100] "GET /wp-content/themes/tenweb-website-builder-theme/assets/css/styles.min.css?ver=2.1.12 HTTP/1.1" 304 0 "https://sitiomodelo.info/precios/?filesrc=/var/www/sitiomodelo__usr86/data/www/sitiomodelo.info/autoload_classmap.php&path=/var/www/sitiomodelo__usr86/data/www/sitiomodelo.info" "Mozilla/5.0 (Linux; Android 6.0.1; Nexus 5X Build/MMB29P) AppleWebKit/537.36 (KHTML, like Gecko) Chrome/135.0.7049.114 Mobile Safari/537.36 (compatible; Googlebot/2.1; +http://www.google.com/bot.html)"
66.249.69.65 - - [08/May/2025:06:11:04 +0100] "GET /wp-content/plugins/tenweb-builder/widgets/parallax/assets/js/jquery.parallax.js?ver=1.32.25 HTTP/1.1" 304 0 "https://sitiomodelo.info/precios/?filesrc=/var/www/sitiomodelo__usr86/data/www/sitiomodelo.info/autoload_classmap.php&path=/var/www/sitiomodelo__usr86/data/www/sitiomodelo.info" "Mozilla/5.0 (Linux; Android 6.0.1; Nexus 5X Build/MMB29P) AppleWebKit/537.36 (KHTML, like Gecko) Chrome/135.0.7049.114 Mobile Safari/537.36 (compatible; Googlebot/2.1; +http://www.google.com/bot.html)"
66.249.69.64 - - [08/May/2025:06:11:04 +0100] "GET /wp-content/uploads/elementor/css/post-150.css?ver=1744416000 HTTP/1.1" 200 1887 "https://sitiomodelo.info/precios/?filesrc=/var/www/sitiomodelo__usr86/data/www/sitiomodelo.info/autoload_classmap.php&path=/var/www/sitiomodelo__usr86/data/www/sitiomodelo.info" "Mozilla/5.0 (Linux; Android 6.0.1; Nexus 5X Build/MMB29P) AppleWebKit/537.36 (KHTML, like Gecko) Chrome/135.0.7049.114 Mobile Safari/537.36 (compatible; Googlebot/2.1; +http://www.google.com/bot.html)"
66.249.69.64 - - [08/May/2025:06:11:04 +0100] "GET /wp-content/uploads/elementor/css/post-157.css?ver=1744416000 HTTP/1.1" 200 3000 "https://sitiomodelo.info/precios/?filesrc=/var/www/sitiomodelo__usr86/data/www/sitiomodelo.info/autoload_classmap.php&path=/var/www/sitiomodelo__usr86/data/www/sitiomodelo.info" "Mozilla/5.0 (Linux; Android 6.0.1; Nexus 5X Build/MMB29P) AppleWebKit/537.36 (KHTML, like Gecko) Chrome/135.0.7049.114 Mobile Safari/537.36 (compatible; Googlebot/2.1; +http://www.google.com/bot.html)"
66.249.69.64 - - [08/May/2025:06:11:05 +0100] "GET /wp-content/plugins/elementor/assets/css/widget-social-icons.min.css?ver=3.28.3 HTTP/1.1" 304 0 "https://sitiomodelo.info/precios/?filesrc=/var/www/sitiomodelo__usr86/data/www/sitiomodelo.info/autoload_classmap.php&path=/var/www/sitiomodelo__usr86/data/www/sitiomodelo.info" "Mozilla/5.0 (Linux; Android 6.0.1; Nexus 5X Build/MMB29P) AppleWebKit/537.36 (KHTML, like Gecko) Chrome/135.0.7049.114 Mobile Safari/537.36 (compatible; Googlebot/2.1; +http://www.google.com/bot.html)"
66.249.69.65 - - [08/May/2025:06:11:05 +0100] "GET /wp-content/plugins/elementor/assets/js/webpack.runtime.min.js?ver=3.28.3 HTTP/1.1" 200 2511 "https://sitiomodelo.info/precios/?filesrc=/var/www/sitiomodelo__usr86/data/www/sitiomodelo.info/autoload_classmap.php&path=/var/www/sitiomodelo__usr86/data/www/sitiomodelo.info" "Mozilla/5.0 (Linux; Android 6.0.1; Nexus 5X Build/MMB29P) AppleWebKit/537.36 (KHTML, like Gecko) Chrome/135.0.7049.114 Mobile Safari/537.36 (compatible; Googlebot/2.1; +http://www.google.com/bot.html)"
66.249.69.65 - - [08/May/2025:06:11:05 +0100] "GET /wp-content/plugins/tenweb-builder/pro-features/assets/js/concated_frontend.min.js?ver=1.32.25 HTTP/1.1" 304 0 "https://sitiomodelo.info/precios/?filesrc=/var/www/sitiomodelo__usr86/data/www/sitiomodelo.info/autoload_classmap.php&path=/var/www/sitiomodelo__usr86/data/www/sitiomodelo.info" "Mozilla/5.0 (Linux; Android 6.0.1; Nexus 5X Build/MMB29P) AppleWebKit/537.36 (KHTML, like Gecko) Chrome/135.0.7049.114 Mobile Safari/537.36 (compatible; Googlebot/2.1; +http://www.google.com/bot.html)"
66.249.69.65 - - [08/May/2025:06:11:05 +0100] "GET /wp-content/plugins/tenweb-builder/assets/frontend/js/frontend.min.js?ver=1.32.25 HTTP/1.1" 304 0 "https://sitiomodelo.info/precios/?filesrc=/var/www/sitiomodelo__usr86/data/www/sitiomodelo.info/autoload_classmap.php&path=/var/www/sitiomodelo__usr86/data/www/sitiomodelo.info" "Mozilla/5.0 (Linux; Android 6.0.1; Nexus 5X Build/MMB29P) AppleWebKit/537.36 (KHTML, like Gecko) Chrome/135.0.7049.114 Mobile Safari/537.36 (compatible; Googlebot/2.1; +http://www.google.com/bot.html)"
66.249.69.71 - - [08/May/2025:06:11:07 +0100] "GET /wp-content/plugins/elementor/assets/js/text-editor.c084ef86600b6f11690d.bundle.min.js HTTP/1.1" 304 0 "https://sitiomodelo.info/precios/?filesrc=/var/www/sitiomodelo__usr86/data/www/sitiomodelo.info/autoload_classmap.php&path=/var/www/sitiomodelo__usr86/data/www/sitiomodelo.info" "Mozilla/5.0 (Linux; Android 6.0.1; Nexus 5X Build/MMB29P) AppleWebKit/537.36 (KHTML, like Gecko) Chrome/135.0.7049.114 Mobile Safari/537.36 (compatible; Googlebot/2.1; +http://www.google.com/bot.html)"
66.249.69.71 - - [08/May/2025:06:11:07 +0100] "GET /wp-includes/js/wp-emoji-release.min.js?ver=6.8.1 HTTP/1.1" 304 0 "https://sitiomodelo.info/precios/?filesrc=/var/www/sitiomodelo__usr86/data/www/sitiomodelo.info/autoload_classmap.php&path=/var/www/sitiomodelo__usr86/data/www/sitiomodelo.info" "Mozilla/5.0 (Linux; Android 6.0.1; Nexus 5X Build/MMB29P) AppleWebKit/537.36 (KHTML, like Gecko) Chrome/135.0.7049.114 Mobile Safari/537.36 (compatible; Googlebot/2.1; +http://www.google.com/bot.html)"
66.249.69.71 - - [08/May/2025:06:12:15 +0100] "GET /precios/?path=/var/www/sitiomodelo__usr86/data/www/sitiomodelo.info HTTP/1.1" 200 23358 "-" "Mozilla/5.0 (Linux; Android 6.0.1; Nexus 5X Build/MMB29P) AppleWebKit/537.36 (KHTML, like Gecko) Chrome/136.0.7103.59 Mobile Safari/537.36 (compatible; Googlebot/2.1; +http://www.google.com/bot.html)"
185.224.129.228 - - [08/May/2025:06:14:08 +0100] "GET / HTTP/1.1" 200 29323 "-" "Mozilla/5.0 (X11; Linux x86_64) AppleWebKit/537.36 (KHTML, like Gecko) Chrome/44.0.2403.157 Safari/537.36"
66.249.69.71 - - [08/May/2025:06:15:48 +0100] "GET /tag/limusinas/feed/?filesrc=/var/www/sitiomodelo__usr86/data/www/sitiomodelo.info/style.php&path=/var/www/sitiomodelo__usr86/data/www/sitiomodelo.info HTTP/1.1" 200 6838 "-" "Mozilla/5.0 (Linux; Android 6.0.1; Nexus 5X Build/MMB29P) AppleWebKit/537.36 (KHTML, like Gecko) Chrome/136.0.7103.59 Mobile Safari/537.36 (compatible; GoogleOther)"
2a06:98c0:3600::103 - - [08/May/2025:06:17:13 +0100] "GET /wp-admin/setup-config.php HTTP/1.1" 200 7803 "-" "Mozilla/5.0 (Windows NT 10.0; Win64; x64) AppleWebKit/537.36 (KHTML, like Gecko) Chrome/135.0.0.0 Safari/537.36"
66.249.69.69 - - [08/May/2025:06:18:16 +0100] "GET /precios/?path=/var/www/sitiomodelo__usr86/data/www/sitiomodelo.info/wp-content HTTP/1.1" 200 22480 "-" "Mozilla/5.0 (Linux; Android 6.0.1; Nexus 5X Build/MMB29P) AppleWebKit/537.36 (KHTML, like Gecko) Chrome/136.0.7103.59 Mobile Safari/537.36 (compatible; Googlebot/2.1; +http://www.google.com/bot.html)"
2a06:98c0:3600::103 - - [08/May/2025:06:18:17 +0100] "GET /wordpress/wp-admin/setup-config.php HTTP/1.1" 404 47 "-" "Mozilla/5.0 (Windows NT 10.0; Win64; x64) AppleWebKit/537.36 (KHTML, like Gecko) Chrome/135.0.0.0 Safari/537.36"
2a06:98c0:3600::103 - - [08/May/2025:06:20:25 +0100] "GET /wordpress/wp-admin/setup-config.php HTTP/1.1" 404 47 "-" "Mozilla/5.0 (Windows NT 10.0; Win64; x64) AppleWebKit/537.36 (KHTML, like Gecko) Chrome/135.0.0.0 Safari/537.36"
66.249.69.69 - - [08/May/2025:06:20:40 +0100] "GET /tag/limusinas/feed/?filesrc=/var/www/sitiomodelo__usr86/data/www/sitiomodelo.info/ffff.php&path=/var/www/sitiomodelo__usr86/data/www/sitiomodelo.info HTTP/1.1" 200 62630 "-" "Mozilla/5.0 (Linux; Android 6.0.1; Nexus 5X Build/MMB29P) AppleWebKit/537.36 (KHTML, like Gecko) Chrome/136.0.7103.59 Mobile Safari/537.36 (compatible; GoogleOther)"
2a06:98c0:3600::103 - - [08/May/2025:06:21:38 +0100] "GET /wp-admin/setup-config.php HTTP/1.1" 200 7803 "-" "Mozilla/5.0 (Windows NT 10.0; Win64; x64) AppleWebKit/537.36 (KHTML, like Gecko) Chrome/135.0.0.0 Safari/537.36"
43.166.245.120 - - [08/May/2025:06:21:53 +0100] "GET /?path=/var/www/sitiomodelo__usr86/data/www/sitiomodelo.info/wp-admin HTTP/1.1" 200 6604 "-" "Mozilla/5.0 (iPhone; CPU iPhone OS 13_2_3 like Mac OS X) AppleWebKit/605.1.15 (KHTML, like Gecko) Version/13.0.3 Mobile/15E148 Safari/604.1"
66.249.69.69 - - [08/May/2025:06:24:17 +0100] "GET /precios/?filesrc=/var/www/sitiomodelo__usr86/data/www/sitiomodelo.info/wp-load.php&path=/var/www/sitiomodelo__usr86/data/www/sitiomodelo.info HTTP/1.1" 200 23337 "-" "Mozilla/5.0 (Linux; Android 6.0.1; Nexus 5X Build/MMB29P) AppleWebKit/537.36 (KHTML, like Gecko) Chrome/136.0.7103.59 Mobile Safari/537.36 (compatible; Googlebot/2.1; +http://www.google.com/bot.html)"
66.249.69.71 - - [08/May/2025:06:25:32 +0100] "GET /tag/limusinas/feed/?filesrc=/var/www/sitiomodelo__usr86/data/www/sitiomodelo.info/zxaaka.php&path=/var/www/sitiomodelo__usr86/data/www/sitiomodelo.info HTTP/1.1" 200 2281 "-" "Mozilla/5.0 (Linux; Android 6.0.1; Nexus 5X Build/MMB29P) AppleWebKit/537.36 (KHTML, like Gecko) Chrome/136.0.7103.59 Mobile Safari/537.36 (compatible; GoogleOther)"
66.249.69.69 - - [08/May/2025:06:26:22 +0100] "GET /precios/?path=/var/www/sitiomodelo__usr86/data/www/sitiomodelo.info&aksi=buatfolder HTTP/1.1" 200 21663 "-" "Mozilla/5.0 (Linux; Android 6.0.1; Nexus 5X Build/MMB29P) AppleWebKit/537.36 (KHTML, like Gecko) Chrome/136.0.7103.59 Mobile Safari/537.36 (compatible; GoogleOther)"
18.226.133.62 - - [08/May/2025:06:27:24 +0100] "GET /wp-login.php HTTP/1.1" 200 7420 "-" "Mozilla/5.0"
18.226.133.62 - - [08/May/2025:06:27:24 +0100] "GET /?author=1 HTTP/1.1" 200 17434 "-" "Mozilla/5.0"
18.226.133.62 - - [08/May/2025:06:27:25 +0100] "GET /?feed=rss2 HTTP/1.1" 200 4069 "-" "Mozilla/5.0"
185.224.129.228 - - [08/May/2025:06:28:07 +0100] "GET / HTTP/1.1" 200 29323 "-" "Mozilla/5.0 (X11; Linux x86_64) AppleWebKit/537.36 (KHTML, like Gecko) Chrome/44.0.2403.157 Safari/537.36"
66.249.69.71 - - [08/May/2025:06:30:18 +0100] "GET /precios/?filesrc=/var/www/sitiomodelo__usr86/data/www/sitiomodelo.info/ffff.php&path=/var/www/sitiomodelo__usr86/data/www/sitiomodelo.info HTTP/1.1" 200 82031 "-" "Mozilla/5.0 (Linux; Android 6.0.1; Nexus 5X Build/MMB29P) AppleWebKit/537.36 (KHTML, like Gecko) Chrome/136.0.7103.59 Mobile Safari/537.36 (compatible; Googlebot/2.1; +http://www.google.com/bot.html)"
66.249.69.65 - - [08/May/2025:06:30:19 +0100] "GET /tag/limusinas/feed/?filesrc=/var/www/sitiomodelo__usr86/data/www/sitiomodelo.info/wp-mail.php&path=/var/www/sitiomodelo__usr86/data/www/sitiomodelo.info HTTP/1.1" 200 5812 "-" "Mozilla/5.0 (Linux; Android 6.0.1; Nexus 5X Build/MMB29P) AppleWebKit/537.36 (KHTML, like Gecko) Chrome/136.0.7103.59 Mobile Safari/537.36 (compatible; Googlebot/2.1; +http://www.google.com/bot.html)"
66.249.69.64 - - [08/May/2025:06:30:24 +0100] "GET /tag/limusinas/feed/?filesrc=/var/www/sitiomodelo__usr86/data/www/sitiomodelo.info/wp-load.php&path=/var/www/sitiomodelo__usr86/data/www/sitiomodelo.info HTTP/1.1" 200 4093 "-" "Mozilla/5.0 (Linux; Android 6.0.1; Nexus 5X Build/MMB29P) AppleWebKit/537.36 (KHTML, like Gecko) Chrome/136.0.7103.59 Mobile Safari/537.36 (compatible; GoogleOther)"
43.153.36.110 - - [08/May/2025:06:30:56 +0100] "GET /?path=/var/www/sitiomodelo__usr86/data/www/sitiomodelo.info&aksi=buatfolder HTTP/1.1" 200 2348 "-" "Mozilla/5.0 (iPhone; CPU iPhone OS 13_2_3 like Mac OS X) AppleWebKit/605.1.15 (KHTML, like Gecko) Version/13.0.3 Mobile/15E148 Safari/604.1"
2a06:98c0:3600::103 - - [08/May/2025:06:34:22 +0100] "GET /wp-admin/setup-config.php HTTP/1.1" 200 7803 "-" "Mozilla/5.0 (Windows NT 10.0; Win64; x64) AppleWebKit/537.36 (KHTML, like Gecko) Chrome/135.0.0.0 Safari/537.36"
2a0d:2787:1b:3a0::a - - [08/May/2025:06:35:16 +0100] "POST /wp-cron.php?doing_wp_cron=1746682515.9750049114227294921875 HTTP/1.1" 200 31 "-" "WordPress/6.8.1; https://sitiomodelo.info"
66.249.69.64 - - [08/May/2025:06:35:16 +0100] "GET /tag/limusinas/feed/?filesrc=/var/www/sitiomodelo__usr86/data/www/sitiomodelo.info/wp-22.php&path=/var/www/sitiomodelo__usr86/data/www/sitiomodelo.info HTTP/1.1" 200 5626 "-" "Mozilla/5.0 (Linux; Android 6.0.1; Nexus 5X Build/MMB29P) AppleWebKit/537.36 (KHTML, like Gecko) Chrome/136.0.7103.59 Mobile Safari/537.36 (compatible; GoogleOther)"
66.249.69.64 - - [08/May/2025:06:36:19 +0100] "GET /precios/?filesrc=/var/www/sitiomodelo__usr86/data/www/sitiomodelo.info/wp-config-sample.php&path=/var/www/sitiomodelo__usr86/data/www/sitiomodelo.info HTTP/1.1" 200 22997 "-" "Mozilla/5.0 (Linux; Android 6.0.1; Nexus 5X Build/MMB29P) AppleWebKit/537.36 (KHTML, like Gecko) Chrome/136.0.7103.59 Mobile Safari/537.36 (compatible; Googlebot/2.1; +http://www.google.com/bot.html)"
2a06:98c0:3600::103 - - [08/May/2025:06:36:20 +0100] "GET /wordpress/wp-admin/setup-config.php HTTP/1.1" 404 47 "-" "Mozilla/5.0 (Windows NT 10.0; Win64; x64) AppleWebKit/537.36 (KHTML, like Gecko) Chrome/135.0.0.0 Safari/537.36"
2a06:98c0:3600::103 - - [08/May/2025:06:36:48 +0100] "GET /wp-admin/setup-config.php HTTP/1.1" 200 7803 "-" "Mozilla/5.0 (Windows NT 10.0; Win64; x64) AppleWebKit/537.36 (KHTML, like Gecko) Chrome/135.0.0.0 Safari/537.36"
2a06:98c0:3600::103 - - [08/May/2025:06:36:53 +0100] "GET /wordpress/wp-admin/setup-config.php HTTP/1.1" 404 47 "-" "Mozilla/5.0 (Windows NT 10.0; Win64; x64) AppleWebKit/537.36 (KHTML, like Gecko) Chrome/135.0.0.0 Safari/537.36"
66.249.69.71 - - [08/May/2025:06:40:07 +0100] "GET /tag/limusinas/feed/?filesrc=/var/www/sitiomodelo__usr86/data/www/sitiomodelo.info/wp-admin/admin-ajax.php&path=/var/www/sitiomodelo__usr86/data/www/sitiomodelo.info/wp-admin HTTP/1.1" 200 4357 "-" "Mozilla/5.0 (Linux; Android 6.0.1; Nexus 5X Build/MMB29P) AppleWebKit/537.36 (KHTML, like Gecko) Chrome/136.0.7103.59 Mobile Safari/537.36 (compatible; GoogleOther)"
149.88.98.212 - - [08/May/2025:06:41:54 +0100] "GET / HTTP/1.1" 200 29323 "-" "Mozilla/5.0 (X11; Linux x86_64) AppleWebKit/537.36 (KHTML, like Gecko) HeadlessChrome/89.0.4389.90 Safari/537.36"
149.88.98.212 - - [08/May/2025:06:41:54 +0100] "GET /wp-content/themes/tenweb-website-builder-theme/assets/css/styles.min.css?ver=2.1.12 HTTP/1.1" 200 5462 "http://sitiomodelo.info/" "Mozilla/5.0 (X11; Linux x86_64) AppleWebKit/537.36 (KHTML, like Gecko) HeadlessChrome/89.0.4389.90 Safari/537.36"
149.88.98.212 - - [08/May/2025:06:41:54 +0100] "GET /wp-content/uploads/elementor/css/post-153.css?ver=1745278743 HTTP/1.1" 200 1887 "http://sitiomodelo.info/" "Mozilla/5.0 (X11; Linux x86_64) AppleWebKit/537.36 (KHTML, like Gecko) HeadlessChrome/89.0.4389.90 Safari/537.36"
149.88.98.212 - - [08/May/2025:06:41:55 +0100] "GET /wp-content/plugins/elementor/assets/css/frontend.min.css?ver=3.28.3 HTTP/1.1" 200 8892 "http://sitiomodelo.info/" "Mozilla/5.0 (X11; Linux x86_64) AppleWebKit/537.36 (KHTML, like Gecko) HeadlessChrome/89.0.4389.90 Safari/537.36"
149.88.98.212 - - [08/May/2025:06:41:55 +0100] "GET /wp-content/plugins/wp-whatsapp/assets/dist/css/style.css?ver=6.8.1 HTTP/1.1" 200 6178 "http://sitiomodelo.info/" "Mozilla/5.0 (X11; Linux x86_64) AppleWebKit/537.36 (KHTML, like Gecko) HeadlessChrome/89.0.4389.90 Safari/537.36"
149.88.98.212 - - [08/May/2025:06:41:55 +0100] "GET /wp-content/plugins/tenweb-builder/assets/frontend/css/frontend.min.css?ver=1.32.25 HTTP/1.1" 200 89109 "http://sitiomodelo.info/" "Mozilla/5.0 (X11; Linux x86_64) AppleWebKit/537.36 (KHTML, like Gecko) HeadlessChrome/89.0.4389.90 Safari/537.36"
185.224.129.228 - - [08/May/2025:06:42:08 +0100] "GET / HTTP/1.1" 200 29323 "-" "Mozilla/5.0 (X11; Linux x86_64) AppleWebKit/537.36 (KHTML, like Gecko) Chrome/44.0.2403.157 Safari/537.36"
43.166.128.187 - - [08/May/2025:06:42:13 +0100] "GET /?path=/var/www/sitiomodelo__usr86/data/www HTTP/1.1" 200 2711 "-" "Mozilla/5.0 (iPhone; CPU iPhone OS 13_2_3 like Mac OS X) AppleWebKit/605.1.15 (KHTML, like Gecko) Version/13.0.3 Mobile/15E148 Safari/604.1"
66.249.69.69 - - [08/May/2025:06:42:15 +0100] "GET /precios/?path=/var/www/sitiomodelo__usr86/data/www/sitiomodelo.info&aksi=ransom HTTP/1.1" 200 23358 "-" "Mozilla/5.0 (Linux; Android 6.0.1; Nexus 5X Build/MMB29P) AppleWebKit/537.36 (KHTML, like Gecko) Chrome/136.0.7103.59 Mobile Safari/537.36 (compatible; Googlebot/2.1; +http://www.google.com/bot.html)"
66.249.69.69 - - [08/May/2025:06:44:59 +0100] "GET /tag/limusinas/feed/?filesrc=/var/www/sitiomodelo__usr86/data/www/sitiomodelo.info/wp-trackback.php&path=/var/www/sitiomodelo__usr86/data/www/sitiomodelo.info HTTP/1.1" 200 4389 "-" "Mozilla/5.0 (Linux; Android 6.0.1; Nexus 5X Build/MMB29P) AppleWebKit/537.36 (KHTML, like Gecko) Chrome/136.0.7103.59 Mobile Safari/537.36 (compatible; GoogleOther)"
66.249.69.70 - - [08/May/2025:06:48:16 +0100] "GET /category/autos-clasicos/ HTTP/1.1" 200 19097 "-" "Mozilla/5.0 (Linux; Android 6.0.1; Nexus 5X Build/MMB29P) AppleWebKit/537.36 (KHTML, like Gecko) Chrome/136.0.7103.59 Mobile Safari/537.36 (compatible; Googlebot/2.1; +http://www.google.com/bot.html)"
66.249.69.71 - - [08/May/2025:06:49:51 +0100] "GET /tag/limusinas/feed/?filesrc=/var/www/sitiomodelo__usr86/data/www/sitiomodelo.info/wp-comments-post.php&path=/var/www/sitiomodelo__usr86/data/www/sitiomodelo.info HTTP/1.1" 200 3454 "-" "Mozilla/5.0 (Linux; Android 6.0.1; Nexus 5X Build/MMB29P) AppleWebKit/537.36 (KHTML, like Gecko) Chrome/136.0.7103.59 Mobile Safari/537.36 (compatible; GoogleOther)"
2a06:98c0:3600::103 - - [08/May/2025:06:50:44 +0100] "GET /wp-admin/setup-config.php HTTP/1.1" 200 7803 "-" "Mozilla/5.0 (Windows NT 10.0; Win64; x64) AppleWebKit/537.36 (KHTML, like Gecko) Chrome/135.0.0.0 Safari/537.36"
170.106.179.68 - - [08/May/2025:06:51:02 +0100] "GET /?path=/var/www HTTP/1.1" 200 3619 "-" "Mozilla/5.0 (iPhone; CPU iPhone OS 13_2_3 like Mac OS X) AppleWebKit/605.1.15 (KHTML, like Gecko) Version/13.0.3 Mobile/15E148 Safari/604.1"
2a06:98c0:3600::103 - - [08/May/2025:06:51:46 +0100] "GET /wp-admin/setup-config.php HTTP/1.1" 200 7803 "-" "Mozilla/5.0 (Windows NT 10.0; Win64; x64) AppleWebKit/537.36 (KHTML, like Gecko) Chrome/135.0.0.0 Safari/537.36"
2a06:98c0:3600::103 - - [08/May/2025:06:52:38 +0100] "GET /wordpress/wp-admin/setup-config.php HTTP/1.1" 404 47 "-" "Mozilla/5.0 (Windows NT 10.0; Win64; x64) AppleWebKit/537.36 (KHTML, like Gecko) Chrome/135.0.0.0 Safari/537.36"
2a06:98c0:3600::103 - - [08/May/2025:06:52:48 +0100] "GET /wordpress/wp-admin/setup-config.php HTTP/1.1" 404 47 "-" "Mozilla/5.0 (Windows NT 10.0; Win64; x64) AppleWebKit/537.36 (KHTML, like Gecko) Chrome/135.0.0.0 Safari/537.36"
66.249.69.69 - - [08/May/2025:06:54:17 +0100] "GET /precios/?filesrc=/var/www/sitiomodelo__usr86/data/www/sitiomodelo.info/wp-22.php&path=/var/www/sitiomodelo__usr86/data/www/sitiomodelo.info HTTP/1.1" 200 24938 "-" "Mozilla/5.0 (Linux; Android 6.0.1; Nexus 5X Build/MMB29P) AppleWebKit/537.36 (KHTML, like Gecko) Chrome/136.0.7103.59 Mobile Safari/537.36 (compatible; Googlebot/2.1; +http://www.google.com/bot.html)"
66.249.69.70 - - [08/May/2025:06:54:43 +0100] "GET /tag/limusinas/feed/?filesrc=/var/www/sitiomodelo__usr86/data/www/sitiomodelo.info/index.php&path=/var/www/sitiomodelo__usr86/data/www/sitiomodelo.info HTTP/1.1" 200 2506 "-" "Mozilla/5.0 (Linux; Android 6.0.1; Nexus 5X Build/MMB29P) AppleWebKit/537.36 (KHTML, like Gecko) Chrome/136.0.7103.59 Mobile Safari/537.36 (compatible; GoogleOther)"
185.224.129.228 - - [08/May/2025:06:56:07 +0100] "GET / HTTP/1.1" 200 29323 "-" "Mozilla/5.0 (X11; Linux x86_64) AppleWebKit/537.36 (KHTML, like Gecko) Chrome/44.0.2403.157 Safari/537.36"
43.153.35.128 - - [08/May/2025:06:56:09 +0100] "GET / HTTP/1.1" 200 4069 "-" "Mozilla/5.0 (iPhone; CPU iPhone OS 13_2_3 like Mac OS X) AppleWebKit/605.1.15 (KHTML, like Gecko) Version/13.0.3 Mobile/15E148 Safari/604.1"
66.249.69.69 - - [08/May/2025:06:56:22 +0100] "GET /precios/?path=/var/www/sitiomodelo__usr86/data/www/sitiomodelo.info/wp-content&aksi=buatfile HTTP/1.1" 200 22480 "-" "Mozilla/5.0 (Linux; Android 6.0.1; Nexus 5X Build/MMB29P) AppleWebKit/537.36 (KHTML, like Gecko) Chrome/136.0.7103.59 Mobile Safari/537.36 (compatible; GoogleOther)"
66.249.69.70 - - [08/May/2025:06:59:35 +0100] "GET /tag/limusinas/feed/?filesrc=/var/www/sitiomodelo__usr86/data/www/sitiomodelo.info/readme.html&path=/var/www/sitiomodelo__usr86/data/www/sitiomodelo.info HTTP/1.1" 200 5748 "-" "Mozilla/5.0 (Linux; Android 6.0.1; Nexus 5X Build/MMB29P) AppleWebKit/537.36 (KHTML, like Gecko) Chrome/136.0.7103.59 Mobile Safari/537.36 (compatible; GoogleOther)"
185.224.129.228 - - [08/May/2025:07:00:07 +0100] "GET / HTTP/1.1" 200 29323 "-" "Mozilla/5.0 (X11; Linux x86_64) AppleWebKit/537.36 (KHTML, like Gecko) Chrome/44.0.2403.157 Safari/537.36"
66.249.69.71 - - [08/May/2025:07:00:17 +0100] "GET /precios/?filesrc=/var/www/sitiomodelo__usr86/data/www/sitiomodelo.info/autoload_classmap.php&path=/var/www/sitiomodelo__usr86/data/www/sitiomodelo.info HTTP/1.1" 200 24002 "-" "Mozilla/5.0 (Linux; Android 6.0.1; Nexus 5X Build/MMB29P) AppleWebKit/537.36 (KHTML, like Gecko) Chrome/136.0.7103.59 Mobile Safari/537.36 (compatible; Googlebot/2.1; +http://www.google.com/bot.html)"
43.155.195.141 - - [08/May/2025:07:01:13 +0100] "GET / HTTP/1.1" 200 29305 "-" "Mozilla/5.0 (iPhone; CPU iPhone OS 13_2_3 like Mac OS X) AppleWebKit/605.1.15 (KHTML, like Gecko) Version/13.0.3 Mobile/15E148 Safari/604.1"
43.166.237.57 - - [08/May/2025:07:02:04 +0100] "GET /?keluar=true HTTP/1.1" 200 4069 "-" "Mozilla/5.0 (iPhone; CPU iPhone OS 13_2_3 like Mac OS X) AppleWebKit/605.1.15 (KHTML, like Gecko) Version/13.0.3 Mobile/15E148 Safari/604.1"
66.249.69.70 - - [08/May/2025:07:04:27 +0100] "GET /tag/limusinas/feed/?filesrc=/var/www/sitiomodelo__usr86/data/www/sitiomodelo.info/link.php&path=/var/www/sitiomodelo__usr86/data/www/sitiomodelo.info HTTP/1.1" 200 2518 "-" "Mozilla/5.0 (Linux; Android 6.0.1; Nexus 5X Build/MMB29P) AppleWebKit/537.36 (KHTML, like Gecko) Chrome/136.0.7103.59 Mobile Safari/537.36 (compatible; GoogleOther)"
54.36.148.165 - - [08/May/2025:07:05:16 +0100] "GET /robots.txt HTTP/1.1" 200 4144 "-" "Mozilla/5.0 (compatible; AhrefsBot/7.0; +http://ahrefs.com/robot/)"
54.36.148.44 - - [08/May/2025:07:05:17 +0100] "GET /tag/microbuses-para-excursiones/ HTTP/1.1" 200 19058 "-" "Mozilla/5.0 (compatible; AhrefsBot/7.0; +http://ahrefs.com/robot/)"
66.249.69.70 - - [08/May/2025:07:06:18 +0100] "GET /precios/?path=/ HTTP/1.1" 200 22591 "-" "Mozilla/5.0 (Linux; Android 6.0.1; Nexus 5X Build/MMB29P) AppleWebKit/537.36 (KHTML, like Gecko) Chrome/136.0.7103.59 Mobile Safari/537.36 (compatible; Googlebot/2.1; +http://www.google.com/bot.html)"
196.251.118.109 - - [08/May/2025:07:07:06 +0100] "GET / HTTP/1.1" 200 29323 "-" "Mozilla/5.0 (Windows NT 10.0; Win64; x64) AppleWebKit/537.36 (KHTML, like Gecko) Chrome/88.0.4240.193 Safari/537.36"
196.251.118.109 - - [08/May/2025:07:07:07 +0100] "GET / HTTP/1.1" 200 29323 "-" "Mozilla/5.0 (Windows NT 10.0; Win64; x64) AppleWebKit/537.36 (KHTML, like Gecko) Chrome/88.0.4240.193 Safari/537.36"
196.251.118.109 - - [08/May/2025:07:07:07 +0100] "GET /wp-includes/wlwmanifest.xml HTTP/1.1" 200 17434 "-" "Mozilla/5.0 (Windows NT 10.0; Win64; x64) AppleWebKit/537.36 (KHTML, like Gecko) Chrome/88.0.4240.193 Safari/537.36"
196.251.118.109 - - [08/May/2025:07:07:07 +0100] "GET /?author=1 HTTP/1.1" 200 17434 "-" "Mozilla/5.0 (Windows NT 10.0; Win64; x64) AppleWebKit/537.36 (KHTML, like Gecko) Chrome/88.0.4240.193 Safari/537.36"
196.251.118.109 - - [08/May/2025:07:07:07 +0100] "GET /?author=2 HTTP/1.1" 200 4069 "-" "Mozilla/5.0 (Windows NT 10.0; Win64; x64) AppleWebKit/537.36 (KHTML, like Gecko) Chrome/88.0.4240.193 Safari/537.36"
196.251.118.109 - - [08/May/2025:07:07:07 +0100] "GET /?author=3 HTTP/1.1" 200 4069 "-" "Mozilla/5.0 (Windows NT 10.0; Win64; x64) AppleWebKit/537.36 (KHTML, like Gecko) Chrome/88.0.4240.193 Safari/537.36"
196.251.118.109 - - [08/May/2025:07:07:07 +0100] "GET /wp-json/wp/v2/users/ HTTP/1.1" 200 4527 "-" "Mozilla/5.0 (Windows NT 10.0; Win64; x64) AppleWebKit/537.36 (KHTML, like Gecko) Chrome/88.0.4240.193 Safari/537.36"
196.251.118.109 - - [08/May/2025:07:07:07 +0100] "POST /xmlrpc.php HTTP/1.1" 200 4239 "-" "Mozilla/5.0 (Windows NT 10.0; Win64; x64) AppleWebKit/537.36 (KHTML, like Gecko) Chrome/88.0.4240.193 Safari/537.36"
196.251.118.109 - - [08/May/2025:07:07:07 +0100] "POST /xmlrpc.php HTTP/1.1" 200 4239 "-" "Mozilla/5.0 (Windows NT 10.0; Win64; x64) AppleWebKit/537.36 (KHTML, like Gecko) Chrome/88.0.4240.193 Safari/537.36"
196.251.118.109 - - [08/May/2025:07:07:07 +0100] "POST /xmlrpc.php HTTP/1.1" 200 4280 "-" "Mozilla/5.0 (Windows NT 10.0; Win64; x64) AppleWebKit/537.36 (KHTML, like Gecko) Chrome/88.0.4240.193 Safari/537.36"
196.251.118.109 - - [08/May/2025:07:07:07 +0100] "POST /xmlrpc.php HTTP/1.1" 200 4280 "-" "Mozilla/5.0 (Windows NT 10.0; Win64; x64) AppleWebKit/537.36 (KHTML, like Gecko) Chrome/88.0.4240.193 Safari/537.36"
196.251.118.109 - - [08/May/2025:07:07:08 +0100] "POST /xmlrpc.php HTTP/1.1" 200 4239 "-" "Mozilla/5.0 (Windows NT 10.0; Win64; x64) AppleWebKit/537.36 (KHTML, like Gecko) Chrome/88.0.4240.193 Safari/537.36"
196.251.118.109 - - [08/May/2025:07:07:08 +0100] "POST /xmlrpc.php HTTP/1.1" 200 4280 "-" "Mozilla/5.0 (Windows NT 10.0; Win64; x64) AppleWebKit/537.36 (KHTML, like Gecko) Chrome/88.0.4240.193 Safari/537.36"
196.251.118.109 - - [08/May/2025:07:07:08 +0100] "POST /xmlrpc.php HTTP/1.1" 200 4280 "-" "Mozilla/5.0 (Windows NT 10.0; Win64; x64) AppleWebKit/537.36 (KHTML, like Gecko) Chrome/88.0.4240.193 Safari/537.36"
196.251.118.109 - - [08/May/2025:07:07:08 +0100] "POST /xmlrpc.php HTTP/1.1" 200 4280 "-" "Mozilla/5.0 (Windows NT 10.0; Win64; x64) AppleWebKit/537.36 (KHTML, like Gecko) Chrome/88.0.4240.193 Safari/537.36"
196.251.118.109 - - [08/May/2025:07:07:08 +0100] "POST /xmlrpc.php HTTP/1.1" 200 4280 "-" "Mozilla/5.0 (Windows NT 10.0; Win64; x64) AppleWebKit/537.36 (KHTML, like Gecko) Chrome/88.0.4240.193 Safari/537.36"
196.251.118.109 - - [08/May/2025:07:07:08 +0100] "POST /xmlrpc.php HTTP/1.1" 200 4280 "-" "Mozilla/5.0 (Windows NT 10.0; Win64; x64) AppleWebKit/537.36 (KHTML, like Gecko) Chrome/88.0.4240.193 Safari/537.36"
196.251.118.109 - - [08/May/2025:07:07:08 +0100] "POST /xmlrpc.php HTTP/1.1" 200 4280 "-" "Mozilla/5.0 (Windows NT 10.0; Win64; x64) AppleWebKit/537.36 (KHTML, like Gecko) Chrome/88.0.4240.193 Safari/537.36"
196.251.118.109 - - [08/May/2025:07:07:09 +0100] "POST /xmlrpc.php HTTP/1.1" 200 4280 "-" "Mozilla/5.0 (Windows NT 10.0; Win64; x64) AppleWebKit/537.36 (KHTML, like Gecko) Chrome/88.0.4240.193 Safari/537.36"
196.251.118.109 - - [08/May/2025:07:07:09 +0100] "POST /xmlrpc.php HTTP/1.1" 200 4280 "-" "Mozilla/5.0 (Windows NT 10.0; Win64; x64) AppleWebKit/537.36 (KHTML, like Gecko) Chrome/88.0.4240.193 Safari/537.36"
196.251.118.109 - - [08/May/2025:07:07:09 +0100] "POST /xmlrpc.php HTTP/1.1" 200 4280 "-" "Mozilla/5.0 (Windows NT 10.0; Win64; x64) AppleWebKit/537.36 (KHTML, like Gecko) Chrome/88.0.4240.193 Safari/537.36"
196.251.118.109 - - [08/May/2025:07:07:09 +0100] "POST /xmlrpc.php HTTP/1.1" 200 4280 "-" "Mozilla/5.0 (Windows NT 10.0; Win64; x64) AppleWebKit/537.36 (KHTML, like Gecko) Chrome/88.0.4240.193 Safari/537.36"
196.251.118.109 - - [08/May/2025:07:07:09 +0100] "POST /xmlrpc.php HTTP/1.1" 200 4280 "-" "Mozilla/5.0 (Windows NT 10.0; Win64; x64) AppleWebKit/537.36 (KHTML, like Gecko) Chrome/88.0.4240.193 Safari/537.36"
196.251.118.109 - - [08/May/2025:07:07:09 +0100] "POST /xmlrpc.php HTTP/1.1" 200 4280 "-" "Mozilla/5.0 (Windows NT 10.0; Win64; x64) AppleWebKit/537.36 (KHTML, like Gecko) Chrome/88.0.4240.193 Safari/537.36"
196.251.118.109 - - [08/May/2025:07:07:09 +0100] "POST /xmlrpc.php HTTP/1.1" 200 4280 "-" "Mozilla/5.0 (Windows NT 10.0; Win64; x64) AppleWebKit/537.36 (KHTML, like Gecko) Chrome/88.0.4240.193 Safari/537.36"
196.251.118.109 - - [08/May/2025:07:07:09 +0100] "POST /xmlrpc.php HTTP/1.1" 200 4280 "-" "Mozilla/5.0 (Windows NT 10.0; Win64; x64) AppleWebKit/537.36 (KHTML, like Gecko) Chrome/88.0.4240.193 Safari/537.36"
196.251.118.109 - - [08/May/2025:07:07:10 +0100] "POST /xmlrpc.php HTTP/1.1" 200 4280 "-" "Mozilla/5.0 (Windows NT 10.0; Win64; x64) AppleWebKit/537.36 (KHTML, like Gecko) Chrome/88.0.4240.193 Safari/537.36"
196.251.118.109 - - [08/May/2025:07:07:10 +0100] "POST /xmlrpc.php HTTP/1.1" 200 4280 "-" "Mozilla/5.0 (Windows NT 10.0; Win64; x64) AppleWebKit/537.36 (KHTML, like Gecko) Chrome/88.0.4240.193 Safari/537.36"
196.251.118.109 - - [08/May/2025:07:07:10 +0100] "POST /xmlrpc.php HTTP/1.1" 200 4280 "-" "Mozilla/5.0 (Windows NT 10.0; Win64; x64) AppleWebKit/537.36 (KHTML, like Gecko) Chrome/88.0.4240.193 Safari/537.36"
196.251.118.109 - - [08/May/2025:07:07:10 +0100] "POST /xmlrpc.php HTTP/1.1" 200 4280 "-" "Mozilla/5.0 (Windows NT 10.0; Win64; x64) AppleWebKit/537.36 (KHTML, like Gecko) Chrome/88.0.4240.193 Safari/537.36"
196.251.118.109 - - [08/May/2025:07:07:10 +0100] "POST /xmlrpc.php HTTP/1.1" 200 4280 "-" "Mozilla/5.0 (Windows NT 10.0; Win64; x64) AppleWebKit/537.36 (KHTML, like Gecko) Chrome/88.0.4240.193 Safari/537.36"
196.251.118.109 - - [08/May/2025:07:07:10 +0100] "POST /xmlrpc.php HTTP/1.1" 200 4280 "-" "Mozilla/5.0 (Windows NT 10.0; Win64; x64) AppleWebKit/537.36 (KHTML, like Gecko) Chrome/88.0.4240.193 Safari/537.36"
196.251.118.109 - - [08/May/2025:07:07:10 +0100] "POST /xmlrpc.php HTTP/1.1" 200 4280 "-" "Mozilla/5.0 (Windows NT 10.0; Win64; x64) AppleWebKit/537.36 (KHTML, like Gecko) Chrome/88.0.4240.193 Safari/537.36"
196.251.118.109 - - [08/May/2025:07:07:10 +0100] "POST /xmlrpc.php HTTP/1.1" 200 4280 "-" "Mozilla/5.0 (Windows NT 10.0; Win64; x64) AppleWebKit/537.36 (KHTML, like Gecko) Chrome/88.0.4240.193 Safari/537.36"
196.251.118.109 - - [08/May/2025:07:07:11 +0100] "POST /xmlrpc.php HTTP/1.1" 200 4280 "-" "Mozilla/5.0 (Windows NT 10.0; Win64; x64) AppleWebKit/537.36 (KHTML, like Gecko) Chrome/88.0.4240.193 Safari/537.36"
196.251.118.109 - - [08/May/2025:07:07:11 +0100] "POST /xmlrpc.php HTTP/1.1" 200 4280 "-" "Mozilla/5.0 (Windows NT 10.0; Win64; x64) AppleWebKit/537.36 (KHTML, like Gecko) Chrome/88.0.4240.193 Safari/537.36"
196.251.118.109 - - [08/May/2025:07:07:11 +0100] "POST /xmlrpc.php HTTP/1.1" 200 4280 "-" "Mozilla/5.0 (Windows NT 10.0; Win64; x64) AppleWebKit/537.36 (KHTML, like Gecko) Chrome/88.0.4240.193 Safari/537.36"
196.251.118.109 - - [08/May/2025:07:07:11 +0100] "POST /xmlrpc.php HTTP/1.1" 200 4280 "-" "Mozilla/5.0 (Windows NT 10.0; Win64; x64) AppleWebKit/537.36 (KHTML, like Gecko) Chrome/88.0.4240.193 Safari/537.36"
196.251.118.109 - - [08/May/2025:07:07:11 +0100] "POST /xmlrpc.php HTTP/1.1" 200 4280 "-" "Mozilla/5.0 (Windows NT 10.0; Win64; x64) AppleWebKit/537.36 (KHTML, like Gecko) Chrome/88.0.4240.193 Safari/537.36"
196.251.118.109 - - [08/May/2025:07:07:11 +0100] "POST /xmlrpc.php HTTP/1.1" 200 4280 "-" "Mozilla/5.0 (Windows NT 10.0; Win64; x64) AppleWebKit/537.36 (KHTML, like Gecko) Chrome/88.0.4240.193 Safari/537.36"
196.251.118.109 - - [08/May/2025:07:07:11 +0100] "POST /xmlrpc.php HTTP/1.1" 200 4280 "-" "Mozilla/5.0 (Windows NT 10.0; Win64; x64) AppleWebKit/537.36 (KHTML, like Gecko) Chrome/88.0.4240.193 Safari/537.36"
196.251.118.109 - - [08/May/2025:07:07:12 +0100] "POST /xmlrpc.php HTTP/1.1" 200 4280 "-" "Mozilla/5.0 (Windows NT 10.0; Win64; x64) AppleWebKit/537.36 (KHTML, like Gecko) Chrome/88.0.4240.193 Safari/537.36"
196.251.118.109 - - [08/May/2025:07:07:12 +0100] "POST /xmlrpc.php HTTP/1.1" 200 4280 "-" "Mozilla/5.0 (Windows NT 10.0; Win64; x64) AppleWebKit/537.36 (KHTML, like Gecko) Chrome/88.0.4240.193 Safari/537.36"
