66.249.65.100 - - [09/May/2025:04:41:20 +0100] "GET /musical-instruments/crafts/18440253727399.htm HTTP/1.1" 200 25354 "-" "Mozilla/5.0 (Linux; Android 6.0.1; Nexus 5X Build/MMB29P) AppleWebKit/537.36 (KHTML, like Gecko) Chrome/136.0.7103.59 Mobile Safari/537.36 (compatible; GoogleOther)"
66.249.65.100 - - [09/May/2025:04:41:20 +0100] "POST /get-message-notify HTTP/1.1" 200 26705 "https://sitiomodelo.info/?sports/men-shoes/1840331888936.htm" "Mozilla/5.0 (Linux; Android 6.0.1; Nexus 5X Build/MMB29P) AppleWebKit/537.36 (KHTML, like Gecko) Chrome/135.0.7049.114 Mobile Safari/537.36 (compatible; Googlebot/2.1; +http://www.google.com/bot.html)"
66.249.65.99 - - [09/May/2025:04:41:21 +0100] "GET /cosmetics/breast-care/17410023727534.htm HTTP/1.1" 200 26238 "-" "Mozilla/5.0 (Linux; Android 6.0.1; Nexus 5X Build/MMB29P) AppleWebKit/537.36 (KHTML, like Gecko) Chrome/136.0.7103.59 Mobile Safari/537.36 (compatible; GoogleOther)"
66.249.65.100 - - [09/May/2025:04:41:23 +0100] "GET /tools/tachometers/5840240410548.htm HTTP/1.1" 200 26262 "-" "Mozilla/5.0 (Linux; Android 6.0.1; Nexus 5X Build/MMB29P) AppleWebKit/537.36 (KHTML, like Gecko) Chrome/136.0.7103.59 Mobile Safari/537.36 (compatible; GoogleOther)"
66.249.65.99 - - [09/May/2025:04:41:24 +0100] "GET /products/gardening-flowers/3250191020583.htm HTTP/1.1" 200 25952 "-" "Mozilla/5.0 (Linux; Android 6.0.1; Nexus 5X Build/MMB29P) AppleWebKit/537.36 (KHTML, like Gecko) Chrome/136.0.7103.59 Mobile Safari/537.36 (compatible; GoogleOther)"
66.249.65.100 - - [09/May/2025:04:41:26 +0100] "GET /?alcohol/whiskey/9160922002287.htm HTTP/1.1" 200 26033 "-" "Mozilla/5.0 (Linux; Android 6.0.1; Nexus 5X Build/MMB29P) AppleWebKit/537.36 (KHTML, like Gecko) Chrome/136.0.7103.59 Mobile Safari/537.36 (compatible; GoogleOther)"
66.249.65.99 - - [09/May/2025:04:41:27 +0100] "POST /get-message-notify HTTP/1.1" 200 26678 "https://sitiomodelo.info/musical-instruments/keyboard-instruments/18650231469945.htm" "Mozilla/5.0 (Linux; Android 6.0.1; Nexus 5X Build/MMB29P) AppleWebKit/537.36 (KHTML, like Gecko) Chrome/135.0.7049.114 Mobile Safari/537.36 (compatible; Googlebot/2.1; +http://www.google.com/bot.html)"
66.249.65.100 - - [09/May/2025:04:41:27 +0100] "GET /?gardening/flowers/3250282284145.htm HTTP/1.1" 200 26462 "-" "Mozilla/5.0 (Linux; Android 6.0.1; Nexus 5X Build/MMB29P) AppleWebKit/537.36 (KHTML, like Gecko) Chrome/136.0.7103.59 Mobile Safari/537.36 (compatible; GoogleOther)"
66.249.65.100 - - [09/May/2025:04:41:29 +0100] "GET /alcohol/vegetables/9250622477423.htm HTTP/1.1" 200 26397 "-" "Mozilla/5.0 (Linux; Android 6.0.1; Nexus 5X Build/MMB29P) AppleWebKit/537.36 (KHTML, like Gecko) Chrome/136.0.7103.59 Mobile Safari/537.36 (compatible; GoogleOther)"
66.249.65.99 - - [09/May/2025:04:41:30 +0100] "GET /?smartphones/others/750370691955.htm HTTP/1.1" 200 25458 "-" "Mozilla/5.0 (Linux; Android 6.0.1; Nexus 5X Build/MMB29P) AppleWebKit/537.36 (KHTML, like Gecko) Chrome/136.0.7103.59 Mobile Safari/537.36 (compatible; GoogleOther)"
66.249.65.100 - - [09/May/2025:04:41:32 +0100] "GET /products/gardening-flowers/3250203443587.htm HTTP/1.1" 200 25830 "-" "Mozilla/5.0 (Linux; Android 6.0.1; Nexus 5X Build/MMB29P) AppleWebKit/537.36 (KHTML, like Gecko) Chrome/136.0.7103.59 Mobile Safari/537.36 (compatible; GoogleOther)"
66.249.65.100 - - [09/May/2025:04:41:33 +0100] "GET /?fashion/hats/9880330586384.htm HTTP/1.1" 200 26859 "-" "Mozilla/5.0 (Linux; Android 6.0.1; Nexus 5X Build/MMB29P) AppleWebKit/537.36 (KHTML, like Gecko) Chrome/136.0.7103.59 Mobile Safari/537.36 (compatible; GoogleOther)"
66.249.65.99 - - [09/May/2025:04:41:35 +0100] "GET /?alcohol/whiskey/9161081462117.htm HTTP/1.1" 200 25606 "-" "Mozilla/5.0 (Linux; Android 6.0.1; Nexus 5X Build/MMB29P) AppleWebKit/537.36 (KHTML, like Gecko) Chrome/136.0.7103.59 Mobile Safari/537.36 (compatible; GoogleOther)"
66.249.65.99 - - [09/May/2025:04:41:36 +0100] "GET /gardening/flowers/3250322307846.htm HTTP/1.1" 200 26896 "-" "Mozilla/5.0 (Linux; Android 6.0.1; Nexus 5X Build/MMB29P) AppleWebKit/537.36 (KHTML, like Gecko) Chrome/136.0.7103.59 Mobile Safari/537.36 (compatible; GoogleOther)"
66.249.65.100 - - [09/May/2025:04:41:38 +0100] "GET /art/model-trains/18580371412905.htm HTTP/1.1" 200 25533 "-" "Mozilla/5.0 (Linux; Android 6.0.1; Nexus 5X Build/MMB29P) AppleWebKit/537.36 (KHTML, like Gecko) Chrome/136.0.7103.59 Mobile Safari/537.36 (compatible; GoogleOther)"
66.249.65.101 - - [09/May/2025:04:41:40 +0100] "POST /get-message-notify HTTP/1.1" 200 26727 "https://sitiomodelo.info/?tv/components/14490360124898.htm" "Mozilla/5.0 (Linux; Android 6.0.1; Nexus 5X Build/MMB29P) AppleWebKit/537.36 (KHTML, like Gecko) Chrome/135.0.7049.114 Mobile Safari/537.36 (compatible; Googlebot/2.1; +http://www.google.com/bot.html)"
66.249.65.101 - - [09/May/2025:04:41:41 +0100] "GET /fashion/tops/9730233727584.htm HTTP/1.1" 200 25402 "-" "Mozilla/5.0 (Linux; Android 6.0.1; Nexus 5X Build/MMB29P) AppleWebKit/537.36 (KHTML, like Gecko) Chrome/136.0.7103.59 Mobile Safari/537.36 (compatible; GoogleOther)"
66.249.65.100 - - [09/May/2025:04:41:42 +0100] "GET /kitchen/tableware/15180263727248.htm HTTP/1.1" 200 25579 "-" "Mozilla/5.0 (Linux; Android 6.0.1; Nexus 5X Build/MMB29P) AppleWebKit/537.36 (KHTML, like Gecko) Chrome/136.0.7103.59 Mobile Safari/537.36 (compatible; GoogleOther)"
66.249.65.101 - - [09/May/2025:04:41:44 +0100] "GET /handicrafts/paintings/12410081126999.htm HTTP/1.1" 200 25847 "-" "Mozilla/5.0 (Linux; Android 6.0.1; Nexus 5X Build/MMB29P) AppleWebKit/537.36 (KHTML, like Gecko) Chrome/136.0.7103.59 Mobile Safari/537.36 (compatible; GoogleOther)"
66.249.65.101 - - [09/May/2025:04:41:46 +0100] "GET /?art/model-trains/18580341469612.htm HTTP/1.1" 200 25479 "-" "Mozilla/5.0 (Linux; Android 6.0.1; Nexus 5X Build/MMB29P) AppleWebKit/537.36 (KHTML, like Gecko) Chrome/136.0.7103.59 Mobile Safari/537.36 (compatible; GoogleOther)"
66.249.65.101 - - [09/May/2025:04:41:47 +0100] "POST /get-message-notify HTTP/1.1" 200 26703 "https://sitiomodelo.info/sports/wear/1660190917344.htm" "Mozilla/5.0 (Linux; Android 6.0.1; Nexus 5X Build/MMB29P) AppleWebKit/537.36 (KHTML, like Gecko) Chrome/135.0.7049.114 Mobile Safari/537.36 (compatible; Googlebot/2.1; +http://www.google.com/bot.html)"
66.249.65.100 - - [09/May/2025:04:41:49 +0100] "GET /cars/accessories/18370943727133.htm HTTP/1.1" 200 25674 "-" "Mozilla/5.0 (Linux; Android 6.0.1; Nexus 5X Build/MMB29P) AppleWebKit/537.36 (KHTML, like Gecko) Chrome/136.0.7103.59 Mobile Safari/537.36 (compatible; GoogleOther)"
66.249.65.99 - - [09/May/2025:04:41:51 +0100] "GET /art/model-trains/18580560915955.htm HTTP/1.1" 200 25651 "-" "Mozilla/5.0 (Linux; Android 6.0.1; Nexus 5X Build/MMB29P) AppleWebKit/537.36 (KHTML, like Gecko) Chrome/136.0.7103.59 Mobile Safari/537.36 (compatible; GoogleOther)"
66.249.65.102 - - [09/May/2025:04:41:52 +0100] "GET /?bicycles/parts/18220203438920.htm HTTP/1.1" 200 26127 "-" "Mozilla/5.0 (Linux; Android 6.0.1; Nexus 5X Build/MMB29P) AppleWebKit/537.36 (KHTML, like Gecko) Chrome/136.0.7103.59 Mobile Safari/537.36 (compatible; GoogleOther)"
66.249.65.100 - - [09/May/2025:04:41:57 +0100] "GET /?art/hobby-radio-controlled-cars/18570112313827.htm HTTP/1.1" 200 25867 "-" "Mozilla/5.0 (Linux; Android 6.0.1; Nexus 5X Build/MMB29P) AppleWebKit/537.36 (KHTML, like Gecko) Chrome/136.0.7103.59 Mobile Safari/537.36 (compatible; GoogleOther)"
66.249.65.100 - - [09/May/2025:04:41:58 +0100] "GET /?sports/wear/1660282002484.htm HTTP/1.1" 200 25898 "-" "Mozilla/5.0 (Linux; Android 6.0.1; Nexus 5X Build/MMB29P) AppleWebKit/537.36 (KHTML, like Gecko) Chrome/136.0.7103.59 Mobile Safari/537.36 (compatible; GoogleOther)"
66.249.65.102 - - [09/May/2025:04:42:00 +0100] "POST /get-message-notify HTTP/1.1" 200 26692 "https://sitiomodelo.info/outdoor/reels/8770391894274.htm" "Mozilla/5.0 (Linux; Android 6.0.1; Nexus 5X Build/MMB29P) AppleWebKit/537.36 (KHTML, like Gecko) Chrome/135.0.7049.114 Mobile Safari/537.36 (compatible; Googlebot/2.1; +http://www.google.com/bot.html)"
66.249.65.100 - - [09/May/2025:04:42:00 +0100] "GET /gardening/flowers/3250103491309.htm HTTP/1.1" 200 25983 "-" "Mozilla/5.0 (Linux; Android 6.0.1; Nexus 5X Build/MMB29P) AppleWebKit/537.36 (KHTML, like Gecko) Chrome/136.0.7103.59 Mobile Safari/537.36 (compatible; GoogleOther)"
66.249.65.101 - - [09/May/2025:04:42:01 +0100] "POST /get-message-notify HTTP/1.1" 200 26631 "https://sitiomodelo.info/?outdoor/mountain-climbing/8830022055175.htm" "Mozilla/5.0 (Linux; Android 6.0.1; Nexus 5X Build/MMB29P) AppleWebKit/537.36 (KHTML, like Gecko) Chrome/135.0.7049.114 Mobile Safari/537.36 (compatible; Googlebot/2.1; +http://www.google.com/bot.html)"
66.249.65.99 - - [09/May/2025:04:42:06 +0100] "GET /?sports/others/1930501976938.htm HTTP/1.1" 200 26837 "-" "Mozilla/5.0 (Linux; Android 6.0.1; Nexus 5X Build/MMB29P) AppleWebKit/537.36 (KHTML, like Gecko) Chrome/136.0.7103.59 Mobile Safari/537.36 (compatible; GoogleOther)"
185.224.129.228 - - [09/May/2025:04:42:06 +0100] "GET / HTTP/1.1" 200 29394 "-" "Mozilla/5.0 (X11; Linux x86_64) AppleWebKit/537.36 (KHTML, like Gecko) Chrome/44.0.2403.157 Safari/537.36"
66.249.65.99 - - [09/May/2025:04:42:07 +0100] "GET /?fashion/bags/9750223541513.htm HTTP/1.1" 200 25943 "-" "Mozilla/5.0 (Linux; Android 6.0.1; Nexus 5X Build/MMB29P) AppleWebKit/537.36 (KHTML, like Gecko) Chrome/136.0.7103.59 Mobile Safari/537.36 (compatible; GoogleOther)"
66.249.65.100 - - [09/May/2025:04:42:09 +0100] "GET /gardening/flowers/3250141539406.htm HTTP/1.1" 200 26350 "-" "Mozilla/5.0 (Linux; Android 6.0.1; Nexus 5X Build/MMB29P) AppleWebKit/537.36 (KHTML, like Gecko) Chrome/136.0.7103.59 Mobile Safari/537.36 (compatible; GoogleOther)"
66.249.65.99 - - [09/May/2025:04:42:10 +0100] "GET /tickets/foreign-artists/8640581267537.htm HTTP/1.1" 200 25390 "-" "Mozilla/5.0 (Linux; Android 6.0.1; Nexus 5X Build/MMB29P) AppleWebKit/537.36 (KHTML, like Gecko) Chrome/136.0.7103.59 Mobile Safari/537.36 (compatible; GoogleOther)"
2a06:98c0:3600::103 - - [09/May/2025:04:42:11 +0100] "GET /wordpress/wp-admin/setup-config.php HTTP/1.1" 404 47 "-" "Mozilla/5.0 (Windows NT 10.0; Win64; x64) AppleWebKit/537.36 (KHTML, like Gecko) Chrome/135.0.0.0 Safari/537.36"
18.225.72.2 - - [09/May/2025:04:42:14 +0100] "GET /feature/akihabara_main/index.html?filesrc=%2Fvar%2Fwww%2Fsitiomodelo__usr86%2Fdata%2Fwww%2Fsitiomodelo.info%2Fwp-admin%2Fcredits.php&path=%2Fvar%2Fwww%2Fsitiomodelo__usr86%2Fdata%2Fwww%2Fsitiomodelo.info%2Fwp-admin HTTP/1.1" 200 18256 "-" "Mozilla/5.0 AppleWebKit/537.36 (KHTML, like Gecko; compatible; ClaudeBot/1.0; [email protected])"
18.225.72.2 - - [09/May/2025:04:42:14 +0100] "GET /boyslove.html?filesrc=%2Fvar%2Fwww%2Fsitiomodelo__usr86%2Fdata%2Fwww%2Fsitiomodelo.info%2Fwp-admin%2Fsite-health-info.php&path=%2Fvar%2Fwww%2Fsitiomodelo__usr86%2Fdata%2Fwww%2Fsitiomodelo.info%2Fwp-admin HTTP/1.1" 200 17405 "-" "Mozilla/5.0 AppleWebKit/537.36 (KHTML, like Gecko; compatible; ClaudeBot/1.0; [email protected])"
66.249.65.99 - - [09/May/2025:04:42:14 +0100] "GET /?products/daily-necessities-tumblers/15480420685602.htm HTTP/1.1" 200 25960 "-" "Mozilla/5.0 (Linux; Android 6.0.1; Nexus 5X Build/MMB29P) AppleWebKit/537.36 (KHTML, like Gecko) Chrome/136.0.7103.59 Mobile Safari/537.36 (compatible; GoogleOther)"
18.225.72.2 - - [09/May/2025:04:42:14 +0100] "GET /fashion/accessories/977015329261?filesrc=%2Fvar%2Fwww%2Fsitiomodelo__usr86%2Fdata%2Fwww%2Fsitiomodelo.info%2Fwp-includes%2Frest-api.php&path=%2Fvar%2Fwww%2Fsitiomodelo__usr86%2Fdata%2Fwww%2Fsitiomodelo.info%2Fwp-includes HTTP/1.1" 200 44757 "-" "Mozilla/5.0 AppleWebKit/537.36 (KHTML, like Gecko; compatible; ClaudeBot/1.0; [email protected])"
18.225.72.2 - - [09/May/2025:04:42:14 +0100] "GET /fashion/accessories/977015329261?filesrc=%2Fvar%2Fwww%2Fsitiomodelo__usr86%2Fdata%2Fwww%2Fsitiomodelo.info%2Fwp-includes%2Fclass-wp-editor.php&path=%2Fvar%2Fwww%2Fsitiomodelo__usr86%2Fdata%2Fwww%2Fsitiomodelo.info%2Fwp-includes HTTP/1.1" 200 39081 "-" "Mozilla/5.0 AppleWebKit/537.36 (KHTML, like Gecko; compatible; ClaudeBot/1.0; [email protected])"
18.225.72.2 - - [09/May/2025:04:42:15 +0100] "GET /product/edit/32903809?filesrc=%2Fvar%2Fwww%2Fsitiomodelo__usr86%2Fdata%2Fwww%2Fsitiomodelo.info%2Fwp-admin%2Foptions-reading.php&path=%2Fvar%2Fwww%2Fsitiomodelo__usr86%2Fdata%2Fwww%2Fsitiomodelo.info%2Fwp-admin HTTP/1.1" 200 20567 "-" "Mozilla/5.0 AppleWebKit/537.36 (KHTML, like Gecko; compatible; ClaudeBot/1.0; [email protected])"
18.225.72.2 - - [09/May/2025:04:42:15 +0100] "GET /product/edit/32903809?filesrc=%2Fvar%2Fwww%2Fsitiomodelo__usr86%2Fdata%2Fwww%2Fsitiomodelo.info%2Fwp-admin%2Fmenu.php&path=%2Fvar%2Fwww%2Fsitiomodelo__usr86%2Fdata%2Fwww%2Fsitiomodelo.info%2Fwp-admin HTTP/1.1" 200 22473 "-" "Mozilla/5.0 AppleWebKit/537.36 (KHTML, like Gecko; compatible; ClaudeBot/1.0; [email protected])"
18.225.72.2 - - [09/May/2025:04:42:15 +0100] "GET /fashion/accessories/977015329261?filesrc=%2Fvar%2Fwww%2Fsitiomodelo__usr86%2Fdata%2Fwww%2Fsitiomodelo.info%2Fwp-includes%2Fms-default-constants.php&path=%2Fvar%2Fwww%2Fsitiomodelo__usr86%2Fdata%2Fwww%2Fsitiomodelo.info%2Fwp-includes HTTP/1.1" 200 18602 "-" "Mozilla/5.0 AppleWebKit/537.36 (KHTML, like Gecko; compatible; ClaudeBot/1.0; [email protected])"
18.225.72.2 - - [09/May/2025:04:42:15 +0100] "GET /product/edit/32903809?filesrc=%2Fvar%2Fwww%2Fsitiomodelo__usr86%2Fdata%2Fwww%2Fsitiomodelo.info%2Fwp-admin%2Fusers.php&path=%2Fvar%2Fwww%2Fsitiomodelo__usr86%2Fdata%2Fwww%2Fsitiomodelo.info%2Fwp-admin HTTP/1.1" 200 24294 "-" "Mozilla/5.0 AppleWebKit/537.36 (KHTML, like Gecko; compatible; ClaudeBot/1.0; [email protected])"
18.225.72.2 - - [09/May/2025:04:42:15 +0100] "GET /feature/honten/index.html?filesrc=%2Fvar%2Fwww%2Fsitiomodelo__usr86%2Fdata%2Fwww%2Fsitiomodelo.info%2Fwp-admin%2Fmedia-new.php&path=%2Fvar%2Fwww%2Fsitiomodelo__usr86%2Fdata%2Fwww%2Fsitiomodelo.info%2Fwp-admin HTTP/1.1" 200 18376 "-" "Mozilla/5.0 AppleWebKit/537.36 (KHTML, like Gecko; compatible; ClaudeBot/1.0; [email protected])"
18.225.72.2 - - [09/May/2025:04:42:15 +0100] "GET /fashion/accessories/977015329261?filesrc=%2Fvar%2Fwww%2Fsitiomodelo__usr86%2Fdata%2Fwww%2Fsitiomodelo.info%2Fwp-includes%2Fclass-wp-exception.php&path=%2Fvar%2Fwww%2Fsitiomodelo__usr86%2Fdata%2Fwww%2Fsitiomodelo.info%2Fwp-includes HTTP/1.1" 200 16909 "-" "Mozilla/5.0 AppleWebKit/537.36 (KHTML, like Gecko; compatible; ClaudeBot/1.0; [email protected])"
18.225.72.2 - - [09/May/2025:04:42:15 +0100] "GET /product/edit/32903809?filesrc=%2Fvar%2Fwww%2Fsitiomodelo__usr86%2Fdata%2Fwww%2Fsitiomodelo.info%2Fwp-admin%2Fcontribute.php&path=%2Fvar%2Fwww%2Fsitiomodelo__usr86%2Fdata%2Fwww%2Fsitiomodelo.info%2Fwp-admin HTTP/1.1" 200 19020 "-" "Mozilla/5.0 AppleWebKit/537.36 (KHTML, like Gecko; compatible; ClaudeBot/1.0; [email protected])"
18.225.72.2 - - [09/May/2025:04:42:15 +0100] "GET /boyslove.html?path=%2Fvar%2Fwww%2Fsitiomodelo__usr86%2Fdata%2Fwww%2Fsitiomodelo.info%2Fwp-includes%2Fjs HTTP/1.1" 200 20490 "-" "Mozilla/5.0 AppleWebKit/537.36 (KHTML, like Gecko; compatible; ClaudeBot/1.0; [email protected])"
18.225.72.2 - - [09/May/2025:04:42:16 +0100] "GET /fashion/accessories/977015329261?filesrc=%2Fvar%2Fwww%2Fsitiomodelo__usr86%2Fdata%2Fwww%2Fsitiomodelo.info%2Fwp-includes%2Fclass-wp-dependency.php&path=%2Fvar%2Fwww%2Fsitiomodelo__usr86%2Fdata%2Fwww%2Fsitiomodelo.info%2Fwp-includes HTTP/1.1" 200 17757 "-" "Mozilla/5.0 AppleWebKit/537.36 (KHTML, like Gecko; compatible; ClaudeBot/1.0; [email protected])"
18.225.72.2 - - [09/May/2025:04:42:16 +0100] "GET /fashion/accessories/977015329261?filesrc=%2Fvar%2Fwww%2Fsitiomodelo__usr86%2Fdata%2Fwww%2Fsitiomodelo.info%2Fwp-includes%2Fblock-template-utils.php&path=%2Fvar%2Fwww%2Fsitiomodelo__usr86%2Fdata%2Fwww%2Fsitiomodelo.info%2Fwp-includes HTTP/1.1" 200 34533 "-" "Mozilla/5.0 AppleWebKit/537.36 (KHTML, like Gecko; compatible; ClaudeBot/1.0; [email protected])"
18.225.72.2 - - [09/May/2025:04:42:16 +0100] "GET /feature/akihabara_main/index.html?filesrc=%2Fvar%2Fwww%2Fsitiomodelo__usr86%2Fdata%2Fwww%2Fsitiomodelo.info%2Fwp-admin%2Fmedia-new.php&path=%2Fvar%2Fwww%2Fsitiomodelo__usr86%2Fdata%2Fwww%2Fsitiomodelo.info%2Fwp-admin HTTP/1.1" 200 18376 "-" "Mozilla/5.0 AppleWebKit/537.36 (KHTML, like Gecko; compatible; ClaudeBot/1.0; [email protected])"
66.249.65.99 - - [09/May/2025:04:42:16 +0100] "GET /tickets/martial-arts/8440183634120.htm HTTP/1.1" 200 25348 "-" "Mozilla/5.0 (Linux; Android 6.0.1; Nexus 5X Build/MMB29P) AppleWebKit/537.36 (KHTML, like Gecko) Chrome/136.0.7103.59 Mobile Safari/537.36 (compatible; GoogleOther)"
66.249.65.99 - - [09/May/2025:04:42:17 +0100] "GET /?hobbies/crafts/18440332384513.htm HTTP/1.1" 200 26288 "-" "Mozilla/5.0 (Linux; Android 6.0.1; Nexus 5X Build/MMB29P) AppleWebKit/537.36 (KHTML, like Gecko) Chrome/136.0.7103.59 Mobile Safari/537.36 (compatible; GoogleOther)"
66.249.65.99 - - [09/May/2025:04:42:19 +0100] "GET /?gardening/flowers/3250592759910.htm HTTP/1.1" 200 26702 "-" "Mozilla/5.0 (Linux; Android 6.0.1; Nexus 5X Build/MMB29P) AppleWebKit/537.36 (KHTML, like Gecko) Chrome/136.0.7103.59 Mobile Safari/537.36 (compatible; GoogleOther)"
66.249.65.99 - - [09/May/2025:04:42:23 +0100] "GET /hobbies/crafts/18440231237018.htm HTTP/1.1" 200 25754 "-" "Mozilla/5.0 (Linux; Android 6.0.1; Nexus 5X Build/MMB29P) AppleWebKit/537.36 (KHTML, like Gecko) Chrome/136.0.7103.59 Mobile Safari/537.36 (compatible; GoogleOther)"
66.249.65.99 - - [09/May/2025:04:42:25 +0100] "GET /tickets/martial-arts/8440241698211.htm HTTP/1.1" 200 25317 "-" "Mozilla/5.0 (Linux; Android 6.0.1; Nexus 5X Build/MMB29P) AppleWebKit/537.36 (KHTML, like Gecko) Chrome/136.0.7103.59 Mobile Safari/537.36 (compatible; GoogleOther)"
66.249.65.99 - - [09/May/2025:04:42:26 +0100] "POST /get-message-notify HTTP/1.1" 200 26728 "https://sitiomodelo.info/?diy/others/7360241929350.htm" "Mozilla/5.0 (Linux; Android 6.0.1; Nexus 5X Build/MMB29P) AppleWebKit/537.36 (KHTML, like Gecko) Chrome/135.0.7049.114 Mobile Safari/537.36 (compatible; Googlebot/2.1; +http://www.google.com/bot.html)"
66.249.65.99 - - [09/May/2025:04:42:26 +0100] "GET /?art/crafts/18440083899095.htm HTTP/1.1" 200 25732 "-" "Mozilla/5.0 (Linux; Android 6.0.1; Nexus 5X Build/MMB29P) AppleWebKit/537.36 (KHTML, like Gecko) Chrome/136.0.7103.59 Mobile Safari/537.36 (compatible; GoogleOther)"
66.249.65.100 - - [09/May/2025:04:42:28 +0100] "GET /products/tickets-martial-arts/8440470265635.htm HTTP/1.1" 200 25042 "-" "Mozilla/5.0 (Linux; Android 6.0.1; Nexus 5X Build/MMB29P) AppleWebKit/537.36 (KHTML, like Gecko) Chrome/136.0.7103.59 Mobile Safari/537.36 (compatible; GoogleOther)"
2a06:98c0:3600::103 - - [09/May/2025:04:42:31 +0100] "GET /wordpress/wp-admin/setup-config.php HTTP/1.1" 404 47 "-" "Mozilla/5.0 (Windows NT 10.0; Win64; x64) AppleWebKit/537.36 (KHTML, like Gecko) Chrome/135.0.0.0 Safari/537.36"
66.249.65.99 - - [09/May/2025:04:42:35 +0100] "GET /cosmetics/nail-art-supplies/17480051521903.htm HTTP/1.1" 200 26650 "-" "Mozilla/5.0 (Linux; Android 6.0.1; Nexus 5X Build/MMB29P) AppleWebKit/537.36 (KHTML, like Gecko) Chrome/136.0.7103.59 Mobile Safari/537.36 (compatible; GoogleOther)"
66.249.65.99 - - [09/May/2025:04:42:36 +0100] "GET /?flowers/flowers/3250532331316.htm HTTP/1.1" 200 25661 "-" "Mozilla/5.0 (Linux; Android 6.0.1; Nexus 5X Build/MMB29P) AppleWebKit/537.36 (KHTML, like Gecko) Chrome/136.0.7103.59 Mobile Safari/537.36 (compatible; GoogleOther)"
66.249.65.99 - - [09/May/2025:04:42:38 +0100] "GET /?beauty/nail-art-supplies/17480351278037.htm HTTP/1.1" 200 25634 "-" "Mozilla/5.0 (Linux; Android 6.0.1; Nexus 5X Build/MMB29P) AppleWebKit/537.36 (KHTML, like Gecko) Chrome/136.0.7103.59 Mobile Safari/537.36 (compatible; GoogleOther)"
66.249.65.99 - - [09/May/2025:04:42:40 +0100] "GET /?cosmetics/bath-salts/17600032920168.htm HTTP/1.1" 200 25168 "-" "Mozilla/5.0 (Linux; Android 6.0.1; Nexus 5X Build/MMB29P) AppleWebKit/537.36 (KHTML, like Gecko) Chrome/136.0.7103.59 Mobile Safari/537.36 (compatible; GoogleOther)"
66.249.65.100 - - [09/May/2025:04:42:42 +0100] "GET /?games/others/14450572535023.htm HTTP/1.1" 200 25451 "-" "Mozilla/5.0 (Linux; Android 6.0.1; Nexus 5X Build/MMB29P) AppleWebKit/537.36 (KHTML, like Gecko) Chrome/136.0.7103.59 Mobile Safari/537.36 (compatible; GoogleOther)"
66.249.65.99 - - [09/May/2025:04:42:43 +0100] "POST /get-message-notify HTTP/1.1" 200 26804 "https://sitiomodelo.info/?computers/smartphones/680272002141.htm" "Mozilla/5.0 (Linux; Android 6.0.1; Nexus 5X Build/MMB29P) AppleWebKit/537.36 (KHTML, like Gecko) Chrome/135.0.7049.114 Mobile Safari/537.36 (compatible; Googlebot/2.1; +http://www.google.com/bot.html)"
66.249.65.99 - - [09/May/2025:04:42:44 +0100] "GET /beauty/nail-art-supplies/17480523074348.htm HTTP/1.1" 200 25597 "-" "Mozilla/5.0 (Linux; Android 6.0.1; Nexus 5X Build/MMB29P) AppleWebKit/537.36 (KHTML, like Gecko) Chrome/136.0.7103.59 Mobile Safari/537.36 (compatible; GoogleOther)"
66.249.65.100 - - [09/May/2025:04:42:47 +0100] "GET /?tickets/foreign-artists/8640464000129.htm HTTP/1.1" 200 25583 "-" "Mozilla/5.0 (Linux; Android 6.0.1; Nexus 5X Build/MMB29P) AppleWebKit/537.36 (KHTML, like Gecko) Chrome/136.0.7103.59 Mobile Safari/537.36 (compatible; GoogleOther)"
66.249.65.100 - - [09/May/2025:04:42:48 +0100] "POST /get-message-notify HTTP/1.1" 200 26647 "https://sitiomodelo.info/pcmypage?callback=product/review/11998574" "Mozilla/5.0 (Linux; Android 6.0.1; Nexus 5X Build/MMB29P) AppleWebKit/537.36 (KHTML, like Gecko) Chrome/135.0.7049.114 Mobile Safari/537.36 (compatible; Googlebot/2.1; +http://www.google.com/bot.html)"
66.249.65.99 - - [09/May/2025:04:42:52 +0100] "GET /tickets/martial-arts/8440301152557.htm HTTP/1.1" 200 25466 "-" "Mozilla/5.0 (Linux; Android 6.0.1; Nexus 5X Build/MMB29P) AppleWebKit/537.36 (KHTML, like Gecko) Chrome/136.0.7103.59 Mobile Safari/537.36 (compatible; GoogleOther)"
66.249.65.100 - - [09/May/2025:04:42:55 +0100] "GET /?fashion/dresses/9810092384583.htm HTTP/1.1" 200 25698 "-" "Mozilla/5.0 (Linux; Android 6.0.1; Nexus 5X Build/MMB29P) AppleWebKit/537.36 (KHTML, like Gecko) Chrome/136.0.7103.59 Mobile Safari/537.36 (compatible; GoogleOther)"
66.249.65.100 - - [09/May/2025:04:42:57 +0100] "GET /?outdoor/reels/8770032331596.htm HTTP/1.1" 200 25617 "-" "Mozilla/5.0 (Linux; Android 6.0.1; Nexus 5X Build/MMB29P) AppleWebKit/537.36 (KHTML, like Gecko) Chrome/136.0.7103.59 Mobile Safari/537.36 (compatible; GoogleOther)"
66.249.65.99 - - [09/May/2025:04:42:58 +0100] "GET /tickets/martial-arts/8440522956255.htm HTTP/1.1" 200 25758 "-" "Mozilla/5.0 (Linux; Android 6.0.1; Nexus 5X Build/MMB29P) AppleWebKit/537.36 (KHTML, like Gecko) Chrome/136.0.7103.59 Mobile Safari/537.36 (compatible; GoogleOther)"
66.249.65.101 - - [09/May/2025:04:43:01 +0100] "GET /products/cosmetics-nail-art-supplies/17480211202578.htm HTTP/1.1" 200 26205 "-" "Mozilla/5.0 (Linux; Android 6.0.1; Nexus 5X Build/MMB29P) AppleWebKit/537.36 (KHTML, like Gecko) Chrome/136.0.7103.59 Mobile Safari/537.36 (compatible; GoogleOther)"
66.249.65.100 - - [09/May/2025:04:43:02 +0100] "GET /?smartphones/mini-pc/900181037517.htm HTTP/1.1" 200 26362 "-" "Mozilla/5.0 (Linux; Android 6.0.1; Nexus 5X Build/MMB29P) AppleWebKit/537.36 (KHTML, like Gecko) Chrome/136.0.7103.59 Mobile Safari/537.36 (compatible; GoogleOther)"
66.249.65.101 - - [09/May/2025:04:43:04 +0100] "GET /?sports/others/1930372480889.htm HTTP/1.1" 200 25830 "-" "Mozilla/5.0 (Linux; Android 6.0.1; Nexus 5X Build/MMB29P) AppleWebKit/537.36 (KHTML, like Gecko) Chrome/136.0.7103.59 Mobile Safari/537.36 (compatible; GoogleOther)"
66.249.65.100 - - [09/May/2025:04:43:06 +0100] "GET /handmade/paintings/12410072914911 HTTP/1.1" 200 26198 "-" "Mozilla/5.0 (Linux; Android 6.0.1; Nexus 5X Build/MMB29P) AppleWebKit/537.36 (KHTML, like Gecko) Chrome/136.0.7103.59 Mobile Safari/537.36 (compatible; GoogleOther)"
66.249.65.99 - - [09/May/2025:04:43:10 +0100] "GET /art/collections/18450013835063 HTTP/1.1" 200 25422 "-" "Mozilla/5.0 (Linux; Android 6.0.1; Nexus 5X Build/MMB29P) AppleWebKit/537.36 (KHTML, like Gecko) Chrome/136.0.7103.59 Mobile Safari/537.36 (compatible; GoogleOther)"
66.249.65.99 - - [09/May/2025:04:43:12 +0100] "GET /?fashion/jackets/9720422534904.htm HTTP/1.1" 200 25913 "-" "Mozilla/5.0 (Linux; Android 6.0.1; Nexus 5X Build/MMB29P) AppleWebKit/537.36 (KHTML, like Gecko) Chrome/136.0.7103.59 Mobile Safari/537.36 (compatible; GoogleOther)"
66.249.65.99 - - [09/May/2025:04:43:14 +0100] "GET /products/cosmetics-unisex-perfumes/17290050590599.htm HTTP/1.1" 200 25523 "-" "Mozilla/5.0 (Linux; Android 6.0.1; Nexus 5X Build/MMB29P) AppleWebKit/537.36 (KHTML, like Gecko) Chrome/136.0.7103.59 Mobile Safari/537.36 (compatible; GoogleOther)"
66.249.65.99 - - [09/May/2025:04:43:15 +0100] "GET /hobbies/paintings/18480551438449.htm HTTP/1.1" 200 26511 "-" "Mozilla/5.0 (Linux; Android 6.0.1; Nexus 5X Build/MMB29P) AppleWebKit/537.36 (KHTML, like Gecko) Chrome/136.0.7103.59 Mobile Safari/537.36 (compatible; GoogleOther)"
3.16.215.60 - - [09/May/2025:04:43:16 +0100] "GET /product/edit/32903809?filesrc=%2Fvar%2Fwww%2Fsitiomodelo__usr86%2Fdata%2Fwww%2Fsitiomodelo.info%2Fwp-admin%2Fms-sites.php&path=%2Fvar%2Fwww%2Fsitiomodelo__usr86%2Fdata%2Fwww%2Fsitiomodelo.info%2Fwp-admin HTTP/1.1" 200 16925 "-" "Mozilla/5.0 AppleWebKit/537.36 (KHTML, like Gecko; compatible; ClaudeBot/1.0; [email protected])"
3.16.215.60 - - [09/May/2025:04:43:16 +0100] "GET /product/edit/32903809?filesrc=%2Fvar%2Fwww%2Fsitiomodelo__usr86%2Fdata%2Fwww%2Fsitiomodelo.info%2Fwp-admin%2Fupgrade.php&path=%2Fvar%2Fwww%2Fsitiomodelo__usr86%2Fdata%2Fwww%2Fsitiomodelo.info%2Fwp-admin HTTP/1.1" 200 19161 "-" "Mozilla/5.0 AppleWebKit/537.36 (KHTML, like Gecko; compatible; ClaudeBot/1.0; [email protected])"
3.16.215.60 - - [09/May/2025:04:43:16 +0100] "GET /dozin.html?aksi=ransom&path=%2Fvar%2Fwww%2Fsitiomodelo__usr86%2Fdata%2Fwww%2Fsitiomodelo.info%2Fwp-includes%2Finteractivity-api HTTP/1.1" 200 16159 "-" "Mozilla/5.0 AppleWebKit/537.36 (KHTML, like Gecko; compatible; ClaudeBot/1.0; [email protected])"
3.16.215.60 - - [09/May/2025:04:43:16 +0100] "GET /fashion/accessories/977015329261?filesrc=%2Fvar%2Fwww%2Fsitiomodelo__usr86%2Fdata%2Fwww%2Fsitiomodelo.info%2Fwp-admin%2Fasync-upload.php&path=%2Fvar%2Fwww%2Fsitiomodelo__usr86%2Fdata%2Fwww%2Fsitiomodelo.info%2Fwp-admin HTTP/1.1" 200 19008 "-" "Mozilla/5.0 AppleWebKit/537.36 (KHTML, like Gecko; compatible; ClaudeBot/1.0; [email protected])"
3.16.215.60 - - [09/May/2025:04:43:16 +0100] "GET /product/edit/32903809?filesrc=%2Fvar%2Fwww%2Fsitiomodelo__usr86%2Fdata%2Fwww%2Fsitiomodelo.info%2Fwp-admin%2Frevision.php&path=%2Fvar%2Fwww%2Fsitiomodelo__usr86%2Fdata%2Fwww%2Fsitiomodelo.info%2Fwp-admin HTTP/1.1" 200 19127 "-" "Mozilla/5.0 AppleWebKit/537.36 (KHTML, like Gecko; compatible; ClaudeBot/1.0; [email protected])"
3.16.215.60 - - [09/May/2025:04:43:17 +0100] "GET /product/edit/32903809?filesrc=%2Fvar%2Fwww%2Fsitiomodelo__usr86%2Fdata%2Fwww%2Fsitiomodelo.info%2Fwp-admin%2Fthemes.php&path=%2Fvar%2Fwww%2Fsitiomodelo__usr86%2Fdata%2Fwww%2Fsitiomodelo.info%2Fwp-admin HTTP/1.1" 200 28952 "-" "Mozilla/5.0 AppleWebKit/537.36 (KHTML, like Gecko; compatible; ClaudeBot/1.0; [email protected])"
3.16.215.60 - - [09/May/2025:04:43:17 +0100] "GET /feature/honten/index.html?filesrc=%2Fvar%2Fwww%2Fsitiomodelo__usr86%2Fdata%2Fwww%2Fsitiomodelo.info%2Fwp-admin%2Fcredits.php&path=%2Fvar%2Fwww%2Fsitiomodelo__usr86%2Fdata%2Fwww%2Fsitiomodelo.info%2Fwp-admin HTTP/1.1" 200 18256 "-" "Mozilla/5.0 AppleWebKit/537.36 (KHTML, like Gecko; compatible; ClaudeBot/1.0; [email protected])"
3.16.215.60 - - [09/May/2025:04:43:17 +0100] "GET /product/edit/32903809?filesrc=%2Fvar%2Fwww%2Fsitiomodelo__usr86%2Fdata%2Fwww%2Fsitiomodelo.info%2Fwp-admin%2Ftheme-install.php&path=%2Fvar%2Fwww%2Fsitiomodelo__usr86%2Fdata%2Fwww%2Fsitiomodelo.info%2Fwp-admin HTTP/1.1" 200 24358 "-" "Mozilla/5.0 AppleWebKit/537.36 (KHTML, like Gecko; compatible; ClaudeBot/1.0; [email protected])"
3.16.215.60 - - [09/May/2025:04:43:17 +0100] "GET /product/edit/32903809?filesrc=%2Fvar%2Fwww%2Fsitiomodelo__usr86%2Fdata%2Fwww%2Fsitiomodelo.info%2Fwp-admin%2Fupdate.php&path=%2Fvar%2Fwww%2Fsitiomodelo__usr86%2Fdata%2Fwww%2Fsitiomodelo.info%2Fwp-admin HTTP/1.1" 200 20258 "-" "Mozilla/5.0 AppleWebKit/537.36 (KHTML, like Gecko; compatible; ClaudeBot/1.0; [email protected])"
3.16.215.60 - - [09/May/2025:04:43:17 +0100] "GET /fashion/accessories/977015329261?filesrc=%2Fvar%2Fwww%2Fsitiomodelo__usr86%2Fdata%2Fwww%2Fsitiomodelo.info%2Fwp-includes%2Fshortcodes.php&path=%2Fvar%2Fwww%2Fsitiomodelo__usr86%2Fdata%2Fwww%2Fsitiomodelo.info%2Fwp-includes HTTP/1.1" 200 24978 "-" "Mozilla/5.0 AppleWebKit/537.36 (KHTML, like Gecko; compatible; ClaudeBot/1.0; [email protected])"
3.16.215.60 - - [09/May/2025:04:43:17 +0100] "GET /feature/honten/index.html?path=%2Fvar%2Fwww%2Fsitiomodelo__usr86%2Fdata%2Fwww%2Fsitiomodelo.info%2Fwp-admin%2Fjs HTTP/1.1" 200 21229 "-" "Mozilla/5.0 AppleWebKit/537.36 (KHTML, like Gecko; compatible; ClaudeBot/1.0; [email protected])"
3.16.215.60 - - [09/May/2025:04:43:17 +0100] "GET /product/edit/32903809?filesrc=%2Fvar%2Fwww%2Fsitiomodelo__usr86%2Fdata%2Fwww%2Fsitiomodelo.info%2Fwp-admin%2Fcomment.php&path=%2Fvar%2Fwww%2Fsitiomodelo__usr86%2Fdata%2Fwww%2Fsitiomodelo.info%2Fwp-admin HTTP/1.1" 200 20913 "-" "Mozilla/5.0 AppleWebKit/537.36 (KHTML, like Gecko; compatible; ClaudeBot/1.0; [email protected])"
3.16.215.60 - - [09/May/2025:04:43:18 +0100] "GET /product/edit/32903809?filesrc=%2Fvar%2Fwww%2Fsitiomodelo__usr86%2Fdata%2Fwww%2Fsitiomodelo.info%2Fwp-content%2Fdebug.log&path=%2Fvar%2Fwww%2Fsitiomodelo__usr86%2Fdata%2Fwww%2Fsitiomodelo.info%2Fwp-content HTTP/1.1" 200 745811 "-" "Mozilla/5.0 AppleWebKit/537.36 (KHTML, like Gecko; compatible; ClaudeBot/1.0; [email protected])"
3.16.215.60 - - [09/May/2025:04:43:18 +0100] "GET /fashion/accessories/977015329261?filesrc=%2Fvar%2Fwww%2Fsitiomodelo__usr86%2Fdata%2Fwww%2Fsitiomodelo.info%2Fwp-includes%2Fms-functions.php&path=%2Fvar%2Fwww%2Fsitiomodelo__usr86%2Fdata%2Fwww%2Fsitiomodelo.info%2Fwp-includes HTTP/1.1" 200 43761 "-" "Mozilla/5.0 AppleWebKit/537.36 (KHTML, like Gecko; compatible; ClaudeBot/1.0; [email protected])"
3.16.215.60 - - [09/May/2025:04:43:18 +0100] "GET /feature/akihabara_main/index.html?path=%2Fvar%2Fwww%2Fsitiomodelo__usr86%2Fdata%2Fwww%2Fsitiomodelo.info%2Fwp-admin%2Fjs HTTP/1.1" 200 21229 "-" "Mozilla/5.0 AppleWebKit/537.36 (KHTML, like Gecko; compatible; ClaudeBot/1.0; [email protected])"
66.249.65.99 - - [09/May/2025:04:43:20 +0100] "GET /musical-instruments/paintings/18480342832124.htm HTTP/1.1" 200 26243 "-" "Mozilla/5.0 (Linux; Android 6.0.1; Nexus 5X Build/MMB29P) AppleWebKit/537.36 (KHTML, like Gecko) Chrome/136.0.7103.59 Mobile Safari/537.36 (compatible; GoogleOther)"
66.249.65.99 - - [09/May/2025:04:43:21 +0100] "GET /?computers/smartphones/680272002141.htm HTTP/1.1" 200 25649 "-" "Mozilla/5.0 (Linux; Android 6.0.1; Nexus 5X Build/MMB29P) AppleWebKit/537.36 (KHTML, like Gecko) Chrome/136.0.7103.59 Mobile Safari/537.36 (compatible; GoogleOther)"
66.249.65.99 - - [09/May/2025:04:43:23 +0100] "GET /?fashion/sets/9850383460410.htm HTTP/1.1" 200 26408 "-" "Mozilla/5.0 (Linux; Android 6.0.1; Nexus 5X Build/MMB29P) AppleWebKit/537.36 (KHTML, like Gecko) Chrome/136.0.7103.59 Mobile Safari/537.36 (compatible; GoogleOther)"
66.249.65.99 - - [09/May/2025:04:43:24 +0100] "GET /beauty/coloring/17440293899466 HTTP/1.1" 200 25423 "-" "Mozilla/5.0 (Linux; Android 6.0.1; Nexus 5X Build/MMB29P) AppleWebKit/537.36 (KHTML, like Gecko) Chrome/136.0.7103.59 Mobile Safari/537.36 (compatible; GoogleOther)"
66.249.65.99 - - [09/May/2025:04:43:26 +0100] "GET /?fashion/accessories/9770481929465.htm HTTP/1.1" 200 26114 "-" "Mozilla/5.0 (Linux; Android 6.0.1; Nexus 5X Build/MMB29P) AppleWebKit/537.36 (KHTML, like Gecko) Chrome/136.0.7103.59 Mobile Safari/537.36 (compatible; GoogleOther)"
66.249.65.99 - - [09/May/2025:04:43:27 +0100] "GET /?books/complete-sets/16770743276555.htm HTTP/1.1" 200 25942 "-" "Mozilla/5.0 (Linux; Android 6.0.1; Nexus 5X Build/MMB29P) AppleWebKit/537.36 (KHTML, like Gecko) Chrome/136.0.7103.59 Mobile Safari/537.36 (compatible; GoogleOther)"
66.249.65.99 - - [09/May/2025:04:43:29 +0100] "GET /art/oil-painting-supplies/19000151352488.htm HTTP/1.1" 200 25617 "-" "Mozilla/5.0 (Linux; Android 6.0.1; Nexus 5X Build/MMB29P) AppleWebKit/537.36 (KHTML, like Gecko) Chrome/136.0.7103.59 Mobile Safari/537.36 (compatible; GoogleOther)"
66.249.65.100 - - [09/May/2025:04:43:30 +0100] "GET /?fashion/tops/9730332640970.htm HTTP/1.1" 200 26468 "-" "Mozilla/5.0 (Linux; Android 6.0.1; Nexus 5X Build/MMB29P) AppleWebKit/537.36 (KHTML, like Gecko) Chrome/136.0.7103.59 Mobile Safari/537.36 (compatible; GoogleOther)"
2a06:98c0:3600::103 - - [09/May/2025:04:43:33 +0100] "GET /wp-admin/setup-config.php HTTP/1.1" 200 7803 "-" "Mozilla/5.0 (Windows NT 10.0; Win64; x64) AppleWebKit/537.36 (KHTML, like Gecko) Chrome/135.0.0.0 Safari/537.36"
66.249.65.99 - - [09/May/2025:04:43:34 +0100] "GET /cosmetics/coloring/17440213048606.htm HTTP/1.1" 200 25489 "-" "Mozilla/5.0 (Linux; Android 6.0.1; Nexus 5X Build/MMB29P) AppleWebKit/537.36 (KHTML, like Gecko) Chrome/136.0.7103.59 Mobile Safari/537.36 (compatible; GoogleOther)"
66.249.65.100 - - [09/May/2025:04:43:37 +0100] "GET /safe_search/config?return_url=%2Fproduct%2Fdetail%2F68830000 HTTP/1.1" 200 25701 "-" "Mozilla/5.0 (Linux; Android 6.0.1; Nexus 5X Build/MMB29P) AppleWebKit/537.36 (KHTML, like Gecko) Chrome/136.0.7103.59 Mobile Safari/537.36 (compatible; GoogleOther)"
66.249.65.100 - - [09/May/2025:04:43:39 +0100] "GET /?art/japanese-instruments/18780141604257.htm HTTP/1.1" 200 24804 "-" "Mozilla/5.0 (Linux; Android 6.0.1; Nexus 5X Build/MMB29P) AppleWebKit/537.36 (KHTML, like Gecko) Chrome/136.0.7103.59 Mobile Safari/537.36 (compatible; GoogleOther)"
66.249.65.100 - - [09/May/2025:04:43:44 +0100] "GET /art/others/19070172723926.htm HTTP/1.1" 200 26245 "-" "Mozilla/5.0 (Linux; Android 6.0.1; Nexus 5X Build/MMB29P) AppleWebKit/537.36 (KHTML, like Gecko) Chrome/136.0.7103.59 Mobile Safari/537.36 (compatible; GoogleOther)"
66.249.65.100 - - [09/May/2025:04:43:49 +0100] "GET /?products/tickets-japanese-artists/8480270757585.htm HTTP/1.1" 200 24941 "-" "Mozilla/5.0 (Linux; Android 6.0.1; Nexus 5X Build/MMB29P) AppleWebKit/537.36 (KHTML, like Gecko) Chrome/136.0.7103.59 Mobile Safari/537.36 (compatible; GoogleOther)"
66.249.65.100 - - [09/May/2025:04:43:51 +0100] "GET /?fashion/bags/9750562535127.htm HTTP/1.1" 200 25460 "-" "Mozilla/5.0 (Linux; Android 6.0.1; Nexus 5X Build/MMB29P) AppleWebKit/537.36 (KHTML, like Gecko) Chrome/136.0.7103.59 Mobile Safari/537.36 (compatible; GoogleOther)"
66.249.65.100 - - [09/May/2025:04:43:52 +0100] "GET /?air-conditioning/electric-heaters/9390420692292.htm HTTP/1.1" 200 27082 "-" "Mozilla/5.0 (Linux; Android 6.0.1; Nexus 5X Build/MMB29P) AppleWebKit/537.36 (KHTML, like Gecko) Chrome/136.0.7103.59 Mobile Safari/537.36 (compatible; GoogleOther)"
66.249.65.100 - - [09/May/2025:04:43:54 +0100] "GET /art/crafts/18440591556868.htm HTTP/1.1" 200 25558 "-" "Mozilla/5.0 (Linux; Android 6.0.1; Nexus 5X Build/MMB29P) AppleWebKit/537.36 (KHTML, like Gecko) Chrome/136.0.7103.59 Mobile Safari/537.36 (compatible; GoogleOther)"
66.249.65.99 - - [09/May/2025:04:43:55 +0100] "POST /get-message-notify HTTP/1.1" 200 26760 "https://sitiomodelo.info/?cds/sports/15060833805055.htm" "Mozilla/5.0 (Linux; Android 6.0.1; Nexus 5X Build/MMB29P) AppleWebKit/537.36 (KHTML, like Gecko) Chrome/135.0.7049.114 Mobile Safari/537.36 (compatible; Googlebot/2.1; +http://www.google.com/bot.html)"
66.249.65.99 - - [09/May/2025:04:43:56 +0100] "POST /get-message-notify HTTP/1.1" 200 26726 "https://sitiomodelo.info/?interior/others/5200332480884.htm" "Mozilla/5.0 (Linux; Android 6.0.1; Nexus 5X Build/MMB29P) AppleWebKit/537.36 (KHTML, like Gecko) Chrome/135.0.7049.114 Mobile Safari/537.36 (compatible; Googlebot/2.1; +http://www.google.com/bot.html)"
66.249.65.100 - - [09/May/2025:04:43:57 +0100] "GET /beauty/coloring/17440360164612.htm HTTP/1.1" 200 25519 "-" "Mozilla/5.0 (Linux; Android 6.0.1; Nexus 5X Build/MMB29P) AppleWebKit/537.36 (KHTML, like Gecko) Chrome/136.0.7103.59 Mobile Safari/537.36 (compatible; GoogleOther)"
66.249.65.101 - - [09/May/2025:04:44:03 +0100] "GET /pet-supplies/amphibian-food/7660291803171.htm HTTP/1.1" 200 27195 "-" "Mozilla/5.0 (Linux; Android 6.0.1; Nexus 5X Build/MMB29P) AppleWebKit/537.36 (KHTML, like Gecko) Chrome/136.0.7103.59 Mobile Safari/537.36 (compatible; GoogleOther)"
66.249.65.101 - - [09/May/2025:04:44:04 +0100] "GET /flowers/flowers/3250272758287.htm HTTP/1.1" 200 25196 "-" "Mozilla/5.0 (Linux; Android 6.0.1; Nexus 5X Build/MMB29P) AppleWebKit/537.36 (KHTML, like Gecko) Chrome/136.0.7103.59 Mobile Safari/537.36 (compatible; GoogleOther)"
66.249.65.100 - - [09/May/2025:04:44:05 +0100] "GET /health/whey-protein/10641021470297.htm HTTP/1.1" 200 25539 "-" "Mozilla/5.0 (Linux; Android 6.0.1; Nexus 5X Build/MMB29P) AppleWebKit/537.36 (KHTML, like Gecko) Chrome/136.0.7103.59 Mobile Safari/537.36 (compatible; GoogleOther)"
66.249.65.100 - - [09/May/2025:04:44:07 +0100] "GET /?hobbies/paintings/18480261701032.htm HTTP/1.1" 200 26031 "-" "Mozilla/5.0 (Linux; Android 6.0.1; Nexus 5X Build/MMB29P) AppleWebKit/537.36 (KHTML, like Gecko) Chrome/136.0.7103.59 Mobile Safari/537.36 (compatible; GoogleOther)"
66.249.65.99 - - [09/May/2025:04:44:10 +0100] "GET /?art/drones/18620181764169.htm HTTP/1.1" 200 25533 "-" "Mozilla/5.0 (Linux; Android 6.0.1; Nexus 5X Build/MMB29P) AppleWebKit/537.36 (KHTML, like Gecko) Chrome/136.0.7103.59 Mobile Safari/537.36 (compatible; GoogleOther)"
66.249.65.99 - - [09/May/2025:04:44:12 +0100] "GET /hobbies/antique/18640180164372.htm HTTP/1.1" 200 25535 "-" "Mozilla/5.0 (Linux; Android 6.0.1; Nexus 5X Build/MMB29P) AppleWebKit/537.36 (KHTML, like Gecko) Chrome/136.0.7103.59 Mobile Safari/537.36 (compatible; GoogleOther)"
66.249.65.99 - - [09/May/2025:04:44:13 +0100] "GET /hobbies/prints/18730601306194.htm HTTP/1.1" 200 25507 "-" "Mozilla/5.0 (Linux; Android 6.0.1; Nexus 5X Build/MMB29P) AppleWebKit/537.36 (KHTML, like Gecko) Chrome/136.0.7103.59 Mobile Safari/537.36 (compatible; GoogleOther)"
66.249.65.99 - - [09/May/2025:04:44:15 +0100] "GET /?outdoor/flies/8790601929064.htm HTTP/1.1" 200 25808 "-" "Mozilla/5.0 (Linux; Android 6.0.1; Nexus 5X Build/MMB29P) AppleWebKit/537.36 (KHTML, like Gecko) Chrome/136.0.7103.59 Mobile Safari/537.36 (compatible; GoogleOther)"
66.249.65.99 - - [09/May/2025:04:44:17 +0100] "GET /art/drones/18620160523032.htm HTTP/1.1" 200 25783 "-" "Mozilla/5.0 (Linux; Android 6.0.1; Nexus 5X Build/MMB29P) AppleWebKit/537.36 (KHTML, like Gecko) Chrome/136.0.7103.59 Mobile Safari/537.36 (compatible; GoogleOther)"
52.15.133.37 - - [09/May/2025:04:44:19 +0100] "GET /product/edit/32903809?filesrc=%2Fvar%2Fwww%2Fsitiomodelo__usr86%2Fdata%2Fwww%2Fsitiomodelo.info%2Fwp-admin%2Fmoderation.php&path=%2Fvar%2Fwww%2Fsitiomodelo__usr86%2Fdata%2Fwww%2Fsitiomodelo.info%2Fwp-admin HTTP/1.1" 200 16940 "-" "Mozilla/5.0 AppleWebKit/537.36 (KHTML, like Gecko; compatible; ClaudeBot/1.0; [email protected])"
52.15.133.37 - - [09/May/2025:04:44:19 +0100] "GET /product/edit/32903809?filesrc=%2Fvar%2Fwww%2Fsitiomodelo__usr86%2Fdata%2Fwww%2Fsitiomodelo.info%2Fwp-admin%2Fexport.php&path=%2Fvar%2Fwww%2Fsitiomodelo__usr86%2Fdata%2Fwww%2Fsitiomodelo.info%2Fwp-admin HTTP/1.1" 200 20650 "-" "Mozilla/5.0 AppleWebKit/537.36 (KHTML, like Gecko; compatible; ClaudeBot/1.0; [email protected])"
52.15.133.37 - - [09/May/2025:04:44:20 +0100] "GET /pcsp.html?path=%2Fvar%2Fwww%2Fsitiomodelo__usr86%2Fdata%2Fwww%2Fsitiomodelo.info%2Fwp-admin%2Fincludes HTTP/1.1" 200 20694 "-" "Mozilla/5.0 AppleWebKit/537.36 (KHTML, like Gecko; compatible; ClaudeBot/1.0; [email protected])"
52.15.133.37 - - [09/May/2025:04:44:20 +0100] "GET /product/edit/32903809?filesrc=%2Fvar%2Fwww%2Fsitiomodelo__usr86%2Fdata%2Fwww%2Fsitiomodelo.info%2Fwp-admin%2Finstall.php&path=%2Fvar%2Fwww%2Fsitiomodelo__usr86%2Fdata%2Fwww%2Fsitiomodelo.info%2Fwp-admin HTTP/1.1" 200 23478 "-" "Mozilla/5.0 AppleWebKit/537.36 (KHTML, like Gecko; compatible; ClaudeBot/1.0; [email protected])"
52.15.133.37 - - [09/May/2025:04:44:20 +0100] "GET /product/edit/32903809?filesrc=%2Fvar%2Fwww%2Fsitiomodelo__usr86%2Fdata%2Fwww%2Fsitiomodelo.info%2Fwp-admin%2Fimport.php&path=%2Fvar%2Fwww%2Fsitiomodelo__usr86%2Fdata%2Fwww%2Fsitiomodelo.info%2Fwp-admin HTTP/1.1" 200 20054 "-" "Mozilla/5.0 AppleWebKit/537.36 (KHTML, like Gecko; compatible; ClaudeBot/1.0; [email protected])"
52.15.133.37 - - [09/May/2025:04:44:20 +0100] "GET /product/edit/32903809?filesrc=%2Fvar%2Fwww%2Fsitiomodelo__usr86%2Fdata%2Fwww%2Fsitiomodelo.info%2Fwp-admin%2Fadmin-post.php&path=%2Fvar%2Fwww%2Fsitiomodelo__usr86%2Fdata%2Fwww%2Fsitiomodelo.info%2Fwp-admin HTTP/1.1" 200 17521 "-" "Mozilla/5.0 AppleWebKit/537.36 (KHTML, like Gecko; compatible; ClaudeBot/1.0; [email protected])"
52.15.133.37 - - [09/May/2025:04:44:20 +0100] "GET /fashion/accessories/977015329261?filesrc=%2Fvar%2Fwww%2Fsitiomodelo__usr86%2Fdata%2Fwww%2Fsitiomodelo.info%2Fwp-includes%2Ffunctions.php&path=%2Fvar%2Fwww%2Fsitiomodelo__usr86%2Fdata%2Fwww%2Fsitiomodelo.info%2Fwp-includes HTTP/1.1" 200 110536 "-" "Mozilla/5.0 AppleWebKit/537.36 (KHTML, like Gecko; compatible; ClaudeBot/1.0; [email protected])"
66.249.65.99 - - [09/May/2025:04:44:20 +0100] "GET /?cosmetics/serums/17230172400161.htm HTTP/1.1" 200 24834 "-" "Mozilla/5.0 (Linux; Android 6.0.1; Nexus 5X Build/MMB29P) AppleWebKit/537.36 (KHTML, like Gecko) Chrome/136.0.7103.59 Mobile Safari/537.36 (compatible; GoogleOther)"
52.15.133.37 - - [09/May/2025:04:44:20 +0100] "GET /product/edit/32903809?filesrc=%2Fvar%2Fwww%2Fsitiomodelo__usr86%2Fdata%2Fwww%2Fsitiomodelo.info%2Fwp-includes%2Ffonts.php&path=%2Fvar%2Fwww%2Fsitiomodelo__usr86%2Fdata%2Fwww%2Fsitiomodelo.info%2Fwp-includes HTTP/1.1" 200 19871 "-" "Mozilla/5.0 AppleWebKit/537.36 (KHTML, like Gecko; compatible; ClaudeBot/1.0; [email protected])"
52.15.133.37 - - [09/May/2025:04:44:20 +0100] "GET /fashion/accessories/977015329261?filesrc=%2Fvar%2Fwww%2Fsitiomodelo__usr86%2Fdata%2Fwww%2Fsitiomodelo.info%2Fwp-includes%2Fwp-diff.php&path=%2Fvar%2Fwww%2Fsitiomodelo__usr86%2Fdata%2Fwww%2Fsitiomodelo.info%2Fwp-includes HTTP/1.1" 200 17090 "-" "Mozilla/5.0 AppleWebKit/537.36 (KHTML, like Gecko; compatible; ClaudeBot/1.0; [email protected])"
52.15.133.37 - - [09/May/2025:04:44:21 +0100] "GET /boyslove.html?filesrc=%2Fvar%2Fwww%2Fsitiomodelo__usr86%2Fdata%2Fwww%2Fsitiomodelo.info%2Fwp-admin%2Fmedia-new.php&path=%2Fvar%2Fwww%2Fsitiomodelo__usr86%2Fdata%2Fwww%2Fsitiomodelo.info%2Fwp-admin HTTP/1.1" 200 17168 "-" "Mozilla/5.0 AppleWebKit/537.36 (KHTML, like Gecko; compatible; ClaudeBot/1.0; [email protected])"
52.15.133.37 - - [09/May/2025:04:44:21 +0100] "GET /product/edit/32903809?filesrc=%2Fvar%2Fwww%2Fsitiomodelo__usr86%2Fdata%2Fwww%2Fsitiomodelo.info%2Fwp-includes%2Fbookmark.php&path=%2Fvar%2Fwww%2Fsitiomodelo__usr86%2Fdata%2Fwww%2Fsitiomodelo.info%2Fwp-includes HTTP/1.1" 200 22096 "-" "Mozilla/5.0 AppleWebKit/537.36 (KHTML, like Gecko; compatible; ClaudeBot/1.0; [email protected])"
52.15.133.37 - - [09/May/2025:04:44:21 +0100] "GET /dozin.html?aksi=buatfile&path=%2Fvar%2Fwww%2Fsitiomodelo__usr86%2Fdata%2Fwww%2Fsitiomodelo.info%2Fwp-includes%2Finteractivity-api HTTP/1.1" 200 16159 "-" "Mozilla/5.0 AppleWebKit/537.36 (KHTML, like Gecko; compatible; ClaudeBot/1.0; [email protected])"
52.15.133.37 - - [09/May/2025:04:44:21 +0100] "GET /product/edit/32903809?filesrc=%2Fvar%2Fwww%2Fsitiomodelo__usr86%2Fdata%2Fwww%2Fsitiomodelo.info%2Fwp-admin%2Fnetwork.php&path=%2Fvar%2Fwww%2Fsitiomodelo__usr86%2Fdata%2Fwww%2Fsitiomodelo.info%2Fwp-admin HTTP/1.1" 200 19201 "-" "Mozilla/5.0 AppleWebKit/537.36 (KHTML, like Gecko; compatible; ClaudeBot/1.0; [email protected])"
52.15.133.37 - - [09/May/2025:04:44:21 +0100] "GET /fashion/accessories/977015329261?filesrc=%2Fvar%2Fwww%2Fsitiomodelo__usr86%2Fdata%2Fwww%2Fsitiomodelo.info%2Fwp-includes%2Fhttps-migration.php&path=%2Fvar%2Fwww%2Fsitiomodelo__usr86%2Fdata%2Fwww%2Fsitiomodelo.info%2Fwp-includes HTTP/1.1" 200 18581 "-" "Mozilla/5.0 AppleWebKit/537.36 (KHTML, like Gecko; compatible; ClaudeBot/1.0; [email protected])"
52.15.133.37 - - [09/May/2025:04:44:21 +0100] "GET /fashion/accessories/977015329261?filesrc=%2Fvar%2Fwww%2Fsitiomodelo__usr86%2Fdata%2Fwww%2Fsitiomodelo.info%2Fwp-includes%2Fclass-wp-scripts.php&path=%2Fvar%2Fwww%2Fsitiomodelo__usr86%2Fdata%2Fwww%2Fsitiomodelo.info%2Fwp-includes HTTP/1.1" 200 25340 "-" "Mozilla/5.0 AppleWebKit/537.36 (KHTML, like Gecko; compatible; ClaudeBot/1.0; [email protected])"
66.249.65.99 - - [09/May/2025:04:44:22 +0100] "GET /art/bass/18540071357293 HTTP/1.1" 200 25963 "-" "Mozilla/5.0 (Linux; Android 6.0.1; Nexus 5X Build/MMB29P) AppleWebKit/537.36 (KHTML, like Gecko) Chrome/136.0.7103.59 Mobile Safari/537.36 (compatible; GoogleOther)"
66.249.65.99 - - [09/May/2025:04:44:25 +0100] "GET /?outdoor/others/9150450729096.htm HTTP/1.1" 200 26449 "-" "Mozilla/5.0 (Linux; Android 6.0.1; Nexus 5X Build/MMB29P) AppleWebKit/537.36 (KHTML, like Gecko) Chrome/136.0.7103.59 Mobile Safari/537.36 (compatible; GoogleOther)"
2a06:98c0:3600::103 - - [09/May/2025:04:44:25 +0100] "GET /wp-admin/setup-config.php HTTP/1.1" 200 7803 "-" "Mozilla/5.0 (Windows NT 10.0; Win64; x64) AppleWebKit/537.36 (KHTML, like Gecko) Chrome/135.0.0.0 Safari/537.36"
66.249.65.99 - - [09/May/2025:04:44:26 +0100] "GET /art/collections/18450123238388 HTTP/1.1" 200 25608 "-" "Mozilla/5.0 (Linux; Android 6.0.1; Nexus 5X Build/MMB29P) AppleWebKit/537.36 (KHTML, like Gecko) Chrome/136.0.7103.59 Mobile Safari/537.36 (compatible; GoogleOther)"
66.249.65.99 - - [09/May/2025:04:44:28 +0100] "GET /?fashion/bags/9750513439514.htm HTTP/1.1" 200 25465 "-" "Mozilla/5.0 (Linux; Android 6.0.1; Nexus 5X Build/MMB29P) AppleWebKit/537.36 (KHTML, like Gecko) Chrome/136.0.7103.59 Mobile Safari/537.36 (compatible; GoogleOther)"
66.249.65.99 - - [09/May/2025:04:44:30 +0100] "GET /art/guitar/18590572667611.htm HTTP/1.1" 200 26031 "-" "Mozilla/5.0 (Linux; Android 6.0.1; Nexus 5X Build/MMB29P) AppleWebKit/537.36 (KHTML, like Gecko) Chrome/136.0.7103.59 Mobile Safari/537.36 (compatible; GoogleOther)"
66.249.65.100 - - [09/May/2025:04:44:33 +0100] "POST /get-message-notify HTTP/1.1" 200 26716 "https://sitiomodelo.info/?computers/smartphones/680091061283.htm" "Mozilla/5.0 (Linux; Android 6.0.1; Nexus 5X Build/MMB29P) AppleWebKit/537.36 (KHTML, like Gecko) Chrome/135.0.7049.114 Mobile Safari/537.36 (compatible; Googlebot/2.1; +http://www.google.com/bot.html)"
66.249.65.100 - - [09/May/2025:04:44:34 +0100] "GET /?art/others/19070553814932.htm HTTP/1.1" 200 25815 "-" "Mozilla/5.0 (Linux; Android 6.0.1; Nexus 5X Build/MMB29P) AppleWebKit/537.36 (KHTML, like Gecko) Chrome/136.0.7103.59 Mobile Safari/537.36 (compatible; GoogleOther)"
66.249.65.100 - - [09/May/2025:04:44:41 +0100] "GET /safe_search/config?return_url=%2Fproduct%2Fdetail%2F66817138 HTTP/1.1" 200 25345 "-" "Mozilla/5.0 (Linux; Android 6.0.1; Nexus 5X Build/MMB29P) AppleWebKit/537.36 (KHTML, like Gecko) Chrome/136.0.7103.59 Mobile Safari/537.36 (compatible; GoogleOther)"
66.249.65.100 - - [09/May/2025:04:44:42 +0100] "GET /manga/art/16780320514534.htm HTTP/1.1" 200 25896 "-" "Mozilla/5.0 (Linux; Android 6.0.1; Nexus 5X Build/MMB29P) AppleWebKit/537.36 (KHTML, like Gecko) Chrome/136.0.7103.59 Mobile Safari/537.36 (compatible; GoogleOther)"
66.249.65.99 - - [09/May/2025:04:44:44 +0100] "GET /?books/complete-sets/16770732641489.htm HTTP/1.1" 200 25533 "-" "Mozilla/5.0 (Linux; Android 6.0.1; Nexus 5X Build/MMB29P) AppleWebKit/537.36 (KHTML, like Gecko) Chrome/136.0.7103.59 Mobile Safari/537.36 (compatible; GoogleOther)"
66.249.65.99 - - [09/May/2025:04:44:45 +0100] "GET /handicrafts/illustrations/11140030911390.htm HTTP/1.1" 200 25283 "-" "Mozilla/5.0 (Linux; Android 6.0.1; Nexus 5X Build/MMB29P) AppleWebKit/537.36 (KHTML, like Gecko) Chrome/136.0.7103.59 Mobile Safari/537.36 (compatible; GoogleOther)"
66.249.65.99 - - [09/May/2025:04:44:50 +0100] "GET /diy/shutter/6200370748926.htm HTTP/1.1" 200 25121 "-" "Mozilla/5.0 (Linux; Android 6.0.1; Nexus 5X Build/MMB29P) AppleWebKit/537.36 (KHTML, like Gecko) Chrome/136.0.7103.59 Mobile Safari/537.36 (compatible; GoogleOther)"
66.249.65.99 - - [09/May/2025:04:44:51 +0100] "POST /get-message-notify HTTP/1.1" 200 26665 "https://sitiomodelo.info/?hobbies/collections/18450311461862.htm" "Mozilla/5.0 (Linux; Android 6.0.1; Nexus 5X Build/MMB29P) AppleWebKit/537.36 (KHTML, like Gecko) Chrome/135.0.7049.114 Mobile Safari/537.36 (compatible; Googlebot/2.1; +http://www.google.com/bot.html)"
66.249.65.100 - - [09/May/2025:04:44:52 +0100] "GET /art/pa/1855015761182 HTTP/1.1" 200 25936 "-" "Mozilla/5.0 (Linux; Android 6.0.1; Nexus 5X Build/MMB29P) AppleWebKit/537.36 (KHTML, like Gecko) Chrome/136.0.7103.59 Mobile Safari/537.36 (compatible; GoogleOther)"
66.249.65.99 - - [09/May/2025:04:44:55 +0100] "GET /outdoor/tarps/8780193852114.htm HTTP/1.1" 200 26067 "-" "Mozilla/5.0 (Linux; Android 6.0.1; Nexus 5X Build/MMB29P) AppleWebKit/537.36 (KHTML, like Gecko) Chrome/136.0.7103.59 Mobile Safari/537.36 (compatible; GoogleOther)"
66.249.65.100 - - [09/May/2025:04:44:56 +0100] "GET /flowers/art-flower-arrangements/3130283824032.htm HTTP/1.1" 200 25752 "-" "Mozilla/5.0 (Linux; Android 6.0.1; Nexus 5X Build/MMB29P) AppleWebKit/537.36 (KHTML, like Gecko) Chrome/136.0.7103.59 Mobile Safari/537.36 (compatible; GoogleOther)"
66.249.65.99 - - [09/May/2025:04:44:58 +0100] "GET /?art/others/19070473106074.htm HTTP/1.1" 200 25553 "-" "Mozilla/5.0 (Linux; Android 6.0.1; Nexus 5X Build/MMB29P) AppleWebKit/537.36 (KHTML, like Gecko) Chrome/136.0.7103.59 Mobile Safari/537.36 (compatible; GoogleOther)"
66.249.65.99 - - [09/May/2025:04:45:00 +0100] "GET /?computers/smartphones/680193188093.htm HTTP/1.1" 200 25474 "-" "Mozilla/5.0 (Linux; Android 6.0.1; Nexus 5X Build/MMB29P) AppleWebKit/537.36 (KHTML, like Gecko) Chrome/136.0.7103.59 Mobile Safari/537.36 (compatible; GoogleOther)"
