66.249.65.99 - - [09/May/2025:03:27:38 +0100] "GET /?outdoor/mountain-climbing/8830022055175.htm HTTP/1.1" 200 26065 "-" "Mozilla/5.0 (Linux; Android 6.0.1; Nexus 5X Build/MMB29P) AppleWebKit/537.36 (KHTML, like Gecko) Chrome/136.0.7103.59 Mobile Safari/537.36 (compatible; GoogleOther)"
66.249.65.99 - - [09/May/2025:03:27:38 +0100] "POST /get-message-notify HTTP/1.1" 200 26749 "https://sitiomodelo.info/?outdoor/outdoor-wear/8830561621307.htm" "Mozilla/5.0 (Linux; Android 6.0.1; Nexus 5X Build/MMB29P) AppleWebKit/537.36 (KHTML, like Gecko) Chrome/135.0.7049.114 Mobile Safari/537.36 (compatible; Googlebot/2.1; +http://www.google.com/bot.html)"
66.249.65.99 - - [09/May/2025:03:27:39 +0100] "GET /?cosmetics/others/18210072606089.htm HTTP/1.1" 200 25280 "-" "Mozilla/5.0 (Linux; Android 6.0.1; Nexus 5X Build/MMB29P) AppleWebKit/537.36 (KHTML, like Gecko) Chrome/136.0.7103.59 Mobile Safari/537.36 (compatible; GoogleOther)"
66.249.65.100 - - [09/May/2025:03:27:41 +0100] "GET /art/cosplay-costumes/18670042780568.htm HTTP/1.1" 200 25526 "-" "Mozilla/5.0 (Linux; Android 6.0.1; Nexus 5X Build/MMB29P) AppleWebKit/537.36 (KHTML, like Gecko) Chrome/136.0.7103.59 Mobile Safari/537.36 (compatible; GoogleOther)"
66.249.65.99 - - [09/May/2025:03:27:46 +0100] "GET /?travel-supplies/travel-bags/8890582486204.htm HTTP/1.1" 200 27111 "-" "Mozilla/5.0 (Linux; Android 6.0.1; Nexus 5X Build/MMB29P) AppleWebKit/537.36 (KHTML, like Gecko) Chrome/136.0.7103.59 Mobile Safari/537.36 (compatible; GoogleOther)"
66.249.65.100 - - [09/May/2025:03:27:48 +0100] "GET /precios/?filesrc=//sbin/addpart&path=//sbin HTTP/1.1" 200 25681 "-" "Mozilla/5.0 (Linux; Android 6.0.1; Nexus 5X Build/MMB29P) AppleWebKit/537.36 (KHTML, like Gecko) Chrome/136.0.7103.59 Mobile Safari/537.36 (compatible; Googlebot/2.1; +http://www.google.com/bot.html)"
66.249.65.99 - - [09/May/2025:03:27:48 +0100] "GET /books/illustration-collections/16940081200297 HTTP/1.1" 200 25317 "-" "Mozilla/5.0 (Linux; Android 6.0.1; Nexus 5X Build/MMB29P) AppleWebKit/537.36 (KHTML, like Gecko) Chrome/136.0.7103.59 Mobile Safari/537.36 (compatible; GoogleOther)"
66.249.65.99 - - [09/May/2025:03:27:53 +0100] "GET /?gardening/deciduous-trees/3170461569470.htm HTTP/1.1" 200 25716 "-" "Mozilla/5.0 (Linux; Android 6.0.1; Nexus 5X Build/MMB29P) AppleWebKit/537.36 (KHTML, like Gecko) Chrome/136.0.7103.59 Mobile Safari/537.36 (compatible; GoogleOther)"
66.249.65.99 - - [09/May/2025:03:27:55 +0100] "GET /?handmade/others/13180392055061.htm HTTP/1.1" 200 26283 "-" "Mozilla/5.0 (Linux; Android 6.0.1; Nexus 5X Build/MMB29P) AppleWebKit/537.36 (KHTML, like Gecko) Chrome/136.0.7103.59 Mobile Safari/537.36 (compatible; GoogleOther)"
66.249.65.100 - - [09/May/2025:03:27:58 +0100] "GET /art/collections/18450551962088 HTTP/1.1" 200 25600 "-" "Mozilla/5.0 (Linux; Android 6.0.1; Nexus 5X Build/MMB29P) AppleWebKit/537.36 (KHTML, like Gecko) Chrome/136.0.7103.59 Mobile Safari/537.36 (compatible; GoogleOther)"
185.224.129.228 - - [09/May/2025:03:28:05 +0100] "GET / HTTP/1.1" 200 29394 "-" "Mozilla/5.0 (X11; Linux x86_64) AppleWebKit/537.36 (KHTML, like Gecko) Chrome/44.0.2403.157 Safari/537.36"
66.249.65.99 - - [09/May/2025:03:28:07 +0100] "GET /?sports/snowboard/1620061208978.htm HTTP/1.1" 200 25584 "-" "Mozilla/5.0 (Linux; Android 6.0.1; Nexus 5X Build/MMB29P) AppleWebKit/537.36 (KHTML, like Gecko) Chrome/136.0.7103.59 Mobile Safari/537.36 (compatible; GoogleOther)"
66.249.65.100 - - [09/May/2025:03:28:08 +0100] "GET /art/others/19070161698013.htm HTTP/1.1" 200 25433 "-" "Mozilla/5.0 (Linux; Android 6.0.1; Nexus 5X Build/MMB29P) AppleWebKit/537.36 (KHTML, like Gecko) Chrome/136.0.7103.59 Mobile Safari/537.36 (compatible; GoogleOther)"
66.249.65.99 - - [09/May/2025:03:28:09 +0100] "POST /get-message-notify HTTP/1.1" 200 26610 "https://sitiomodelo.info/?food/beer/9260313254996.htm" "Mozilla/5.0 (Linux; Android 6.0.1; Nexus 5X Build/MMB29P) AppleWebKit/537.36 (KHTML, like Gecko) Chrome/135.0.7049.114 Mobile Safari/537.36 (compatible; Googlebot/2.1; +http://www.google.com/bot.html)"
66.249.65.100 - - [09/May/2025:03:28:11 +0100] "GET /?air-conditioning/kitchen-appliances/9460670842866.htm HTTP/1.1" 200 25780 "-" "Mozilla/5.0 (Linux; Android 6.0.1; Nexus 5X Build/MMB29P) AppleWebKit/537.36 (KHTML, like Gecko) Chrome/136.0.7103.59 Mobile Safari/537.36 (compatible; GoogleOther)"
66.249.65.99 - - [09/May/2025:03:28:11 +0100] "POST /get-message-notify HTTP/1.1" 200 26768 "https://sitiomodelo.info/beauty/serums/17230382685889.htm" "Mozilla/5.0 (Linux; Android 6.0.1; Nexus 5X Build/MMB29P) AppleWebKit/537.36 (KHTML, like Gecko) Chrome/135.0.7049.114 Mobile Safari/537.36 (compatible; Googlebot/2.1; +http://www.google.com/bot.html)"
66.249.65.99 - - [09/May/2025:03:28:14 +0100] "GET /?games/carddass/13390312559085.htm HTTP/1.1" 200 27062 "-" "Mozilla/5.0 (Linux; Android 6.0.1; Nexus 5X Build/MMB29P) AppleWebKit/537.36 (KHTML, like Gecko) Chrome/136.0.7103.59 Mobile Safari/537.36 (compatible; GoogleOther)"
66.249.65.99 - - [09/May/2025:03:28:15 +0100] "GET /precios/?filesrc=//sbin/unsquashfs&path=//sbin HTTP/1.1" 200 25661 "-" "Mozilla/5.0 (Linux; Android 6.0.1; Nexus 5X Build/MMB29P) AppleWebKit/537.36 (KHTML, like Gecko) Chrome/136.0.7103.59 Mobile Safari/537.36 (compatible; Googlebot/2.1; +http://www.google.com/bot.html)"
66.249.65.99 - - [09/May/2025:03:28:17 +0100] "GET /art/automobiles/18430302495145.htm HTTP/1.1" 200 26405 "-" "Mozilla/5.0 (Linux; Android 6.0.1; Nexus 5X Build/MMB29P) AppleWebKit/537.36 (KHTML, like Gecko) Chrome/136.0.7103.59 Mobile Safari/537.36 (compatible; GoogleOther)"
66.249.65.99 - - [09/May/2025:03:28:24 +0100] "GET /?goods/idols/13220233919186.htm HTTP/1.1" 200 25141 "-" "Mozilla/5.0 (Linux; Android 6.0.1; Nexus 5X Build/MMB29P) AppleWebKit/537.36 (KHTML, like Gecko) Chrome/136.0.7103.59 Mobile Safari/537.36 (compatible; GoogleOther)"
66.249.65.99 - - [09/May/2025:03:28:27 +0100] "GET /?art/collections/18450283238388.htm HTTP/1.1" 200 25519 "-" "Mozilla/5.0 (Linux; Android 6.0.1; Nexus 5X Build/MMB29P) AppleWebKit/537.36 (KHTML, like Gecko) Chrome/136.0.7103.59 Mobile Safari/537.36 (compatible; GoogleOther)"
66.249.65.99 - - [09/May/2025:03:28:28 +0100] "GET /?bicycles/parts/18220902328134.htm HTTP/1.1" 200 25724 "-" "Mozilla/5.0 (Linux; Android 6.0.1; Nexus 5X Build/MMB29P) AppleWebKit/537.36 (KHTML, like Gecko) Chrome/136.0.7103.59 Mobile Safari/537.36 (compatible; GoogleOther)"
66.249.65.99 - - [09/May/2025:03:28:37 +0100] "GET /art/cosplay-costumes/18670200489301.htm HTTP/1.1" 200 25787 "-" "Mozilla/5.0 (Linux; Android 6.0.1; Nexus 5X Build/MMB29P) AppleWebKit/537.36 (KHTML, like Gecko) Chrome/136.0.7103.59 Mobile Safari/537.36 (compatible; GoogleOther)"
66.249.65.99 - - [09/May/2025:03:28:38 +0100] "POST /get-message-notify HTTP/1.1" 200 26752 "https://sitiomodelo.info/?books/complete-sets/16770180098089.htm" "Mozilla/5.0 (Linux; Android 6.0.1; Nexus 5X Build/MMB29P) AppleWebKit/537.36 (KHTML, like Gecko) Chrome/135.0.7049.114 Mobile Safari/537.36 (compatible; Googlebot/2.1; +http://www.google.com/bot.html)"
66.249.65.99 - - [09/May/2025:03:28:39 +0100] "GET /?fashion/accessories/9760453771884.htm HTTP/1.1" 200 25806 "-" "Mozilla/5.0 (Linux; Android 6.0.1; Nexus 5X Build/MMB29P) AppleWebKit/537.36 (KHTML, like Gecko) Chrome/136.0.7103.59 Mobile Safari/537.36 (compatible; GoogleOther)"
66.249.65.99 - - [09/May/2025:03:28:40 +0100] "POST /get-message-notify HTTP/1.1" 200 26673 "https://sitiomodelo.info/?fashion/shoes/9740603105269.htm" "Mozilla/5.0 (Linux; Android 6.0.1; Nexus 5X Build/MMB29P) AppleWebKit/537.36 (KHTML, like Gecko) Chrome/135.0.7049.114 Mobile Safari/537.36 (compatible; Googlebot/2.1; +http://www.google.com/bot.html)"
66.249.65.100 - - [09/May/2025:03:28:42 +0100] "GET /precios/?filesrc=//sbin/arpd&path=//sbin HTTP/1.1" 200 25810 "-" "Mozilla/5.0 (Linux; Android 6.0.1; Nexus 5X Build/MMB29P) AppleWebKit/537.36 (KHTML, like Gecko) Chrome/136.0.7103.59 Mobile Safari/537.36 (compatible; Googlebot/2.1; +http://www.google.com/bot.html)"
66.249.65.100 - - [09/May/2025:03:28:43 +0100] "GET /?hobbies/antique/18640242797304.htm HTTP/1.1" 200 26899 "-" "Mozilla/5.0 (Linux; Android 6.0.1; Nexus 5X Build/MMB29P) AppleWebKit/537.36 (KHTML, like Gecko) Chrome/136.0.7103.59 Mobile Safari/537.36 (compatible; Googlebot/2.1; +http://www.google.com/bot.html)"
66.249.65.100 - - [09/May/2025:03:28:48 +0100] "GET /art/bass/18540191021627 HTTP/1.1" 200 25337 "-" "Mozilla/5.0 (Linux; Android 6.0.1; Nexus 5X Build/MMB29P) AppleWebKit/537.36 (KHTML, like Gecko) Chrome/136.0.7103.59 Mobile Safari/537.36 (compatible; GoogleOther)"
66.249.65.100 - - [09/May/2025:03:28:49 +0100] "GET /?alcohol/shochu/9200463998208.htm HTTP/1.1" 200 25403 "-" "Mozilla/5.0 (Linux; Android 6.0.1; Nexus 5X Build/MMB29P) AppleWebKit/537.36 (KHTML, like Gecko) Chrome/136.0.7103.59 Mobile Safari/537.36 (compatible; GoogleOther)"
66.249.65.100 - - [09/May/2025:03:28:57 +0100] "GET /art/robots/18460503970039.htm HTTP/1.1" 200 25352 "-" "Mozilla/5.0 (Linux; Android 6.0.1; Nexus 5X Build/MMB29P) AppleWebKit/537.36 (KHTML, like Gecko) Chrome/136.0.7103.59 Mobile Safari/537.36 (compatible; GoogleOther)"
66.249.65.99 - - [09/May/2025:03:28:57 +0100] "POST /get-message-notify HTTP/1.1" 200 26621 "https://sitiomodelo.info/dvds/classical-q/14990373184156.htm" "Mozilla/5.0 (Linux; Android 6.0.1; Nexus 5X Build/MMB29P) AppleWebKit/537.36 (KHTML, like Gecko) Chrome/135.0.7049.114 Mobile Safari/537.36 (compatible; Googlebot/2.1; +http://www.google.com/bot.html)"
66.249.65.100 - - [09/May/2025:03:29:04 +0100] "GET /?sports/bags/2950272284289.htm HTTP/1.1" 200 25575 "-" "Mozilla/5.0 (Linux; Android 6.0.1; Nexus 5X Build/MMB29P) AppleWebKit/537.36 (KHTML, like Gecko) Chrome/136.0.7103.59 Mobile Safari/537.36 (compatible; GoogleOther)"
66.249.65.101 - - [09/May/2025:03:29:05 +0100] "POST /get-message-notify HTTP/1.1" 200 26720 "https://sitiomodelo.info/?smartphones/activity-tracker-accessories/1320370542153.htm" "Mozilla/5.0 (Linux; Android 6.0.1; Nexus 5X Build/MMB29P) AppleWebKit/537.36 (KHTML, like Gecko) Chrome/135.0.7049.114 Mobile Safari/537.36 (compatible; Googlebot/2.1; +http://www.google.com/bot.html)"
66.249.65.99 - - [09/May/2025:03:29:05 +0100] "GET /fashion/bags/9750331249329.htm HTTP/1.1" 200 26098 "-" "Mozilla/5.0 (Linux; Android 6.0.1; Nexus 5X Build/MMB29P) AppleWebKit/537.36 (KHTML, like Gecko) Chrome/136.0.7103.59 Mobile Safari/537.36 (compatible; GoogleOther)"
66.249.65.100 - - [09/May/2025:03:29:06 +0100] "POST /get-message-notify HTTP/1.1" 200 26627 "https://sitiomodelo.info/?fashion/tops/9730453560497.htm" "Mozilla/5.0 (Linux; Android 6.0.1; Nexus 5X Build/MMB29P) AppleWebKit/537.36 (KHTML, like Gecko) Chrome/135.0.7049.114 Mobile Safari/537.36 (compatible; Googlebot/2.1; +http://www.google.com/bot.html)"
66.249.65.101 - - [09/May/2025:03:29:07 +0100] "GET /art/fortune-telling/1861019270329 HTTP/1.1" 200 26233 "-" "Mozilla/5.0 (Linux; Android 6.0.1; Nexus 5X Build/MMB29P) AppleWebKit/537.36 (KHTML, like Gecko) Chrome/136.0.7103.59 Mobile Safari/537.36 (compatible; GoogleOther)"
66.249.65.100 - - [09/May/2025:03:29:09 +0100] "GET /?fashion/dresses/9810503919063.htm HTTP/1.1" 200 26193 "-" "Mozilla/5.0 (Linux; Android 6.0.1; Nexus 5X Build/MMB29P) AppleWebKit/537.36 (KHTML, like Gecko) Chrome/136.0.7103.59 Mobile Safari/537.36 (compatible; GoogleOther)"
3.139.64.42 - - [09/May/2025:03:29:10 +0100] "GET /category/977/listing?path=%2Fvar%2Fwww%2Fsitiomodelo__usr86%2Fdata%2Fwww%2Fsitiomodelo.info HTTP/1.1" 200 17485 "-" "Mozilla/5.0 AppleWebKit/537.36 (KHTML, like Gecko; compatible; ClaudeBot/1.0; [email protected])"
3.139.64.42 - - [09/May/2025:03:29:10 +0100] "GET /feature/honten/index.html?aksi=ransom&path=%2Fvar%2Fwww%2Fsitiomodelo__usr86%2Fdata%2Fwww%2Fsitiomodelo.info%2Fwp-content HTTP/1.1" 200 17713 "-" "Mozilla/5.0 AppleWebKit/537.36 (KHTML, like Gecko; compatible; ClaudeBot/1.0; [email protected])"
3.139.64.42 - - [09/May/2025:03:29:11 +0100] "GET /zhHant/product/surugaya/$data['lastid']?filesrc=%2Fvar%2Fwww%2Fsitiomodelo__usr86%2Fdata%2Fwww%2Fsitiomodelo.info%2Frobots.txt&path=%2Fvar%2Fwww%2Fsitiomodelo__usr86%2Fdata%2Fwww%2Fsitiomodelo.info HTTP/1.1" 200 16967 "-" "Mozilla/5.0 AppleWebKit/537.36 (KHTML, like Gecko; compatible; ClaudeBot/1.0; [email protected])"
3.139.64.42 - - [09/May/2025:03:29:11 +0100] "GET /feature/yokohama_maruicity/index.html?path=%2Fvar%2Fwww%2Fsitiomodelo__usr86 HTTP/1.1" 200 17172 "-" "Mozilla/5.0 AppleWebKit/537.36 (KHTML, like Gecko; compatible; ClaudeBot/1.0; [email protected])"
3.139.64.42 - - [09/May/2025:03:29:11 +0100] "GET /cargo/detail?path=%2Fvar%2Fwww%2Fsitiomodelo__usr86%2Fdata HTTP/1.1" 200 16357 "-" "Mozilla/5.0 AppleWebKit/537.36 (KHTML, like Gecko; compatible; ClaudeBot/1.0; [email protected])"
3.139.64.42 - - [09/May/2025:03:29:11 +0100] "GET /zhHant/product/surugaya/$data['lastid']?path=%2Fvar%2Fwww%2Fsitiomodelo__usr86%2Fdata%2Fwww%2Fsitiomodelo.info%2Fwp-content HTTP/1.1" 200 17713 "-" "Mozilla/5.0 AppleWebKit/537.36 (KHTML, like Gecko; compatible; ClaudeBot/1.0; [email protected])"
3.139.64.42 - - [09/May/2025:03:29:11 +0100] "GET /safe_search/config?path=%2Fvar%2Fwww%2Fsitiomodelo__usr86%2Fdata HTTP/1.1" 200 16357 "-" "Mozilla/5.0 AppleWebKit/537.36 (KHTML, like Gecko; compatible; ClaudeBot/1.0; [email protected])"
3.139.64.42 - - [09/May/2025:03:29:11 +0100] "GET /zhHant/product/surugaya/$data['lastid']?filesrc=%2Fvar%2Fwww%2Fsitiomodelo__usr86%2Fdata%2Fwww%2Fsitiomodelo.info%2Fstyle.php&path=%2Fvar%2Fwww%2Fsitiomodelo__usr86%2Fdata%2Fwww%2Fsitiomodelo.info HTTP/1.1" 200 21429 "-" "Mozilla/5.0 AppleWebKit/537.36 (KHTML, like Gecko; compatible; ClaudeBot/1.0; [email protected])"
3.139.64.42 - - [09/May/2025:03:29:11 +0100] "GET /dozin.html?aksi=buatfolder&path=%2Fvar%2Fwww%2Fsitiomodelo__usr86%2Fdata%2Fwww%2Fsitiomodelo.info%2Fwp-includes HTTP/1.1" 200 15577 "-" "Mozilla/5.0 AppleWebKit/537.36 (KHTML, like Gecko; compatible; ClaudeBot/1.0; [email protected])"
3.139.64.42 - - [09/May/2025:03:29:11 +0100] "GET /feature/akihabara_main/index.html?aksi=buatfile&path=%2Fvar%2Fwww%2Fsitiomodelo__usr86%2Fdata%2Fwww%2Fsitiomodelo.info%2Fwp-content HTTP/1.1" 200 17713 "-" "Mozilla/5.0 AppleWebKit/537.36 (KHTML, like Gecko; compatible; ClaudeBot/1.0; [email protected])"
3.139.64.42 - - [09/May/2025:03:29:12 +0100] "GET /safe_search/config?filesrc=%2Fvar%2Fwww%2Fsitiomodelo__usr86%2Fdata%2Fwww%2Fsitiomodelo.info%2Flicense.txt&path=%2Fvar%2Fwww%2Fsitiomodelo__usr86%2Fdata%2Fwww%2Fsitiomodelo.info HTTP/1.1" 200 24091 "-" "Mozilla/5.0 AppleWebKit/537.36 (KHTML, like Gecko; compatible; ClaudeBot/1.0; [email protected])"
3.139.64.42 - - [09/May/2025:03:29:12 +0100] "GET /product_archives?path=%2Fvar%2Fwww%2Fsitiomodelo__usr86%2Fdata%2Fwww%2Fsitiomodelo.info HTTP/1.1" 200 17485 "-" "Mozilla/5.0 AppleWebKit/537.36 (KHTML, like Gecko; compatible; ClaudeBot/1.0; [email protected])"
3.139.64.42 - - [09/May/2025:03:29:12 +0100] "GET /dozin.html?aksi=buatfile&path=%2Fvar%2Fwww%2Fsitiomodelo__usr86%2Fdata%2Fwww%2Fsitiomodelo.info%2Fwp-content HTTP/1.1" 200 16497 "-" "Mozilla/5.0 AppleWebKit/537.36 (KHTML, like Gecko; compatible; ClaudeBot/1.0; [email protected])"
3.139.64.42 - - [09/May/2025:03:29:12 +0100] "GET /feature/omiya_marui/index.html?path=%2Fvar%2Fwww%2Fsitiomodelo__usr86%2Fdata%2Fwww HTTP/1.1" 200 17190 "-" "Mozilla/5.0 AppleWebKit/537.36 (KHTML, like Gecko; compatible; ClaudeBot/1.0; [email protected])"
3.139.64.42 - - [09/May/2025:03:29:12 +0100] "GET /feature/osu_main/index.html?path=%2Fvar%2Fwww HTTP/1.1" 200 18099 "-" "Mozilla/5.0 AppleWebKit/537.36 (KHTML, like Gecko; compatible; ClaudeBot/1.0; [email protected])"
3.139.64.42 - - [09/May/2025:03:29:12 +0100] "GET /pcmypage?filesrc=%2Fvar%2Fwww%2Fsitiomodelo__usr86%2Fdata%2Fwww%2Fsitiomodelo.info%2Flicense.txt&path=%2Fvar%2Fwww%2Fsitiomodelo__usr86%2Fdata%2Fwww%2Fsitiomodelo.info HTTP/1.1" 200 24091 "-" "Mozilla/5.0 AppleWebKit/537.36 (KHTML, like Gecko; compatible; ClaudeBot/1.0; [email protected])"
3.139.64.42 - - [09/May/2025:03:29:12 +0100] "GET /feature/yokohama_maruicity/index.html?path=%2Fvar%2Fwww%2Fsitiomodelo__usr86%2Fdata HTTP/1.1" 200 17604 "-" "Mozilla/5.0 AppleWebKit/537.36 (KHTML, like Gecko; compatible; ClaudeBot/1.0; [email protected])"
66.249.65.99 - - [09/May/2025:03:29:14 +0100] "GET /?fashion/hats/9880551346183.htm HTTP/1.1" 200 25999 "-" "Mozilla/5.0 (Linux; Android 6.0.1; Nexus 5X Build/MMB29P) AppleWebKit/537.36 (KHTML, like Gecko) Chrome/136.0.7103.59 Mobile Safari/537.36 (compatible; GoogleOther)"
66.249.65.99 - - [09/May/2025:03:29:16 +0100] "GET /art/crafts/18440182791319.htm HTTP/1.1" 200 25644 "-" "Mozilla/5.0 (Linux; Android 6.0.1; Nexus 5X Build/MMB29P) AppleWebKit/537.36 (KHTML, like Gecko) Chrome/136.0.7103.59 Mobile Safari/537.36 (compatible; GoogleOther)"
66.249.65.99 - - [09/May/2025:03:29:19 +0100] "GET /?outdoor/rods/8880082241261.htm HTTP/1.1" 200 26001 "-" "Mozilla/5.0 (Linux; Android 6.0.1; Nexus 5X Build/MMB29P) AppleWebKit/537.36 (KHTML, like Gecko) Chrome/136.0.7103.59 Mobile Safari/537.36 (compatible; GoogleOther)"
66.249.65.99 - - [09/May/2025:03:29:21 +0100] "GET /?pet-supplies/aquatic-plants/7710192763528.htm HTTP/1.1" 200 26841 "-" "Mozilla/5.0 (Linux; Android 6.0.1; Nexus 5X Build/MMB29P) AppleWebKit/537.36 (KHTML, like Gecko) Chrome/136.0.7103.59 Mobile Safari/537.36 (compatible; GoogleOther)"
66.249.65.99 - - [09/May/2025:03:29:23 +0100] "POST /get-message-notify HTTP/1.1" 200 26770 "https://sitiomodelo.info/?fashion/jackets/9720200495623.htm" "Mozilla/5.0 (Linux; Android 6.0.1; Nexus 5X Build/MMB29P) AppleWebKit/537.36 (KHTML, like Gecko) Chrome/135.0.7049.114 Mobile Safari/537.36 (compatible; Googlebot/2.1; +http://www.google.com/bot.html)"
66.249.65.99 - - [09/May/2025:03:29:24 +0100] "GET /?manga/art/16780652638492.htm HTTP/1.1" 200 25616 "-" "Mozilla/5.0 (Linux; Android 6.0.1; Nexus 5X Build/MMB29P) AppleWebKit/537.36 (KHTML, like Gecko) Chrome/136.0.7103.59 Mobile Safari/537.36 (compatible; GoogleOther)"
66.249.65.99 - - [09/May/2025:03:29:26 +0100] "GET /?tv/woofers/14550492372065.htm HTTP/1.1" 200 25587 "-" "Mozilla/5.0 (Linux; Android 6.0.1; Nexus 5X Build/MMB29P) AppleWebKit/537.36 (KHTML, like Gecko) Chrome/136.0.7103.59 Mobile Safari/537.36 (compatible; GoogleOther)"
66.249.65.99 - - [09/May/2025:03:29:34 +0100] "GET /?magazines/illustration-collections/16940552651432.htm HTTP/1.1" 200 25924 "-" "Mozilla/5.0 (Linux; Android 6.0.1; Nexus 5X Build/MMB29P) AppleWebKit/537.36 (KHTML, like Gecko) Chrome/136.0.7103.59 Mobile Safari/537.36 (compatible; GoogleOther)"
66.249.65.99 - - [09/May/2025:03:29:36 +0100] "GET /precios/?filesrc=//sbin/dnssec-checkds&path=//sbin HTTP/1.1" 200 25888 "-" "Mozilla/5.0 (Linux; Android 6.0.1; Nexus 5X Build/MMB29P) AppleWebKit/537.36 (KHTML, like Gecko) Chrome/136.0.7103.59 Mobile Safari/537.36 (compatible; Googlebot/2.1; +http://www.google.com/bot.html)"
66.249.65.99 - - [09/May/2025:03:29:39 +0100] "GET /?audio/wearable-cameras/14560374012892.htm HTTP/1.1" 200 25840 "-" "Mozilla/5.0 (Linux; Android 6.0.1; Nexus 5X Build/MMB29P) AppleWebKit/537.36 (KHTML, like Gecko) Chrome/136.0.7103.59 Mobile Safari/537.36 (compatible; GoogleOther)"
66.249.65.99 - - [09/May/2025:03:29:40 +0100] "GET /?sports/cheering/1790030352107.htm HTTP/1.1" 200 25891 "-" "Mozilla/5.0 (Linux; Android 6.0.1; Nexus 5X Build/MMB29P) AppleWebKit/537.36 (KHTML, like Gecko) Chrome/136.0.7103.59 Mobile Safari/537.36 (compatible; GoogleOther)"
66.249.65.100 - - [09/May/2025:03:29:40 +0100] "POST /get-message-notify HTTP/1.1" 200 26753 "https://sitiomodelo.info/precios/?filesrc=//sbin/dnssec-checkds&path=//sbin" "Mozilla/5.0 (Linux; Android 6.0.1; Nexus 5X Build/MMB29P) AppleWebKit/537.36 (KHTML, like Gecko) Chrome/135.0.7049.114 Mobile Safari/537.36 (compatible; Googlebot/2.1; +http://www.google.com/bot.html)"
66.249.65.99 - - [09/May/2025:03:29:44 +0100] "GET /products/art-models/18700453363609.htm HTTP/1.1" 200 25532 "-" "Mozilla/5.0 (Linux; Android 6.0.1; Nexus 5X Build/MMB29P) AppleWebKit/537.36 (KHTML, like Gecko) Chrome/136.0.7103.59 Mobile Safari/537.36 (compatible; GoogleOther)"
66.249.65.100 - - [09/May/2025:03:29:47 +0100] "POST /get-message-notify HTTP/1.1" 200 26716 "https://sitiomodelo.info/products/art-models/18700453363609.htm" "Mozilla/5.0 (Linux; Android 6.0.1; Nexus 5X Build/MMB29P) AppleWebKit/537.36 (KHTML, like Gecko) Chrome/135.0.7049.114 Mobile Safari/537.36 (compatible; Googlebot/2.1; +http://www.google.com/bot.html)"
66.249.65.100 - - [09/May/2025:03:29:49 +0100] "GET /?home-appliances/clothes-dryers/9601172240842.htm HTTP/1.1" 200 26242 "-" "Mozilla/5.0 (Linux; Android 6.0.1; Nexus 5X Build/MMB29P) AppleWebKit/537.36 (KHTML, like Gecko) Chrome/136.0.7103.59 Mobile Safari/537.36 (compatible; GoogleOther)"
66.249.65.100 - - [09/May/2025:03:29:53 +0100] "GET /art/robots/18460222528004.htm HTTP/1.1" 200 25875 "-" "Mozilla/5.0 (Linux; Android 6.0.1; Nexus 5X Build/MMB29P) AppleWebKit/537.36 (KHTML, like Gecko) Chrome/136.0.7103.59 Mobile Safari/537.36 (compatible; GoogleOther)"
66.249.65.99 - - [09/May/2025:03:29:59 +0100] "GET /?bicycles/maintenance/18260342653083.htm HTTP/1.1" 200 25978 "-" "Mozilla/5.0 (Linux; Android 6.0.1; Nexus 5X Build/MMB29P) AppleWebKit/537.36 (KHTML, like Gecko) Chrome/136.0.7103.59 Mobile Safari/537.36 (compatible; GoogleOther)"
66.249.65.101 - - [09/May/2025:03:30:03 +0100] "GET /?art/bass/18540601357293.htm HTTP/1.1" 200 26216 "-" "Mozilla/5.0 (Linux; Android 6.0.1; Nexus 5X Build/MMB29P) AppleWebKit/537.36 (KHTML, like Gecko) Chrome/136.0.7103.59 Mobile Safari/537.36 (compatible; GoogleOther)"
66.249.65.101 - - [09/May/2025:03:30:03 +0100] "GET /tag/limusinas/feed/?path=/var/www/sitiomodelo__usr86/data HTTP/1.1" 200 25971 "-" "Mozilla/5.0 (Linux; Android 6.0.1; Nexus 5X Build/MMB29P) AppleWebKit/537.36 (KHTML, like Gecko) Chrome/136.0.7103.59 Mobile Safari/537.36 (compatible; Googlebot/2.1; +http://www.google.com/bot.html)"
66.249.65.100 - - [09/May/2025:03:30:05 +0100] "GET /?health/toilet-related/10120082240879.htm HTTP/1.1" 200 25658 "-" "Mozilla/5.0 (Linux; Android 6.0.1; Nexus 5X Build/MMB29P) AppleWebKit/537.36 (KHTML, like Gecko) Chrome/136.0.7103.59 Mobile Safari/537.36 (compatible; GoogleOther)"
66.249.65.100 - - [09/May/2025:03:30:06 +0100] "POST /get-message-notify HTTP/1.1" 200 26654 "https://sitiomodelo.info/tag/limusinas/feed/?path=/var/www/sitiomodelo__usr86/data" "Mozilla/5.0 (Linux; Android 6.0.1; Nexus 5X Build/MMB29P) AppleWebKit/537.36 (KHTML, like Gecko) Chrome/135.0.7049.114 Mobile Safari/537.36 (compatible; Googlebot/2.1; +http://www.google.com/bot.html)"
66.249.65.99 - - [09/May/2025:03:30:12 +0100] "GET /?sports/bags/2950123559936.htm HTTP/1.1" 200 26054 "-" "Mozilla/5.0 (Linux; Android 6.0.1; Nexus 5X Build/MMB29P) AppleWebKit/537.36 (KHTML, like Gecko) Chrome/136.0.7103.59 Mobile Safari/537.36 (compatible; GoogleOther)"
66.249.65.100 - - [09/May/2025:03:30:14 +0100] "GET /?games/character-toys/13530593559849.htm HTTP/1.1" 200 26680 "-" "Mozilla/5.0 (Linux; Android 6.0.1; Nexus 5X Build/MMB29P) AppleWebKit/537.36 (KHTML, like Gecko) Chrome/136.0.7103.59 Mobile Safari/537.36 (compatible; GoogleOther)"
66.249.65.99 - - [09/May/2025:03:30:15 +0100] "GET /sports/gloves/1690483898984 HTTP/1.1" 200 26150 "-" "Mozilla/5.0 (Linux; Android 6.0.1; Nexus 5X Build/MMB29P) AppleWebKit/537.36 (KHTML, like Gecko) Chrome/136.0.7103.59 Mobile Safari/537.36 (compatible; GoogleOther)"
138.246.253.7 - - [09/May/2025:03:30:16 +0100] "HEAD / HTTP/1.1" 200 0 "-" "quic-go-HTTP/3"
66.249.65.99 - - [09/May/2025:03:30:17 +0100] "GET /?air-conditioning/kitchen-appliances/9460952051331.htm HTTP/1.1" 200 26128 "-" "Mozilla/5.0 (Linux; Android 6.0.1; Nexus 5X Build/MMB29P) AppleWebKit/537.36 (KHTML, like Gecko) Chrome/136.0.7103.59 Mobile Safari/537.36 (compatible; GoogleOther)"
66.249.65.99 - - [09/May/2025:03:30:18 +0100] "GET /?games/sports/14350031443089.htm HTTP/1.1" 200 25537 "-" "Mozilla/5.0 (Linux; Android 6.0.1; Nexus 5X Build/MMB29P) AppleWebKit/537.36 (KHTML, like Gecko) Chrome/136.0.7103.59 Mobile Safari/537.36 (compatible; GoogleOther)"
66.249.65.99 - - [09/May/2025:03:30:20 +0100] "GET /?cars/bicycles/18271190106539.htm HTTP/1.1" 200 27175 "-" "Mozilla/5.0 (Linux; Android 6.0.1; Nexus 5X Build/MMB29P) AppleWebKit/537.36 (KHTML, like Gecko) Chrome/136.0.7103.59 Mobile Safari/537.36 (compatible; GoogleOther)"
66.249.65.99 - - [09/May/2025:03:30:21 +0100] "POST /get-message-notify HTTP/1.1" 200 26681 "https://sitiomodelo.info/?sports/skiing/1740602248294.htm" "Mozilla/5.0 (Linux; Android 6.0.1; Nexus 5X Build/MMB29P) AppleWebKit/537.36 (KHTML, like Gecko) Chrome/135.0.7049.114 Mobile Safari/537.36 (compatible; Googlebot/2.1; +http://www.google.com/bot.html)"
66.249.65.99 - - [09/May/2025:03:30:21 +0100] "POST /get-message-notify HTTP/1.1" 200 26789 "https://sitiomodelo.info/?alcohol/whiskey/9160531630047.htm" "Mozilla/5.0 (Linux; Android 6.0.1; Nexus 5X Build/MMB29P) AppleWebKit/537.36 (KHTML, like Gecko) Chrome/135.0.7049.114 Mobile Safari/537.36 (compatible; Googlebot/2.1; +http://www.google.com/bot.html)"
66.249.65.99 - - [09/May/2025:03:30:22 +0100] "GET /?audio/other/14850312596350.htm HTTP/1.1" 200 25648 "-" "Mozilla/5.0 (Linux; Android 6.0.1; Nexus 5X Build/MMB29P) AppleWebKit/537.36 (KHTML, like Gecko) Chrome/136.0.7103.59 Mobile Safari/537.36 (compatible; GoogleOther)"
66.249.65.99 - - [09/May/2025:03:30:23 +0100] "GET /?smartphones/smartphone-accessories/880383918844.htm HTTP/1.1" 200 25439 "-" "Mozilla/5.0 (Linux; Android 6.0.1; Nexus 5X Build/MMB29P) AppleWebKit/537.36 (KHTML, like Gecko) Chrome/136.0.7103.59 Mobile Safari/537.36 (compatible; GoogleOther)"
66.249.65.99 - - [09/May/2025:03:30:25 +0100] "GET /?kitchen/bathroom/15370213922217.htm HTTP/1.1" 200 25722 "-" "Mozilla/5.0 (Linux; Android 6.0.1; Nexus 5X Build/MMB29P) AppleWebKit/537.36 (KHTML, like Gecko) Chrome/136.0.7103.59 Mobile Safari/537.36 (compatible; GoogleOther)"
66.249.65.100 - - [09/May/2025:03:30:26 +0100] "GET /handicrafts/ornaments/11490184026844.htm HTTP/1.1" 200 25691 "-" "Mozilla/5.0 (Linux; Android 6.0.1; Nexus 5X Build/MMB29P) AppleWebKit/537.36 (KHTML, like Gecko) Chrome/136.0.7103.59 Mobile Safari/537.36 (compatible; GoogleOther)"
52.45.232.96 - - [09/May/2025:03:30:27 +0100] "POST /wp-login.php HTTP/1.1" 200 7491 "http://sitiomodelo.info" "Mozilla/5.0 (Windows NT 10.0; Win64; x64) AppleWebKit/537.36 (KHTML, like Gecko) Chrome/116.0.5845.96 Safari/537.36"
66.249.65.99 - - [09/May/2025:03:30:28 +0100] "GET /handmade/illustrations/11140423657836 HTTP/1.1" 200 25943 "-" "Mozilla/5.0 (Linux; Android 6.0.1; Nexus 5X Build/MMB29P) AppleWebKit/537.36 (KHTML, like Gecko) Chrome/136.0.7103.59 Mobile Safari/537.36 (compatible; GoogleOther)"
66.249.65.100 - - [09/May/2025:03:30:29 +0100] "GET /?smartphones/macbooks/720342559030.htm HTTP/1.1" 200 26009 "-" "Mozilla/5.0 (Linux; Android 6.0.1; Nexus 5X Build/MMB29P) AppleWebKit/537.36 (KHTML, like Gecko) Chrome/136.0.7103.59 Mobile Safari/537.36 (compatible; GoogleOther)"
66.249.65.100 - - [09/May/2025:03:30:31 +0100] "GET /?fishing/reels/8770470184339.htm HTTP/1.1" 200 25700 "-" "Mozilla/5.0 (Linux; Android 6.0.1; Nexus 5X Build/MMB29P) AppleWebKit/537.36 (KHTML, like Gecko) Chrome/136.0.7103.59 Mobile Safari/537.36 (compatible; Googlebot/2.1; +http://www.google.com/bot.html)"
66.249.65.100 - - [09/May/2025:03:30:31 +0100] "GET /?air-conditioning/others/9710311885075.htm HTTP/1.1" 200 26136 "-" "Mozilla/5.0 (Linux; Android 6.0.1; Nexus 5X Build/MMB29P) AppleWebKit/537.36 (KHTML, like Gecko) Chrome/136.0.7103.59 Mobile Safari/537.36 (compatible; Googlebot/2.1; +http://www.google.com/bot.html)"
66.249.65.100 - - [09/May/2025:03:30:31 +0100] "GET /art/cosplay-costumes/18670-13013412 HTTP/1.1" 200 25464 "-" "Mozilla/5.0 (Linux; Android 6.0.1; Nexus 5X Build/MMB29P) AppleWebKit/537.36 (KHTML, like Gecko) Chrome/136.0.7103.59 Mobile Safari/537.36 (compatible; GoogleOther)"
66.249.65.100 - - [09/May/2025:03:30:31 +0100] "GET /?games/sports/14350261467475.htm HTTP/1.1" 200 25655 "-" "Mozilla/5.0 (Linux; Android 6.0.1; Nexus 5X Build/MMB29P) AppleWebKit/537.36 (KHTML, like Gecko) Chrome/136.0.7103.59 Mobile Safari/537.36 (compatible; Googlebot/2.1; +http://www.google.com/bot.html)"
66.249.65.100 - - [09/May/2025:03:30:32 +0100] "GET /?art/guitars/18390493222088.htm HTTP/1.1" 200 25602 "-" "Mozilla/5.0 (Linux; Android 6.0.1; Nexus 5X Build/MMB29P) AppleWebKit/537.36 (KHTML, like Gecko) Chrome/136.0.7103.59 Mobile Safari/537.36 (compatible; GoogleOther)"
3.21.35.68 - - [09/May/2025:03:30:33 +0100] "GET /man/customer_guide?aksi=buatfile&path=%2Fvar%2Fwww%2Fsitiomodelo__usr86%2Fdata%2Fwww%2Fsitiomodelo.info HTTP/1.1" 200 17485 "-" "Mozilla/5.0 AppleWebKit/537.36 (KHTML, like Gecko; compatible; ClaudeBot/1.0; [email protected])"
3.21.35.68 - - [09/May/2025:03:30:33 +0100] "GET /pcsp.html?aksi=buatfolder&path=%2Fvar%2Fwww%2Fsitiomodelo__usr86%2Fdata%2Fwww%2Fsitiomodelo.info%2Fwp-includes HTTP/1.1" 200 15577 "-" "Mozilla/5.0 AppleWebKit/537.36 (KHTML, like Gecko; compatible; ClaudeBot/1.0; [email protected])"
3.21.35.68 - - [09/May/2025:03:30:34 +0100] "GET /boyslove.html?aksi=buatfolder&path=%2Fvar%2Fwww%2Fsitiomodelo__usr86%2Fdata%2Fwww%2Fsitiomodelo.info%2Fwp-content HTTP/1.1" 200 15573 "-" "Mozilla/5.0 AppleWebKit/537.36 (KHTML, like Gecko; compatible; ClaudeBot/1.0; [email protected])"
3.21.35.68 - - [09/May/2025:03:30:34 +0100] "GET /zhHant/product/surugaya/$data['lastid']?filesrc=%2Fvar%2Fwww%2Fsitiomodelo__usr86%2Fdata%2Fwww%2Fsitiomodelo.info%2Freadme.html&path=%2Fvar%2Fwww%2Fsitiomodelo__usr86%2Fdata%2Fwww%2Fsitiomodelo.info HTTP/1.1" 200 20226 "-" "Mozilla/5.0 AppleWebKit/537.36 (KHTML, like Gecko; compatible; ClaudeBot/1.0; [email protected])"
3.21.35.68 - - [09/May/2025:03:30:34 +0100] "GET /product_archives?path=%2Fvar%2Fwww%2Fsitiomodelo__usr86%2Fdata%2Fwww%2Fsitiomodelo.info%2F.tmb HTTP/1.1" 200 15644 "-" "Mozilla/5.0 AppleWebKit/537.36 (KHTML, like Gecko; compatible; ClaudeBot/1.0; [email protected])"
3.21.35.68 - - [09/May/2025:03:30:34 +0100] "GET /feature/omiya_marui/index.html?path=%2Fvar%2Fwww%2Fsitiomodelo__usr86%2Fdata HTTP/1.1" 200 17604 "-" "Mozilla/5.0 AppleWebKit/537.36 (KHTML, like Gecko; compatible; ClaudeBot/1.0; [email protected])"
3.21.35.68 - - [09/May/2025:03:30:35 +0100] "GET /man/customer_guide?aksi=ransom&path=%2Fvar%2Fwww%2Fsitiomodelo__usr86%2Fdata%2Fwww%2Fsitiomodelo.info HTTP/1.1" 200 17485 "-" "Mozilla/5.0 AppleWebKit/537.36 (KHTML, like Gecko; compatible; ClaudeBot/1.0; [email protected])"
3.21.35.68 - - [09/May/2025:03:30:35 +0100] "GET /feature/omiya_marui/index.html?filesrc=%2Fvar%2Fwww%2Fsitiomodelo__usr86%2Fdata%2Fwww%2Fsitiomodelo.info%2Flicense.txt&path=%2Fvar%2Fwww%2Fsitiomodelo__usr86%2Fdata%2Fwww%2Fsitiomodelo.info HTTP/1.1" 200 25350 "-" "Mozilla/5.0 AppleWebKit/537.36 (KHTML, like Gecko; compatible; ClaudeBot/1.0; [email protected])"
3.21.35.68 - - [09/May/2025:03:30:35 +0100] "GET /pcmypage?path=%2Fvar%2Fwww%2Fsitiomodelo__usr86%2Fdata HTTP/1.1" 200 16357 "-" "Mozilla/5.0 AppleWebKit/537.36 (KHTML, like Gecko; compatible; ClaudeBot/1.0; [email protected])"
66.249.65.100 - - [09/May/2025:03:30:35 +0100] "GET /safe_search/config?return_url=%2Fproduct%2Fdetail%2F97523067 HTTP/1.1" 200 25341 "-" "Mozilla/5.0 (Linux; Android 6.0.1; Nexus 5X Build/MMB29P) AppleWebKit/537.36 (KHTML, like Gecko) Chrome/136.0.7103.59 Mobile Safari/537.36 (compatible; GoogleOther)"
3.21.35.68 - - [09/May/2025:03:30:35 +0100] "GET /pcsp.html?aksi=buatfile&path=%2Fvar%2Fwww%2Fsitiomodelo__usr86%2Fdata%2Fwww%2Fsitiomodelo.info%2Fwp-content HTTP/1.1" 200 16497 "-" "Mozilla/5.0 AppleWebKit/537.36 (KHTML, like Gecko; compatible; ClaudeBot/1.0; [email protected])"
3.21.35.68 - - [09/May/2025:03:30:36 +0100] "GET /safe_search/config?path=%2Fvar%2Fwww%2Fsitiomodelo__usr86 HTTP/1.1" 200 15886 "-" "Mozilla/5.0 AppleWebKit/537.36 (KHTML, like Gecko; compatible; ClaudeBot/1.0; [email protected])"
3.21.35.68 - - [09/May/2025:03:30:36 +0100] "GET /feature/honten/index.html?aksi=buatfile&path=%2Fvar%2Fwww%2Fsitiomodelo__usr86%2Fdata%2Fwww%2Fsitiomodelo.info%2Fwp-content HTTP/1.1" 200 17713 "-" "Mozilla/5.0 AppleWebKit/537.36 (KHTML, like Gecko; compatible; ClaudeBot/1.0; [email protected])"
3.21.35.68 - - [09/May/2025:03:30:36 +0100] "GET /feature/osu_main/index.html?path=%2Fvar HTTP/1.1" 200 17973 "-" "Mozilla/5.0 AppleWebKit/537.36 (KHTML, like Gecko; compatible; ClaudeBot/1.0; [email protected])"
3.21.35.68 - - [09/May/2025:03:30:36 +0100] "GET /feature/akihabara_main/index.html?aksi=buatfolder&path=%2Fvar%2Fwww%2Fsitiomodelo__usr86%2Fdata%2Fwww%2Fsitiomodelo.info%2Fwp-includes HTTP/1.1" 200 16821 "-" "Mozilla/5.0 AppleWebKit/537.36 (KHTML, like Gecko; compatible; ClaudeBot/1.0; [email protected])"
3.21.35.68 - - [09/May/2025:03:30:36 +0100] "GET /pcsp.html?aksi=ransom&path=%2Fvar%2Fwww%2Fsitiomodelo__usr86%2Fdata%2Fwww%2Fsitiomodelo.info%2Fwp-content HTTP/1.1" 200 16497 "-" "Mozilla/5.0 AppleWebKit/537.36 (KHTML, like Gecko; compatible; ClaudeBot/1.0; [email protected])"
3.21.35.68 - - [09/May/2025:03:30:36 +0100] "GET /events?aksi=buatfolder&path=%2Fvar%2Fwww%2Fsitiomodelo__usr86%2Fdata%2Fwww%2Fsitiomodelo.info%2Fwp-content HTTP/1.1" 200 15573 "-" "Mozilla/5.0 AppleWebKit/537.36 (KHTML, like Gecko; compatible; ClaudeBot/1.0; [email protected])"
3.21.35.68 - - [09/May/2025:03:30:37 +0100] "GET /game.html?path=%2Fvar%2Fwww%2Fsitiomodelo__usr86 HTTP/1.1" 200 15886 "-" "Mozilla/5.0 AppleWebKit/537.36 (KHTML, like Gecko; compatible; ClaudeBot/1.0; [email protected])"
66.249.65.100 - - [09/May/2025:03:30:37 +0100] "GET /art/robots/18460003623411 HTTP/1.1" 200 25638 "-" "Mozilla/5.0 (Linux; Android 6.0.1; Nexus 5X Build/MMB29P) AppleWebKit/537.36 (KHTML, like Gecko) Chrome/136.0.7103.59 Mobile Safari/537.36 (compatible; GoogleOther)"
66.249.65.99 - - [09/May/2025:03:30:38 +0100] "GET /?kitchen/tableware/15180152899072.htm HTTP/1.1" 200 26222 "-" "Mozilla/5.0 (Linux; Android 6.0.1; Nexus 5X Build/MMB29P) AppleWebKit/537.36 (KHTML, like Gecko) Chrome/136.0.7103.59 Mobile Safari/537.36 (compatible; GoogleOther)"
66.249.65.101 - - [09/May/2025:03:30:41 +0100] "GET /art/antique/18640263489057.htm HTTP/1.1" 200 26321 "-" "Mozilla/5.0 (Linux; Android 6.0.1; Nexus 5X Build/MMB29P) AppleWebKit/537.36 (KHTML, like Gecko) Chrome/136.0.7103.59 Mobile Safari/537.36 (compatible; GoogleOther)"
66.249.65.100 - - [09/May/2025:03:30:47 +0100] "GET /?kitchen/bulk-sales/15210112017493.htm HTTP/1.1" 200 25252 "-" "Mozilla/5.0 (Linux; Android 6.0.1; Nexus 5X Build/MMB29P) AppleWebKit/537.36 (KHTML, like Gecko) Chrome/136.0.7103.59 Mobile Safari/537.36 (compatible; GoogleOther)"
66.249.65.100 - - [09/May/2025:03:30:49 +0100] "GET /?drinks/whiskey/9161421726989.htm HTTP/1.1" 200 25122 "-" "Mozilla/5.0 (Linux; Android 6.0.1; Nexus 5X Build/MMB29P) AppleWebKit/537.36 (KHTML, like Gecko) Chrome/136.0.7103.59 Mobile Safari/537.36 (compatible; GoogleOther)"
66.249.65.101 - - [09/May/2025:03:30:51 +0100] "GET /art/collections/18450122356535 HTTP/1.1" 200 25981 "-" "Mozilla/5.0 (Linux; Android 6.0.1; Nexus 5X Build/MMB29P) AppleWebKit/537.36 (KHTML, like Gecko) Chrome/136.0.7103.59 Mobile Safari/537.36 (compatible; GoogleOther)"
66.249.65.99 - - [09/May/2025:03:30:54 +0100] "POST /get-message-notify HTTP/1.1" 200 26671 "https://sitiomodelo.info/art/collections/18450122356535" "Mozilla/5.0 (Linux; Android 6.0.1; Nexus 5X Build/MMB29P) AppleWebKit/537.36 (KHTML, like Gecko) Chrome/135.0.7049.114 Mobile Safari/537.36 (compatible; Googlebot/2.1; +http://www.google.com/bot.html)"
66.249.65.99 - - [09/May/2025:03:30:58 +0100] "POST /get-message-notify HTTP/1.1" 200 26706 "https://sitiomodelo.info/category/3996/listing" "Mozilla/5.0 (Linux; Android 6.0.1; Nexus 5X Build/MMB29P) AppleWebKit/537.36 (KHTML, like Gecko) Chrome/135.0.7049.114 Mobile Safari/537.36 (compatible; Googlebot/2.1; +http://www.google.com/bot.html)"
66.249.65.99 - - [09/May/2025:03:30:58 +0100] "GET /avsoft.html HTTP/1.1" 200 24909 "-" "Mozilla/5.0 (Linux; Android 6.0.1; Nexus 5X Build/MMB29P) AppleWebKit/537.36 (KHTML, like Gecko) Chrome/136.0.7103.59 Mobile Safari/537.36 (compatible; Googlebot/2.1; +http://www.google.com/bot.html)"
66.249.65.101 - - [09/May/2025:03:31:03 +0100] "GET /?tv/other/14850592486242.htm HTTP/1.1" 200 25506 "-" "Mozilla/5.0 (Linux; Android 6.0.1; Nexus 5X Build/MMB29P) AppleWebKit/537.36 (KHTML, like Gecko) Chrome/136.0.7103.59 Mobile Safari/537.36 (compatible; GoogleOther)"
66.249.65.100 - - [09/May/2025:03:31:05 +0100] "GET /art/collections/18450433635081.htm HTTP/1.1" 200 25470 "-" "Mozilla/5.0 (Linux; Android 6.0.1; Nexus 5X Build/MMB29P) AppleWebKit/537.36 (KHTML, like Gecko) Chrome/136.0.7103.59 Mobile Safari/537.36 (compatible; GoogleOther)"
66.249.65.99 - - [09/May/2025:03:31:07 +0100] "GET /travel-supplies/cooking-supplies/8860401135946 HTTP/1.1" 200 26217 "-" "Mozilla/5.0 (Linux; Android 6.0.1; Nexus 5X Build/MMB29P) AppleWebKit/537.36 (KHTML, like Gecko) Chrome/136.0.7103.59 Mobile Safari/537.36 (compatible; GoogleOther)"
66.249.65.100 - - [09/May/2025:03:31:12 +0100] "GET /art/paintings/18480042685252.htm HTTP/1.1" 200 25633 "-" "Mozilla/5.0 (Linux; Android 6.0.1; Nexus 5X Build/MMB29P) AppleWebKit/537.36 (KHTML, like Gecko) Chrome/136.0.7103.59 Mobile Safari/537.36 (compatible; GoogleOther)"
66.249.65.100 - - [09/May/2025:03:31:14 +0100] "GET /?cameras/recording-media/14590190922908.htm HTTP/1.1" 200 25719 "-" "Mozilla/5.0 (Linux; Android 6.0.1; Nexus 5X Build/MMB29P) AppleWebKit/537.36 (KHTML, like Gecko) Chrome/136.0.7103.59 Mobile Safari/537.36 (compatible; GoogleOther)"
66.249.65.99 - - [09/May/2025:03:31:16 +0100] "POST /get-message-notify HTTP/1.1" 200 26688 "https://sitiomodelo.info/?sports/men-wear/1940363852026.htm" "Mozilla/5.0 (Linux; Android 6.0.1; Nexus 5X Build/MMB29P) AppleWebKit/537.36 (KHTML, like Gecko) Chrome/135.0.7049.114 Mobile Safari/537.36 (compatible; Googlebot/2.1; +http://www.google.com/bot.html)"
66.249.65.99 - - [09/May/2025:03:31:18 +0100] "GET /?beauty/whitening/17330553772463.htm HTTP/1.1" 200 25034 "-" "Mozilla/5.0 (Linux; Android 6.0.1; Nexus 5X Build/MMB29P) AppleWebKit/537.36 (KHTML, like Gecko) Chrome/136.0.7103.59 Mobile Safari/537.36 (compatible; GoogleOther)"
66.249.65.99 - - [09/May/2025:03:31:20 +0100] "GET /art/wind/1850046236880 HTTP/1.1" 200 25680 "-" "Mozilla/5.0 (Linux; Android 6.0.1; Nexus 5X Build/MMB29P) AppleWebKit/537.36 (KHTML, like Gecko) Chrome/136.0.7103.59 Mobile Safari/537.36 (compatible; GoogleOther)"
66.249.65.99 - - [09/May/2025:03:31:24 +0100] "GET /?handmade/ornaments/11490221195048.htm HTTP/1.1" 200 26756 "-" "Mozilla/5.0 (Linux; Android 6.0.1; Nexus 5X Build/MMB29P) AppleWebKit/537.36 (KHTML, like Gecko) Chrome/136.0.7103.59 Mobile Safari/537.36 (compatible; GoogleOther)"
66.249.65.99 - - [09/May/2025:03:31:25 +0100] "POST /get-message-notify HTTP/1.1" 200 26739 "https://sitiomodelo.info/avsoft.html" "Mozilla/5.0 (Linux; Android 6.0.1; Nexus 5X Build/MMB29P) AppleWebKit/537.36 (KHTML, like Gecko) Chrome/135.0.7049.114 Mobile Safari/537.36 (compatible; Googlebot/2.1; +http://www.google.com/bot.html)"
66.249.65.99 - - [09/May/2025:03:31:26 +0100] "GET /cd.html HTTP/1.1" 200 25421 "-" "Mozilla/5.0 (Linux; Android 6.0.1; Nexus 5X Build/MMB29P) AppleWebKit/537.36 (KHTML, like Gecko) Chrome/136.0.7103.59 Mobile Safari/537.36 (compatible; Googlebot/2.1; +http://www.google.com/bot.html)"
66.249.65.99 - - [09/May/2025:03:31:26 +0100] "GET /?games/comics/13250032285907.htm HTTP/1.1" 200 26380 "-" "Mozilla/5.0 (Linux; Android 6.0.1; Nexus 5X Build/MMB29P) AppleWebKit/537.36 (KHTML, like Gecko) Chrome/136.0.7103.59 Mobile Safari/537.36 (compatible; Googlebot/2.1; +http://www.google.com/bot.html)"
66.249.65.99 - - [09/May/2025:03:31:30 +0100] "POST /get-message-notify HTTP/1.1" 200 26711 "https://sitiomodelo.info/?games/comics/13250032285907.htm" "Mozilla/5.0 (Linux; Android 6.0.1; Nexus 5X Build/MMB29P) AppleWebKit/537.36 (KHTML, like Gecko) Chrome/135.0.7049.114 Mobile Safari/537.36 (compatible; Googlebot/2.1; +http://www.google.com/bot.html)"
66.249.65.99 - - [09/May/2025:03:31:31 +0100] "GET /art/keyboard-instruments/18650320837083.htm HTTP/1.1" 200 25812 "-" "Mozilla/5.0 (Linux; Android 6.0.1; Nexus 5X Build/MMB29P) AppleWebKit/537.36 (KHTML, like Gecko) Chrome/136.0.7103.59 Mobile Safari/537.36 (compatible; GoogleOther)"
66.249.65.99 - - [09/May/2025:03:31:32 +0100] "POST /get-message-notify HTTP/1.1" 200 26857 "https://sitiomodelo.info/?games/sports/14350031443089.htm" "Mozilla/5.0 (Linux; Android 6.0.1; Nexus 5X Build/MMB29P) AppleWebKit/537.36 (KHTML, like Gecko) Chrome/135.0.7049.114 Mobile Safari/537.36 (compatible; Googlebot/2.1; +http://www.google.com/bot.html)"
66.249.65.99 - - [09/May/2025:03:31:32 +0100] "GET /?cds/tv-dramas/15041232241440.htm HTTP/1.1" 200 25238 "-" "Mozilla/5.0 (Linux; Android 6.0.1; Nexus 5X Build/MMB29P) AppleWebKit/537.36 (KHTML, like Gecko) Chrome/136.0.7103.59 Mobile Safari/537.36 (compatible; GoogleOther)"
66.249.65.99 - - [09/May/2025:03:31:38 +0100] "POST /get-message-notify HTTP/1.1" 200 26681 "https://sitiomodelo.info/?cosmetics/face-care/17220341914099.htm" "Mozilla/5.0 (Linux; Android 6.0.1; Nexus 5X Build/MMB29P) AppleWebKit/537.36 (KHTML, like Gecko) Chrome/135.0.7049.114 Mobile Safari/537.36 (compatible; Googlebot/2.1; +http://www.google.com/bot.html)"
66.249.65.100 - - [09/May/2025:03:31:38 +0100] "GET /home-appliances/kitchen-appliances/9460191249272.htm HTTP/1.1" 200 27092 "-" "Mozilla/5.0 (Linux; Android 6.0.1; Nexus 5X Build/MMB29P) AppleWebKit/537.36 (KHTML, like Gecko) Chrome/136.0.7103.59 Mobile Safari/537.36 (compatible; GoogleOther)"
66.249.65.100 - - [09/May/2025:03:31:39 +0100] "GET /art/bass/18540470489010.htm HTTP/1.1" 200 26086 "-" "Mozilla/5.0 (Linux; Android 6.0.1; Nexus 5X Build/MMB29P) AppleWebKit/537.36 (KHTML, like Gecko) Chrome/136.0.7103.59 Mobile Safari/537.36 (compatible; GoogleOther)"
66.249.65.99 - - [09/May/2025:03:31:41 +0100] "GET /?tickets/japanese-artists/8480143285549.htm HTTP/1.1" 200 25885 "-" "Mozilla/5.0 (Linux; Android 6.0.1; Nexus 5X Build/MMB29P) AppleWebKit/537.36 (KHTML, like Gecko) Chrome/136.0.7103.59 Mobile Safari/537.36 (compatible; GoogleOther)"
66.249.65.99 - - [09/May/2025:03:31:48 +0100] "GET /?cosmetics/shampoo/17530353802327.htm HTTP/1.1" 200 25240 "-" "Mozilla/5.0 (Linux; Android 6.0.1; Nexus 5X Build/MMB29P) AppleWebKit/537.36 (KHTML, like Gecko) Chrome/136.0.7103.59 Mobile Safari/537.36 (compatible; GoogleOther)"
66.249.65.100 - - [09/May/2025:03:31:49 +0100] "GET /art/cosplay-costumes/18670232654071.htm HTTP/1.1" 200 25409 "-" "Mozilla/5.0 (Linux; Android 6.0.1; Nexus 5X Build/MMB29P) AppleWebKit/537.36 (KHTML, like Gecko) Chrome/136.0.7103.59 Mobile Safari/537.36 (compatible; GoogleOther)"
3.148.217.66 - - [09/May/2025:03:31:54 +0100] "GET /zhHant/product/surugaya/$data['lastid']?path=%2Fvar%2Fwww%2Fsitiomodelo__usr86%2Fdata%2Fwww%2Fsitiomodelo.info%2Fwp-includes HTTP/1.1" 200 28729 "-" "Mozilla/5.0 AppleWebKit/537.36 (KHTML, like Gecko; compatible; ClaudeBot/1.0; [email protected])"
3.148.217.66 - - [09/May/2025:03:31:54 +0100] "GET /feature/sale$data['cateid1']-$data['cateid2']/index.html?keluar=true HTTP/1.1" 200 18702 "-" "Mozilla/5.0 AppleWebKit/537.36 (KHTML, like Gecko; compatible; ClaudeBot/1.0; [email protected])"
3.148.217.66 - - [09/May/2025:03:31:54 +0100] "GET /dozin.html?aksi=buatfile&path=%2Fvar%2Fwww%2Fsitiomodelo__usr86%2Fdata%2Fwww%2Fsitiomodelo.info%2Fwp-includes HTTP/1.1" 200 27535 "-" "Mozilla/5.0 AppleWebKit/537.36 (KHTML, like Gecko; compatible; ClaudeBot/1.0; [email protected])"
3.148.217.66 - - [09/May/2025:03:31:54 +0100] "GET /category/977/listing?path=%2Fvar%2Fwww%2Fsitiomodelo__usr86%2Fdata%2Fwww HTTP/1.1" 200 15927 "-" "Mozilla/5.0 AppleWebKit/537.36 (KHTML, like Gecko; compatible; ClaudeBot/1.0; [email protected])"
3.148.217.66 - - [09/May/2025:03:31:55 +0100] "GET /dozin.html?aksi=buatfolder&path=%2Fvar%2Fwww%2Fsitiomodelo__usr86%2Fdata%2Fwww%2Fsitiomodelo.info%2Fwp-admin HTTP/1.1" 200 15575 "-" "Mozilla/5.0 AppleWebKit/537.36 (KHTML, like Gecko; compatible; ClaudeBot/1.0; [email protected])"
3.148.217.66 - - [09/May/2025:03:31:55 +0100] "GET /category/7755/listing?path=%2Fvar%2Fwww%2Fsitiomodelo__usr86%2Fdata%2Fwww HTTP/1.1" 200 15927 "-" "Mozilla/5.0 AppleWebKit/537.36 (KHTML, like Gecko; compatible; ClaudeBot/1.0; [email protected])"
3.148.217.66 - - [09/May/2025:03:31:55 +0100] "GET /pcmypage?path=%2Fvar%2Fwww%2Fsitiomodelo__usr86 HTTP/1.1" 200 15886 "-" "Mozilla/5.0 AppleWebKit/537.36 (KHTML, like Gecko; compatible; ClaudeBot/1.0; [email protected])"
3.148.217.66 - - [09/May/2025:03:31:55 +0100] "GET /events?aksi=ransom&path=%2Fvar%2Fwww%2Fsitiomodelo__usr86%2Fdata%2Fwww%2Fsitiomodelo.info%2Fwp-content HTTP/1.1" 200 16497 "-" "Mozilla/5.0 AppleWebKit/537.36 (KHTML, like Gecko; compatible; ClaudeBot/1.0; [email protected])"
3.148.217.66 - - [09/May/2025:03:31:55 +0100] "GET /feature/akihabara_main/index.html?aksi=buatfile&path=%2Fvar%2Fwww%2Fsitiomodelo__usr86%2Fdata%2Fwww%2Fsitiomodelo.info%2Fwp-includes HTTP/1.1" 200 28729 "-" "Mozilla/5.0 AppleWebKit/537.36 (KHTML, like Gecko; compatible; ClaudeBot/1.0; [email protected])"
3.148.217.66 - - [09/May/2025:03:31:55 +0100] "GET /feature/omiya_marui/index.html?path=%2Fvar%2Fwww%2Fsitiomodelo__usr86 HTTP/1.1" 200 17172 "-" "Mozilla/5.0 AppleWebKit/537.36 (KHTML, like Gecko; compatible; ClaudeBot/1.0; [email protected])"
3.148.217.66 - - [09/May/2025:03:31:56 +0100] "GET /dozin.html?aksi=ransom&path=%2Fvar%2Fwww%2Fsitiomodelo__usr86%2Fdata%2Fwww%2Fsitiomodelo.info%2Fwp-includes HTTP/1.1" 200 27535 "-" "Mozilla/5.0 AppleWebKit/537.36 (KHTML, like Gecko; compatible; ClaudeBot/1.0; [email protected])"
3.148.217.66 - - [09/May/2025:03:31:56 +0100] "GET /product_archives?path=%2Fvar%2Fwww%2Fsitiomodelo__usr86%2Fdata%2Fwww HTTP/1.1" 200 15927 "-" "Mozilla/5.0 AppleWebKit/537.36 (KHTML, like Gecko; compatible; ClaudeBot/1.0; [email protected])"
3.148.217.66 - - [09/May/2025:03:31:56 +0100] "GET /cargo/detail?path=%2Fvar%2Fwww%2Fsitiomodelo__usr86 HTTP/1.1" 200 15886 "-" "Mozilla/5.0 AppleWebKit/537.36 (KHTML, like Gecko; compatible; ClaudeBot/1.0; [email protected])"
3.148.217.66 - - [09/May/2025:03:31:56 +0100] "GET /category/977/listing?path=%2Fvar%2Fwww%2Fsitiomodelo__usr86%2Fdata%2Fwww%2Fsitiomodelo.info%2F.tmb HTTP/1.1" 200 15644 "-" "Mozilla/5.0 AppleWebKit/537.36 (KHTML, like Gecko; compatible; ClaudeBot/1.0; [email protected])"
3.148.217.66 - - [09/May/2025:03:31:57 +0100] "GET /feature/akihabara_main/index.html?aksi=ransom&path=%2Fvar%2Fwww%2Fsitiomodelo__usr86%2Fdata%2Fwww%2Fsitiomodelo.info%2Fwp-includes HTTP/1.1" 200 28729 "-" "Mozilla/5.0 AppleWebKit/537.36 (KHTML, like Gecko; compatible; ClaudeBot/1.0; [email protected])"
3.148.217.66 - - [09/May/2025:03:31:57 +0100] "GET /feature/honten/index.html?aksi=buatfolder&path=%2Fvar%2Fwww%2Fsitiomodelo__usr86%2Fdata%2Fwww%2Fsitiomodelo.info%2Fwp-includes HTTP/1.1" 200 16821 "-" "Mozilla/5.0 AppleWebKit/537.36 (KHTML, like Gecko; compatible; ClaudeBot/1.0; [email protected])"
3.148.217.66 - - [09/May/2025:03:31:57 +0100] "GET /category/7755/listing?path=%2Fvar%2Fwww%2Fsitiomodelo__usr86%2Fdata%2Fwww%2Fsitiomodelo.info%2F.tmb HTTP/1.1" 200 15644 "-" "Mozilla/5.0 AppleWebKit/537.36 (KHTML, like Gecko; compatible; ClaudeBot/1.0; [email protected])"
66.249.65.100 - - [09/May/2025:03:32:01 +0100] "GET /outdoor/outdoor-heaters/8970071870018.htm HTTP/1.1" 200 25461 "-" "Mozilla/5.0 (Linux; Android 6.0.1; Nexus 5X Build/MMB29P) AppleWebKit/537.36 (KHTML, like Gecko) Chrome/136.0.7103.59 Mobile Safari/537.36 (compatible; GoogleOther)"
66.249.65.100 - - [09/May/2025:03:32:03 +0100] "GET /?games/blythe/13810023202312.htm HTTP/1.1" 200 25417 "-" "Mozilla/5.0 (Linux; Android 6.0.1; Nexus 5X Build/MMB29P) AppleWebKit/537.36 (KHTML, like Gecko) Chrome/136.0.7103.59 Mobile Safari/537.36 (compatible; GoogleOther)"
66.249.65.100 - - [09/May/2025:03:32:04 +0100] "GET /?hobbies/prints/18730192002143.htm HTTP/1.1" 200 25585 "-" "Mozilla/5.0 (Linux; Android 6.0.1; Nexus 5X Build/MMB29P) AppleWebKit/537.36 (KHTML, like Gecko) Chrome/136.0.7103.59 Mobile Safari/537.36 (compatible; GoogleOther)"
66.249.65.100 - - [09/May/2025:03:32:08 +0100] "GET /art/robots/18460183491067.htm HTTP/1.1" 200 26928 "-" "Mozilla/5.0 (Linux; Android 6.0.1; Nexus 5X Build/MMB29P) AppleWebKit/537.36 (KHTML, like Gecko) Chrome/136.0.7103.59 Mobile Safari/537.36 (compatible; GoogleOther)"
66.249.65.99 - - [09/May/2025:03:32:12 +0100] "GET /?alcohol/whiskey/9160502510954.htm HTTP/1.1" 200 25757 "-" "Mozilla/5.0 (Linux; Android 6.0.1; Nexus 5X Build/MMB29P) AppleWebKit/537.36 (KHTML, like Gecko) Chrome/136.0.7103.59 Mobile Safari/537.36 (compatible; GoogleOther)"
66.249.65.99 - - [09/May/2025:03:32:17 +0100] "GET /?home-appliances/washing-machines/9490082112106.htm HTTP/1.1" 200 27163 "-" "Mozilla/5.0 (Linux; Android 6.0.1; Nexus 5X Build/MMB29P) AppleWebKit/537.36 (KHTML, like Gecko) Chrome/136.0.7103.59 Mobile Safari/537.36 (compatible; GoogleOther)"
165.22.74.9 - - [09/May/2025:03:32:17 +0100] "GET / HTTP/1.1" 200 29394 "-" "Mozilla/5.0 (Windows NT 10.0; Win64; x64) AppleWebKit/537.36 (KHTML, like Gecko) Chrome/89.0.4389.114 Safari/537.36"
165.22.74.9 - - [09/May/2025:03:32:17 +0100] "GET / HTTP/1.1" 200 29394 "-" "Mozilla/5.0 (Windows NT 10.0; Win64; x64) AppleWebKit/537.36 (KHTML, like Gecko) Chrome/89.0.4389.114 Safari/537.36"
66.249.65.99 - - [09/May/2025:03:32:18 +0100] "GET /art/automobiles/18430173222129.htm HTTP/1.1" 200 25429 "-" "Mozilla/5.0 (Linux; Android 6.0.1; Nexus 5X Build/MMB29P) AppleWebKit/537.36 (KHTML, like Gecko) Chrome/136.0.7103.59 Mobile Safari/537.36 (compatible; GoogleOther)"
165.22.74.9 - - [09/May/2025:03:32:18 +0100] "GET /wp-includes/wlwmanifest.xml HTTP/1.1" 200 42839 "-" "Mozilla/5.0 (Windows NT 10.0; Win64; x64) AppleWebKit/537.36 (KHTML, like Gecko) Chrome/89.0.4389.114 Safari/537.36"
