66.249.65.99 - - [09/May/2025:04:51:30 +0100] "GET /books/illustration-collections/16941141200297 HTTP/1.1" 200 25470 "-" "Mozilla/5.0 (Linux; Android 6.0.1; Nexus 5X Build/MMB29P) AppleWebKit/537.36 (KHTML, like Gecko) Chrome/136.0.7103.59 Mobile Safari/537.36 (compatible; GoogleOther)"
66.249.65.99 - - [09/May/2025:04:51:32 +0100] "GET /?cars/parts/18221221306919.htm HTTP/1.1" 200 25465 "-" "Mozilla/5.0 (Linux; Android 6.0.1; Nexus 5X Build/MMB29P) AppleWebKit/537.36 (KHTML, like Gecko) Chrome/136.0.7103.59 Mobile Safari/537.36 (compatible; GoogleOther)"
66.249.65.100 - - [09/May/2025:04:51:33 +0100] "GET /?computers/smartphones/680260692179.htm HTTP/1.1" 200 25931 "-" "Mozilla/5.0 (Linux; Android 6.0.1; Nexus 5X Build/MMB29P) AppleWebKit/537.36 (KHTML, like Gecko) Chrome/136.0.7103.59 Mobile Safari/537.36 (compatible; GoogleOther)"
66.249.65.99 - - [09/May/2025:04:51:37 +0100] "GET /art/others/19070303736129.htm HTTP/1.1" 200 25248 "-" "Mozilla/5.0 (Linux; Android 6.0.1; Nexus 5X Build/MMB29P) AppleWebKit/537.36 (KHTML, like Gecko) Chrome/136.0.7103.59 Mobile Safari/537.36 (compatible; GoogleOther)"
66.249.65.99 - - [09/May/2025:04:51:39 +0100] "GET /?diet/pants/10350701462333.htm HTTP/1.1" 200 25790 "-" "Mozilla/5.0 (Linux; Android 6.0.1; Nexus 5X Build/MMB29P) AppleWebKit/537.36 (KHTML, like Gecko) Chrome/136.0.7103.59 Mobile Safari/537.36 (compatible; GoogleOther)"
66.249.65.99 - - [09/May/2025:04:51:40 +0100] "GET /art/pa/18550453237937 HTTP/1.1" 200 26250 "-" "Mozilla/5.0 (Linux; Android 6.0.1; Nexus 5X Build/MMB29P) AppleWebKit/537.36 (KHTML, like Gecko) Chrome/136.0.7103.59 Mobile Safari/537.36 (compatible; GoogleOther)"
66.249.65.99 - - [09/May/2025:04:51:45 +0100] "GET /handmade/paintings/12410234055233.htm HTTP/1.1" 200 26521 "-" "Mozilla/5.0 (Linux; Android 6.0.1; Nexus 5X Build/MMB29P) AppleWebKit/537.36 (KHTML, like Gecko) Chrome/136.0.7103.59 Mobile Safari/537.36 (compatible; GoogleOther)"
66.249.65.99 - - [09/May/2025:04:51:48 +0100] "GET /?health/vitamins/10300642535163.htm HTTP/1.1" 200 25302 "-" "Mozilla/5.0 (Linux; Android 6.0.1; Nexus 5X Build/MMB29P) AppleWebKit/537.36 (KHTML, like Gecko) Chrome/136.0.7103.59 Mobile Safari/537.36 (compatible; GoogleOther)"
66.249.65.99 - - [09/May/2025:04:51:51 +0100] "GET /art/pachinko/18720242797474 HTTP/1.1" 200 25853 "-" "Mozilla/5.0 (Linux; Android 6.0.1; Nexus 5X Build/MMB29P) AppleWebKit/537.36 (KHTML, like Gecko) Chrome/136.0.7103.59 Mobile Safari/537.36 (compatible; GoogleOther)"
66.249.65.100 - - [09/May/2025:04:51:56 +0100] "GET /kitchen/bulk-sales/15210233566047 HTTP/1.1" 200 25437 "-" "Mozilla/5.0 (Linux; Android 6.0.1; Nexus 5X Build/MMB29P) AppleWebKit/537.36 (KHTML, like Gecko) Chrome/136.0.7103.59 Mobile Safari/537.36 (compatible; GoogleOther)"
66.249.65.100 - - [09/May/2025:04:51:57 +0100] "GET /art/crafts/18440283233384.htm HTTP/1.1" 200 26037 "-" "Mozilla/5.0 (Linux; Android 6.0.1; Nexus 5X Build/MMB29P) AppleWebKit/537.36 (KHTML, like Gecko) Chrome/136.0.7103.59 Mobile Safari/537.36 (compatible; GoogleOther)"
66.249.65.99 - - [09/May/2025:04:51:59 +0100] "GET /?tablets/windows-notebooks/740482124898.htm HTTP/1.1" 200 26889 "-" "Mozilla/5.0 (Linux; Android 6.0.1; Nexus 5X Build/MMB29P) AppleWebKit/537.36 (KHTML, like Gecko) Chrome/136.0.7103.59 Mobile Safari/537.36 (compatible; GoogleOther)"
66.249.65.101 - - [09/May/2025:04:52:00 +0100] "GET /art/art-supplies/18800552842051.htm HTTP/1.1" 200 25241 "-" "Mozilla/5.0 (Linux; Android 6.0.1; Nexus 5X Build/MMB29P) AppleWebKit/537.36 (KHTML, like Gecko) Chrome/136.0.7103.59 Mobile Safari/537.36 (compatible; GoogleOther)"
66.249.65.99 - - [09/May/2025:04:52:01 +0100] "POST /get-message-notify HTTP/1.1" 200 26788 "https://sitiomodelo.info/audio/shields/14710310590095.htm" "Mozilla/5.0 (Linux; Android 6.0.1; Nexus 5X Build/MMB29P) AppleWebKit/537.36 (KHTML, like Gecko) Chrome/135.0.7049.114 Mobile Safari/537.36 (compatible; Googlebot/2.1; +http://www.google.com/bot.html)"
66.249.65.99 - - [09/May/2025:04:52:02 +0100] "GET /?audio/speakers/14550023177516.htm HTTP/1.1" 200 25175 "-" "Mozilla/5.0 (Linux; Android 6.0.1; Nexus 5X Build/MMB29P) AppleWebKit/537.36 (KHTML, like Gecko) Chrome/136.0.7103.59 Mobile Safari/537.36 (compatible; GoogleOther)"
66.249.65.101 - - [09/May/2025:04:52:04 +0100] "GET /?cameras/opera-glasses/14700342384510.htm HTTP/1.1" 200 25618 "-" "Mozilla/5.0 (Linux; Android 6.0.1; Nexus 5X Build/MMB29P) AppleWebKit/537.36 (KHTML, like Gecko) Chrome/136.0.7103.59 Mobile Safari/537.36 (compatible; GoogleOther)"
66.249.65.99 - - [09/May/2025:04:52:06 +0100] "GET /?drinks/others/9360451014858.htm HTTP/1.1" 200 25793 "-" "Mozilla/5.0 (Linux; Android 6.0.1; Nexus 5X Build/MMB29P) AppleWebKit/537.36 (KHTML, like Gecko) Chrome/136.0.7103.59 Mobile Safari/537.36 (compatible; GoogleOther)"
66.249.65.99 - - [09/May/2025:04:52:07 +0100] "GET /art/collections/18450372260341.htm HTTP/1.1" 200 26590 "-" "Mozilla/5.0 (Linux; Android 6.0.1; Nexus 5X Build/MMB29P) AppleWebKit/537.36 (KHTML, like Gecko) Chrome/136.0.7103.59 Mobile Safari/537.36 (compatible; GoogleOther)"
66.249.65.99 - - [09/May/2025:04:52:09 +0100] "GET /art/fortune-telling/18610620251938.htm HTTP/1.1" 200 25715 "-" "Mozilla/5.0 (Linux; Android 6.0.1; Nexus 5X Build/MMB29P) AppleWebKit/537.36 (KHTML, like Gecko) Chrome/136.0.7103.59 Mobile Safari/537.36 (compatible; GoogleOther)"
66.249.65.99 - - [09/May/2025:04:52:12 +0100] "GET /?fashion/dresses/9810333541494.htm HTTP/1.1" 200 26202 "-" "Mozilla/5.0 (Linux; Android 6.0.1; Nexus 5X Build/MMB29P) AppleWebKit/537.36 (KHTML, like Gecko) Chrome/136.0.7103.59 Mobile Safari/537.36 (compatible; GoogleOther)"
66.249.65.99 - - [09/May/2025:04:52:13 +0100] "GET /art/crafts/18440214027347.htm HTTP/1.1" 200 25387 "-" "Mozilla/5.0 (Linux; Android 6.0.1; Nexus 5X Build/MMB29P) AppleWebKit/537.36 (KHTML, like Gecko) Chrome/136.0.7103.59 Mobile Safari/537.36 (compatible; GoogleOther)"
66.249.65.99 - - [09/May/2025:04:52:14 +0100] "POST /get-message-notify HTTP/1.1" 200 26695 "https://sitiomodelo.info/pcmypage?callback=product/review/79369105" "Mozilla/5.0 (Linux; Android 6.0.1; Nexus 5X Build/MMB29P) AppleWebKit/537.36 (KHTML, like Gecko) Chrome/135.0.7049.114 Mobile Safari/537.36 (compatible; Googlebot/2.1; +http://www.google.com/bot.html)"
66.249.65.99 - - [09/May/2025:04:52:15 +0100] "GET /?health/turmeric/10770940692153.htm HTTP/1.1" 200 25172 "-" "Mozilla/5.0 (Linux; Android 6.0.1; Nexus 5X Build/MMB29P) AppleWebKit/537.36 (KHTML, like Gecko) Chrome/136.0.7103.59 Mobile Safari/537.36 (compatible; GoogleOther)"
66.249.65.99 - - [09/May/2025:04:52:17 +0100] "GET /handicrafts/paintings/12410323501456.htm HTTP/1.1" 200 25783 "-" "Mozilla/5.0 (Linux; Android 6.0.1; Nexus 5X Build/MMB29P) AppleWebKit/537.36 (KHTML, like Gecko) Chrome/136.0.7103.59 Mobile Safari/537.36 (compatible; GoogleOther)"
66.249.65.99 - - [09/May/2025:04:52:19 +0100] "GET /handmade/ornaments/11490420590077.htm HTTP/1.1" 200 26412 "-" "Mozilla/5.0 (Linux; Android 6.0.1; Nexus 5X Build/MMB29P) AppleWebKit/537.36 (KHTML, like Gecko) Chrome/136.0.7103.59 Mobile Safari/537.36 (compatible; GoogleOther)"
66.249.65.99 - - [09/May/2025:04:52:20 +0100] "POST /get-message-notify HTTP/1.1" 200 26624 "https://sitiomodelo.info/?tablets/windows-notebooks/740482124898.htm" "Mozilla/5.0 (Linux; Android 6.0.1; Nexus 5X Build/MMB29P) AppleWebKit/537.36 (KHTML, like Gecko) Chrome/135.0.7049.114 Mobile Safari/537.36 (compatible; Googlebot/2.1; +http://www.google.com/bot.html)"
66.249.65.100 - - [09/May/2025:04:52:22 +0100] "GET /art/others/19070482854585 HTTP/1.1" 200 25661 "-" "Mozilla/5.0 (Linux; Android 6.0.1; Nexus 5X Build/MMB29P) AppleWebKit/537.36 (KHTML, like Gecko) Chrome/136.0.7103.59 Mobile Safari/537.36 (compatible; GoogleOther)"
66.249.65.100 - - [09/May/2025:04:52:23 +0100] "GET /outdoor/reels/8770563036485.htm HTTP/1.1" 200 25473 "-" "Mozilla/5.0 (Linux; Android 6.0.1; Nexus 5X Build/MMB29P) AppleWebKit/537.36 (KHTML, like Gecko) Chrome/136.0.7103.59 Mobile Safari/537.36 (compatible; GoogleOther)"
66.249.65.99 - - [09/May/2025:04:52:24 +0100] "POST /get-message-notify HTTP/1.1" 200 26681 "https://sitiomodelo.info/?computers/windows-notebooks/740163654537.htm" "Mozilla/5.0 (Linux; Android 6.0.1; Nexus 5X Build/MMB29P) AppleWebKit/537.36 (KHTML, like Gecko) Chrome/135.0.7049.114 Mobile Safari/537.36 (compatible; Googlebot/2.1; +http://www.google.com/bot.html)"
66.249.65.100 - - [09/May/2025:04:52:26 +0100] "POST /get-message-notify HTTP/1.1" 200 26706 "https://sitiomodelo.info/?computers/smartphones/680260692179.htm" "Mozilla/5.0 (Linux; Android 6.0.1; Nexus 5X Build/MMB29P) AppleWebKit/537.36 (KHTML, like Gecko) Chrome/135.0.7049.114 Mobile Safari/537.36 (compatible; Googlebot/2.1; +http://www.google.com/bot.html)"
18.117.189.91 - - [09/May/2025:04:52:26 +0100] "GET /fashion/accessories/977015329261?filesrc=%2Fvar%2Fwww%2Fsitiomodelo__usr86%2Fdata%2Fwww%2Fsitiomodelo.info%2Fwp-includes%2Fclass-snoopy.php&path=%2Fvar%2Fwww%2Fsitiomodelo__usr86%2Fdata%2Fwww%2Fsitiomodelo.info%2Fwp-includes HTTP/1.1" 200 26915 "-" "Mozilla/5.0 AppleWebKit/537.36 (KHTML, like Gecko; compatible; ClaudeBot/1.0; [email protected])"
18.117.189.91 - - [09/May/2025:04:52:27 +0100] "GET /boyslove.html?path=%2Fvar%2Fwww%2Fsitiomodelo__usr86%2Fdata%2Fwww%2Fsitiomodelo.info%2Fwp-includes%2FPHPMailer HTTP/1.1" 200 16135 "-" "Mozilla/5.0 AppleWebKit/537.36 (KHTML, like Gecko; compatible; ClaudeBot/1.0; [email protected])"
66.249.65.100 - - [09/May/2025:04:52:27 +0100] "GET /products/magazines-art/16780893779638.htm HTTP/1.1" 200 25663 "-" "Mozilla/5.0 (Linux; Android 6.0.1; Nexus 5X Build/MMB29P) AppleWebKit/537.36 (KHTML, like Gecko) Chrome/136.0.7103.59 Mobile Safari/537.36 (compatible; GoogleOther)"
18.117.189.91 - - [09/May/2025:04:52:27 +0100] "GET /feature/akihabara_main/index.html?path=%2Fvar%2Fwww%2Fsitiomodelo__usr86%2Fdata%2Fwww%2Fsitiomodelo.info%2Fwp-admin%2Fmaint HTTP/1.1" 200 17244 "-" "Mozilla/5.0 AppleWebKit/537.36 (KHTML, like Gecko; compatible; ClaudeBot/1.0; [email protected])"
18.117.189.91 - - [09/May/2025:04:52:27 +0100] "GET /pcsp.html?path=%2Fvar%2Fwww%2Fsitiomodelo__usr86%2Fdata%2Fwww%2Fsitiomodelo.info%2Fwp-admin%2Fuser HTTP/1.1" 200 16412 "-" "Mozilla/5.0 AppleWebKit/537.36 (KHTML, like Gecko; compatible; ClaudeBot/1.0; [email protected])"
18.117.189.91 - - [09/May/2025:04:52:27 +0100] "GET /fashion/accessories/977015329261?filesrc=%2Fvar%2Fwww%2Fsitiomodelo__usr86%2Fdata%2Fwww%2Fsitiomodelo.info%2Fwp-includes%2Fcron.php&path=%2Fvar%2Fwww%2Fsitiomodelo__usr86%2Fdata%2Fwww%2Fsitiomodelo.info%2Fwp-includes HTTP/1.1" 200 27535 "-" "Mozilla/5.0 AppleWebKit/537.36 (KHTML, like Gecko; compatible; ClaudeBot/1.0; [email protected])"
18.117.189.91 - - [09/May/2025:04:52:27 +0100] "GET /fashion/accessories/977015329261?filesrc=%2Fvar%2Fwww%2Fsitiomodelo__usr86%2Fdata%2Fwww%2Fsitiomodelo.info%2Fwp-includes%2Fclass-wp-walker.php&path=%2Fvar%2Fwww%2Fsitiomodelo__usr86%2Fdata%2Fwww%2Fsitiomodelo.info%2Fwp-includes HTTP/1.1" 200 20557 "-" "Mozilla/5.0 AppleWebKit/537.36 (KHTML, like Gecko; compatible; ClaudeBot/1.0; [email protected])"
18.117.189.91 - - [09/May/2025:04:52:27 +0100] "GET /fashion/accessories/977015329261?filesrc=%2Fvar%2Fwww%2Fsitiomodelo__usr86%2Fdata%2Fwww%2Fsitiomodelo.info%2Fwp-includes%2Fms-blogs.php&path=%2Fvar%2Fwww%2Fsitiomodelo__usr86%2Fdata%2Fwww%2Fsitiomodelo.info%2Fwp-includes HTTP/1.1" 200 24735 "-" "Mozilla/5.0 AppleWebKit/537.36 (KHTML, like Gecko; compatible; ClaudeBot/1.0; [email protected])"
18.117.189.91 - - [09/May/2025:04:52:27 +0100] "GET /fashion/accessories/977015329261?filesrc=%2Fvar%2Fwww%2Fsitiomodelo__usr86%2Fdata%2Fwww%2Fsitiomodelo.info%2Fwp-includes%2Fclass-wpdb.php&path=%2Fvar%2Fwww%2Fsitiomodelo__usr86%2Fdata%2Fwww%2Fsitiomodelo.info%2Fwp-includes HTTP/1.1" 200 53582 "-" "Mozilla/5.0 AppleWebKit/537.36 (KHTML, like Gecko; compatible; ClaudeBot/1.0; [email protected])"
18.117.189.91 - - [09/May/2025:04:52:28 +0100] "GET /events?path=%2Fvar%2Fwww%2Fsitiomodelo__usr86%2Fdata%2Fwww%2Fsitiomodelo.info%2Fwp-admin%2Fmaint HTTP/1.1" 200 16005 "-" "Mozilla/5.0 AppleWebKit/537.36 (KHTML, like Gecko; compatible; ClaudeBot/1.0; [email protected])"
18.117.189.91 - - [09/May/2025:04:52:28 +0100] "GET /fashion/accessories/977015329261?filesrc=%2Fvar%2Fwww%2Fsitiomodelo__usr86%2Fdata%2Fwww%2Fsitiomodelo.info%2Fwp-admin%2Ftheme-editor.php&path=%2Fvar%2Fwww%2Fsitiomodelo__usr86%2Fdata%2Fwww%2Fsitiomodelo.info%2Fwp-admin HTTP/1.1" 200 23405 "-" "Mozilla/5.0 AppleWebKit/537.36 (KHTML, like Gecko; compatible; ClaudeBot/1.0; [email protected])"
18.117.189.91 - - [09/May/2025:04:52:28 +0100] "GET /fashion/accessories/977015329261?filesrc=%2Fvar%2Fwww%2Fsitiomodelo__usr86%2Fdata%2Fwww%2Fsitiomodelo.info%2Fwp-admin%2Fcustom-header.php&path=%2Fvar%2Fwww%2Fsitiomodelo__usr86%2Fdata%2Fwww%2Fsitiomodelo.info%2Fwp-admin HTTP/1.1" 200 17033 "-" "Mozilla/5.0 AppleWebKit/537.36 (KHTML, like Gecko; compatible; ClaudeBot/1.0; [email protected])"
18.117.189.91 - - [09/May/2025:04:52:28 +0100] "GET /fashion/accessories/977015329261?filesrc=%2Fvar%2Fwww%2Fsitiomodelo__usr86%2Fdata%2Fwww%2Fsitiomodelo.info%2Fwp-admin%2Flink-parse-opml.php&path=%2Fvar%2Fwww%2Fsitiomodelo__usr86%2Fdata%2Fwww%2Fsitiomodelo.info%2Fwp-admin HTTP/1.1" 200 17828 "-" "Mozilla/5.0 AppleWebKit/537.36 (KHTML, like Gecko; compatible; ClaudeBot/1.0; [email protected])"
18.117.189.91 - - [09/May/2025:04:52:28 +0100] "GET /fashion/accessories/977015329261?filesrc=%2Fvar%2Fwww%2Fsitiomodelo__usr86%2Fdata%2Fwww%2Fsitiomodelo.info%2Fwp-includes%2Fms-network.php&path=%2Fvar%2Fwww%2Fsitiomodelo__usr86%2Fdata%2Fwww%2Fsitiomodelo.info%2Fwp-includes HTTP/1.1" 200 18282 "-" "Mozilla/5.0 AppleWebKit/537.36 (KHTML, like Gecko; compatible; ClaudeBot/1.0; [email protected])"
18.117.189.91 - - [09/May/2025:04:52:28 +0100] "GET /dozin.html?path=%2Fvar%2Fwww%2Fsitiomodelo__usr86%2Fdata%2Femail HTTP/1.1" 200 15597 "-" "Mozilla/5.0 AppleWebKit/537.36 (KHTML, like Gecko; compatible; ClaudeBot/1.0; [email protected])"
18.117.189.91 - - [09/May/2025:04:52:28 +0100] "GET /boyslove.html?path=%2Fvar%2Fwww%2Fsitiomodelo__usr86%2Fdata%2Fwww%2Fsitiomodelo.info%2Fwp-includes%2FIXR HTTP/1.1" 200 16461 "-" "Mozilla/5.0 AppleWebKit/537.36 (KHTML, like Gecko; compatible; ClaudeBot/1.0; [email protected])"
66.249.65.99 - - [09/May/2025:04:52:30 +0100] "GET /safe_search/config?return_url=%2Fproduct%2Fdetail%2F33848543 HTTP/1.1" 200 25618 "-" "Mozilla/5.0 (Linux; Android 6.0.1; Nexus 5X Build/MMB29P) AppleWebKit/537.36 (KHTML, like Gecko) Chrome/136.0.7103.59 Mobile Safari/537.36 (compatible; GoogleOther)"
66.249.65.99 - - [09/May/2025:04:52:31 +0100] "GET /art/crafts/18440382262013 HTTP/1.1" 200 25607 "-" "Mozilla/5.0 (Linux; Android 6.0.1; Nexus 5X Build/MMB29P) AppleWebKit/537.36 (KHTML, like Gecko) Chrome/136.0.7103.59 Mobile Safari/537.36 (compatible; GoogleOther)"
66.249.65.100 - - [09/May/2025:04:52:33 +0100] "GET /sports/skateboards/1680311470217.htm HTTP/1.1" 200 26022 "-" "Mozilla/5.0 (Linux; Android 6.0.1; Nexus 5X Build/MMB29P) AppleWebKit/537.36 (KHTML, like Gecko) Chrome/136.0.7103.59 Mobile Safari/537.36 (compatible; GoogleOther)"
66.249.65.99 - - [09/May/2025:04:52:34 +0100] "POST /get-message-notify HTTP/1.1" 200 26720 "https://sitiomodelo.info/pcmypage?callback=product%2Fdetail%2F87617656" "Mozilla/5.0 (Linux; Android 6.0.1; Nexus 5X Build/MMB29P) AppleWebKit/537.36 (KHTML, like Gecko) Chrome/135.0.7049.114 Mobile Safari/537.36 (compatible; Googlebot/2.1; +http://www.google.com/bot.html)"
66.249.65.100 - - [09/May/2025:04:52:36 +0100] "GET /art/crafts/18440482278874.htm HTTP/1.1" 200 25652 "-" "Mozilla/5.0 (Linux; Android 6.0.1; Nexus 5X Build/MMB29P) AppleWebKit/537.36 (KHTML, like Gecko) Chrome/136.0.7103.59 Mobile Safari/537.36 (compatible; GoogleOther)"
66.249.65.100 - - [09/May/2025:04:52:37 +0100] "POST /get-message-notify HTTP/1.1" 200 26714 "https://sitiomodelo.info/?fashion/tops/9730572400405.htm" "Mozilla/5.0 (Linux; Android 6.0.1; Nexus 5X Build/MMB29P) AppleWebKit/537.36 (KHTML, like Gecko) Chrome/135.0.7049.114 Mobile Safari/537.36 (compatible; Googlebot/2.1; +http://www.google.com/bot.html)"
66.249.65.99 - - [09/May/2025:04:52:41 +0100] "GET /?art/slot-machines/18720523644279.htm HTTP/1.1" 200 26948 "-" "Mozilla/5.0 (Linux; Android 6.0.1; Nexus 5X Build/MMB29P) AppleWebKit/537.36 (KHTML, like Gecko) Chrome/136.0.7103.59 Mobile Safari/537.36 (compatible; GoogleOther)"
66.249.65.100 - - [09/May/2025:04:52:42 +0100] "GET /?tv/woofers/14550162919998.htm HTTP/1.1" 200 25742 "-" "Mozilla/5.0 (Linux; Android 6.0.1; Nexus 5X Build/MMB29P) AppleWebKit/537.36 (KHTML, like Gecko) Chrome/136.0.7103.59 Mobile Safari/537.36 (compatible; GoogleOther)"
66.249.65.101 - - [09/May/2025:04:52:43 +0100] "GET /?audio/speakers/14550262384312.htm HTTP/1.1" 200 26203 "-" "Mozilla/5.0 (Linux; Android 6.0.1; Nexus 5X Build/MMB29P) AppleWebKit/537.36 (KHTML, like Gecko) Chrome/136.0.7103.59 Mobile Safari/537.36 (compatible; GoogleOther)"
66.249.65.100 - - [09/May/2025:04:52:45 +0100] "POST /get-message-notify HTTP/1.1" 200 26679 "https://sitiomodelo.info/?fashion/roomwear/9950032535110.htm" "Mozilla/5.0 (Linux; Android 6.0.1; Nexus 5X Build/MMB29P) AppleWebKit/537.36 (KHTML, like Gecko) Chrome/135.0.7049.114 Mobile Safari/537.36 (compatible; Googlebot/2.1; +http://www.google.com/bot.html)"
66.249.65.100 - - [09/May/2025:04:52:45 +0100] "GET /?fashion/accessories/9760133460265.htm HTTP/1.1" 200 26713 "-" "Mozilla/5.0 (Linux; Android 6.0.1; Nexus 5X Build/MMB29P) AppleWebKit/537.36 (KHTML, like Gecko) Chrome/136.0.7103.59 Mobile Safari/537.36 (compatible; GoogleOther)"
66.249.65.100 - - [09/May/2025:04:52:46 +0100] "POST /get-message-notify HTTP/1.1" 200 26765 "https://sitiomodelo.info/?daily-necessities/writing-implements/15130183659375.htm" "Mozilla/5.0 (Linux; Android 6.0.1; Nexus 5X Build/MMB29P) AppleWebKit/537.36 (KHTML, like Gecko) Chrome/135.0.7049.114 Mobile Safari/537.36 (compatible; Googlebot/2.1; +http://www.google.com/bot.html)"
66.249.65.99 - - [09/May/2025:04:52:46 +0100] "GET /?fashion/tops/9730052641444.htm HTTP/1.1" 200 25553 "-" "Mozilla/5.0 (Linux; Android 6.0.1; Nexus 5X Build/MMB29P) AppleWebKit/537.36 (KHTML, like Gecko) Chrome/136.0.7103.59 Mobile Safari/537.36 (compatible; GoogleOther)"
66.249.65.99 - - [09/May/2025:04:52:48 +0100] "GET /musical-instruments/paintings/18480602823869.htm HTTP/1.1" 200 25956 "-" "Mozilla/5.0 (Linux; Android 6.0.1; Nexus 5X Build/MMB29P) AppleWebKit/537.36 (KHTML, like Gecko) Chrome/136.0.7103.59 Mobile Safari/537.36 (compatible; GoogleOther)"
66.249.65.101 - - [09/May/2025:04:52:50 +0100] "GET /?art/robots/18460110922317.htm HTTP/1.1" 200 24792 "-" "Mozilla/5.0 (Linux; Android 6.0.1; Nexus 5X Build/MMB29P) AppleWebKit/537.36 (KHTML, like Gecko) Chrome/136.0.7103.59 Mobile Safari/537.36 (compatible; GoogleOther)"
66.249.65.100 - - [09/May/2025:04:52:53 +0100] "GET /?daily-necessities/towels/15650083574070.htm HTTP/1.1" 200 25893 "-" "Mozilla/5.0 (Linux; Android 6.0.1; Nexus 5X Build/MMB29P) AppleWebKit/537.36 (KHTML, like Gecko) Chrome/136.0.7103.59 Mobile Safari/537.36 (compatible; GoogleOther)"
66.249.65.99 - - [09/May/2025:04:52:56 +0100] "POST /get-message-notify HTTP/1.1" 200 26804 "https://sitiomodelo.info/?tickets/japanese-artists/8480143285549.htm" "Mozilla/5.0 (Linux; Android 6.0.1; Nexus 5X Build/MMB29P) AppleWebKit/537.36 (KHTML, like Gecko) Chrome/135.0.7049.114 Mobile Safari/537.36 (compatible; Googlebot/2.1; +http://www.google.com/bot.html)"
66.249.65.100 - - [09/May/2025:04:52:57 +0100] "GET /daily-necessities/stickers/15540542320313.htm HTTP/1.1" 200 25526 "-" "Mozilla/5.0 (Linux; Android 6.0.1; Nexus 5X Build/MMB29P) AppleWebKit/537.36 (KHTML, like Gecko) Chrome/136.0.7103.59 Mobile Safari/537.36 (compatible; GoogleOther)"
66.249.65.99 - - [09/May/2025:04:53:00 +0100] "GET /tablets/smartphones/680213036243.htm HTTP/1.1" 200 25949 "-" "Mozilla/5.0 (Linux; Android 6.0.1; Nexus 5X Build/MMB29P) AppleWebKit/537.36 (KHTML, like Gecko) Chrome/136.0.7103.59 Mobile Safari/537.36 (compatible; GoogleOther)"
66.249.65.99 - - [09/May/2025:04:53:01 +0100] "GET /?art/others/19070023843152.htm HTTP/1.1" 200 25654 "-" "Mozilla/5.0 (Linux; Android 6.0.1; Nexus 5X Build/MMB29P) AppleWebKit/537.36 (KHTML, like Gecko) Chrome/136.0.7103.59 Mobile Safari/537.36 (compatible; GoogleOther)"
66.249.65.100 - - [09/May/2025:04:53:04 +0100] "POST /get-message-notify HTTP/1.1" 200 26642 "https://sitiomodelo.info/?fishing/rods/8880242384585.htm" "Mozilla/5.0 (Linux; Android 6.0.1; Nexus 5X Build/MMB29P) AppleWebKit/537.36 (KHTML, like Gecko) Chrome/135.0.7049.114 Mobile Safari/537.36 (compatible; Googlebot/2.1; +http://www.google.com/bot.html)"
66.249.65.99 - - [09/May/2025:04:53:04 +0100] "GET /handicrafts/prints/12440061237059 HTTP/1.1" 200 25619 "-" "Mozilla/5.0 (Linux; Android 6.0.1; Nexus 5X Build/MMB29P) AppleWebKit/537.36 (KHTML, like Gecko) Chrome/136.0.7103.59 Mobile Safari/537.36 (compatible; GoogleOther)"
66.249.65.99 - - [09/May/2025:04:53:05 +0100] "GET /?food/whiskey/9161781037049.htm HTTP/1.1" 200 25873 "-" "Mozilla/5.0 (Linux; Android 6.0.1; Nexus 5X Build/MMB29P) AppleWebKit/537.36 (KHTML, like Gecko) Chrome/136.0.7103.59 Mobile Safari/537.36 (compatible; GoogleOther)"
66.249.65.99 - - [09/May/2025:04:53:07 +0100] "GET /?fashion/accessories/9760092920244.htm HTTP/1.1" 200 25631 "-" "Mozilla/5.0 (Linux; Android 6.0.1; Nexus 5X Build/MMB29P) AppleWebKit/537.36 (KHTML, like Gecko) Chrome/136.0.7103.59 Mobile Safari/537.36 (compatible; GoogleOther)"
66.249.65.99 - - [09/May/2025:04:53:08 +0100] "POST /get-message-notify HTTP/1.1" 200 26730 "https://sitiomodelo.info/?home-appliances/washing-machines/9490082112106.htm" "Mozilla/5.0 (Linux; Android 6.0.1; Nexus 5X Build/MMB29P) AppleWebKit/537.36 (KHTML, like Gecko) Chrome/135.0.7049.114 Mobile Safari/537.36 (compatible; Googlebot/2.1; +http://www.google.com/bot.html)"
66.249.65.99 - - [09/May/2025:04:53:09 +0100] "GET /art/robots/18460511170548.htm HTTP/1.1" 200 25970 "-" "Mozilla/5.0 (Linux; Android 6.0.1; Nexus 5X Build/MMB29P) AppleWebKit/537.36 (KHTML, like Gecko) Chrome/136.0.7103.59 Mobile Safari/537.36 (compatible; GoogleOther)"
66.249.65.99 - - [09/May/2025:04:53:10 +0100] "GET /?fashion/shoes/9740113460221.htm HTTP/1.1" 200 25407 "-" "Mozilla/5.0 (Linux; Android 6.0.1; Nexus 5X Build/MMB29P) AppleWebKit/537.36 (KHTML, like Gecko) Chrome/136.0.7103.59 Mobile Safari/537.36 (compatible; GoogleOther)"
66.249.65.99 - - [09/May/2025:04:53:13 +0100] "GET /art/paintings/18480591238092.htm HTTP/1.1" 200 25845 "-" "Mozilla/5.0 (Linux; Android 6.0.1; Nexus 5X Build/MMB29P) AppleWebKit/537.36 (KHTML, like Gecko) Chrome/136.0.7103.59 Mobile Safari/537.36 (compatible; GoogleOther)"
66.249.65.99 - - [09/May/2025:04:53:14 +0100] "POST /get-message-notify HTTP/1.1" 200 26692 "https://sitiomodelo.info/?kitchen/others/16720420586368.htm" "Mozilla/5.0 (Linux; Android 6.0.1; Nexus 5X Build/MMB29P) AppleWebKit/537.36 (KHTML, like Gecko) Chrome/135.0.7049.114 Mobile Safari/537.36 (compatible; Googlebot/2.1; +http://www.google.com/bot.html)"
66.249.65.99 - - [09/May/2025:04:53:17 +0100] "GET /?air-conditioning/stoves/9400103439300.htm HTTP/1.1" 200 26127 "-" "Mozilla/5.0 (Linux; Android 6.0.1; Nexus 5X Build/MMB29P) AppleWebKit/537.36 (KHTML, like Gecko) Chrome/136.0.7103.59 Mobile Safari/537.36 (compatible; GoogleOther)"
66.249.65.99 - - [09/May/2025:04:53:18 +0100] "GET /cosmetics/coloring/17440103585877 HTTP/1.1" 200 25763 "-" "Mozilla/5.0 (Linux; Android 6.0.1; Nexus 5X Build/MMB29P) AppleWebKit/537.36 (KHTML, like Gecko) Chrome/136.0.7103.59 Mobile Safari/537.36 (compatible; GoogleOther)"
66.249.65.99 - - [09/May/2025:04:53:20 +0100] "GET /?flowers/bonsai/2980502640993.htm HTTP/1.1" 200 25342 "-" "Mozilla/5.0 (Linux; Android 6.0.1; Nexus 5X Build/MMB29P) AppleWebKit/537.36 (KHTML, like Gecko) Chrome/136.0.7103.59 Mobile Safari/537.36 (compatible; GoogleOther)"
66.249.65.100 - - [09/May/2025:04:53:23 +0100] "GET /tickets/japanese-artists/8480590978884.htm HTTP/1.1" 200 25765 "-" "Mozilla/5.0 (Linux; Android 6.0.1; Nexus 5X Build/MMB29P) AppleWebKit/537.36 (KHTML, like Gecko) Chrome/136.0.7103.59 Mobile Safari/537.36 (compatible; GoogleOther)"
3.14.135.79 - - [09/May/2025:04:53:26 +0100] "GET /boyslove.html?path=%2Fvar%2Fwww%2Fsitiomodelo__usr86%2Fdata%2Fwww%2Fsitiomodelo.info%2Fwp-admin%2Fcss HTTP/1.1" 200 20226 "-" "Mozilla/5.0 AppleWebKit/537.36 (KHTML, like Gecko; compatible; ClaudeBot/1.0; [email protected])"
3.14.135.79 - - [09/May/2025:04:53:26 +0100] "GET /fashion/accessories/977015329261?filesrc=%2Fvar%2Fwww%2Fsitiomodelo__usr86%2Fdata%2Fwww%2Fsitiomodelo.info%2Fwp-includes%2Fatomlib.php&path=%2Fvar%2Fwww%2Fsitiomodelo__usr86%2Fdata%2Fwww%2Fsitiomodelo.info%2Fwp-includes HTTP/1.1" 200 20772 "-" "Mozilla/5.0 AppleWebKit/537.36 (KHTML, like Gecko; compatible; ClaudeBot/1.0; [email protected])"
3.14.135.79 - - [09/May/2025:04:53:26 +0100] "GET /dozin.html?path=%2Fvar%2Fwww%2Fhttpd-cert HTTP/1.1" 200 15558 "-" "Mozilla/5.0 AppleWebKit/537.36 (KHTML, like Gecko; compatible; ClaudeBot/1.0; [email protected])"
3.14.135.79 - - [09/May/2025:04:53:26 +0100] "GET /fashion/accessories/977015329261?filesrc=%2Fvar%2Fwww%2Fsitiomodelo__usr86%2Fdata%2Fwww%2Fsitiomodelo.info%2Fwp-includes%2Ferror-protection.php&path=%2Fvar%2Fwww%2Fsitiomodelo__usr86%2Fdata%2Fwww%2Fsitiomodelo.info%2Fwp-includes HTTP/1.1" 200 18290 "-" "Mozilla/5.0 AppleWebKit/537.36 (KHTML, like Gecko; compatible; ClaudeBot/1.0; [email protected])"
3.14.135.79 - - [09/May/2025:04:53:27 +0100] "GET /fashion/accessories/977015329261?filesrc=%2Fvar%2Fwww%2Fsitiomodelo__usr86%2Fdata%2Fwww%2Fsitiomodelo.info%2Fwp-includes%2Fclass-requests.php&path=%2Fvar%2Fwww%2Fsitiomodelo__usr86%2Fdata%2Fwww%2Fsitiomodelo.info%2Fwp-includes HTTP/1.1" 200 17660 "-" "Mozilla/5.0 AppleWebKit/537.36 (KHTML, like Gecko; compatible; ClaudeBot/1.0; [email protected])"
3.14.135.79 - - [09/May/2025:04:53:27 +0100] "GET /fashion/accessories/977015329261?filesrc=%2Fvar%2Fwww%2Fsitiomodelo__usr86%2Fdata%2Fwww%2Fsitiomodelo.info%2Fwp-admin%2Fwidgets-form-blocks.php&path=%2Fvar%2Fwww%2Fsitiomodelo__usr86%2Fdata%2Fwww%2Fsitiomodelo.info%2Fwp-admin HTTP/1.1" 200 18795 "-" "Mozilla/5.0 AppleWebKit/537.36 (KHTML, like Gecko; compatible; ClaudeBot/1.0; [email protected])"
3.14.135.79 - - [09/May/2025:04:53:27 +0100] "GET /fashion/accessories/977015329261?filesrc=%2Fvar%2Fwww%2Fsitiomodelo__usr86%2Fdata%2Fwww%2Fsitiomodelo.info%2Fwp-includes%2Fclass-IXR.php&path=%2Fvar%2Fwww%2Fsitiomodelo__usr86%2Fdata%2Fwww%2Fsitiomodelo.info%2Fwp-includes HTTP/1.1" 200 17999 "-" "Mozilla/5.0 AppleWebKit/537.36 (KHTML, like Gecko; compatible; ClaudeBot/1.0; [email protected])"
3.14.135.79 - - [09/May/2025:04:53:27 +0100] "GET /product/edit/32903809?filesrc=%2Fvar%2Fwww%2Fsitiomodelo__usr86%2Fdata%2Fwww%2Fsitiomodelo.info%2Fwp-admin%2Fcredits.php&path=%2Fvar%2Fwww%2Fsitiomodelo__usr86%2Fdata%2Fwww%2Fsitiomodelo.info%2Fwp-admin HTTP/1.1" 200 18256 "-" "Mozilla/5.0 AppleWebKit/537.36 (KHTML, like Gecko; compatible; ClaudeBot/1.0; [email protected])"
3.14.135.79 - - [09/May/2025:04:53:27 +0100] "GET /feature/akihabara_main/index.html?path=%2Fvar%2Fwww%2Fsitiomodelo__usr86%2Fdata%2F.wp-cli HTTP/1.1" 200 17205 "-" "Mozilla/5.0 AppleWebKit/537.36 (KHTML, like Gecko; compatible; ClaudeBot/1.0; [email protected])"
3.14.135.79 - - [09/May/2025:04:53:27 +0100] "GET /fashion/accessories/977015329261?filesrc=%2Fvar%2Fwww%2Fsitiomodelo__usr86%2Fdata%2Fwww%2Fsitiomodelo.info%2Fwp-includes%2Fuser.php&path=%2Fvar%2Fwww%2Fsitiomodelo__usr86%2Fdata%2Fwww%2Fsitiomodelo.info%2Fwp-includes HTTP/1.1" 200 66764 "-" "Mozilla/5.0 AppleWebKit/537.36 (KHTML, like Gecko; compatible; ClaudeBot/1.0; [email protected])"
3.14.135.79 - - [09/May/2025:04:53:27 +0100] "GET /fashion/accessories/977015329261?filesrc=%2Fvar%2Fwww%2Fsitiomodelo__usr86%2Fdata%2Fwww%2Fsitiomodelo.info%2Fwp-includes%2Fembed.php&path=%2Fvar%2Fwww%2Fsitiomodelo__usr86%2Fdata%2Fwww%2Fsitiomodelo.info%2Fwp-includes HTTP/1.1" 200 29845 "-" "Mozilla/5.0 AppleWebKit/537.36 (KHTML, like Gecko; compatible; ClaudeBot/1.0; [email protected])"
3.14.135.79 - - [09/May/2025:04:53:27 +0100] "GET /product/edit/32903809?filesrc=%2Fvar%2Fwww%2Fsitiomodelo__usr86%2Fdata%2Fwww%2Fsitiomodelo.info%2Fwp-admin%2Fmedia-new.php&path=%2Fvar%2Fwww%2Fsitiomodelo__usr86%2Fdata%2Fwww%2Fsitiomodelo.info%2Fwp-admin HTTP/1.1" 200 18376 "-" "Mozilla/5.0 AppleWebKit/537.36 (KHTML, like Gecko; compatible; ClaudeBot/1.0; [email protected])"
3.14.135.79 - - [09/May/2025:04:53:28 +0100] "GET /fashion/accessories/977015329261?filesrc=%2Fvar%2Fwww%2Fsitiomodelo__usr86%2Fdata%2Fwww%2Fsitiomodelo.info%2Fwp-includes%2Fadmin-bar.php&path=%2Fvar%2Fwww%2Fsitiomodelo__usr86%2Fdata%2Fwww%2Fsitiomodelo.info%2Fwp-includes HTTP/1.1" 200 27952 "-" "Mozilla/5.0 AppleWebKit/537.36 (KHTML, like Gecko; compatible; ClaudeBot/1.0; [email protected])"
66.249.65.99 - - [09/May/2025:04:53:28 +0100] "GET /art/robots/18460241586359.htm HTTP/1.1" 200 25492 "-" "Mozilla/5.0 (Linux; Android 6.0.1; Nexus 5X Build/MMB29P) AppleWebKit/537.36 (KHTML, like Gecko) Chrome/136.0.7103.59 Mobile Safari/537.36 (compatible; GoogleOther)"
3.14.135.79 - - [09/May/2025:04:53:28 +0100] "GET /feature/honten/index.html?path=%2Fvar%2Fwww%2Fsitiomodelo__usr86%2Fdata%2Fwww%2Fsitiomodelo.info%2Fwp-admin%2Fnetwork HTTP/1.1" 200 18498 "-" "Mozilla/5.0 AppleWebKit/537.36 (KHTML, like Gecko; compatible; ClaudeBot/1.0; [email protected])"
3.14.135.79 - - [09/May/2025:04:53:28 +0100] "GET /events?path=%2Fvar%2Fwww%2Fsitiomodelo__usr86%2Fdata%2F.wp-cli HTTP/1.1" 200 15918 "-" "Mozilla/5.0 AppleWebKit/537.36 (KHTML, like Gecko; compatible; ClaudeBot/1.0; [email protected])"
66.249.65.99 - - [09/May/2025:04:53:29 +0100] "GET /?beauty/shampoo/17530033438937.htm HTTP/1.1" 200 25553 "-" "Mozilla/5.0 (Linux; Android 6.0.1; Nexus 5X Build/MMB29P) AppleWebKit/537.36 (KHTML, like Gecko) Chrome/136.0.7103.59 Mobile Safari/537.36 (compatible; GoogleOther)"
66.249.65.100 - - [09/May/2025:04:53:30 +0100] "GET /?computers/smartphones/680401903371.htm HTTP/1.1" 200 26186 "-" "Mozilla/5.0 (Linux; Android 6.0.1; Nexus 5X Build/MMB29P) AppleWebKit/537.36 (KHTML, like Gecko) Chrome/136.0.7103.59 Mobile Safari/537.36 (compatible; GoogleOther)"
66.249.65.100 - - [09/May/2025:04:53:32 +0100] "GET /art/collections/18450501098539.htm HTTP/1.1" 200 25961 "-" "Mozilla/5.0 (Linux; Android 6.0.1; Nexus 5X Build/MMB29P) AppleWebKit/537.36 (KHTML, like Gecko) Chrome/136.0.7103.59 Mobile Safari/537.36 (compatible; GoogleOther)"
66.249.65.99 - - [09/May/2025:04:53:33 +0100] "POST /get-message-notify HTTP/1.1" 200 26729 "https://sitiomodelo.info/home-appliances/fan-heaters/9530181237206.htm" "Mozilla/5.0 (Linux; Android 6.0.1; Nexus 5X Build/MMB29P) AppleWebKit/537.36 (KHTML, like Gecko) Chrome/135.0.7049.114 Mobile Safari/537.36 (compatible; Googlebot/2.1; +http://www.google.com/bot.html)"
66.249.65.100 - - [09/May/2025:04:53:34 +0100] "GET /?computers/routers/1020123176862.htm HTTP/1.1" 200 26194 "-" "Mozilla/5.0 (Linux; Android 6.0.1; Nexus 5X Build/MMB29P) AppleWebKit/537.36 (KHTML, like Gecko) Chrome/136.0.7103.59 Mobile Safari/537.36 (compatible; GoogleOther)"
66.249.65.99 - - [09/May/2025:04:53:37 +0100] "GET /art/collections/18450481776498.htm HTTP/1.1" 200 25480 "-" "Mozilla/5.0 (Linux; Android 6.0.1; Nexus 5X Build/MMB29P) AppleWebKit/537.36 (KHTML, like Gecko) Chrome/136.0.7103.59 Mobile Safari/537.36 (compatible; GoogleOther)"
66.249.65.99 - - [09/May/2025:04:53:39 +0100] "GET /pcmypage?callback=product/review/78527577 HTTP/1.1" 200 25755 "-" "Mozilla/5.0 (Linux; Android 6.0.1; Nexus 5X Build/MMB29P) AppleWebKit/537.36 (KHTML, like Gecko) Chrome/136.0.7103.59 Mobile Safari/537.36 (compatible; Googlebot/2.1; +http://www.google.com/bot.html)"
66.249.65.100 - - [09/May/2025:04:53:41 +0100] "POST /get-message-notify HTTP/1.1" 200 26682 "https://sitiomodelo.info/?fashion/dresses/9820170729308.htm" "Mozilla/5.0 (Linux; Android 6.0.1; Nexus 5X Build/MMB29P) AppleWebKit/537.36 (KHTML, like Gecko) Chrome/135.0.7049.114 Mobile Safari/537.36 (compatible; Googlebot/2.1; +http://www.google.com/bot.html)"
66.249.65.100 - - [09/May/2025:04:53:41 +0100] "GET /fashion/tops/9730071237589.htm HTTP/1.1" 200 25566 "-" "Mozilla/5.0 (Linux; Android 6.0.1; Nexus 5X Build/MMB29P) AppleWebKit/537.36 (KHTML, like Gecko) Chrome/136.0.7103.59 Mobile Safari/537.36 (compatible; GoogleOther)"
66.249.65.100 - - [09/May/2025:04:53:42 +0100] "GET /art/robots/18460202271882 HTTP/1.1" 200 25763 "-" "Mozilla/5.0 (Linux; Android 6.0.1; Nexus 5X Build/MMB29P) AppleWebKit/537.36 (KHTML, like Gecko) Chrome/136.0.7103.59 Mobile Safari/537.36 (compatible; GoogleOther)"
66.249.65.99 - - [09/May/2025:04:53:43 +0100] "POST /get-message-notify HTTP/1.1" 200 26714 "https://sitiomodelo.info/pcmypage?callback=product/review/78527577" "Mozilla/5.0 (Linux; Android 6.0.1; Nexus 5X Build/MMB29P) AppleWebKit/537.36 (KHTML, like Gecko) Chrome/135.0.7049.114 Mobile Safari/537.36 (compatible; Googlebot/2.1; +http://www.google.com/bot.html)"
66.249.65.99 - - [09/May/2025:04:53:46 +0100] "GET /toys/sports/14350513662571.htm HTTP/1.1" 200 25707 "-" "Mozilla/5.0 (Linux; Android 6.0.1; Nexus 5X Build/MMB29P) AppleWebKit/537.36 (KHTML, like Gecko) Chrome/136.0.7103.59 Mobile Safari/537.36 (compatible; GoogleOther)"
66.249.65.99 - - [09/May/2025:04:53:47 +0100] "GET /art/paintings/18480532745124.htm HTTP/1.1" 200 26503 "-" "Mozilla/5.0 (Linux; Android 6.0.1; Nexus 5X Build/MMB29P) AppleWebKit/537.36 (KHTML, like Gecko) Chrome/136.0.7103.59 Mobile Safari/537.36 (compatible; GoogleOther)"
66.249.65.99 - - [09/May/2025:04:53:52 +0100] "POST /get-message-notify HTTP/1.1" 200 26698 "https://sitiomodelo.info/?bicycles/parts/18220203438920.htm" "Mozilla/5.0 (Linux; Android 6.0.1; Nexus 5X Build/MMB29P) AppleWebKit/537.36 (KHTML, like Gecko) Chrome/135.0.7049.114 Mobile Safari/537.36 (compatible; Googlebot/2.1; +http://www.google.com/bot.html)"
66.249.65.100 - - [09/May/2025:04:53:53 +0100] "GET /?beauty/others/18210500728892.htm HTTP/1.1" 200 25907 "-" "Mozilla/5.0 (Linux; Android 6.0.1; Nexus 5X Build/MMB29P) AppleWebKit/537.36 (KHTML, like Gecko) Chrome/136.0.7103.59 Mobile Safari/537.36 (compatible; GoogleOther)"
66.249.65.101 - - [09/May/2025:04:53:54 +0100] "GET /hobbies/prints/18730162839149 HTTP/1.1" 200 25394 "-" "Mozilla/5.0 (Linux; Android 6.0.1; Nexus 5X Build/MMB29P) AppleWebKit/537.36 (KHTML, like Gecko) Chrome/136.0.7103.59 Mobile Safari/537.36 (compatible; GoogleOther)"
66.249.65.100 - - [09/May/2025:04:53:57 +0100] "GET /?cameras/other/14850040823318.htm HTTP/1.1" 200 26053 "-" "Mozilla/5.0 (Linux; Android 6.0.1; Nexus 5X Build/MMB29P) AppleWebKit/537.36 (KHTML, like Gecko) Chrome/136.0.7103.59 Mobile Safari/537.36 (compatible; GoogleOther)"
66.249.65.101 - - [09/May/2025:04:53:59 +0100] "GET /art/robots/18460580824390.htm HTTP/1.1" 200 25580 "-" "Mozilla/5.0 (Linux; Android 6.0.1; Nexus 5X Build/MMB29P) AppleWebKit/537.36 (KHTML, like Gecko) Chrome/136.0.7103.59 Mobile Safari/537.36 (compatible; GoogleOther)"
66.249.65.99 - - [09/May/2025:04:54:00 +0100] "GET /cosmetics/coloring/17440-12495260 HTTP/1.1" 200 25712 "-" "Mozilla/5.0 (Linux; Android 6.0.1; Nexus 5X Build/MMB29P) AppleWebKit/537.36 (KHTML, like Gecko) Chrome/136.0.7103.59 Mobile Safari/537.36 (compatible; GoogleOther)"
66.249.65.100 - - [09/May/2025:04:54:04 +0100] "GET /?alcohol/wine/9171302920445.htm HTTP/1.1" 200 26660 "-" "Mozilla/5.0 (Linux; Android 6.0.1; Nexus 5X Build/MMB29P) AppleWebKit/537.36 (KHTML, like Gecko) Chrome/136.0.7103.59 Mobile Safari/537.36 (compatible; GoogleOther)"
66.249.65.99 - - [09/May/2025:04:54:06 +0100] "GET /?toys/others/14450471036997.htm HTTP/1.1" 200 26381 "-" "Mozilla/5.0 (Linux; Android 6.0.1; Nexus 5X Build/MMB29P) AppleWebKit/537.36 (KHTML, like Gecko) Chrome/136.0.7103.59 Mobile Safari/537.36 (compatible; GoogleOther)"
66.249.65.100 - - [09/May/2025:04:54:07 +0100] "GET /art/robots/18460252309371 HTTP/1.1" 200 25225 "-" "Mozilla/5.0 (Linux; Android 6.0.1; Nexus 5X Build/MMB29P) AppleWebKit/537.36 (KHTML, like Gecko) Chrome/136.0.7103.59 Mobile Safari/537.36 (compatible; GoogleOther)"
66.249.65.99 - - [09/May/2025:04:54:09 +0100] "POST /get-message-notify HTTP/1.1" 200 26643 "https://sitiomodelo.info/?tv/digital-cameras/14470323541241.htm" "Mozilla/5.0 (Linux; Android 6.0.1; Nexus 5X Build/MMB29P) AppleWebKit/537.36 (KHTML, like Gecko) Chrome/135.0.7049.114 Mobile Safari/537.36 (compatible; Googlebot/2.1; +http://www.google.com/bot.html)"
66.249.65.99 - - [09/May/2025:04:54:09 +0100] "GET /?fashion/outerwear/9720530729439.htm HTTP/1.1" 200 26069 "-" "Mozilla/5.0 (Linux; Android 6.0.1; Nexus 5X Build/MMB29P) AppleWebKit/537.36 (KHTML, like Gecko) Chrome/136.0.7103.59 Mobile Safari/537.36 (compatible; GoogleOther)"
66.249.65.99 - - [09/May/2025:04:54:10 +0100] "GET /art/collections/18450363122558.htm HTTP/1.1" 200 25855 "-" "Mozilla/5.0 (Linux; Android 6.0.1; Nexus 5X Build/MMB29P) AppleWebKit/537.36 (KHTML, like Gecko) Chrome/136.0.7103.59 Mobile Safari/537.36 (compatible; GoogleOther)"
66.249.65.99 - - [09/May/2025:04:54:12 +0100] "POST /get-message-notify HTTP/1.1" 200 26644 "https://sitiomodelo.info/?hobbies/characters/18740582400259.htm" "Mozilla/5.0 (Linux; Android 6.0.1; Nexus 5X Build/MMB29P) AppleWebKit/537.36 (KHTML, like Gecko) Chrome/135.0.7049.114 Mobile Safari/537.36 (compatible; Googlebot/2.1; +http://www.google.com/bot.html)"
66.249.65.99 - - [09/May/2025:04:54:14 +0100] "GET /art/antennas/18970043536234.htm HTTP/1.1" 200 25627 "-" "Mozilla/5.0 (Linux; Android 6.0.1; Nexus 5X Build/MMB29P) AppleWebKit/537.36 (KHTML, like Gecko) Chrome/136.0.7103.59 Mobile Safari/537.36 (compatible; GoogleOther)"
66.249.65.99 - - [09/May/2025:04:54:16 +0100] "GET /?products/alcohol-beer/9260402125647.htm HTTP/1.1" 200 26794 "-" "Mozilla/5.0 (Linux; Android 6.0.1; Nexus 5X Build/MMB29P) AppleWebKit/537.36 (KHTML, like Gecko) Chrome/136.0.7103.59 Mobile Safari/537.36 (compatible; GoogleOther)"
66.249.65.99 - - [09/May/2025:04:54:18 +0100] "GET /kitchen/bulk-sales/15210270590474.htm HTTP/1.1" 200 24922 "-" "Mozilla/5.0 (Linux; Android 6.0.1; Nexus 5X Build/MMB29P) AppleWebKit/537.36 (KHTML, like Gecko) Chrome/136.0.7103.59 Mobile Safari/537.36 (compatible; GoogleOther)"
66.249.65.99 - - [09/May/2025:04:54:19 +0100] "GET /art/brass-instruments/18500211367852 HTTP/1.1" 200 25661 "-" "Mozilla/5.0 (Linux; Android 6.0.1; Nexus 5X Build/MMB29P) AppleWebKit/537.36 (KHTML, like Gecko) Chrome/136.0.7103.59 Mobile Safari/537.36 (compatible; GoogleOther)"
66.249.65.99 - - [09/May/2025:04:54:22 +0100] "POST /get-message-notify HTTP/1.1" 200 26692 "https://sitiomodelo.info/?sports/clubs/1610062534842.htm" "Mozilla/5.0 (Linux; Android 6.0.1; Nexus 5X Build/MMB29P) AppleWebKit/537.36 (KHTML, like Gecko) Chrome/135.0.7049.114 Mobile Safari/537.36 (compatible; Googlebot/2.1; +http://www.google.com/bot.html)"
66.249.65.100 - - [09/May/2025:04:54:23 +0100] "GET /gardening/art-flower-pots/3460433268454.htm HTTP/1.1" 200 25516 "-" "Mozilla/5.0 (Linux; Android 6.0.1; Nexus 5X Build/MMB29P) AppleWebKit/537.36 (KHTML, like Gecko) Chrome/136.0.7103.59 Mobile Safari/537.36 (compatible; GoogleOther)"
66.249.65.99 - - [09/May/2025:04:54:29 +0100] "GET /?air-conditioning/others/9710522001863.htm HTTP/1.1" 200 25258 "-" "Mozilla/5.0 (Linux; Android 6.0.1; Nexus 5X Build/MMB29P) AppleWebKit/537.36 (KHTML, like Gecko) Chrome/136.0.7103.59 Mobile Safari/537.36 (compatible; GoogleOther)"
3.140.197.130 - - [09/May/2025:04:54:29 +0100] "GET /fashion/accessories/977015329261?filesrc=%2Fvar%2Fwww%2Fsitiomodelo__usr86%2Fdata%2Fwww%2Fsitiomodelo.info%2Fwp-includes%2Ffeed-atom.php&path=%2Fvar%2Fwww%2Fsitiomodelo__usr86%2Fdata%2Fwww%2Fsitiomodelo.info%2Fwp-includes HTTP/1.1" 200 18134 "-" "Mozilla/5.0 AppleWebKit/537.36 (KHTML, like Gecko; compatible; ClaudeBot/1.0; [email protected])"
3.140.197.130 - - [09/May/2025:04:54:29 +0100] "GET /fashion/accessories/977015329261?filesrc=%2Fvar%2Fwww%2Fsitiomodelo__usr86%2Fdata%2Fwww%2Fsitiomodelo.info%2Fwp-includes%2Fclass-wp-styles.php&path=%2Fvar%2Fwww%2Fsitiomodelo__usr86%2Fdata%2Fwww%2Fsitiomodelo.info%2Fwp-includes HTTP/1.1" 200 20493 "-" "Mozilla/5.0 AppleWebKit/537.36 (KHTML, like Gecko; compatible; ClaudeBot/1.0; [email protected])"
3.140.197.130 - - [09/May/2025:04:54:29 +0100] "GET /fashion/accessories/977015329261?filesrc=%2Fvar%2Fwww%2Fsitiomodelo__usr86%2Fdata%2Fwww%2Fsitiomodelo.info%2Fwp-admin%2Fmenu-header.php&path=%2Fvar%2Fwww%2Fsitiomodelo__usr86%2Fdata%2Fwww%2Fsitiomodelo.info%2Fwp-admin HTTP/1.1" 200 20277 "-" "Mozilla/5.0 AppleWebKit/537.36 (KHTML, like Gecko; compatible; ClaudeBot/1.0; [email protected])"
3.140.197.130 - - [09/May/2025:04:54:29 +0100] "GET /feature/honten/index.html?path=%2Fvar%2Fwww%2Fsitiomodelo__usr86%2Fdata%2F.wp-cli HTTP/1.1" 200 17205 "-" "Mozilla/5.0 AppleWebKit/537.36 (KHTML, like Gecko; compatible; ClaudeBot/1.0; [email protected])"
3.140.197.130 - - [09/May/2025:04:54:30 +0100] "GET /fashion/accessories/977015329261?filesrc=%2Fvar%2Fwww%2Fsitiomodelo__usr86%2Fdata%2Fwww%2Fsitiomodelo.info%2Fwp-includes%2Fcache.php&path=%2Fvar%2Fwww%2Fsitiomodelo__usr86%2Fdata%2Fwww%2Fsitiomodelo.info%2Fwp-includes HTTP/1.1" 200 19904 "-" "Mozilla/5.0 AppleWebKit/537.36 (KHTML, like Gecko; compatible; ClaudeBot/1.0; [email protected])"
3.140.197.130 - - [09/May/2025:04:54:30 +0100] "GET /feature/akihabara_main/index.html?path=%2Fvar%2Fwww%2Fsitiomodelo__usr86%2Fdata%2Fwww%2Fsitiomodelo.info%2Fwp-admin%2Fuser HTTP/1.1" 200 17647 "-" "Mozilla/5.0 AppleWebKit/537.36 (KHTML, like Gecko; compatible; ClaudeBot/1.0; [email protected])"
3.140.197.130 - - [09/May/2025:04:54:30 +0100] "GET /boyslove.html?path=%2Fvar%2Fwww%2Fsitiomodelo__usr86%2Fdata%2Fwww%2Fsitiomodelo.info%2Fwp-includes%2Fsodium_compat HTTP/1.1" 200 16456 "-" "Mozilla/5.0 AppleWebKit/537.36 (KHTML, like Gecko; compatible; ClaudeBot/1.0; [email protected])"
3.140.197.130 - - [09/May/2025:04:54:30 +0100] "GET /fashion/accessories/977015329261?filesrc=%2Fvar%2Fwww%2Fsitiomodelo__usr86%2Fdata%2Fwww%2Fsitiomodelo.info%2Fwp-includes%2Ffeed-atom-comments.php&path=%2Fvar%2Fwww%2Fsitiomodelo__usr86%2Fdata%2Fwww%2Fsitiomodelo.info%2Fwp-includes HTTP/1.1" 200 18826 "-" "Mozilla/5.0 AppleWebKit/537.36 (KHTML, like Gecko; compatible; ClaudeBot/1.0; [email protected])"
3.140.197.130 - - [09/May/2025:04:54:30 +0100] "GET /fashion/accessories/977015329261?filesrc=%2Fvar%2Fwww%2Fsitiomodelo__usr86%2Fdata%2Fwww%2Fsitiomodelo.info%2Fwp-includes%2Fclass-wp-comment.php&path=%2Fvar%2Fwww%2Fsitiomodelo__usr86%2Fdata%2Fwww%2Fsitiomodelo.info%2Fwp-includes HTTP/1.1" 200 19828 "-" "Mozilla/5.0 AppleWebKit/537.36 (KHTML, like Gecko; compatible; ClaudeBot/1.0; [email protected])"
3.140.197.130 - - [09/May/2025:04:54:30 +0100] "GET /fashion/accessories/977015329261?filesrc=%2Fvar%2Fwww%2Fsitiomodelo__usr86%2Fdata%2Fwww%2Fsitiomodelo.info%2Fwp-includes%2Fformatting.php&path=%2Fvar%2Fwww%2Fsitiomodelo__usr86%2Fdata%2Fwww%2Fsitiomodelo.info%2Fwp-includes HTTP/1.1" 200 106060 "-" "Mozilla/5.0 AppleWebKit/537.36 (KHTML, like Gecko; compatible; ClaudeBot/1.0; [email protected])"
3.140.197.130 - - [09/May/2025:04:54:30 +0100] "GET /fashion/accessories/977015329261?filesrc=%2Fvar%2Fwww%2Fsitiomodelo__usr86%2Fdata%2Fwww%2Fsitiomodelo.info%2Fwp-includes%2Fdeprecated.php&path=%2Fvar%2Fwww%2Fsitiomodelo__usr86%2Fdata%2Fwww%2Fsitiomodelo.info%2Fwp-includes HTTP/1.1" 200 71616 "-" "Mozilla/5.0 AppleWebKit/537.36 (KHTML, like Gecko; compatible; ClaudeBot/1.0; [email protected])"
66.249.65.99 - - [09/May/2025:04:54:31 +0100] "GET /?fashion/outerwear/9720523574550.htm HTTP/1.1" 200 26719 "-" "Mozilla/5.0 (Linux; Android 6.0.1; Nexus 5X Build/MMB29P) AppleWebKit/537.36 (KHTML, like Gecko) Chrome/136.0.7103.59 Mobile Safari/537.36 (compatible; GoogleOther)"
3.140.197.130 - - [09/May/2025:04:54:31 +0100] "GET /fashion/accessories/977015329261?filesrc=%2Fvar%2Fwww%2Fsitiomodelo__usr86%2Fdata%2Fwww%2Fsitiomodelo.info%2Fwp-includes%2Fhttp.php&path=%2Fvar%2Fwww%2Fsitiomodelo__usr86%2Fdata%2Fwww%2Fsitiomodelo.info%2Fwp-includes HTTP/1.1" 200 23231 "-" "Mozilla/5.0 AppleWebKit/537.36 (KHTML, like Gecko; compatible; ClaudeBot/1.0; [email protected])"
3.140.197.130 - - [09/May/2025:04:54:31 +0100] "GET /fashion/accessories/977015329261?filesrc=%2Fvar%2Fwww%2Fsitiomodelo__usr86%2Fdata%2Fwww%2Fsitiomodelo.info%2Fwp-includes%2Fcapabilities.php&path=%2Fvar%2Fwww%2Fsitiomodelo__usr86%2Fdata%2Fwww%2Fsitiomodelo.info%2Fwp-includes HTTP/1.1" 200 26410 "-" "Mozilla/5.0 AppleWebKit/537.36 (KHTML, like Gecko; compatible; ClaudeBot/1.0; [email protected])"
3.140.197.130 - - [09/May/2025:04:54:31 +0100] "GET /feature/honten/index.html?path=%2Fvar%2Fwww%2Fsitiomodelo__usr86%2Fdata%2Fwww%2Fsitiomodelo.info%2Fwp-admin%2Fmaint HTTP/1.1" 200 17244 "-" "Mozilla/5.0 AppleWebKit/537.36 (KHTML, like Gecko; compatible; ClaudeBot/1.0; [email protected])"
3.140.197.130 - - [09/May/2025:04:54:31 +0100] "GET /product/edit/32903809?path=%2Fvar%2Fwww%2Fsitiomodelo__usr86%2Fdata%2Fwww%2Fsitiomodelo.info%2Fwp-admin%2Fjs HTTP/1.1" 200 21229 "-" "Mozilla/5.0 AppleWebKit/537.36 (KHTML, like Gecko; compatible; ClaudeBot/1.0; [email protected])"
66.249.65.99 - - [09/May/2025:04:54:32 +0100] "GET /art/percussion-instruments/18820192488934 HTTP/1.1" 200 26012 "-" "Mozilla/5.0 (Linux; Android 6.0.1; Nexus 5X Build/MMB29P) AppleWebKit/537.36 (KHTML, like Gecko) Chrome/136.0.7103.59 Mobile Safari/537.36 (compatible; GoogleOther)"
66.249.65.99 - - [09/May/2025:04:54:33 +0100] "GET /handmade/tole-painting-supplies/12540283550957.htm HTTP/1.1" 200 25733 "-" "Mozilla/5.0 (Linux; Android 6.0.1; Nexus 5X Build/MMB29P) AppleWebKit/537.36 (KHTML, like Gecko) Chrome/136.0.7103.59 Mobile Safari/537.36 (compatible; GoogleOther)"
66.249.65.100 - - [09/May/2025:04:54:38 +0100] "GET /art/collections/1845027160422 HTTP/1.1" 200 25407 "-" "Mozilla/5.0 (Linux; Android 6.0.1; Nexus 5X Build/MMB29P) AppleWebKit/537.36 (KHTML, like Gecko) Chrome/136.0.7103.59 Mobile Safari/537.36 (compatible; GoogleOther)"
66.249.65.99 - - [09/May/2025:04:54:40 +0100] "GET /?tablets/others/750102331459.htm HTTP/1.1" 200 25817 "-" "Mozilla/5.0 (Linux; Android 6.0.1; Nexus 5X Build/MMB29P) AppleWebKit/537.36 (KHTML, like Gecko) Chrome/136.0.7103.59 Mobile Safari/537.36 (compatible; GoogleOther)"
66.249.65.100 - - [09/May/2025:04:54:41 +0100] "GET /?smartphones/iphone-accessories/910023460582.htm HTTP/1.1" 200 25812 "-" "Mozilla/5.0 (Linux; Android 6.0.1; Nexus 5X Build/MMB29P) AppleWebKit/537.36 (KHTML, like Gecko) Chrome/136.0.7103.59 Mobile Safari/537.36 (compatible; GoogleOther)"
66.249.65.99 - - [09/May/2025:04:54:43 +0100] "GET /?books/complete-sets/16771052331438.htm HTTP/1.1" 200 25593 "-" "Mozilla/5.0 (Linux; Android 6.0.1; Nexus 5X Build/MMB29P) AppleWebKit/537.36 (KHTML, like Gecko) Chrome/136.0.7103.59 Mobile Safari/537.36 (compatible; GoogleOther)"
66.249.65.99 - - [09/May/2025:04:54:44 +0100] "GET /?art/antique/18640151434372.htm HTTP/1.1" 200 25858 "-" "Mozilla/5.0 (Linux; Android 6.0.1; Nexus 5X Build/MMB29P) AppleWebKit/537.36 (KHTML, like Gecko) Chrome/136.0.7103.59 Mobile Safari/537.36 (compatible; GoogleOther)"
66.249.65.100 - - [09/May/2025:04:54:47 +0100] "POST /get-message-notify HTTP/1.1" 200 26652 "https://sitiomodelo.info/?gardening/lawn-mowers/3060231220167.htm" "Mozilla/5.0 (Linux; Android 6.0.1; Nexus 5X Build/MMB29P) AppleWebKit/537.36 (KHTML, like Gecko) Chrome/135.0.7049.114 Mobile Safari/537.36 (compatible; Googlebot/2.1; +http://www.google.com/bot.html)"
66.249.65.100 - - [09/May/2025:04:54:47 +0100] "POST /get-message-notify HTTP/1.1" 200 26760 "https://sitiomodelo.info/?tickets/ski-resorts/8320122140275.htm" "Mozilla/5.0 (Linux; Android 6.0.1; Nexus 5X Build/MMB29P) AppleWebKit/537.36 (KHTML, like Gecko) Chrome/135.0.7049.114 Mobile Safari/537.36 (compatible; Googlebot/2.1; +http://www.google.com/bot.html)"
66.249.65.99 - - [09/May/2025:04:54:47 +0100] "POST /get-message-notify HTTP/1.1" 200 26819 "https://sitiomodelo.info/?air-conditioning/stoves/9400802383905.htm" "Mozilla/5.0 (Linux; Android 6.0.1; Nexus 5X Build/MMB29P) AppleWebKit/537.36 (KHTML, like Gecko) Chrome/135.0.7049.114 Mobile Safari/537.36 (compatible; Googlebot/2.1; +http://www.google.com/bot.html)"
66.249.65.99 - - [09/May/2025:04:54:48 +0100] "GET /flowers/preserved-flower-materials/3350063752280.htm HTTP/1.1" 200 25900 "-" "Mozilla/5.0 (Linux; Android 6.0.1; Nexus 5X Build/MMB29P) AppleWebKit/537.36 (KHTML, like Gecko) Chrome/136.0.7103.59 Mobile Safari/537.36 (compatible; GoogleOther)"
66.249.65.99 - - [09/May/2025:04:54:53 +0100] "POST /get-message-notify HTTP/1.1" 200 26611 "https://sitiomodelo.info/?books/dictionaries/16790270724836.htm" "Mozilla/5.0 (Linux; Android 6.0.1; Nexus 5X Build/MMB29P) AppleWebKit/537.36 (KHTML, like Gecko) Chrome/135.0.7049.114 Mobile Safari/537.36 (compatible; Googlebot/2.1; +http://www.google.com/bot.html)"
66.249.65.99 - - [09/May/2025:04:54:53 +0100] "GET /?pet-supplies/water-quality-management/7790043560201.htm HTTP/1.1" 200 26095 "-" "Mozilla/5.0 (Linux; Android 6.0.1; Nexus 5X Build/MMB29P) AppleWebKit/537.36 (KHTML, like Gecko) Chrome/136.0.7103.59 Mobile Safari/537.36 (compatible; GoogleOther)"
66.249.65.100 - - [09/May/2025:04:54:55 +0100] "GET /manga/art/1678016906468 HTTP/1.1" 200 25368 "-" "Mozilla/5.0 (Linux; Android 6.0.1; Nexus 5X Build/MMB29P) AppleWebKit/537.36 (KHTML, like Gecko) Chrome/136.0.7103.59 Mobile Safari/537.36 (compatible; GoogleOther)"
66.249.65.101 - - [09/May/2025:04:54:58 +0100] "GET /hobbies/paintings/18480254032440 HTTP/1.1" 200 26648 "-" "Mozilla/5.0 (Linux; Android 6.0.1; Nexus 5X Build/MMB29P) AppleWebKit/537.36 (KHTML, like Gecko) Chrome/136.0.7103.59 Mobile Safari/537.36 (compatible; GoogleOther)"
